[INFO] fetching crate briteverify-rs 0.2.0...
[INFO] testing briteverify-rs-0.2.0 against 1.75.0 for beta-1.76-1
[INFO] extracting crate briteverify-rs 0.2.0 into /workspace/builds/worker-3-tc1/source
[INFO] validating manifest of crates.io crate briteverify-rs 0.2.0 on toolchain 1.75.0
[INFO] running `Command { std: CARGO_HOME="/workspace/cargo-home" RUSTUP_HOME="/workspace/rustup-home" "/workspace/cargo-home/bin/cargo" "+1.75.0" "metadata" "--manifest-path" "Cargo.toml" "--no-deps", kill_on_drop: false }`
[INFO] started tweaking crates.io crate briteverify-rs 0.2.0
[INFO] removed 0 missing examples
[INFO] finished tweaking crates.io crate briteverify-rs 0.2.0
[INFO] tweaked toml for crates.io crate briteverify-rs 0.2.0 written to /workspace/builds/worker-3-tc1/source/Cargo.toml
[INFO] crate crates.io crate briteverify-rs 0.2.0 already has a lockfile, it will not be regenerated
[INFO] running `Command { std: CARGO_HOME="/workspace/cargo-home" RUSTUP_HOME="/workspace/rustup-home" "/workspace/cargo-home/bin/cargo" "+1.75.0" "fetch" "--manifest-path" "Cargo.toml", kill_on_drop: false }`
[INFO] [stderr]     Updating crates.io index
[INFO] [stderr]  Downloading crates ...
[INFO] [stderr]   Downloaded sval_json v2.10.2
[INFO] [stderr]   Downloaded sval_serde v2.10.2
[INFO] [stderr]   Downloaded sval_fmt v2.10.2
[INFO] [stderr]   Downloaded test-log v0.2.13
[INFO] [stderr]   Downloaded value-bag v1.4.2
[INFO] [stderr]   Downloaded value-bag-serde1 v1.4.2
[INFO] [stderr]   Downloaded deadpool-runtime v0.1.3
[INFO] [stderr]   Downloaded sval_ref v2.10.2
[INFO] [stderr]   Downloaded retain_mut v0.1.9
[INFO] [stderr]   Downloaded visible v0.0.1
[INFO] [stderr]   Downloaded async-global-executor v2.3.1
[INFO] [stderr]   Downloaded async-compression v0.4.4
[INFO] [stderr]   Downloaded rustls v0.21.8
[INFO] [stderr]   Downloaded rstest_macros v0.18.2
[INFO] [stderr]   Downloaded relative-path v1.9.0
[INFO] [stderr]   Downloaded serde_fmt v1.0.3
[INFO] [stderr]   Downloaded uuid-macro-internal v1.5.0
[INFO] [stderr]   Downloaded deadpool v0.9.5
[INFO] [stderr]   Downloaded async-executor v1.6.0
[INFO] [stderr]   Downloaded ring v0.17.5
[INFO] [stderr]   Downloaded sval_buffer v2.10.2
[INFO] [stderr]   Downloaded rstest v0.18.2
[INFO] [stderr]   Downloaded value-bag-sval2 v1.4.2
[INFO] [stderr]   Downloaded serde_test v1.0.176
[INFO] [stderr]   Downloaded sval_dynamic v2.10.2
[INFO] [stderr]   Downloaded sval v2.10.2
[INFO] [stderr]   Downloaded wiremock v0.5.19
[INFO] running `Command { std: "docker" "create" "-v" "/var/lib/crater-agent-workspace/builds/worker-3-tc1/target:/opt/rustwide/target:rw,Z" "-v" "/var/lib/crater-agent-workspace/builds/worker-3-tc1/source:/opt/rustwide/workdir:ro,Z" "-v" "/var/lib/crater-agent-workspace/cargo-home:/opt/rustwide/cargo-home:ro,Z" "-v" "/var/lib/crater-agent-workspace/rustup-home:/opt/rustwide/rustup-home:ro,Z" "-e" "SOURCE_DIR=/opt/rustwide/workdir" "-e" "CARGO_TARGET_DIR=/opt/rustwide/target" "-e" "CARGO_HOME=/opt/rustwide/cargo-home" "-e" "RUSTUP_HOME=/opt/rustwide/rustup-home" "-w" "/opt/rustwide/workdir" "-m" "1610612736" "--user" "0:0" "--network" "none" "ghcr.io/rust-lang/crates-build-env/linux@sha256:2788e3201cd34a07e3172128adcd8b3090168a8e3bcc40d7c032b9dda1df7d1c" "/opt/rustwide/cargo-home/bin/cargo" "+1.75.0" "metadata" "--no-deps" "--format-version=1", kill_on_drop: false }`
[INFO] [stdout] d51686a09ea56636f20b077d734bd6fbf3086afb102e6c271da05f48ce165ac8
[INFO] running `Command { std: "docker" "start" "-a" "d51686a09ea56636f20b077d734bd6fbf3086afb102e6c271da05f48ce165ac8", kill_on_drop: false }`
[INFO] running `Command { std: "docker" "inspect" "d51686a09ea56636f20b077d734bd6fbf3086afb102e6c271da05f48ce165ac8", kill_on_drop: false }`
[INFO] running `Command { std: "docker" "rm" "-f" "d51686a09ea56636f20b077d734bd6fbf3086afb102e6c271da05f48ce165ac8", kill_on_drop: false }`
[INFO] [stdout] d51686a09ea56636f20b077d734bd6fbf3086afb102e6c271da05f48ce165ac8
[INFO] running `Command { std: "docker" "create" "-v" "/var/lib/crater-agent-workspace/builds/worker-3-tc1/target:/opt/rustwide/target:rw,Z" "-v" "/var/lib/crater-agent-workspace/builds/worker-3-tc1/source:/opt/rustwide/workdir:ro,Z" "-v" "/var/lib/crater-agent-workspace/cargo-home:/opt/rustwide/cargo-home:ro,Z" "-v" "/var/lib/crater-agent-workspace/rustup-home:/opt/rustwide/rustup-home:ro,Z" "-e" "SOURCE_DIR=/opt/rustwide/workdir" "-e" "CARGO_TARGET_DIR=/opt/rustwide/target" "-e" "CARGO_INCREMENTAL=0" "-e" "RUST_BACKTRACE=full" "-e" "RUSTFLAGS=--cap-lints=warn" "-e" "RUSTDOCFLAGS=--cap-lints=warn" "-e" "CARGO_HOME=/opt/rustwide/cargo-home" "-e" "RUSTUP_HOME=/opt/rustwide/rustup-home" "-w" "/opt/rustwide/workdir" "-m" "1610612736" "--user" "0:0" "--network" "none" "ghcr.io/rust-lang/crates-build-env/linux@sha256:2788e3201cd34a07e3172128adcd8b3090168a8e3bcc40d7c032b9dda1df7d1c" "/opt/rustwide/cargo-home/bin/cargo" "+1.75.0" "build" "--frozen" "--message-format=json", kill_on_drop: false }`
[INFO] [stdout] 5b12421016811ae9ae48011c395960f43919221a14302237751a00baeea86aa9
[INFO] running `Command { std: "docker" "start" "-a" "5b12421016811ae9ae48011c395960f43919221a14302237751a00baeea86aa9", kill_on_drop: false }`
[INFO] [stderr]    Compiling proc-macro2 v1.0.69
[INFO] [stderr]    Compiling libc v0.2.149
[INFO] [stderr]    Compiling serde v1.0.190
[INFO] [stderr]    Compiling futures-core v0.3.29
[INFO] [stderr]    Compiling futures-sink v0.3.29
[INFO] [stderr]    Compiling futures-channel v0.3.29
[INFO] [stderr]    Compiling futures-task v0.3.29
[INFO] [stderr]    Compiling memchr v2.6.4
[INFO] [stderr]    Compiling itoa v1.0.9
[INFO] [stderr]    Compiling futures-util v0.3.29
[INFO] [stderr]    Compiling futures-io v0.3.29
[INFO] [stderr]    Compiling once_cell v1.18.0
[INFO] [stderr]    Compiling spin v0.9.8
[INFO] [stderr]    Compiling untrusted v0.9.0
[INFO] [stderr]    Compiling indexmap v1.9.3
[INFO] [stderr]    Compiling crc32fast v1.3.2
[INFO] [stderr]    Compiling http v0.2.9
[INFO] [stderr]    Compiling hashbrown v0.12.3
[INFO] [stderr]    Compiling alloc-no-stdlib v2.0.4
[INFO] [stderr]    Compiling tracing-core v0.1.32
[INFO] [stderr]    Compiling rustls v0.21.8
[INFO] [stderr]    Compiling alloc-stdlib v0.2.2
[INFO] [stderr]    Compiling try-lock v0.2.4
[INFO] [stderr]    Compiling adler v1.0.2
[INFO] [stderr]    Compiling percent-encoding v2.3.0
[INFO] [stderr]    Compiling brotli-decompressor v2.5.1
[INFO] [stderr]    Compiling num-traits v0.2.17
[INFO] [stderr]    Compiling miniz_oxide v0.7.1
[INFO] [stderr]    Compiling want v0.3.1
[INFO] [stderr]    Compiling form_urlencoded v1.2.0
[INFO] [stderr]    Compiling serde_json v1.0.108
[INFO] [stderr]    Compiling unicode-bidi v0.3.13
[INFO] [stderr]    Compiling tracing v0.1.40
[INFO] [stderr]    Compiling syn v1.0.109
[INFO] [stderr]    Compiling ryu v1.0.15
[INFO] [stderr]    Compiling anyhow v1.0.75
[INFO] [stderr]    Compiling thiserror v1.0.50
[INFO] [stderr]    Compiling rustls-pemfile v1.0.3
[INFO] [stderr]    Compiling iana-time-zone v0.1.58
[INFO] [stderr]    Compiling quote v1.0.33
[INFO] [stderr]    Compiling http-body v0.4.5
[INFO] [stderr]    Compiling flate2 v1.0.28
[INFO] [stderr]    Compiling idna v0.4.0
[INFO] [stderr]    Compiling syn v2.0.38
[INFO] [stderr]    Compiling socket2 v0.5.5
[INFO] [stderr]    Compiling cc v1.0.83
[INFO] [stderr]    Compiling mio v0.8.9
[INFO] [stderr]    Compiling getrandom v0.2.10
[INFO] [stderr]    Compiling socket2 v0.4.10
[INFO] [stderr]    Compiling webpki-roots v0.25.2
[INFO] [stderr]    Compiling itertools v0.11.0
[INFO] [stderr]    Compiling futures-timer v3.0.2
[INFO] [stderr]    Compiling brotli v3.4.0
[INFO] [stderr]    Compiling url v2.4.1
[INFO] [stderr]    Compiling tokio v1.33.0
[INFO] [stderr]    Compiling ring v0.17.5
[INFO] [stderr]    Compiling serde_derive v1.0.190
[INFO] [stderr]    Compiling futures-macro v0.3.29
[INFO] [stderr]    Compiling thiserror-impl v1.0.50
[INFO] [stderr]    Compiling visible v0.0.1
[INFO] [stderr]    Compiling tokio-util v0.7.10
[INFO] [stderr]    Compiling async-compression v0.4.4
[INFO] [stderr]    Compiling rustls-webpki v0.101.7
[INFO] [stderr]    Compiling sct v0.7.1
[INFO] [stderr]    Compiling h2 v0.3.21
[INFO] [stderr]    Compiling futures-executor v0.3.29
[INFO] [stderr]    Compiling futures v0.3.29
[INFO] [stderr]    Compiling erased-serde v0.3.31
[INFO] [stderr]    Compiling serde_fmt v1.0.3
[INFO] [stderr]    Compiling serde_urlencoded v0.7.1
[INFO] [stderr]    Compiling chrono v0.4.31
[INFO] [stderr]    Compiling value-bag-serde1 v1.4.2
[INFO] [stderr]    Compiling value-bag v1.4.2
[INFO] [stderr]    Compiling hyper v0.14.27
[INFO] [stderr]    Compiling log v0.4.20
[INFO] [stderr]    Compiling tokio-rustls v0.24.1
[INFO] [stderr]    Compiling hyper-rustls v0.24.2
[INFO] [stderr]    Compiling reqwest v0.11.22
[INFO] [stderr]    Compiling briteverify-rs v0.2.0 (/opt/rustwide/workdir)
[INFO] [stderr]     Finished dev [unoptimized + debuginfo] target(s) in 16.23s
[INFO] running `Command { std: "docker" "inspect" "5b12421016811ae9ae48011c395960f43919221a14302237751a00baeea86aa9", kill_on_drop: false }`
[INFO] running `Command { std: "docker" "rm" "-f" "5b12421016811ae9ae48011c395960f43919221a14302237751a00baeea86aa9", kill_on_drop: false }`
[INFO] [stdout] 5b12421016811ae9ae48011c395960f43919221a14302237751a00baeea86aa9
[INFO] running `Command { std: "docker" "create" "-v" "/var/lib/crater-agent-workspace/builds/worker-3-tc1/target:/opt/rustwide/target:rw,Z" "-v" "/var/lib/crater-agent-workspace/builds/worker-3-tc1/source:/opt/rustwide/workdir:ro,Z" "-v" "/var/lib/crater-agent-workspace/cargo-home:/opt/rustwide/cargo-home:ro,Z" "-v" "/var/lib/crater-agent-workspace/rustup-home:/opt/rustwide/rustup-home:ro,Z" "-e" "SOURCE_DIR=/opt/rustwide/workdir" "-e" "CARGO_TARGET_DIR=/opt/rustwide/target" "-e" "CARGO_INCREMENTAL=0" "-e" "RUST_BACKTRACE=full" "-e" "RUSTFLAGS=--cap-lints=warn" "-e" "RUSTDOCFLAGS=--cap-lints=warn" "-e" "CARGO_HOME=/opt/rustwide/cargo-home" "-e" "RUSTUP_HOME=/opt/rustwide/rustup-home" "-w" "/opt/rustwide/workdir" "-m" "1610612736" "--user" "0:0" "--network" "none" "ghcr.io/rust-lang/crates-build-env/linux@sha256:2788e3201cd34a07e3172128adcd8b3090168a8e3bcc40d7c032b9dda1df7d1c" "/opt/rustwide/cargo-home/bin/cargo" "+1.75.0" "test" "--frozen" "--no-run" "--message-format=json", kill_on_drop: false }`
[INFO] [stdout] 165d993b113bbe2ed79ad2cc26b50e2f35cd5c2412a84f61dbddf4ec7b0d2336
[INFO] running `Command { std: "docker" "start" "-a" "165d993b113bbe2ed79ad2cc26b50e2f35cd5c2412a84f61dbddf4ec7b0d2336", kill_on_drop: false }`
[INFO] [stderr]    Compiling proc-macro2 v1.0.69
[INFO] [stderr]    Compiling futures-io v0.3.29
[INFO] [stderr]    Compiling smallvec v1.11.1
[INFO] [stderr]    Compiling generic-array v0.14.7
[INFO] [stderr]    Compiling crossbeam-utils v0.8.16
[INFO] [stderr]    Compiling getrandom v0.2.10
[INFO] [stderr]    Compiling num_cpus v1.16.0
[INFO] [stderr]    Compiling signal-hook-registry v1.4.1
[INFO] [stderr]    Compiling subtle v2.4.1
[INFO] [stderr]    Compiling opaque-debug v0.3.0
[INFO] [stderr]    Compiling event-listener v2.5.3
[INFO] [stderr]    Compiling standback v0.2.17
[INFO] [stderr]    Compiling waker-fn v1.1.1
[INFO] [stderr]    Compiling fastrand v1.9.0
[INFO] [stderr]    Compiling proc-macro-hack v0.5.20+deprecated
[INFO] [stderr]    Compiling parking v2.2.0
[INFO] [stderr]    Compiling io-lifetimes v1.0.11
[INFO] [stderr]    Compiling polling v2.8.0
[INFO] [stderr]    Compiling async-lock v2.8.0
[INFO] [stderr]    Compiling ring v0.17.5
[INFO] [stderr]    Compiling parking_lot_core v0.9.9
[INFO] [stderr]    Compiling getrandom v0.1.16
[INFO] [stderr]    Compiling rustix v0.37.27
[INFO] [stderr]    Compiling futures-lite v1.13.0
[INFO] [stderr]    Compiling semver v1.0.20
[INFO] [stderr]    Compiling parking_lot v0.12.1
[INFO] [stderr]    Compiling rand_core v0.6.4
[INFO] [stderr]    Compiling aho-corasick v1.1.2
[INFO] [stderr]    Compiling async-io v1.13.0
[INFO] [stderr]    Compiling cpuid-bool v0.2.0
[INFO] [stderr]    Compiling regex-syntax v0.8.2
[INFO] [stderr]    Compiling cipher v0.2.5
[INFO] [stderr]    Compiling digest v0.9.0
[INFO] [stderr]    Compiling universal-hash v0.4.1
[INFO] [stderr]    Compiling linux-raw-sys v0.3.8
[INFO] [stderr]    Compiling concurrent-queue v2.3.0
[INFO] [stderr]    Compiling atomic-waker v1.1.2
[INFO] [stderr]    Compiling async-task v4.5.0
[INFO] [stderr]    Compiling const_fn v0.4.9
[INFO] [stderr]    Compiling bitflags v1.3.2
[INFO] [stderr]    Compiling piper v0.2.1
[INFO] [stderr]    Compiling async-channel v1.9.0
[INFO] [stderr]    Compiling quote v1.0.33
[INFO] [stderr]    Compiling aes-soft v0.6.4
[INFO] [stderr]    Compiling polyval v0.4.5
[INFO] [stderr]    Compiling crypto-mac v0.10.1
[INFO] [stderr]    Compiling rand_chacha v0.3.1
[INFO] [stderr]    Compiling time v0.2.27
[INFO] [stderr]    Compiling syn v2.0.38
[INFO] [stderr]    Compiling syn v1.0.109
[INFO] [stderr]    Compiling rand_core v0.5.1
[INFO] [stderr]    Compiling rustc_version v0.4.0
[INFO] [stderr]    Compiling rand v0.8.5
[INFO] [stderr]    Compiling blocking v1.4.1
[INFO] [stderr]    Compiling async-executor v1.6.0
[INFO] [stderr]    Compiling aes v0.6.0
[INFO] [stderr]    Compiling hmac v0.10.1
[INFO] [stderr]    Compiling rustls-webpki v0.101.7
[INFO] [stderr]    Compiling sct v0.7.1
[INFO] [stderr]    Compiling ghash v0.3.1
[INFO] [stderr]    Compiling ctr v0.6.0
[INFO] [stderr]    Compiling aead v0.3.2
[INFO] [stderr]    Compiling block-buffer v0.9.0
[INFO] [stderr]    Compiling cookie v0.14.4
[INFO] [stderr]    Compiling rustix v0.38.21
[INFO] [stderr]    Compiling cpufeatures v0.2.11
[INFO] [stderr]    Compiling async-trait v0.1.74
[INFO] [stderr]    Compiling aes-gcm v0.8.0
[INFO] [stderr]    Compiling rstest_macros v0.18.2
[INFO] [stderr]    Compiling sha2 v0.9.9
[INFO] [stderr]    Compiling hkdf v0.10.0
[INFO] [stderr]    Compiling rand_chacha v0.2.2
[INFO] [stderr]    Compiling http-types v2.12.0
[INFO] [stderr]    Compiling linux-raw-sys v0.4.10
[INFO] [stderr]    Compiling glob v0.3.1
[INFO] [stderr]    Compiling rand v0.7.3
[INFO] [stderr]    Compiling relative-path v1.9.0
[INFO] [stderr]    Compiling infer v0.2.3
[INFO] [stderr]    Compiling retain_mut v0.1.9
[INFO] [stderr]    Compiling deadpool-runtime v0.1.3
[INFO] [stderr]    Compiling humantime v2.1.0
[INFO] [stderr]    Compiling diff v0.1.13
[INFO] [stderr]    Compiling yansi v0.5.1
[INFO] [stderr]    Compiling termcolor v1.3.0
[INFO] [stderr]    Compiling pretty_assertions v1.4.0
[INFO] [stderr]    Compiling regex-automata v0.4.3
[INFO] [stderr]    Compiling is-terminal v0.4.9
[INFO] [stderr]    Compiling time-macros-impl v0.1.2
[INFO] [stderr]    Compiling visible v0.0.1
[INFO] [stderr]    Compiling regex v1.10.2
[INFO] [stderr]    Compiling time-macros v0.1.1
[INFO] [stderr]    Compiling serde_derive v1.0.190
[INFO] [stderr]    Compiling tokio-macros v2.1.0
[INFO] [stderr]    Compiling futures-macro v0.3.29
[INFO] [stderr]    Compiling thiserror-impl v1.0.50
[INFO] [stderr]    Compiling async-stream-impl v0.3.5
[INFO] [stderr]    Compiling uuid-macro-internal v1.5.0
[INFO] [stderr]    Compiling test-log v0.2.13
[INFO] [stderr]    Compiling uuid v1.5.0
[INFO] [stderr]    Compiling async-stream v0.3.5
[INFO] [stderr]    Compiling tokio v1.33.0
[INFO] [stderr]    Compiling futures-util v0.3.29
[INFO] [stderr]    Compiling thiserror v1.0.50
[INFO] [stderr]    Compiling serde v1.0.190
[INFO] [stderr]    Compiling futures-executor v0.3.29
[INFO] [stderr]    Compiling futures v0.3.29
[INFO] [stderr]    Compiling rstest v0.18.2
[INFO] [stderr]    Compiling tokio-util v0.7.10
[INFO] [stderr]    Compiling async-compression v0.4.4
[INFO] [stderr]    Compiling deadpool v0.9.5
[INFO] [stderr]    Compiling tokio-stream v0.1.14
[INFO] [stderr]    Compiling h2 v0.3.21
[INFO] [stderr]    Compiling tokio-test v0.4.3
[INFO] [stderr]    Compiling serde_fmt v1.0.3
[INFO] [stderr]    Compiling erased-serde v0.3.31
[INFO] [stderr]    Compiling serde_json v1.0.108
[INFO] [stderr]    Compiling url v2.4.1
[INFO] [stderr]    Compiling serde_urlencoded v0.7.1
[INFO] [stderr]    Compiling serde_qs v0.8.5
[INFO] [stderr]    Compiling chrono v0.4.31
[INFO] [stderr]    Compiling serde_test v1.0.176
[INFO] [stderr]    Compiling value-bag-serde1 v1.4.2
[INFO] [stderr]    Compiling value-bag v1.4.2
[INFO] [stderr]    Compiling assert-json-diff v2.0.2
[INFO] [stderr]    Compiling log v0.4.20
[INFO] [stderr]    Compiling rustls v0.21.8
[INFO] [stderr]    Compiling kv-log-macro v1.0.7
[INFO] [stderr]    Compiling env_logger v0.10.0
[INFO] [stderr]    Compiling async-global-executor v2.3.1
[INFO] [stderr]    Compiling async-std v1.12.0
[INFO] [stderr]    Compiling hyper v0.14.27
[INFO] [stderr]    Compiling tokio-rustls v0.24.1
[INFO] [stderr]    Compiling hyper-rustls v0.24.2
[INFO] [stderr]    Compiling wiremock v0.5.19
[INFO] [stderr]    Compiling reqwest v0.11.22
[INFO] [stderr]    Compiling briteverify-rs v0.2.0 (/opt/rustwide/workdir)
[INFO] [stdout] error[E0599]: no method named `set_v1_url_scheme` found for struct `BriteVerifyClientBuilder` in the current scope
[INFO] [stdout]   --> tests/utils/mod.rs:84:10
[INFO] [stdout]    |
[INFO] [stdout] 81 | /     BriteVerifyClient::builder()
[INFO] [stdout] 82 | |         .https_only(false)
[INFO] [stdout] 83 | |         .retry_enabled(enable_retry)
[INFO] [stdout] 84 | |         .set_v1_url_scheme(Scheme::HTTP)
[INFO] [stdout]    | |         -^^^^^^^^^^^^^^^^^ method not found in `BriteVerifyClientBuilder`
[INFO] [stdout]    | |_________|
[INFO] [stdout]    | 
[INFO] [stdout] 
[INFO] [stdout] 
[INFO] [stdout] error[E0599]: no method named `build_and_send` found for struct `BriteVerifyClient` in the current scope
[INFO] [stdout]    --> tests/client_internals.rs:136:27
[INFO] [stdout]     |
[INFO] [stdout] 136 |     let response = client.build_and_send(client.get(url)).await;
[INFO] [stdout]     |                           ^^^^^^^^^^^^^^ method not found in `BriteVerifyClient`
[INFO] [stdout] 
[INFO] [stdout] 
[INFO] [stdout] error: aborting due to previous error
[INFO] [stdout] 
[INFO] [stdout] 
[INFO] [stdout] For more information about this error, try `rustc --explain E0599`.
[INFO] [stdout] 
[INFO] [stderr] error: could not compile `briteverify-rs` (test "account_balance") due to 2 previous errors
[INFO] [stderr] warning: build failed, waiting for other jobs to finish...
[INFO] [stdout] error[E0599]: no method named `build_and_send` found for struct `BriteVerifyClient` in the current scope
[INFO] [stdout]    --> tests/client_internals.rs:189:10
[INFO] [stdout]     |
[INFO] [stdout] 188 |       let response = client
[INFO] [stdout]     |  ____________________-
[INFO] [stdout] 189 | |         .build_and_send(client.post("https://example.com").body(request_body))
[INFO] [stdout]     | |         -^^^^^^^^^^^^^^ method not found in `BriteVerifyClient`
[INFO] [stdout]     | |_________|
[INFO] [stdout]     | 
[INFO] [stdout] 
[INFO] [stdout] 
[INFO] [stdout] error[E0603]: module `de` is private
[INFO] [stdout]    --> src/utils.rs:415:22
[INFO] [stdout]     |
[INFO] [stdout] 415 |     use serde_test::{de::Deserializer, Token};
[INFO] [stdout]     |                      ^^ private module
[INFO] [stdout]     |
[INFO] [stdout] note: the module `de` is defined here
[INFO] [stdout]    --> /opt/rustwide/cargo-home/registry/src/index.crates.io-6f17d22bba15001f/serde_test-1.0.176/src/lib.rs:160:1
[INFO] [stdout]     |
[INFO] [stdout] 160 | mod de;
[INFO] [stdout]     | ^^^^^^
[INFO] [stdout] 
[INFO] [stdout] 
[INFO] [stdout] error[E0599]: no method named `build_and_send` found for struct `BriteVerifyClient` in the current scope
[INFO] [stdout]    --> tests/client_internals.rs:223:27
[INFO] [stdout]     |
[INFO] [stdout] 223 |     let response = client.build_and_send(client.get(url)).await;
[INFO] [stdout]     |                           ^^^^^^^^^^^^^^ method not found in `BriteVerifyClient`
[INFO] [stdout] 
[INFO] [stdout] 
[INFO] [stdout] error[E0599]: no method named `set_v1_url_scheme` found for struct `BriteVerifyClientBuilder` in the current scope
[INFO] [stdout]   --> tests/utils/mod.rs:84:10
[INFO] [stdout]    |
[INFO] [stdout] 81 | /     BriteVerifyClient::builder()
[INFO] [stdout] 82 | |         .https_only(false)
[INFO] [stdout] 83 | |         .retry_enabled(enable_retry)
[INFO] [stdout] 84 | |         .set_v1_url_scheme(Scheme::HTTP)
[INFO] [stdout]    | |         -^^^^^^^^^^^^^^^^^ method not found in `BriteVerifyClientBuilder`
[INFO] [stdout]    | |_________|
[INFO] [stdout]    | 
[INFO] [stdout] 
[INFO] [stdout] 
[INFO] [stdout] error: aborting due to 4 previous errors
[INFO] [stdout] 
[INFO] [stdout] 
[INFO] [stdout] For more information about this error, try `rustc --explain E0599`.
[INFO] [stdout] 
[INFO] [stderr] error: could not compile `briteverify-rs` (test "client_internals") due to 5 previous errors
[INFO] [stdout] error[E0599]: no method named `set_v1_url_scheme` found for struct `BriteVerifyClientBuilder` in the current scope
[INFO] [stdout]   --> tests/utils/mod.rs:84:10
[INFO] [stdout]    |
[INFO] [stdout] 81 | /     BriteVerifyClient::builder()
[INFO] [stdout] 82 | |         .https_only(false)
[INFO] [stdout] 83 | |         .retry_enabled(enable_retry)
[INFO] [stdout] 84 | |         .set_v1_url_scheme(Scheme::HTTP)
[INFO] [stdout]    | |         -^^^^^^^^^^^^^^^^^ method not found in `BriteVerifyClientBuilder`
[INFO] [stdout]    | |_________|
[INFO] [stdout]    | 
[INFO] [stdout] 
[INFO] [stdout] 
[INFO] [stdout] error[E0599]: no method named `set_v1_url_scheme` found for struct `BriteVerifyClientBuilder` in the current scope
[INFO] [stdout]   --> tests/utils/mod.rs:84:10
[INFO] [stdout]    |
[INFO] [stdout] 81 | /     BriteVerifyClient::builder()
[INFO] [stdout] 82 | |         .https_only(false)
[INFO] [stdout] 83 | |         .retry_enabled(enable_retry)
[INFO] [stdout] 84 | |         .set_v1_url_scheme(Scheme::HTTP)
[INFO] [stdout]    | |         -^^^^^^^^^^^^^^^^^ method not found in `BriteVerifyClientBuilder`
[INFO] [stdout]    | |_________|
[INFO] [stdout]    | 
[INFO] [stdout] 
[INFO] [stdout] 
[INFO] [stdout] error[E0369]: binary operation `==` cannot be applied to type `VerificationRequest`
[INFO] [stdout]   --> tests/single_transaction.rs:35:46
[INFO] [stdout]    |
[INFO] [stdout] 35 |             (Ok(body), Ok(official)) => body == official,
[INFO] [stdout]    |                                         ---- ^^ -------- VerificationRequest
[INFO] [stdout]    |                                         |
[INFO] [stdout]    |                                         VerificationRequest
[INFO] [stdout] 
[INFO] [stdout] 
[INFO] [stdout] error[E0369]: binary operation `==` cannot be applied to type `VerificationRequest`
[INFO] [stdout]   --> tests/single_transaction.rs:52:46
[INFO] [stdout]    |
[INFO] [stdout] 52 |             (Ok(body), Ok(official)) => body == official,
[INFO] [stdout]    |                                         ---- ^^ -------- VerificationRequest
[INFO] [stdout]    |                                         |
[INFO] [stdout]    |                                         VerificationRequest
[INFO] [stdout] 
[INFO] [stdout] 
[INFO] [stdout] error[E0369]: binary operation `==` cannot be applied to type `VerificationRequest`
[INFO] [stdout]    --> tests/single_transaction.rs:148:46
[INFO] [stdout]     |
[INFO] [stdout] 148 |             (Ok(body), Ok(official)) => body == official,
[INFO] [stdout]     |                                         ---- ^^ -------- VerificationRequest
[INFO] [stdout]     |                                         |
[INFO] [stdout]     |                                         VerificationRequest
[INFO] [stdout] 
[INFO] [stdout] 
[INFO] [stdout] error[E0369]: binary operation `==` cannot be applied to type `VerificationRequest`
[INFO] [stdout]    --> tests/single_transaction.rs:164:46
[INFO] [stdout]     |
[INFO] [stdout] 164 |             (Ok(body), Ok(official)) => body == official,
[INFO] [stdout]     |                                         ---- ^^ -------- VerificationRequest
[INFO] [stdout]     |                                         |
[INFO] [stdout]     |                                         VerificationRequest
[INFO] [stdout] 
[INFO] [stdout] 
[INFO] [stdout] error[E0369]: binary operation `==` cannot be applied to type `VerificationRequest`
[INFO] [stdout]    --> tests/single_transaction.rs:181:46
[INFO] [stdout]     |
[INFO] [stdout] 181 |             (Ok(body), Ok(official)) => body == official,
[INFO] [stdout]     |                                         ---- ^^ -------- VerificationRequest
[INFO] [stdout]     |                                         |
[INFO] [stdout]     |                                         VerificationRequest
[INFO] [stdout] 
[INFO] [stdout] 
[INFO] [stdout] error[E0369]: binary operation `==` cannot be applied to type `VerificationRequest`
[INFO] [stdout]    --> tests/single_transaction.rs:198:46
[INFO] [stdout]     |
[INFO] [stdout] 198 |             (Ok(body), Ok(official)) => body == official,
[INFO] [stdout]     |                                         ---- ^^ -------- VerificationRequest
[INFO] [stdout]     |                                         |
[INFO] [stdout]     |                                         VerificationRequest
[INFO] [stdout] 
[INFO] [stdout] 
[INFO] [stdout] error: aborting due to 7 previous errors
[INFO] [stdout] 
[INFO] [stdout] 
[INFO] [stdout] Some errors have detailed explanations: E0369, E0599.
[INFO] [stdout] 
[INFO] [stdout] For more information about an error, try `rustc --explain E0369`.
[INFO] [stdout] 
[INFO] [stdout] error: aborting due to previous error
[INFO] [stdout] 
[INFO] [stdout] 
[INFO] [stdout] For more information about this error, try `rustc --explain E0599`.
[INFO] [stdout] 
[INFO] [stderr] error: could not compile `briteverify-rs` (test "single_transaction") due to 8 previous errors
[INFO] [stderr] error: could not compile `briteverify-rs` (test "bulk_verification") due to 2 previous errors
[INFO] [stdout] error: aborting due to previous error
[INFO] [stdout] 
[INFO] [stdout] 
[INFO] [stdout] For more information about this error, try `rustc --explain E0603`.
[INFO] [stdout] 
[INFO] [stderr] error: could not compile `briteverify-rs` (lib test) due to 2 previous errors
[INFO] running `Command { std: "docker" "inspect" "165d993b113bbe2ed79ad2cc26b50e2f35cd5c2412a84f61dbddf4ec7b0d2336", kill_on_drop: false }`
[INFO] running `Command { std: "docker" "rm" "-f" "165d993b113bbe2ed79ad2cc26b50e2f35cd5c2412a84f61dbddf4ec7b0d2336", kill_on_drop: false }`
[INFO] [stdout] 165d993b113bbe2ed79ad2cc26b50e2f35cd5c2412a84f61dbddf4ec7b0d2336
