[INFO] fetching crate bp-seals 0.11.0-beta.1...
[INFO] testing bp-seals-0.11.0-beta.1 against 1.75.0 for beta-1.76-1
[INFO] extracting crate bp-seals 0.11.0-beta.1 into /workspace/builds/worker-7-tc1/source
[INFO] validating manifest of crates.io crate bp-seals 0.11.0-beta.1 on toolchain 1.75.0
[INFO] running `Command { std: CARGO_HOME="/workspace/cargo-home" RUSTUP_HOME="/workspace/rustup-home" "/workspace/cargo-home/bin/cargo" "+1.75.0" "metadata" "--manifest-path" "Cargo.toml" "--no-deps", kill_on_drop: false }`
[INFO] started tweaking crates.io crate bp-seals 0.11.0-beta.1
[INFO] finished tweaking crates.io crate bp-seals 0.11.0-beta.1
[INFO] tweaked toml for crates.io crate bp-seals 0.11.0-beta.1 written to /workspace/builds/worker-7-tc1/source/Cargo.toml
[INFO] running `Command { std: CARGO_HOME="/workspace/cargo-home" RUSTUP_HOME="/workspace/rustup-home" "/workspace/cargo-home/bin/cargo" "+1.75.0" "generate-lockfile" "--manifest-path" "Cargo.toml", kill_on_drop: false }`
[INFO] [stderr]     Blocking waiting for file lock on package cache
[INFO] [stderr]     Updating crates.io index
[INFO] running `Command { std: CARGO_HOME="/workspace/cargo-home" RUSTUP_HOME="/workspace/rustup-home" "/workspace/cargo-home/bin/cargo" "+1.75.0" "fetch" "--manifest-path" "Cargo.toml", kill_on_drop: false }`
[INFO] [stderr]  Downloading crates ...
[INFO] [stderr]   Downloaded mnemonic v1.0.1
[INFO] [stderr]   Downloaded baid58 v0.4.4
[INFO] [stderr]   Downloaded base85 v2.0.0
[INFO] [stderr]   Downloaded single_use_seals v0.11.0-beta.3
[INFO] [stderr]   Downloaded bp-dbc v0.11.0-beta.3
[INFO] running `Command { std: "docker" "create" "-v" "/var/lib/crater-agent-workspace/builds/worker-7-tc1/target:/opt/rustwide/target:rw,Z" "-v" "/var/lib/crater-agent-workspace/builds/worker-7-tc1/source:/opt/rustwide/workdir:ro,Z" "-v" "/var/lib/crater-agent-workspace/cargo-home:/opt/rustwide/cargo-home:ro,Z" "-v" "/var/lib/crater-agent-workspace/rustup-home:/opt/rustwide/rustup-home:ro,Z" "-e" "SOURCE_DIR=/opt/rustwide/workdir" "-e" "CARGO_TARGET_DIR=/opt/rustwide/target" "-e" "CARGO_HOME=/opt/rustwide/cargo-home" "-e" "RUSTUP_HOME=/opt/rustwide/rustup-home" "-w" "/opt/rustwide/workdir" "-m" "1610612736" "--user" "0:0" "--network" "none" "ghcr.io/rust-lang/crates-build-env/linux@sha256:2788e3201cd34a07e3172128adcd8b3090168a8e3bcc40d7c032b9dda1df7d1c" "/opt/rustwide/cargo-home/bin/cargo" "+1.75.0" "metadata" "--no-deps" "--format-version=1", kill_on_drop: false }`
[INFO] [stdout] 6d928c83f47363a2ef3ec64c9bead9c640bebf85625135d0438764a908aed218
[INFO] running `Command { std: "docker" "start" "-a" "6d928c83f47363a2ef3ec64c9bead9c640bebf85625135d0438764a908aed218", kill_on_drop: false }`
[INFO] running `Command { std: "docker" "inspect" "6d928c83f47363a2ef3ec64c9bead9c640bebf85625135d0438764a908aed218", kill_on_drop: false }`
[INFO] running `Command { std: "docker" "rm" "-f" "6d928c83f47363a2ef3ec64c9bead9c640bebf85625135d0438764a908aed218", kill_on_drop: false }`
[INFO] [stdout] 6d928c83f47363a2ef3ec64c9bead9c640bebf85625135d0438764a908aed218
[INFO] running `Command { std: "docker" "create" "-v" "/var/lib/crater-agent-workspace/builds/worker-7-tc1/target:/opt/rustwide/target:rw,Z" "-v" "/var/lib/crater-agent-workspace/builds/worker-7-tc1/source:/opt/rustwide/workdir:ro,Z" "-v" "/var/lib/crater-agent-workspace/cargo-home:/opt/rustwide/cargo-home:ro,Z" "-v" "/var/lib/crater-agent-workspace/rustup-home:/opt/rustwide/rustup-home:ro,Z" "-e" "SOURCE_DIR=/opt/rustwide/workdir" "-e" "CARGO_TARGET_DIR=/opt/rustwide/target" "-e" "CARGO_INCREMENTAL=0" "-e" "RUST_BACKTRACE=full" "-e" "RUSTFLAGS=--cap-lints=warn" "-e" "RUSTDOCFLAGS=--cap-lints=warn" "-e" "CARGO_HOME=/opt/rustwide/cargo-home" "-e" "RUSTUP_HOME=/opt/rustwide/rustup-home" "-w" "/opt/rustwide/workdir" "-m" "1610612736" "--user" "0:0" "--network" "none" "ghcr.io/rust-lang/crates-build-env/linux@sha256:2788e3201cd34a07e3172128adcd8b3090168a8e3bcc40d7c032b9dda1df7d1c" "/opt/rustwide/cargo-home/bin/cargo" "+1.75.0" "build" "--frozen" "--message-format=json", kill_on_drop: false }`
[INFO] [stdout] c5d3f3e29e8e00c634bb2d90d15b4e57d60d18b987d31719ab3bc7f65a008f3b
[INFO] running `Command { std: "docker" "start" "-a" "c5d3f3e29e8e00c634bb2d90d15b4e57d60d18b987d31719ab3bc7f65a008f3b", kill_on_drop: false }`
[INFO] [stderr]    Compiling proc-macro2 v1.0.75
[INFO] [stderr]    Compiling unicode-ident v1.0.12
[INFO] [stderr]    Compiling syn v1.0.109
[INFO] [stderr]    Compiling typenum v1.17.0
[INFO] [stderr]    Compiling amplify_num v0.5.1
[INFO] [stderr]    Compiling libc v0.2.151
[INFO] [stderr]    Compiling generic-array v0.14.7
[INFO] [stderr]    Compiling ascii v1.1.0
[INFO] [stderr]    Compiling num-traits v0.2.17
[INFO] [stderr]    Compiling cpufeatures v0.2.12
[INFO] [stderr]    Compiling heck v0.4.1
[INFO] [stderr]    Compiling iana-time-zone v0.1.59
[INFO] [stderr]    Compiling arrayref v0.3.7
[INFO] [stderr]    Compiling arrayvec v0.7.4
[INFO] [stderr]    Compiling quote v1.0.35
[INFO] [stderr]    Compiling cc v1.0.83
[INFO] [stderr]    Compiling getrandom v0.2.11
[INFO] [stderr]    Compiling constant_time_eq v0.3.0
[INFO] [stderr]    Compiling rand_core v0.6.4
[INFO] [stderr]    Compiling rand_chacha v0.3.1
[INFO] [stderr]    Compiling syn v2.0.48
[INFO] [stderr]    Compiling amplify_apfloat v0.2.0
[INFO] [stderr]    Compiling rand v0.8.5
[INFO] [stderr]    Compiling secp256k1-sys v0.9.2
[INFO] [stderr]    Compiling crypto-common v0.1.6
[INFO] [stderr]    Compiling block-buffer v0.10.4
[INFO] [stderr]    Compiling digest v0.10.7
[INFO] [stderr]    Compiling blake3 v1.5.0
[INFO] [stderr]    Compiling sha2 v0.10.8
[INFO] [stderr]    Compiling amplify_syn v2.0.1
[INFO] [stderr]    Compiling ripemd v0.1.3
[INFO] [stderr]    Compiling chrono v0.4.31
[INFO] [stderr]    Compiling mnemonic v1.0.1
[INFO] [stderr]    Compiling base58 v0.2.0
[INFO] [stderr]    Compiling baid58 v0.4.4
[INFO] [stderr]    Compiling thiserror-impl v1.0.56
[INFO] [stderr]    Compiling amplify_derive v4.0.0
[INFO] [stderr]    Compiling strict_encoding_derive v2.0.1
[INFO] [stderr]    Compiling thiserror v1.0.56
[INFO] [stderr]    Compiling base85 v2.0.0
[INFO] [stderr]    Compiling secp256k1 v0.28.1
[INFO] [stderr]    Compiling amplify v4.5.0
[INFO] [stderr]    Compiling single_use_seals v0.11.0-beta.3
[INFO] [stderr]    Compiling strict_encoding v2.6.2
[INFO] [stderr]    Compiling commit_encoding_derive v0.10.0
[INFO] [stderr]    Compiling commit_verify v0.11.0-beta.3
[INFO] [stderr]    Compiling bp-consensus v0.11.0-beta.3
[INFO] [stderr]    Compiling bp-dbc v0.11.0-beta.3
[INFO] [stderr]    Compiling bp-seals v0.11.0-beta.1 (/opt/rustwide/workdir)
[INFO] [stdout] error[E0432]: unresolved import `dbc::tapret::Lnpbp12`
[INFO] [stdout]   --> src/txout/blind.rs:32:5
[INFO] [stdout]    |
[INFO] [stdout] 32 | use dbc::tapret::Lnpbp12;
[INFO] [stdout]    |     ^^^^^^^^^^^^^^^^^^^^ no `Lnpbp12` in `tapret`
[INFO] [stdout] 
[INFO] [stdout] 
[INFO] [stdout] error[E0432]: unresolved import `dbc::anchor::AnchorError`
[INFO] [stdout]   --> src/txout/error.rs:23:5
[INFO] [stdout]    |
[INFO] [stdout] 23 | use dbc::anchor::AnchorError;
[INFO] [stdout]    |     ^^^^^^^^^^^^^^^^^^^^^^^^ no `AnchorError` in `anchor`
[INFO] [stdout] 
[INFO] [stdout] 
[INFO] [stdout] error[E0038]: the trait `dbc::Proof` cannot be made into an object
[INFO] [stdout]   --> src/txout/witness.rs:40:16
[INFO] [stdout]    |
[INFO] [stdout] 40 |     pub proof: Proof,
[INFO] [stdout]    |                ^^^^^ `dbc::Proof` cannot be made into an object
[INFO] [stdout]    |
[INFO] [stdout] note: for a trait to be "object safe" it needs to allow building a vtable to allow the call to be resolvable dynamically; for more information visit <https://doc.rust-lang.org/reference/items/traits.html#object-safety>
[INFO] [stdout]   --> /rustc/82e1608dfa6e0b5569232559e3d385fea5a93112/library/core/src/cmp.rs:305:15
[INFO] [stdout]    |
[INFO] [stdout]    = note: the trait cannot be made into an object because it uses `Self` as a type parameter
[INFO] [stdout]    = help: the following types implement the trait, consider defining an enum where each variant holds one of these types, implementing `dbc::Proof` for this new enum and using it instead:
[INFO] [stdout]              dbc::tapret::TapretProof
[INFO] [stdout]              dbc::opret::OpretProof
[INFO] [stdout] 
[INFO] [stdout] 
[INFO] [stdout] error[E0107]: struct takes at least 2 generic arguments but 1 generic argument was supplied
[INFO] [stdout]   --> src/txout/witness.rs:46:61
[INFO] [stdout]    |
[INFO] [stdout] 46 |     pub fn with<L: mpc::Proof + StrictDumb>(tx: Tx, anchor: Anchor<L>) -> Witness {
[INFO] [stdout]    |                                                             ^^^^^^ - supplied 1 generic argument
[INFO] [stdout]    |                                                             |
[INFO] [stdout]    |                                                             expected at least 2 generic arguments
[INFO] [stdout]    |
[INFO] [stdout] note: struct defined here, with at least 2 generic parameters: `L`, `D`
[INFO] [stdout]   --> /opt/rustwide/cargo-home/registry/src/index.crates.io-6f17d22bba15001f/bp-dbc-0.11.0-beta.3/src/anchor.rs:71:12
[INFO] [stdout]    |
[INFO] [stdout] 71 | pub struct Anchor<L: mpc::Proof + StrictDumb, D: dbc::Proof<M>, M: DbcMethod = Method> {
[INFO] [stdout]    |            ^^^^^^ -                           -
[INFO] [stdout] help: add missing generic argument
[INFO] [stdout]    |
[INFO] [stdout] 46 |     pub fn with<L: mpc::Proof + StrictDumb>(tx: Tx, anchor: Anchor<L, D>) -> Witness {
[INFO] [stdout]    |                                                                     +++
[INFO] [stdout] 
[INFO] [stdout] 
[INFO] [stdout] error[E0782]: trait objects must include the `dyn` keyword
[INFO] [stdout]   --> src/txout/witness.rs:40:16
[INFO] [stdout]    |
[INFO] [stdout] 40 |     pub proof: Proof,
[INFO] [stdout]    |                ^^^^^
[INFO] [stdout]    |
[INFO] [stdout] help: add `dyn` keyword before this trait
[INFO] [stdout]    |
[INFO] [stdout] 40 |     pub proof: dyn Proof,
[INFO] [stdout]    |                +++
[INFO] [stdout] 
[INFO] [stdout] 
[INFO] [stdout] error: aborting due to 5 previous errors
[INFO] [stdout] 
[INFO] [stdout] 
[INFO] [stdout] Some errors have detailed explanations: E0038, E0107, E0432, E0782.
[INFO] [stdout] 
[INFO] [stdout] For more information about an error, try `rustc --explain E0038`.
[INFO] [stdout] 
[INFO] [stderr] error: could not compile `bp-seals` (lib) due to 6 previous errors
[INFO] [stderr] warning: build failed, waiting for other jobs to finish...
[INFO] running `Command { std: "docker" "inspect" "c5d3f3e29e8e00c634bb2d90d15b4e57d60d18b987d31719ab3bc7f65a008f3b", kill_on_drop: false }`
[INFO] running `Command { std: "docker" "rm" "-f" "c5d3f3e29e8e00c634bb2d90d15b4e57d60d18b987d31719ab3bc7f65a008f3b", kill_on_drop: false }`
[INFO] [stdout] c5d3f3e29e8e00c634bb2d90d15b4e57d60d18b987d31719ab3bc7f65a008f3b
[INFO] testing bp-seals-0.11.0-beta.1 against beta-2023-12-22 for beta-1.76-1
[INFO] extracting crate bp-seals 0.11.0-beta.1 into /workspace/builds/worker-7-tc2/source
[INFO] validating manifest of crates.io crate bp-seals 0.11.0-beta.1 on toolchain beta-2023-12-22
[INFO] running `Command { std: CARGO_HOME="/workspace/cargo-home" RUSTUP_HOME="/workspace/rustup-home" "/workspace/cargo-home/bin/cargo" "+beta-2023-12-22" "metadata" "--manifest-path" "Cargo.toml" "--no-deps", kill_on_drop: false }`
[INFO] started tweaking crates.io crate bp-seals 0.11.0-beta.1
[INFO] finished tweaking crates.io crate bp-seals 0.11.0-beta.1
[INFO] tweaked toml for crates.io crate bp-seals 0.11.0-beta.1 written to /workspace/builds/worker-7-tc2/source/Cargo.toml
[INFO] running `Command { std: CARGO_HOME="/workspace/cargo-home" RUSTUP_HOME="/workspace/rustup-home" "/workspace/cargo-home/bin/cargo" "+beta-2023-12-22" "generate-lockfile" "--manifest-path" "Cargo.toml", kill_on_drop: false }`
[INFO] [stderr]     Updating crates.io index
[INFO] running `Command { std: CARGO_HOME="/workspace/cargo-home" RUSTUP_HOME="/workspace/rustup-home" "/workspace/cargo-home/bin/cargo" "+beta-2023-12-22" "fetch" "--manifest-path" "Cargo.toml", kill_on_drop: false }`
[INFO] running `Command { std: "docker" "create" "-v" "/var/lib/crater-agent-workspace/builds/worker-7-tc2/target:/opt/rustwide/target:rw,Z" "-v" "/var/lib/crater-agent-workspace/builds/worker-7-tc2/source:/opt/rustwide/workdir:ro,Z" "-v" "/var/lib/crater-agent-workspace/cargo-home:/opt/rustwide/cargo-home:ro,Z" "-v" "/var/lib/crater-agent-workspace/rustup-home:/opt/rustwide/rustup-home:ro,Z" "-e" "SOURCE_DIR=/opt/rustwide/workdir" "-e" "CARGO_TARGET_DIR=/opt/rustwide/target" "-e" "CARGO_HOME=/opt/rustwide/cargo-home" "-e" "RUSTUP_HOME=/opt/rustwide/rustup-home" "-w" "/opt/rustwide/workdir" "-m" "1610612736" "--user" "0:0" "--network" "none" "ghcr.io/rust-lang/crates-build-env/linux@sha256:2788e3201cd34a07e3172128adcd8b3090168a8e3bcc40d7c032b9dda1df7d1c" "/opt/rustwide/cargo-home/bin/cargo" "+beta-2023-12-22" "metadata" "--no-deps" "--format-version=1", kill_on_drop: false }`
[INFO] [stdout] 0695cc638fbd23936e01a3a39029f7e4e18d9227d63e042ec0be6df8a7f25a18
[INFO] running `Command { std: "docker" "start" "-a" "0695cc638fbd23936e01a3a39029f7e4e18d9227d63e042ec0be6df8a7f25a18", kill_on_drop: false }`
[INFO] running `Command { std: "docker" "inspect" "0695cc638fbd23936e01a3a39029f7e4e18d9227d63e042ec0be6df8a7f25a18", kill_on_drop: false }`
[INFO] running `Command { std: "docker" "rm" "-f" "0695cc638fbd23936e01a3a39029f7e4e18d9227d63e042ec0be6df8a7f25a18", kill_on_drop: false }`
[INFO] [stdout] 0695cc638fbd23936e01a3a39029f7e4e18d9227d63e042ec0be6df8a7f25a18
[INFO] running `Command { std: "docker" "create" "-v" "/var/lib/crater-agent-workspace/builds/worker-7-tc2/target:/opt/rustwide/target:rw,Z" "-v" "/var/lib/crater-agent-workspace/builds/worker-7-tc2/source:/opt/rustwide/workdir:ro,Z" "-v" "/var/lib/crater-agent-workspace/cargo-home:/opt/rustwide/cargo-home:ro,Z" "-v" "/var/lib/crater-agent-workspace/rustup-home:/opt/rustwide/rustup-home:ro,Z" "-e" "SOURCE_DIR=/opt/rustwide/workdir" "-e" "CARGO_TARGET_DIR=/opt/rustwide/target" "-e" "CARGO_INCREMENTAL=0" "-e" "RUST_BACKTRACE=full" "-e" "RUSTFLAGS=--cap-lints=warn" "-e" "RUSTDOCFLAGS=--cap-lints=warn" "-e" "CARGO_HOME=/opt/rustwide/cargo-home" "-e" "RUSTUP_HOME=/opt/rustwide/rustup-home" "-w" "/opt/rustwide/workdir" "-m" "1610612736" "--user" "0:0" "--network" "none" "ghcr.io/rust-lang/crates-build-env/linux@sha256:2788e3201cd34a07e3172128adcd8b3090168a8e3bcc40d7c032b9dda1df7d1c" "/opt/rustwide/cargo-home/bin/cargo" "+beta-2023-12-22" "build" "--frozen" "--message-format=json", kill_on_drop: false }`
[INFO] [stdout] 1b0555d7dc319670fb441c6e717db0c8f01b452c1db327a77986b09e72c93530
[INFO] running `Command { std: "docker" "start" "-a" "1b0555d7dc319670fb441c6e717db0c8f01b452c1db327a77986b09e72c93530", kill_on_drop: false }`
[INFO] [stderr]    Compiling proc-macro2 v1.0.75
[INFO] [stderr]    Compiling unicode-ident v1.0.12
[INFO] [stderr]    Compiling syn v1.0.109
[INFO] [stderr]    Compiling typenum v1.17.0
[INFO] [stderr]    Compiling amplify_num v0.5.1
[INFO] [stderr]    Compiling libc v0.2.151
[INFO] [stderr]    Compiling generic-array v0.14.7
[INFO] [stderr]    Compiling ascii v1.1.0
[INFO] [stderr]    Compiling num-traits v0.2.17
[INFO] [stderr]    Compiling heck v0.4.1
[INFO] [stderr]    Compiling cpufeatures v0.2.12
[INFO] [stderr]    Compiling iana-time-zone v0.1.59
[INFO] [stderr]    Compiling quote v1.0.35
[INFO] [stderr]    Compiling constant_time_eq v0.3.0
[INFO] [stderr]    Compiling arrayref v0.3.7
[INFO] [stderr]    Compiling arrayvec v0.7.4
[INFO] [stderr]    Compiling cc v1.0.83
[INFO] [stderr]    Compiling getrandom v0.2.11
[INFO] [stderr]    Compiling syn v2.0.48
[INFO] [stderr]    Compiling rand_core v0.6.4
[INFO] [stderr]    Compiling rand_chacha v0.3.1
[INFO] [stderr]    Compiling rand v0.8.5
[INFO] [stderr]    Compiling amplify_apfloat v0.2.0
[INFO] [stderr]    Compiling chrono v0.4.31
[INFO] [stderr]    Compiling crypto-common v0.1.6
[INFO] [stderr]    Compiling block-buffer v0.10.4
[INFO] [stderr]    Compiling secp256k1-sys v0.9.2
[INFO] [stderr]    Compiling blake3 v1.5.0
[INFO] [stderr]    Compiling digest v0.10.7
[INFO] [stderr]    Compiling amplify_syn v2.0.1
[INFO] [stderr]    Compiling sha2 v0.10.8
[INFO] [stderr]    Compiling ripemd v0.1.3
[INFO] [stderr]    Compiling thiserror-impl v1.0.56
[INFO] [stderr]    Compiling mnemonic v1.0.1
[INFO] [stderr]    Compiling base58 v0.2.0
[INFO] [stderr]    Compiling baid58 v0.4.4
[INFO] [stderr]    Compiling amplify_derive v4.0.0
[INFO] [stderr]    Compiling strict_encoding_derive v2.0.1
[INFO] [stderr]    Compiling thiserror v1.0.56
[INFO] [stderr]    Compiling base85 v2.0.0
[INFO] [stderr]    Compiling secp256k1 v0.28.1
[INFO] [stderr]    Compiling amplify v4.5.0
[INFO] [stderr]    Compiling single_use_seals v0.11.0-beta.3
[INFO] [stderr]    Compiling strict_encoding v2.6.2
[INFO] [stderr]    Compiling commit_encoding_derive v0.10.0
[INFO] [stderr]    Compiling commit_verify v0.11.0-beta.3
[INFO] [stderr]    Compiling bp-consensus v0.11.0-beta.3
[INFO] [stderr]    Compiling bp-dbc v0.11.0-beta.3
[INFO] [stderr]    Compiling bp-seals v0.11.0-beta.1 (/opt/rustwide/workdir)
[INFO] [stdout] error[E0432]: unresolved import `dbc::tapret::Lnpbp12`
[INFO] [stdout]   --> src/txout/blind.rs:32:5
[INFO] [stdout]    |
[INFO] [stdout] 32 | use dbc::tapret::Lnpbp12;
[INFO] [stdout]    |     ^^^^^^^^^^^^^^^^^^^^ no `Lnpbp12` in `tapret`
[INFO] [stdout] 
[INFO] [stdout] 
[INFO] [stdout] error[E0432]: unresolved import `dbc::anchor::AnchorError`
[INFO] [stdout]   --> src/txout/error.rs:23:5
[INFO] [stdout]    |
[INFO] [stdout] 23 | use dbc::anchor::AnchorError;
[INFO] [stdout]    |     ^^^^^^^^^^^^^^^^^^^^^^^^ no `AnchorError` in `anchor`
[INFO] [stdout] 
[INFO] [stdout] 
[INFO] [stdout] error[E0038]: the trait `dbc::Proof` cannot be made into an object
[INFO] [stdout]   --> src/txout/witness.rs:40:16
[INFO] [stdout]    |
[INFO] [stdout] 40 |     pub proof: Proof,
[INFO] [stdout]    |                ^^^^^ `dbc::Proof` cannot be made into an object
[INFO] [stdout]    |
[INFO] [stdout] note: for a trait to be "object safe" it needs to allow building a vtable to allow the call to be resolvable dynamically; for more information visit <https://doc.rust-lang.org/reference/items/traits.html#object-safety>
[INFO] [stdout]   --> /rustc/0e09125c6c3c2fd70d7de961bcf0e51575235fad/library/core/src/cmp.rs:308:15
[INFO] [stdout]    |
[INFO] [stdout]    = note: the trait cannot be made into an object because it uses `Self` as a type parameter
[INFO] [stdout]    = help: the following types implement the trait, consider defining an enum where each variant holds one of these types, implementing `dbc::Proof` for this new enum and using it instead:
[INFO] [stdout]              dbc::opret::OpretProof
[INFO] [stdout]              dbc::tapret::TapretProof
[INFO] [stdout] 
[INFO] [stdout] 
[INFO] [stdout] error[E0107]: struct takes at least 2 generic arguments but 1 generic argument was supplied
[INFO] [stdout]   --> src/txout/witness.rs:46:61
[INFO] [stdout]    |
[INFO] [stdout] 46 |     pub fn with<L: mpc::Proof + StrictDumb>(tx: Tx, anchor: Anchor<L>) -> Witness {
[INFO] [stdout]    |                                                             ^^^^^^ - supplied 1 generic argument
[INFO] [stdout]    |                                                             |
[INFO] [stdout]    |                                                             expected at least 2 generic arguments
[INFO] [stdout]    |
[INFO] [stdout] note: struct defined here, with at least 2 generic parameters: `L`, `D`
[INFO] [stdout]   --> /opt/rustwide/cargo-home/registry/src/index.crates.io-6f17d22bba15001f/bp-dbc-0.11.0-beta.3/src/anchor.rs:71:12
[INFO] [stdout]    |
[INFO] [stdout] 71 | pub struct Anchor<L: mpc::Proof + StrictDumb, D: dbc::Proof<M>, M: DbcMethod = Method> {
[INFO] [stdout]    |            ^^^^^^ -                           -
[INFO] [stdout] help: add missing generic argument
[INFO] [stdout]    |
[INFO] [stdout] 46 |     pub fn with<L: mpc::Proof + StrictDumb>(tx: Tx, anchor: Anchor<L, D>) -> Witness {
[INFO] [stdout]    |                                                                     +++
[INFO] [stdout] 
[INFO] [stdout] 
[INFO] [stdout] error[E0782]: trait objects must include the `dyn` keyword
[INFO] [stdout]   --> src/txout/witness.rs:40:16
[INFO] [stdout]    |
[INFO] [stdout] 40 |     pub proof: Proof,
[INFO] [stdout]    |                ^^^^^
[INFO] [stdout]    |
[INFO] [stdout] help: add `dyn` keyword before this trait
[INFO] [stdout]    |
[INFO] [stdout] 40 |     pub proof: dyn Proof,
[INFO] [stdout]    |                +++
[INFO] [stdout] 
[INFO] [stdout] 
[INFO] [stdout] error: aborting due to 5 previous errors
[INFO] [stdout] 
[INFO] [stdout] 
[INFO] [stdout] Some errors have detailed explanations: E0038, E0107, E0432, E0782.
[INFO] [stdout] 
[INFO] [stdout] For more information about an error, try `rustc --explain E0038`.
[INFO] [stdout] 
[INFO] [stderr] error: could not compile `bp-seals` (lib) due to 6 previous errors
[INFO] [stderr] warning: build failed, waiting for other jobs to finish...
[INFO] running `Command { std: "docker" "inspect" "1b0555d7dc319670fb441c6e717db0c8f01b452c1db327a77986b09e72c93530", kill_on_drop: false }`
[INFO] running `Command { std: "docker" "rm" "-f" "1b0555d7dc319670fb441c6e717db0c8f01b452c1db327a77986b09e72c93530", kill_on_drop: false }`
[INFO] [stdout] 1b0555d7dc319670fb441c6e717db0c8f01b452c1db327a77986b09e72c93530
