[INFO] fetching crate boot-plus 0.1.1...
[INFO] testing boot-plus-0.1.1 against 1.75.0 for beta-1.76-1
[INFO] extracting crate boot-plus 0.1.1 into /workspace/builds/worker-4-tc1/source
[INFO] validating manifest of crates.io crate boot-plus 0.1.1 on toolchain 1.75.0
[INFO] running `Command { std: CARGO_HOME="/workspace/cargo-home" RUSTUP_HOME="/workspace/rustup-home" "/workspace/cargo-home/bin/cargo" "+1.75.0" "metadata" "--manifest-path" "Cargo.toml" "--no-deps", kill_on_drop: false }`
[INFO] started tweaking crates.io crate boot-plus 0.1.1
[INFO] finished tweaking crates.io crate boot-plus 0.1.1
[INFO] tweaked toml for crates.io crate boot-plus 0.1.1 written to /workspace/builds/worker-4-tc1/source/Cargo.toml
[INFO] running `Command { std: CARGO_HOME="/workspace/cargo-home" RUSTUP_HOME="/workspace/rustup-home" "/workspace/cargo-home/bin/cargo" "+1.75.0" "generate-lockfile" "--manifest-path" "Cargo.toml", kill_on_drop: false }`
[INFO] [stderr]     Blocking waiting for file lock on package cache
[INFO] [stderr]     Updating crates.io index
[INFO] running `Command { std: CARGO_HOME="/workspace/cargo-home" RUSTUP_HOME="/workspace/rustup-home" "/workspace/cargo-home/bin/cargo" "+1.75.0" "fetch" "--manifest-path" "Cargo.toml", kill_on_drop: false }`
[INFO] [stderr]  Downloading crates ...
[INFO] [stderr]   Downloaded cosmwasm-schema v1.5.0
[INFO] [stderr]   Downloaded bech32 v0.9.1
[INFO] [stderr]   Downloaded rust_decimal_macros v1.33.1
[INFO] [stderr]   Downloaded cw1 v0.15.1
[INFO] [stderr]   Downloaded cosmwasm-storage v1.5.0
[INFO] [stderr]   Downloaded cw1-whitelist v0.15.1
[INFO] [stderr]   Downloaded tonic v0.8.3
[INFO] [stderr]   Downloaded tendermint-config v0.23.9
[INFO] [stderr]   Downloaded crypto-mac v0.10.1
[INFO] [stderr]   Downloaded cosmwasm-derive v1.5.0
[INFO] [stderr]   Downloaded cosmwasm-crypto v1.5.0
[INFO] [stderr]   Downloaded pbkdf2 v0.6.0
[INFO] [stderr]   Downloaded sha256 v1.5.0
[INFO] [stderr]   Downloaded elliptic-curve v0.13.8
[INFO] [stderr]   Downloaded k256 v0.13.2
[INFO] [stderr]   Downloaded cosmwasm-std v1.5.0
[INFO] [stderr]   Downloaded rust-crypto v0.2.36
[INFO] [stderr]   Downloaded secp256k1-sys v0.4.2
[INFO] [stderr]   Downloaded bitcoin v0.27.1
[INFO] [stderr]   Downloaded tendermint v0.23.9
[INFO] [stderr]   Downloaded bnum v0.8.1
[INFO] [stderr]   Downloaded time v0.3.11
[INFO] [stderr]   Downloaded tendermint-rpc v0.23.9
[INFO] [stderr]   Downloaded hkd32 v0.5.0
[INFO] [stderr]   Downloaded cosmrs v0.9.0
[INFO] [stderr]   Downloaded secp256k1 v0.20.3
[INFO] [stderr]   Downloaded cw-multi-test v0.15.1
[INFO] [stderr]   Downloaded cosmos-sdk-proto v0.14.0
[INFO] [stderr]   Downloaded tendermint-proto v0.23.9
[INFO] [stderr]   Downloaded boot-core v0.1.3
[INFO] [stderr]   Downloaded crypto-bigint v0.5.5
[INFO] [stderr]   Downloaded bitcoin_hashes v0.10.0
[INFO] [stderr]   Downloaded bip32 v0.4.0
[INFO] [stderr]   Downloaded eyre v0.6.11
[INFO] [stderr]   Downloaded rustc-serialize v0.3.25
[INFO] [stderr]   Downloaded cosmwasm-schema-derive v1.5.0
[INFO] [stderr]   Downloaded ripemd160 v0.9.1
[INFO] [stderr]   Downloaded time-macros v0.2.4
[INFO] [stderr]   Downloaded bech32 v0.8.1
[INFO] [stderr]   Downloaded base16 v0.2.1
[INFO] [stderr]   Downloaded prost v0.10.4
[INFO] [stderr]   Downloaded boot-contract-derive v0.1.3
[INFO] [stderr]   Downloaded hmac v0.10.1
[INFO] [stderr]   Downloaded prost-derive v0.10.1
[INFO] [stderr]   Downloaded ecdsa v0.16.9
[INFO] running `Command { std: "docker" "create" "-v" "/var/lib/crater-agent-workspace/builds/worker-4-tc1/target:/opt/rustwide/target:rw,Z" "-v" "/var/lib/crater-agent-workspace/builds/worker-4-tc1/source:/opt/rustwide/workdir:ro,Z" "-v" "/var/lib/crater-agent-workspace/cargo-home:/opt/rustwide/cargo-home:ro,Z" "-v" "/var/lib/crater-agent-workspace/rustup-home:/opt/rustwide/rustup-home:ro,Z" "-e" "SOURCE_DIR=/opt/rustwide/workdir" "-e" "CARGO_TARGET_DIR=/opt/rustwide/target" "-e" "CARGO_HOME=/opt/rustwide/cargo-home" "-e" "RUSTUP_HOME=/opt/rustwide/rustup-home" "-w" "/opt/rustwide/workdir" "-m" "1610612736" "--user" "0:0" "--network" "none" "ghcr.io/rust-lang/crates-build-env/linux@sha256:2788e3201cd34a07e3172128adcd8b3090168a8e3bcc40d7c032b9dda1df7d1c" "/opt/rustwide/cargo-home/bin/cargo" "+1.75.0" "metadata" "--no-deps" "--format-version=1", kill_on_drop: false }`
[INFO] [stdout] d6121d4b24462171e5232b777350e9b69cefbe08ed66b89869c4da613cf3b0f0
[INFO] running `Command { std: "docker" "start" "-a" "d6121d4b24462171e5232b777350e9b69cefbe08ed66b89869c4da613cf3b0f0", kill_on_drop: false }`
[INFO] running `Command { std: "docker" "inspect" "d6121d4b24462171e5232b777350e9b69cefbe08ed66b89869c4da613cf3b0f0", kill_on_drop: false }`
[INFO] running `Command { std: "docker" "rm" "-f" "d6121d4b24462171e5232b777350e9b69cefbe08ed66b89869c4da613cf3b0f0", kill_on_drop: false }`
[INFO] [stdout] d6121d4b24462171e5232b777350e9b69cefbe08ed66b89869c4da613cf3b0f0
[INFO] running `Command { std: "docker" "create" "-v" "/var/lib/crater-agent-workspace/builds/worker-4-tc1/target:/opt/rustwide/target:rw,Z" "-v" "/var/lib/crater-agent-workspace/builds/worker-4-tc1/source:/opt/rustwide/workdir:ro,Z" "-v" "/var/lib/crater-agent-workspace/cargo-home:/opt/rustwide/cargo-home:ro,Z" "-v" "/var/lib/crater-agent-workspace/rustup-home:/opt/rustwide/rustup-home:ro,Z" "-e" "SOURCE_DIR=/opt/rustwide/workdir" "-e" "CARGO_TARGET_DIR=/opt/rustwide/target" "-e" "CARGO_INCREMENTAL=0" "-e" "RUST_BACKTRACE=full" "-e" "RUSTFLAGS=--cap-lints=warn" "-e" "RUSTDOCFLAGS=--cap-lints=warn" "-e" "CARGO_HOME=/opt/rustwide/cargo-home" "-e" "RUSTUP_HOME=/opt/rustwide/rustup-home" "-w" "/opt/rustwide/workdir" "-m" "1610612736" "--user" "0:0" "--network" "none" "ghcr.io/rust-lang/crates-build-env/linux@sha256:2788e3201cd34a07e3172128adcd8b3090168a8e3bcc40d7c032b9dda1df7d1c" "/opt/rustwide/cargo-home/bin/cargo" "+1.75.0" "build" "--frozen" "--message-format=json", kill_on_drop: false }`
[INFO] [stdout] 370347240ab01c42420b062040f0ba3e22305b514874dace3fb1de2775880cd9
[INFO] running `Command { std: "docker" "start" "-a" "370347240ab01c42420b062040f0ba3e22305b514874dace3fb1de2775880cd9", kill_on_drop: false }`
[INFO] [stderr]    Compiling typenum v1.17.0
[INFO] [stderr]    Compiling subtle v2.4.1
[INFO] [stderr]    Compiling generic-array v0.14.7
[INFO] [stderr]    Compiling const-oid v0.9.6
[INFO] [stderr]    Compiling syn v1.0.109
[INFO] [stderr]    Compiling syn v2.0.48
[INFO] [stderr]    Compiling getrandom v0.2.11
[INFO] [stderr]    Compiling cpufeatures v0.2.12
[INFO] [stderr]    Compiling getrandom v0.1.16
[INFO] [stderr]    Compiling signal-hook-registry v1.4.1
[INFO] [stderr]    Compiling rand_core v0.6.4
[INFO] [stderr]    Compiling rand_core v0.5.1
[INFO] [stderr]    Compiling num_cpus v1.16.0
[INFO] [stderr]    Compiling socket2 v0.5.5
[INFO] [stderr]    Compiling mio v0.8.10
[INFO] [stderr]    Compiling ahash v0.7.7
[INFO] [stderr]    Compiling futures-io v0.3.30
[INFO] [stderr]    Compiling hashbrown v0.12.3
[INFO] [stderr]    Compiling serde_json v1.0.111
[INFO] [stderr]    Compiling byteorder v1.5.0
[INFO] [stderr]    Compiling either v1.9.0
[INFO] [stderr]    Compiling ff v0.13.0
[INFO] [stderr]    Compiling base16ct v0.2.0
[INFO] [stderr]    Compiling itertools v0.10.5
[INFO] [stderr]    Compiling group v0.13.0
[INFO] [stderr]    Compiling ring v0.16.20
[INFO] [stderr]    Compiling schemars v0.8.16
[INFO] [stderr]    Compiling hex v0.4.3
[INFO] [stderr]    Compiling untrusted v0.7.1
[INFO] [stderr]    Compiling spin v0.5.2
[INFO] [stderr]    Compiling num-traits v0.2.17
[INFO] [stderr]    Compiling rustversion v1.0.14
[INFO] [stderr]    Compiling base64ct v1.6.0
[INFO] [stderr]    Compiling bnum v0.8.1
[INFO] [stderr]    Compiling bech32 v0.9.1
[INFO] [stderr]    Compiling forward_ref v1.0.0
[INFO] [stderr]    Compiling ff v0.12.1
[INFO] [stderr]    Compiling eyre v0.6.11
[INFO] [stderr]    Compiling base16ct v0.1.1
[INFO] [stderr]    Compiling group v0.12.1
[INFO] [stderr]    Compiling indenter v0.3.3
[INFO] [stderr]    Compiling indexmap v1.9.3
[INFO] [stderr]    Compiling num_threads v0.1.6
[INFO] [stderr]    Compiling time-macros v0.2.4
[INFO] [stderr]    Compiling keccak v0.1.4
[INFO] [stderr]    Compiling flex-error v0.4.4
[INFO] [stderr]    Compiling semver v1.0.21
[INFO] [stderr]    Compiling axum-core v0.3.4
[INFO] [stderr]    Compiling rand_chacha v0.3.1
[INFO] [stderr]    Compiling rand_chacha v0.2.2
[INFO] [stderr]    Compiling openssl v0.10.62
[INFO] [stderr]    Compiling rand v0.8.5
[INFO] [stderr]    Compiling serde_derive_internals v0.26.0
[INFO] [stderr]    Compiling rand v0.7.3
[INFO] [stderr]    Compiling time v0.3.11
[INFO] [stderr]    Compiling axum v0.6.20
[INFO] [stderr]    Compiling webpki v0.21.4
[INFO] [stderr]    Compiling sct v0.6.1
[INFO] [stderr]    Compiling native-tls v0.2.11
[INFO] [stderr]    Compiling ct-logs v0.8.0
[INFO] [stderr]    Compiling rustls v0.19.1
[INFO] [stderr]    Compiling webpki-roots v0.21.1
[INFO] [stderr]    Compiling url v2.5.0
[INFO] [stderr]    Compiling headers-core v0.2.0
[INFO] [stderr]    Compiling secp256k1-sys v0.4.2
[INFO] [stderr]    Compiling matchit v0.7.3
[INFO] [stderr]    Compiling peg-runtime v0.7.0
[INFO] [stderr]    Compiling gcc v0.3.55
[INFO] [stderr]    Compiling peg-macros v0.7.0
[INFO] [stderr]    Compiling zeroize_derive v1.4.2
[INFO] [stderr]    Compiling serde_derive v1.0.194
[INFO] [stderr]    Compiling tokio-macros v2.2.0
[INFO] [stderr]    Compiling futures-macro v0.3.30
[INFO] [stderr]    Compiling tracing-attributes v0.1.27
[INFO] [stderr]    Compiling thiserror-impl v1.0.56
[INFO] [stderr]    Compiling zeroize v1.7.0
[INFO] [stderr]    Compiling tokio v1.35.1
[INFO] [stderr]    Compiling block-buffer v0.10.4
[INFO] [stderr]    Compiling crypto-common v0.1.6
[INFO] [stderr]    Compiling digest v0.9.0
[INFO] [stderr]    Compiling digest v0.10.7
[INFO] [stderr]    Compiling block-buffer v0.9.0
[INFO] [stderr]    Compiling futures-util v0.3.30
[INFO] [stderr]    Compiling sha2 v0.9.9
[INFO] [stderr]    Compiling hmac v0.12.1
[INFO] [stderr]    Compiling sha2 v0.10.8
[INFO] [stderr]    Compiling curve25519-dalek v3.2.0
[INFO] [stderr]    Compiling der v0.7.8
[INFO] [stderr]    Compiling tracing v0.1.40
[INFO] [stderr]    Compiling thiserror v1.0.56
[INFO] [stderr]    Compiling crypto-bigint v0.5.5
[INFO] [stderr]    Compiling rfc6979 v0.4.0
[INFO] [stderr]    Compiling signature v2.2.0
[INFO] [stderr]    Compiling schemars_derive v0.8.16
[INFO] [stderr]    Compiling spki v0.7.3
[INFO] [stderr]    Compiling pkcs8 v0.10.2
[INFO] [stderr]    Compiling sec1 v0.7.3
[INFO] [stderr]    Compiling der v0.6.1
[INFO] [stderr]    Compiling derivative v2.2.0
[INFO] [stderr]    Compiling elliptic-curve v0.13.8
[INFO] [stderr]    Compiling cosmwasm-derive v1.5.0
[INFO] [stderr]    Compiling serde v1.0.194
[INFO] [stderr]    Compiling ecdsa v0.16.9
[INFO] [stderr]    Compiling k256 v0.13.2
[INFO] [stderr]    Compiling signature v1.6.4
[INFO] [stderr]    Compiling crypto-bigint v0.4.9
[INFO] [stderr]    Compiling spki v0.6.0
[INFO] [stderr]    Compiling prost-derive v0.11.9
[INFO] [stderr]    Compiling pkcs8 v0.9.0
[INFO] [stderr]    Compiling tokio-util v0.7.10
[INFO] [stderr]    Compiling async-trait v0.1.77
[INFO] [stderr]    Compiling sec1 v0.3.0
[INFO] [stderr]    Compiling cosmwasm-schema-derive v1.5.0
[INFO] [stderr]    Compiling h2 v0.3.22
[INFO] [stderr]    Compiling pin-project-internal v1.1.3
[INFO] [stderr]    Compiling elliptic-curve v0.12.3
[INFO] [stderr]    Compiling rfc6979 v0.3.1
[INFO] [stderr]    Compiling subtle-encoding v0.5.1
[INFO] [stderr]    Compiling ecdsa v0.14.8
[INFO] [stderr]    Compiling futures-executor v0.3.30
[INFO] [stderr]    Compiling prost v0.11.9
[INFO] [stderr]    Compiling sha3 v0.10.8
[INFO] [stderr]    Compiling num-derive v0.3.3
[INFO] [stderr]    Compiling futures v0.3.30
[INFO] [stderr]    Compiling k256 v0.11.6
[INFO] [stderr]    Compiling openssl-macros v0.1.1
[INFO] [stderr]    Compiling prost-types v0.11.9
[INFO] [stderr]    Compiling ed25519-zebra v3.1.0
[INFO] [stderr]    Compiling serde-json-wasm v0.5.1
[INFO] [stderr]    Compiling cosmwasm-crypto v1.5.0
[INFO] [stderr]    Compiling pin-project v1.1.3
[INFO] [stderr]    Compiling hyper v0.14.28
[INFO] [stderr]    Compiling serde_bytes v0.11.14
[INFO] [stderr]    Compiling ed25519 v1.5.3
[INFO] [stderr]    Compiling tendermint-proto v0.23.9
[INFO] [stderr]    Compiling ed25519-dalek v1.0.1
[INFO] [stderr]    Compiling tower v0.4.13
[INFO] [stderr]    Compiling cosmwasm-std v1.5.0
[INFO] [stderr]    Compiling cosmwasm-schema v1.5.0
[INFO] [stderr]    Compiling tokio-rustls v0.22.0
[INFO] [stderr]    Compiling tokio-io-timeout v1.2.0
[INFO] [stderr]    Compiling sha1 v0.10.6
[INFO] [stderr]    Compiling ripemd160 v0.9.1
[INFO] [stderr]    Compiling rustls-native-certs v0.5.0
[INFO] [stderr]    Compiling serde_repr v0.1.18
[INFO] [stderr]    Compiling async-stream-impl v0.3.5
[INFO] [stderr]    Compiling headers v0.3.9
[INFO] [stderr]    Compiling tracing-futures v0.2.5
[INFO] [stderr]    Compiling hyper-rustls v0.22.1
[INFO] [stderr]    Compiling async-stream v0.3.5
[INFO] [stderr]    Compiling hyper-timeout v0.4.1
[INFO] [stderr]    Compiling toml v0.5.11
[INFO] [stderr]    Compiling tokio-stream v0.1.14
[INFO] [stderr]    Compiling crypto-mac v0.10.1
[INFO] [stderr]    Compiling rust_decimal v1.33.1
[INFO] [stderr]    Compiling regex-automata v0.4.3
[INFO] [stderr]    Compiling tendermint v0.23.9
[INFO] [stderr]    Compiling walkdir v2.4.0
[INFO] [stderr]    Compiling tokio-native-tls v0.3.1
[INFO] [stderr]    Compiling hyper-proxy v0.9.1
[INFO] [stderr]    Compiling bs58 v0.4.0
[INFO] [stderr]    Compiling ripemd v0.1.3
[INFO] [stderr]    Compiling pbkdf2 v0.11.0
[INFO] [stderr]    Compiling peg v0.7.0
[INFO] [stderr]    Compiling rust-crypto v0.2.36
[INFO] [stderr]    Compiling prost-derive v0.9.0
[INFO] [stderr]    Compiling rand v0.4.6
[INFO] [stderr]    Compiling cw-storage-plus v0.15.1
[INFO] [stderr]    Compiling arrayvec v0.7.4
[INFO] [stderr]    Compiling cw2 v0.15.1
[INFO] [stderr]    Compiling uuid v0.8.2
[INFO] [stderr]    Compiling cw-utils v0.15.1
[INFO] [stderr]    Compiling bip32 v0.4.0
[INFO] [stderr]    Compiling tendermint-config v0.23.9
[INFO] [stderr]    Compiling tonic v0.8.3
[INFO] [stderr]    Compiling rand v0.3.23
[INFO] [stderr]    Compiling prost v0.9.0
[INFO] [stderr]    Compiling regex v1.10.2
[INFO] [stderr]    Compiling cosmwasm-storage v1.5.0
[INFO] [stderr]    Compiling secp256k1 v0.20.3
[INFO] [stderr]    Compiling hyper-tls v0.5.0
[INFO] [stderr]    Compiling hmac v0.10.1
[INFO] [stderr]    Compiling pbkdf2 v0.6.0
[INFO] [stderr]    Compiling serde_urlencoded v0.7.1
[INFO] [stderr]    Compiling tendermint-rpc v0.23.9
[INFO] [stderr]    Compiling prost-derive v0.10.1
[INFO] [stderr]    Compiling atty v0.2.14
[INFO] [stderr]    Compiling time v0.1.45
[INFO] [stderr]    Compiling bech32 v0.8.1
[INFO] [stderr]    Compiling bitcoin_hashes v0.10.0
[INFO] [stderr]    Compiling iana-time-zone v0.1.59
[INFO] [stderr]    Compiling rustc-serialize v0.3.25
[INFO] [stderr]    Compiling chrono v0.4.31
[INFO] [stderr]    Compiling env_logger v0.8.4
[INFO] [stderr]    Compiling cosmos-sdk-proto v0.14.0
[INFO] [stderr]    Compiling reqwest v0.11.23
[INFO] [stderr]    Compiling prost v0.10.4
[INFO] [stderr]    Compiling hkd32 v0.5.0
[INFO] [stderr]    Compiling cw-multi-test v0.15.1
[INFO] [stderr]    Compiling rust_decimal_macros v1.33.1
[INFO] [stderr]    Compiling cw20 v0.15.1
[INFO] [stderr]    Compiling cw1 v0.15.1
[INFO] [stderr]    Compiling erased-serde v0.3.31
[INFO] [stderr]    Compiling bitcoin v0.27.1
[INFO] [stderr]    Compiling sha256 v1.5.0
[INFO] [stderr]    Compiling boot-contract-derive v0.1.3
[INFO] [stderr]    Compiling dotenv v0.15.0
[INFO] [stderr]    Compiling base16 v0.2.1
[INFO] [stderr]    Compiling cw20-base v0.15.1
[INFO] [stderr]    Compiling cw1-whitelist v0.15.1
[INFO] [stderr]    Compiling cosmrs v0.9.0
[INFO] [stderr]    Compiling boot-core v0.1.3
[INFO] [stderr]    Compiling boot-plus v0.1.1 (/opt/rustwide/workdir)
[INFO] [stdout] warning: unused import: `std::ops::Deref`
[INFO] [stdout]  --> src/cw1.rs:1:5
[INFO] [stdout]   |
[INFO] [stdout] 1 | use std::ops::Deref;
[INFO] [stdout]   |     ^^^^^^^^^^^^^^^
[INFO] [stdout]   |
[INFO] [stdout]   = note: `#[warn(unused_imports)]` on by default
[INFO] [stdout] 
[INFO] [stdout] 
[INFO] [stdout] warning: unused import: `boot_core::Daemon`
[INFO] [stdout]  --> src/cw1.rs:4:5
[INFO] [stdout]   |
[INFO] [stdout] 4 | use boot_core::Daemon;
[INFO] [stdout]   |     ^^^^^^^^^^^^^^^^^
[INFO] [stdout] 
[INFO] [stdout] 
[INFO] [stdout] warning: unused import: `BootError`
[INFO] [stdout]  --> src/cw1.rs:5:17
[INFO] [stdout]   |
[INFO] [stdout] 5 | use boot_core::{BootError, Contract, IndexResponse, TxHandler, TxResponse};
[INFO] [stdout]   |                 ^^^^^^^^^
[INFO] [stdout] 
[INFO] [stdout] 
[INFO] [stdout] warning: unused imports: `Addr`, `Binary`, `Uint128`
[INFO] [stdout]  --> src/cw1.rs:6:20
[INFO] [stdout]   |
[INFO] [stdout] 6 | use cosmwasm_std::{Addr, Binary, Empty, Uint128};
[INFO] [stdout]   |                    ^^^^  ^^^^^^         ^^^^^^^
[INFO] [stdout] 
[INFO] [stdout] 
[INFO] [stdout] error[E0107]: struct takes 1 generic argument but 5 generic arguments were supplied
[INFO] [stdout]   --> src/lib.rs:31:3
[INFO] [stdout]    |
[INFO] [stdout] 31 | >(Contract<Chain, E, I, Q, M>)
[INFO] [stdout]    |   ^^^^^^^^        ---------- help: remove these generic arguments
[INFO] [stdout]    |   |
[INFO] [stdout]    |   expected 1 generic argument
[INFO] [stdout]    |
[INFO] [stdout] note: struct defined here, with 1 generic parameter: `Chain`
[INFO] [stdout]   --> /opt/rustwide/cargo-home/registry/src/index.crates.io-6f17d22bba15001f/boot-core-0.1.3/src/contract.rs:22:12
[INFO] [stdout]    |
[INFO] [stdout] 22 | pub struct Contract<Chain: BootEnvironment> {
[INFO] [stdout]    |            ^^^^^^^^ -----
[INFO] [stdout] 
[INFO] [stdout] 
[INFO] [stdout] error[E0107]: struct takes 1 generic argument but 5 generic arguments were supplied
[INFO] [stdout]   --> src/lib.rs:47:19
[INFO] [stdout]    |
[INFO] [stdout] 47 |     type Target = Contract<Chain, E, I, Q, M>;
[INFO] [stdout]    |                   ^^^^^^^^        ---------- help: remove these generic arguments
[INFO] [stdout]    |                   |
[INFO] [stdout]    |                   expected 1 generic argument
[INFO] [stdout]    |
[INFO] [stdout] note: struct defined here, with 1 generic parameter: `Chain`
[INFO] [stdout]   --> /opt/rustwide/cargo-home/registry/src/index.crates.io-6f17d22bba15001f/boot-core-0.1.3/src/contract.rs:22:12
[INFO] [stdout]    |
[INFO] [stdout] 22 | pub struct Contract<Chain: BootEnvironment> {
[INFO] [stdout]    |            ^^^^^^^^ -----
[INFO] [stdout] 
[INFO] [stdout] 
[INFO] [stdout] error: aborting due to 2 previous errors; 4 warnings emitted
[INFO] [stdout] 
[INFO] [stdout] 
[INFO] [stdout] For more information about this error, try `rustc --explain E0107`.
[INFO] [stdout] 
[INFO] [stderr] error: could not compile `boot-plus` (lib) due to 3 previous errors; 4 warnings emitted
[INFO] [stderr] warning: build failed, waiting for other jobs to finish...
[INFO] running `Command { std: "docker" "inspect" "370347240ab01c42420b062040f0ba3e22305b514874dace3fb1de2775880cd9", kill_on_drop: false }`
[INFO] running `Command { std: "docker" "rm" "-f" "370347240ab01c42420b062040f0ba3e22305b514874dace3fb1de2775880cd9", kill_on_drop: false }`
[INFO] [stdout] 370347240ab01c42420b062040f0ba3e22305b514874dace3fb1de2775880cd9
[INFO] testing boot-plus-0.1.1 against beta-2023-12-22 for beta-1.76-1
[INFO] extracting crate boot-plus 0.1.1 into /workspace/builds/worker-4-tc2/source
[INFO] validating manifest of crates.io crate boot-plus 0.1.1 on toolchain beta-2023-12-22
[INFO] running `Command { std: CARGO_HOME="/workspace/cargo-home" RUSTUP_HOME="/workspace/rustup-home" "/workspace/cargo-home/bin/cargo" "+beta-2023-12-22" "metadata" "--manifest-path" "Cargo.toml" "--no-deps", kill_on_drop: false }`
[INFO] started tweaking crates.io crate boot-plus 0.1.1
[INFO] finished tweaking crates.io crate boot-plus 0.1.1
[INFO] tweaked toml for crates.io crate boot-plus 0.1.1 written to /workspace/builds/worker-4-tc2/source/Cargo.toml
[INFO] running `Command { std: CARGO_HOME="/workspace/cargo-home" RUSTUP_HOME="/workspace/rustup-home" "/workspace/cargo-home/bin/cargo" "+beta-2023-12-22" "generate-lockfile" "--manifest-path" "Cargo.toml", kill_on_drop: false }`
[INFO] [stderr]     Updating crates.io index
[INFO] running `Command { std: CARGO_HOME="/workspace/cargo-home" RUSTUP_HOME="/workspace/rustup-home" "/workspace/cargo-home/bin/cargo" "+beta-2023-12-22" "fetch" "--manifest-path" "Cargo.toml", kill_on_drop: false }`
[INFO] running `Command { std: "docker" "create" "-v" "/var/lib/crater-agent-workspace/builds/worker-4-tc2/target:/opt/rustwide/target:rw,Z" "-v" "/var/lib/crater-agent-workspace/builds/worker-4-tc2/source:/opt/rustwide/workdir:ro,Z" "-v" "/var/lib/crater-agent-workspace/cargo-home:/opt/rustwide/cargo-home:ro,Z" "-v" "/var/lib/crater-agent-workspace/rustup-home:/opt/rustwide/rustup-home:ro,Z" "-e" "SOURCE_DIR=/opt/rustwide/workdir" "-e" "CARGO_TARGET_DIR=/opt/rustwide/target" "-e" "CARGO_HOME=/opt/rustwide/cargo-home" "-e" "RUSTUP_HOME=/opt/rustwide/rustup-home" "-w" "/opt/rustwide/workdir" "-m" "1610612736" "--user" "0:0" "--network" "none" "ghcr.io/rust-lang/crates-build-env/linux@sha256:2788e3201cd34a07e3172128adcd8b3090168a8e3bcc40d7c032b9dda1df7d1c" "/opt/rustwide/cargo-home/bin/cargo" "+beta-2023-12-22" "metadata" "--no-deps" "--format-version=1", kill_on_drop: false }`
[INFO] [stdout] 4d0d9ac6022e4a7f2e08fcb5968a9a4c8571a65f2bbb049e58c8955cfa3c8d90
[INFO] running `Command { std: "docker" "start" "-a" "4d0d9ac6022e4a7f2e08fcb5968a9a4c8571a65f2bbb049e58c8955cfa3c8d90", kill_on_drop: false }`
[INFO] running `Command { std: "docker" "inspect" "4d0d9ac6022e4a7f2e08fcb5968a9a4c8571a65f2bbb049e58c8955cfa3c8d90", kill_on_drop: false }`
[INFO] running `Command { std: "docker" "rm" "-f" "4d0d9ac6022e4a7f2e08fcb5968a9a4c8571a65f2bbb049e58c8955cfa3c8d90", kill_on_drop: false }`
[INFO] [stdout] 4d0d9ac6022e4a7f2e08fcb5968a9a4c8571a65f2bbb049e58c8955cfa3c8d90
[INFO] running `Command { std: "docker" "create" "-v" "/var/lib/crater-agent-workspace/builds/worker-4-tc2/target:/opt/rustwide/target:rw,Z" "-v" "/var/lib/crater-agent-workspace/builds/worker-4-tc2/source:/opt/rustwide/workdir:ro,Z" "-v" "/var/lib/crater-agent-workspace/cargo-home:/opt/rustwide/cargo-home:ro,Z" "-v" "/var/lib/crater-agent-workspace/rustup-home:/opt/rustwide/rustup-home:ro,Z" "-e" "SOURCE_DIR=/opt/rustwide/workdir" "-e" "CARGO_TARGET_DIR=/opt/rustwide/target" "-e" "CARGO_INCREMENTAL=0" "-e" "RUST_BACKTRACE=full" "-e" "RUSTFLAGS=--cap-lints=warn" "-e" "RUSTDOCFLAGS=--cap-lints=warn" "-e" "CARGO_HOME=/opt/rustwide/cargo-home" "-e" "RUSTUP_HOME=/opt/rustwide/rustup-home" "-w" "/opt/rustwide/workdir" "-m" "1610612736" "--user" "0:0" "--network" "none" "ghcr.io/rust-lang/crates-build-env/linux@sha256:2788e3201cd34a07e3172128adcd8b3090168a8e3bcc40d7c032b9dda1df7d1c" "/opt/rustwide/cargo-home/bin/cargo" "+beta-2023-12-22" "build" "--frozen" "--message-format=json", kill_on_drop: false }`
[INFO] [stdout] 34c37c9eb6b2d552e2dc9c5c4cee9e874948c3ae08e9c0e9bd130f371cbc1388
[INFO] running `Command { std: "docker" "start" "-a" "34c37c9eb6b2d552e2dc9c5c4cee9e874948c3ae08e9c0e9bd130f371cbc1388", kill_on_drop: false }`
[INFO] [stderr]    Compiling typenum v1.17.0
[INFO] [stderr]    Compiling subtle v2.4.1
[INFO] [stderr]    Compiling generic-array v0.14.7
[INFO] [stderr]    Compiling const-oid v0.9.6
[INFO] [stderr]    Compiling syn v1.0.109
[INFO] [stderr]    Compiling syn v2.0.48
[INFO] [stderr]    Compiling getrandom v0.2.11
[INFO] [stderr]    Compiling cpufeatures v0.2.12
[INFO] [stderr]    Compiling getrandom v0.1.16
[INFO] [stderr]    Compiling mio v0.8.10
[INFO] [stderr]    Compiling rand_core v0.6.4
[INFO] [stderr]    Compiling rand_core v0.5.1
[INFO] [stderr]    Compiling num_cpus v1.16.0
[INFO] [stderr]    Compiling signal-hook-registry v1.4.1
[INFO] [stderr]    Compiling socket2 v0.5.5
[INFO] [stderr]    Compiling ahash v0.7.7
[INFO] [stderr]    Compiling futures-io v0.3.30
[INFO] [stderr]    Compiling hashbrown v0.12.3
[INFO] [stderr]    Compiling serde_json v1.0.111
[INFO] [stderr]    Compiling byteorder v1.5.0
[INFO] [stderr]    Compiling either v1.9.0
[INFO] [stderr]    Compiling ff v0.13.0
[INFO] [stderr]    Compiling base16ct v0.2.0
[INFO] [stderr]    Compiling itertools v0.10.5
[INFO] [stderr]    Compiling group v0.13.0
[INFO] [stderr]    Compiling ring v0.16.20
[INFO] [stderr]    Compiling hex v0.4.3
[INFO] [stderr]    Compiling schemars v0.8.16
[INFO] [stderr]    Compiling untrusted v0.7.1
[INFO] [stderr]    Compiling spin v0.5.2
[INFO] [stderr]    Compiling num-traits v0.2.17
[INFO] [stderr]    Compiling rustversion v1.0.14
[INFO] [stderr]    Compiling base64ct v1.6.0
[INFO] [stderr]    Compiling forward_ref v1.0.0
[INFO] [stderr]    Compiling bnum v0.8.1
[INFO] [stderr]    Compiling bech32 v0.9.1
[INFO] [stderr]    Compiling ff v0.12.1
[INFO] [stderr]    Compiling base16ct v0.1.1
[INFO] [stderr]    Compiling eyre v0.6.11
[INFO] [stderr]    Compiling group v0.12.1
[INFO] [stderr]    Compiling indenter v0.3.3
[INFO] [stderr]    Compiling indexmap v1.9.3
[INFO] [stderr]    Compiling keccak v0.1.4
[INFO] [stderr]    Compiling time-macros v0.2.4
[INFO] [stderr]    Compiling num_threads v0.1.6
[INFO] [stderr]    Compiling semver v1.0.21
[INFO] [stderr]    Compiling flex-error v0.4.4
[INFO] [stderr]    Compiling axum-core v0.3.4
[INFO] [stderr]    Compiling rand_chacha v0.3.1
[INFO] [stderr]    Compiling rand_chacha v0.2.2
[INFO] [stderr]    Compiling openssl v0.10.62
[INFO] [stderr]    Compiling rand v0.8.5
[INFO] [stderr]    Compiling rand v0.7.3
[INFO] [stderr]    Compiling time v0.3.11
[INFO] [stderr]    Compiling axum v0.6.20
[INFO] [stderr]    Compiling native-tls v0.2.11
[INFO] [stderr]    Compiling url v2.5.0
[INFO] [stderr]    Compiling headers-core v0.2.0
[INFO] [stderr]    Compiling secp256k1-sys v0.4.2
[INFO] [stderr]    Compiling serde_derive_internals v0.26.0
[INFO] [stderr]    Compiling peg-runtime v0.7.0
[INFO] [stderr]    Compiling sct v0.6.1
[INFO] [stderr]    Compiling webpki v0.21.4
[INFO] [stderr]    Compiling ct-logs v0.8.0
[INFO] [stderr]    Compiling matchit v0.7.3
[INFO] [stderr]    Compiling peg-macros v0.7.0
[INFO] [stderr]    Compiling rustls v0.19.1
[INFO] [stderr]    Compiling webpki-roots v0.21.1
[INFO] [stderr]    Compiling rust_decimal v1.33.1
[INFO] [stderr]    Compiling gcc v0.3.55
[INFO] [stderr]    Compiling walkdir v2.4.0
[INFO] [stderr]    Compiling regex-automata v0.4.3
[INFO] [stderr]    Compiling rand v0.4.6
[INFO] [stderr]    Compiling rust-crypto v0.2.36
[INFO] [stderr]    Compiling arrayvec v0.7.4
[INFO] [stderr]    Compiling uuid v0.8.2
[INFO] [stderr]    Compiling secp256k1 v0.20.3
[INFO] [stderr]    Compiling rand v0.3.23
[INFO] [stderr]    Compiling atty v0.2.14
[INFO] [stderr]    Compiling time v0.1.45
[INFO] [stderr]    Compiling bitcoin_hashes v0.10.0
[INFO] [stderr]    Compiling rustc-serialize v0.3.25
[INFO] [stderr]    Compiling peg v0.7.0
[INFO] [stderr]    Compiling bech32 v0.8.1
[INFO] [stderr]    Compiling schemars_derive v0.8.16
[INFO] [stderr]    Compiling cosmwasm-derive v1.5.0
[INFO] [stderr]    Compiling zeroize_derive v1.4.2
[INFO] [stderr]    Compiling serde_derive v1.0.194
[INFO] [stderr]    Compiling tokio-macros v2.2.0
[INFO] [stderr]    Compiling zeroize v1.7.0
[INFO] [stderr]    Compiling tokio v1.35.1
[INFO] [stderr]    Compiling block-buffer v0.10.4
[INFO] [stderr]    Compiling crypto-common v0.1.6
[INFO] [stderr]    Compiling digest v0.10.7
[INFO] [stderr]    Compiling digest v0.9.0
[INFO] [stderr]    Compiling hmac v0.12.1
[INFO] [stderr]    Compiling block-buffer v0.9.0
[INFO] [stderr]    Compiling sha2 v0.9.9
[INFO] [stderr]    Compiling sha2 v0.10.8
[INFO] [stderr]    Compiling futures-macro v0.3.30
[INFO] [stderr]    Compiling curve25519-dalek v3.2.0
[INFO] [stderr]    Compiling der v0.7.8
[INFO] [stderr]    Compiling tracing-attributes v0.1.27
[INFO] [stderr]    Compiling futures-util v0.3.30
[INFO] [stderr]    Compiling spki v0.7.3
[INFO] [stderr]    Compiling thiserror-impl v1.0.56
[INFO] [stderr]    Compiling pkcs8 v0.10.2
[INFO] [stderr]    Compiling sec1 v0.7.3
[INFO] [stderr]    Compiling crypto-bigint v0.5.5
[INFO] [stderr]    Compiling rfc6979 v0.4.0
[INFO] [stderr]    Compiling signature v2.2.0
[INFO] [stderr]    Compiling der v0.6.1
[INFO] [stderr]    Compiling derivative v2.2.0
[INFO] [stderr]    Compiling serde v1.0.194
[INFO] [stderr]    Compiling thiserror v1.0.56
[INFO] [stderr]    Compiling spki v0.6.0
[INFO] [stderr]    Compiling signature v1.6.4
[INFO] [stderr]    Compiling tracing v0.1.40
[INFO] [stderr]    Compiling pkcs8 v0.9.0
[INFO] [stderr]    Compiling tokio-util v0.7.10
[INFO] [stderr]    Compiling crypto-bigint v0.4.9
[INFO] [stderr]    Compiling async-trait v0.1.77
[INFO] [stderr]    Compiling elliptic-curve v0.13.8
[INFO] [stderr]    Compiling prost-derive v0.11.9
[INFO] [stderr]    Compiling sec1 v0.3.0
[INFO] [stderr]    Compiling ecdsa v0.16.9
[INFO] [stderr]    Compiling pin-project-internal v1.1.3
[INFO] [stderr]    Compiling k256 v0.13.2
[INFO] [stderr]    Compiling h2 v0.3.22
[INFO] [stderr]    Compiling cosmwasm-schema-derive v1.5.0
[INFO] [stderr]    Compiling elliptic-curve v0.12.3
[INFO] [stderr]    Compiling ed25519-zebra v3.1.0
[INFO] [stderr]    Compiling serde-json-wasm v0.5.1
[INFO] [stderr]    Compiling cosmwasm-crypto v1.5.0
[INFO] [stderr]    Compiling serde_bytes v0.11.14
[INFO] [stderr]    Compiling prost v0.11.9
[INFO] [stderr]    Compiling pin-project v1.1.3
[INFO] [stderr]    Compiling rfc6979 v0.3.1
[INFO] [stderr]    Compiling subtle-encoding v0.5.1
[INFO] [stderr]    Compiling ecdsa v0.14.8
[INFO] [stderr]    Compiling futures-executor v0.3.30
[INFO] [stderr]    Compiling sha3 v0.10.8
[INFO] [stderr]    Compiling prost-types v0.11.9
[INFO] [stderr]    Compiling num-derive v0.3.3
[INFO] [stderr]    Compiling futures v0.3.30
[INFO] [stderr]    Compiling ed25519 v1.5.3
[INFO] [stderr]    Compiling openssl-macros v0.1.1
[INFO] [stderr]    Compiling k256 v0.11.6
[INFO] [stderr]    Compiling cosmwasm-std v1.5.0
[INFO] [stderr]    Compiling cosmwasm-schema v1.5.0
[INFO] [stderr]    Compiling hyper v0.14.28
[INFO] [stderr]    Compiling ed25519-dalek v1.0.1
[INFO] [stderr]    Compiling tower v0.4.13
[INFO] [stderr]    Compiling tendermint-proto v0.23.9
[INFO] [stderr]    Compiling tokio-rustls v0.22.0
[INFO] [stderr]    Compiling tokio-io-timeout v1.2.0
[INFO] [stderr]    Compiling ripemd160 v0.9.1
[INFO] [stderr]    Compiling sha1 v0.10.6
[INFO] [stderr]    Compiling rustls-native-certs v0.5.0
[INFO] [stderr]    Compiling serde_repr v0.1.18
[INFO] [stderr]    Compiling async-stream-impl v0.3.5
[INFO] [stderr]    Compiling headers v0.3.9
[INFO] [stderr]    Compiling async-stream v0.3.5
[INFO] [stderr]    Compiling hyper-rustls v0.22.1
[INFO] [stderr]    Compiling hyper-timeout v0.4.1
[INFO] [stderr]    Compiling tracing-futures v0.2.5
[INFO] [stderr]    Compiling toml v0.5.11
[INFO] [stderr]    Compiling tokio-stream v0.1.14
[INFO] [stderr]    Compiling crypto-mac v0.10.1
[INFO] [stderr]    Compiling hyper-proxy v0.9.1
[INFO] [stderr]    Compiling cw-storage-plus v0.15.1
[INFO] [stderr]    Compiling tendermint v0.23.9
[INFO] [stderr]    Compiling cw2 v0.15.1
[INFO] [stderr]    Compiling cw-utils v0.15.1
[INFO] [stderr]    Compiling tokio-native-tls v0.3.1
[INFO] [stderr]    Compiling bs58 v0.4.0
[INFO] [stderr]    Compiling ripemd v0.1.3
[INFO] [stderr]    Compiling pbkdf2 v0.11.0
[INFO] [stderr]    Compiling prost-derive v0.9.0
[INFO] [stderr]    Compiling hyper-tls v0.5.0
[INFO] [stderr]    Compiling cosmwasm-storage v1.5.0
[INFO] [stderr]    Compiling hmac v0.10.1
[INFO] [stderr]    Compiling pbkdf2 v0.6.0
[INFO] [stderr]    Compiling serde_urlencoded v0.7.1
[INFO] [stderr]    Compiling regex v1.10.2
[INFO] [stderr]    Compiling prost-derive v0.10.1
[INFO] [stderr]    Compiling bip32 v0.4.0
[INFO] [stderr]    Compiling iana-time-zone v0.1.59
[INFO] [stderr]    Compiling env_logger v0.8.4
[INFO] [stderr]    Compiling rust_decimal_macros v1.33.1
[INFO] [stderr]    Compiling tonic v0.8.3
[INFO] [stderr]    Compiling chrono v0.4.31
[INFO] [stderr]    Compiling reqwest v0.11.23
[INFO] [stderr]    Compiling hkd32 v0.5.0
[INFO] [stderr]    Compiling cw20 v0.15.1
[INFO] [stderr]    Compiling prost v0.9.0
[INFO] [stderr]    Compiling prost v0.10.4
[INFO] [stderr]    Compiling tendermint-config v0.23.9
[INFO] [stderr]    Compiling cw-multi-test v0.15.1
[INFO] [stderr]    Compiling cw1 v0.15.1
[INFO] [stderr]    Compiling cosmos-sdk-proto v0.14.0
[INFO] [stderr]    Compiling erased-serde v0.3.31
[INFO] [stderr]    Compiling tendermint-rpc v0.23.9
[INFO] [stderr]    Compiling sha256 v1.5.0
[INFO] [stderr]    Compiling bitcoin v0.27.1
[INFO] [stderr]    Compiling boot-contract-derive v0.1.3
[INFO] [stderr]    Compiling dotenv v0.15.0
[INFO] [stderr]    Compiling base16 v0.2.1
[INFO] [stderr]    Compiling cw20-base v0.15.1
[INFO] [stderr]    Compiling cw1-whitelist v0.15.1
[INFO] [stderr]    Compiling cosmrs v0.9.0
[INFO] [stderr]    Compiling boot-core v0.1.3
[INFO] [stderr]    Compiling boot-plus v0.1.1 (/opt/rustwide/workdir)
[INFO] [stdout] warning: unused import: `std::ops::Deref`
[INFO] [stdout]  --> src/cw1.rs:1:5
[INFO] [stdout]   |
[INFO] [stdout] 1 | use std::ops::Deref;
[INFO] [stdout]   |     ^^^^^^^^^^^^^^^
[INFO] [stdout]   |
[INFO] [stdout]   = note: `#[warn(unused_imports)]` on by default
[INFO] [stdout] 
[INFO] [stdout] 
[INFO] [stdout] warning: unused import: `boot_core::Daemon`
[INFO] [stdout]  --> src/cw1.rs:4:5
[INFO] [stdout]   |
[INFO] [stdout] 4 | use boot_core::Daemon;
[INFO] [stdout]   |     ^^^^^^^^^^^^^^^^^
[INFO] [stdout] 
[INFO] [stdout] 
[INFO] [stdout] warning: unused import: `BootError`
[INFO] [stdout]  --> src/cw1.rs:5:17
[INFO] [stdout]   |
[INFO] [stdout] 5 | use boot_core::{BootError, Contract, IndexResponse, TxHandler, TxResponse};
[INFO] [stdout]   |                 ^^^^^^^^^
[INFO] [stdout] 
[INFO] [stdout] 
[INFO] [stdout] warning: unused imports: `Addr`, `Binary`, `Uint128`
[INFO] [stdout]  --> src/cw1.rs:6:20
[INFO] [stdout]   |
[INFO] [stdout] 6 | use cosmwasm_std::{Addr, Binary, Empty, Uint128};
[INFO] [stdout]   |                    ^^^^  ^^^^^^         ^^^^^^^
[INFO] [stdout] 
[INFO] [stdout] 
[INFO] [stdout] error[E0107]: struct takes 1 generic argument but 5 generic arguments were supplied
[INFO] [stdout]   --> src/lib.rs:31:3
[INFO] [stdout]    |
[INFO] [stdout] 31 | >(Contract<Chain, E, I, Q, M>)
[INFO] [stdout]    |   ^^^^^^^^        ---------- help: remove these generic arguments
[INFO] [stdout]    |   |
[INFO] [stdout]    |   expected 1 generic argument
[INFO] [stdout]    |
[INFO] [stdout] note: struct defined here, with 1 generic parameter: `Chain`
[INFO] [stdout]   --> /opt/rustwide/cargo-home/registry/src/index.crates.io-6f17d22bba15001f/boot-core-0.1.3/src/contract.rs:22:12
[INFO] [stdout]    |
[INFO] [stdout] 22 | pub struct Contract<Chain: BootEnvironment> {
[INFO] [stdout]    |            ^^^^^^^^ -----
[INFO] [stdout] 
[INFO] [stdout] 
[INFO] [stdout] error[E0107]: struct takes 1 generic argument but 5 generic arguments were supplied
[INFO] [stdout]   --> src/lib.rs:47:19
[INFO] [stdout]    |
[INFO] [stdout] 47 |     type Target = Contract<Chain, E, I, Q, M>;
[INFO] [stdout]    |                   ^^^^^^^^        ---------- help: remove these generic arguments
[INFO] [stdout]    |                   |
[INFO] [stdout]    |                   expected 1 generic argument
[INFO] [stdout]    |
[INFO] [stdout] note: struct defined here, with 1 generic parameter: `Chain`
[INFO] [stdout]   --> /opt/rustwide/cargo-home/registry/src/index.crates.io-6f17d22bba15001f/boot-core-0.1.3/src/contract.rs:22:12
[INFO] [stdout]    |
[INFO] [stdout] 22 | pub struct Contract<Chain: BootEnvironment> {
[INFO] [stdout]    |            ^^^^^^^^ -----
[INFO] [stdout] 
[INFO] [stdout] 
[INFO] [stdout] error: aborting due to 2 previous errors; 4 warnings emitted
[INFO] [stdout] 
[INFO] [stdout] 
[INFO] [stdout] For more information about this error, try `rustc --explain E0107`.
[INFO] [stdout] 
[INFO] [stderr] error: could not compile `boot-plus` (lib) due to 3 previous errors; 4 warnings emitted
[INFO] [stderr] warning: build failed, waiting for other jobs to finish...
[INFO] running `Command { std: "docker" "inspect" "34c37c9eb6b2d552e2dc9c5c4cee9e874948c3ae08e9c0e9bd130f371cbc1388", kill_on_drop: false }`
[INFO] running `Command { std: "docker" "rm" "-f" "34c37c9eb6b2d552e2dc9c5c4cee9e874948c3ae08e9c0e9bd130f371cbc1388", kill_on_drop: false }`
[INFO] [stdout] 34c37c9eb6b2d552e2dc9c5c4cee9e874948c3ae08e9c0e9bd130f371cbc1388
