[INFO] fetching crate boo-hoo 0.2.0...
[INFO] testing boo-hoo-0.2.0 against 1.75.0 for beta-1.76-1
[INFO] extracting crate boo-hoo 0.2.0 into /workspace/builds/worker-5-tc1/source
[INFO] validating manifest of crates.io crate boo-hoo 0.2.0 on toolchain 1.75.0
[INFO] running `Command { std: CARGO_HOME="/workspace/cargo-home" RUSTUP_HOME="/workspace/rustup-home" "/workspace/cargo-home/bin/cargo" "+1.75.0" "metadata" "--manifest-path" "Cargo.toml" "--no-deps", kill_on_drop: false }`
[INFO] started tweaking crates.io crate boo-hoo 0.2.0
[INFO] finished tweaking crates.io crate boo-hoo 0.2.0
[INFO] tweaked toml for crates.io crate boo-hoo 0.2.0 written to /workspace/builds/worker-5-tc1/source/Cargo.toml
[INFO] running `Command { std: CARGO_HOME="/workspace/cargo-home" RUSTUP_HOME="/workspace/rustup-home" "/workspace/cargo-home/bin/cargo" "+1.75.0" "generate-lockfile" "--manifest-path" "Cargo.toml", kill_on_drop: false }`
[INFO] [stderr]     Updating crates.io index
[INFO] running `Command { std: CARGO_HOME="/workspace/cargo-home" RUSTUP_HOME="/workspace/rustup-home" "/workspace/cargo-home/bin/cargo" "+1.75.0" "fetch" "--manifest-path" "Cargo.toml", kill_on_drop: false }`
[INFO] running `Command { std: "docker" "create" "-v" "/var/lib/crater-agent-workspace/builds/worker-5-tc1/target:/opt/rustwide/target:rw,Z" "-v" "/var/lib/crater-agent-workspace/builds/worker-5-tc1/source:/opt/rustwide/workdir:ro,Z" "-v" "/var/lib/crater-agent-workspace/cargo-home:/opt/rustwide/cargo-home:ro,Z" "-v" "/var/lib/crater-agent-workspace/rustup-home:/opt/rustwide/rustup-home:ro,Z" "-e" "SOURCE_DIR=/opt/rustwide/workdir" "-e" "CARGO_TARGET_DIR=/opt/rustwide/target" "-e" "CARGO_HOME=/opt/rustwide/cargo-home" "-e" "RUSTUP_HOME=/opt/rustwide/rustup-home" "-w" "/opt/rustwide/workdir" "-m" "1610612736" "--user" "0:0" "--network" "none" "ghcr.io/rust-lang/crates-build-env/linux@sha256:2788e3201cd34a07e3172128adcd8b3090168a8e3bcc40d7c032b9dda1df7d1c" "/opt/rustwide/cargo-home/bin/cargo" "+1.75.0" "metadata" "--no-deps" "--format-version=1", kill_on_drop: false }`
[INFO] [stdout] 3febf9458bf78005f2edb30b14fee65ef9bcd6ae327adbbb45045c34027de194
[INFO] running `Command { std: "docker" "start" "-a" "3febf9458bf78005f2edb30b14fee65ef9bcd6ae327adbbb45045c34027de194", kill_on_drop: false }`
[INFO] running `Command { std: "docker" "inspect" "3febf9458bf78005f2edb30b14fee65ef9bcd6ae327adbbb45045c34027de194", kill_on_drop: false }`
[INFO] running `Command { std: "docker" "rm" "-f" "3febf9458bf78005f2edb30b14fee65ef9bcd6ae327adbbb45045c34027de194", kill_on_drop: false }`
[INFO] [stdout] 3febf9458bf78005f2edb30b14fee65ef9bcd6ae327adbbb45045c34027de194
[INFO] running `Command { std: "docker" "create" "-v" "/var/lib/crater-agent-workspace/builds/worker-5-tc1/target:/opt/rustwide/target:rw,Z" "-v" "/var/lib/crater-agent-workspace/builds/worker-5-tc1/source:/opt/rustwide/workdir:ro,Z" "-v" "/var/lib/crater-agent-workspace/cargo-home:/opt/rustwide/cargo-home:ro,Z" "-v" "/var/lib/crater-agent-workspace/rustup-home:/opt/rustwide/rustup-home:ro,Z" "-e" "SOURCE_DIR=/opt/rustwide/workdir" "-e" "CARGO_TARGET_DIR=/opt/rustwide/target" "-e" "CARGO_INCREMENTAL=0" "-e" "RUST_BACKTRACE=full" "-e" "RUSTFLAGS=--cap-lints=warn" "-e" "RUSTDOCFLAGS=--cap-lints=warn" "-e" "CARGO_HOME=/opt/rustwide/cargo-home" "-e" "RUSTUP_HOME=/opt/rustwide/rustup-home" "-w" "/opt/rustwide/workdir" "-m" "1610612736" "--user" "0:0" "--network" "none" "ghcr.io/rust-lang/crates-build-env/linux@sha256:2788e3201cd34a07e3172128adcd8b3090168a8e3bcc40d7c032b9dda1df7d1c" "/opt/rustwide/cargo-home/bin/cargo" "+1.75.0" "build" "--frozen" "--message-format=json", kill_on_drop: false }`
[INFO] [stdout] 5227d9a726c4a7e0448c56d025656288074fae787270380c2c5e02d33f4103a1
[INFO] running `Command { std: "docker" "start" "-a" "5227d9a726c4a7e0448c56d025656288074fae787270380c2c5e02d33f4103a1", kill_on_drop: false }`
[INFO] [stderr]    Compiling libc v0.2.151
[INFO] [stderr]    Compiling virtue v0.0.13
[INFO] [stderr]    Compiling constant_time_eq v0.3.0
[INFO] [stderr]    Compiling arrayvec v0.7.4
[INFO] [stderr]    Compiling arrayref v0.3.7
[INFO] [stderr]    Compiling bincode_derive v2.0.0-rc.3
[INFO] [stderr]    Compiling cc v1.0.83
[INFO] [stderr]    Compiling bincode v2.0.0-rc.3
[INFO] [stderr]    Compiling blake3 v1.5.0
[INFO] [stderr]    Compiling boo-hoo v0.2.0 (/opt/rustwide/workdir)
[INFO] [stdout] warning: unused import: `bincode::encode_into_slice`
[INFO] [stdout]   --> src/proof.rs:13:5
[INFO] [stdout]    |
[INFO] [stdout] 13 | use bincode::encode_into_slice;
[INFO] [stdout]    |     ^^^^^^^^^^^^^^^^^^^^^^^^^^
[INFO] [stdout]    |
[INFO] [stdout]    = note: `#[warn(unused_imports)]` on by default
[INFO] [stdout] 
[INFO] [stdout] 
[INFO] [stdout] error[E0277]: the trait bound `bits::BitBuf: BorrowDecode<'_>` is not satisfied
[INFO] [stdout]   --> src/proof.rs:55:41
[INFO] [stdout]    |
[INFO] [stdout] 55 | #[derive(Clone, Default, Debug, Encode, Decode)]
[INFO] [stdout]    |                                         ^^^^^^ the trait `BorrowDecode<'_>` is not implemented for `bits::BitBuf`
[INFO] [stdout]    |
[INFO] [stdout]    = help: the following other types implement trait `BorrowDecode<'de>`:
[INFO] [stdout]              <bool as BorrowDecode<'de>>
[INFO] [stdout]              <char as BorrowDecode<'de>>
[INFO] [stdout]              <isize as BorrowDecode<'de>>
[INFO] [stdout]              <i8 as BorrowDecode<'de>>
[INFO] [stdout]              <i16 as BorrowDecode<'de>>
[INFO] [stdout]              <i32 as BorrowDecode<'de>>
[INFO] [stdout]              <i64 as BorrowDecode<'de>>
[INFO] [stdout]              <i128 as BorrowDecode<'de>>
[INFO] [stdout]            and 94 others
[INFO] [stdout]    = note: this error originates in the derive macro `Decode` (in Nightly builds, run with -Z macro-backtrace for more info)
[INFO] [stdout] 
[INFO] [stdout] 
[INFO] [stdout] error[E0277]: the trait bound `bits::BitBuf: BorrowDecode<'_>` is not satisfied
[INFO] [stdout]    --> src/proof.rs:185:25
[INFO] [stdout]     |
[INFO] [stdout] 185 | #[derive(Clone, Encode, Decode)]
[INFO] [stdout]     |                         ^^^^^^ the trait `BorrowDecode<'_>` is not implemented for `bits::BitBuf`
[INFO] [stdout]     |
[INFO] [stdout]     = help: the following other types implement trait `BorrowDecode<'de>`:
[INFO] [stdout]               <bool as BorrowDecode<'de>>
[INFO] [stdout]               <char as BorrowDecode<'de>>
[INFO] [stdout]               <isize as BorrowDecode<'de>>
[INFO] [stdout]               <i8 as BorrowDecode<'de>>
[INFO] [stdout]               <i16 as BorrowDecode<'de>>
[INFO] [stdout]               <i32 as BorrowDecode<'de>>
[INFO] [stdout]               <i64 as BorrowDecode<'de>>
[INFO] [stdout]               <i128 as BorrowDecode<'de>>
[INFO] [stdout]             and 94 others
[INFO] [stdout]     = note: required for `Vec<bits::BitBuf>` to implement `BorrowDecode<'_>`
[INFO] [stdout]     = note: this error originates in the derive macro `Decode` (in Nightly builds, run with -Z macro-backtrace for more info)
[INFO] [stdout] 
[INFO] [stdout] 
[INFO] [stdout] error: aborting due to 2 previous errors; 1 warning emitted
[INFO] [stdout] 
[INFO] [stdout] 
[INFO] [stderr] error: could not compile `boo-hoo` (lib) due to 3 previous errors; 1 warning emitted
[INFO] [stdout] For more information about this error, try `rustc --explain E0277`.
[INFO] [stdout] 
[INFO] [stderr] warning: build failed, waiting for other jobs to finish...
[INFO] running `Command { std: "docker" "inspect" "5227d9a726c4a7e0448c56d025656288074fae787270380c2c5e02d33f4103a1", kill_on_drop: false }`
[INFO] running `Command { std: "docker" "rm" "-f" "5227d9a726c4a7e0448c56d025656288074fae787270380c2c5e02d33f4103a1", kill_on_drop: false }`
[INFO] [stdout] 5227d9a726c4a7e0448c56d025656288074fae787270380c2c5e02d33f4103a1
[INFO] testing boo-hoo-0.2.0 against beta-2023-12-22 for beta-1.76-1
[INFO] extracting crate boo-hoo 0.2.0 into /workspace/builds/worker-5-tc2/source
[INFO] validating manifest of crates.io crate boo-hoo 0.2.0 on toolchain beta-2023-12-22
[INFO] running `Command { std: CARGO_HOME="/workspace/cargo-home" RUSTUP_HOME="/workspace/rustup-home" "/workspace/cargo-home/bin/cargo" "+beta-2023-12-22" "metadata" "--manifest-path" "Cargo.toml" "--no-deps", kill_on_drop: false }`
[INFO] started tweaking crates.io crate boo-hoo 0.2.0
[INFO] finished tweaking crates.io crate boo-hoo 0.2.0
[INFO] tweaked toml for crates.io crate boo-hoo 0.2.0 written to /workspace/builds/worker-5-tc2/source/Cargo.toml
[INFO] running `Command { std: CARGO_HOME="/workspace/cargo-home" RUSTUP_HOME="/workspace/rustup-home" "/workspace/cargo-home/bin/cargo" "+beta-2023-12-22" "generate-lockfile" "--manifest-path" "Cargo.toml", kill_on_drop: false }`
[INFO] [stderr]     Updating crates.io index
[INFO] running `Command { std: CARGO_HOME="/workspace/cargo-home" RUSTUP_HOME="/workspace/rustup-home" "/workspace/cargo-home/bin/cargo" "+beta-2023-12-22" "fetch" "--manifest-path" "Cargo.toml", kill_on_drop: false }`
[INFO] running `Command { std: "docker" "create" "-v" "/var/lib/crater-agent-workspace/builds/worker-5-tc2/target:/opt/rustwide/target:rw,Z" "-v" "/var/lib/crater-agent-workspace/builds/worker-5-tc2/source:/opt/rustwide/workdir:ro,Z" "-v" "/var/lib/crater-agent-workspace/cargo-home:/opt/rustwide/cargo-home:ro,Z" "-v" "/var/lib/crater-agent-workspace/rustup-home:/opt/rustwide/rustup-home:ro,Z" "-e" "SOURCE_DIR=/opt/rustwide/workdir" "-e" "CARGO_TARGET_DIR=/opt/rustwide/target" "-e" "CARGO_HOME=/opt/rustwide/cargo-home" "-e" "RUSTUP_HOME=/opt/rustwide/rustup-home" "-w" "/opt/rustwide/workdir" "-m" "1610612736" "--user" "0:0" "--network" "none" "ghcr.io/rust-lang/crates-build-env/linux@sha256:2788e3201cd34a07e3172128adcd8b3090168a8e3bcc40d7c032b9dda1df7d1c" "/opt/rustwide/cargo-home/bin/cargo" "+beta-2023-12-22" "metadata" "--no-deps" "--format-version=1", kill_on_drop: false }`
[INFO] [stdout] 9c0b9f45a23883007b182a979e4b3386c432288f1905b573b4e817e4282465dd
[INFO] running `Command { std: "docker" "start" "-a" "9c0b9f45a23883007b182a979e4b3386c432288f1905b573b4e817e4282465dd", kill_on_drop: false }`
[INFO] running `Command { std: "docker" "inspect" "9c0b9f45a23883007b182a979e4b3386c432288f1905b573b4e817e4282465dd", kill_on_drop: false }`
[INFO] running `Command { std: "docker" "rm" "-f" "9c0b9f45a23883007b182a979e4b3386c432288f1905b573b4e817e4282465dd", kill_on_drop: false }`
[INFO] [stdout] 9c0b9f45a23883007b182a979e4b3386c432288f1905b573b4e817e4282465dd
[INFO] running `Command { std: "docker" "create" "-v" "/var/lib/crater-agent-workspace/builds/worker-5-tc2/target:/opt/rustwide/target:rw,Z" "-v" "/var/lib/crater-agent-workspace/builds/worker-5-tc2/source:/opt/rustwide/workdir:ro,Z" "-v" "/var/lib/crater-agent-workspace/cargo-home:/opt/rustwide/cargo-home:ro,Z" "-v" "/var/lib/crater-agent-workspace/rustup-home:/opt/rustwide/rustup-home:ro,Z" "-e" "SOURCE_DIR=/opt/rustwide/workdir" "-e" "CARGO_TARGET_DIR=/opt/rustwide/target" "-e" "CARGO_INCREMENTAL=0" "-e" "RUST_BACKTRACE=full" "-e" "RUSTFLAGS=--cap-lints=warn" "-e" "RUSTDOCFLAGS=--cap-lints=warn" "-e" "CARGO_HOME=/opt/rustwide/cargo-home" "-e" "RUSTUP_HOME=/opt/rustwide/rustup-home" "-w" "/opt/rustwide/workdir" "-m" "1610612736" "--user" "0:0" "--network" "none" "ghcr.io/rust-lang/crates-build-env/linux@sha256:2788e3201cd34a07e3172128adcd8b3090168a8e3bcc40d7c032b9dda1df7d1c" "/opt/rustwide/cargo-home/bin/cargo" "+beta-2023-12-22" "build" "--frozen" "--message-format=json", kill_on_drop: false }`
[INFO] [stdout] e22a7535b0639c9aca31ab6a9eeb732c40a0826cd52c4a62328ef7e8c2851207
[INFO] running `Command { std: "docker" "start" "-a" "e22a7535b0639c9aca31ab6a9eeb732c40a0826cd52c4a62328ef7e8c2851207", kill_on_drop: false }`
[INFO] [stderr]    Compiling libc v0.2.151
[INFO] [stderr]    Compiling virtue v0.0.13
[INFO] [stderr]    Compiling constant_time_eq v0.3.0
[INFO] [stderr]    Compiling arrayref v0.3.7
[INFO] [stderr]    Compiling arrayvec v0.7.4
[INFO] [stderr]    Compiling bincode_derive v2.0.0-rc.3
[INFO] [stderr]    Compiling cc v1.0.83
[INFO] [stderr]    Compiling bincode v2.0.0-rc.3
[INFO] [stderr]    Compiling blake3 v1.5.0
[INFO] [stderr]    Compiling boo-hoo v0.2.0 (/opt/rustwide/workdir)
[INFO] [stdout] warning: unused import: `bincode::encode_into_slice`
[INFO] [stdout]   --> src/proof.rs:13:5
[INFO] [stdout]    |
[INFO] [stdout] 13 | use bincode::encode_into_slice;
[INFO] [stdout]    |     ^^^^^^^^^^^^^^^^^^^^^^^^^^
[INFO] [stdout]    |
[INFO] [stdout]    = note: `#[warn(unused_imports)]` on by default
[INFO] [stdout] 
[INFO] [stdout] 
[INFO] [stdout] error[E0277]: the trait bound `bits::BitBuf: BorrowDecode<'_>` is not satisfied
[INFO] [stdout]   --> src/proof.rs:55:41
[INFO] [stdout]    |
[INFO] [stdout] 55 | #[derive(Clone, Default, Debug, Encode, Decode)]
[INFO] [stdout]    |                                         ^^^^^^ the trait `BorrowDecode<'_>` is not implemented for `bits::BitBuf`
[INFO] [stdout]    |
[INFO] [stdout]    = help: the following other types implement trait `BorrowDecode<'de>`:
[INFO] [stdout]              <bool as BorrowDecode<'de>>
[INFO] [stdout]              <char as BorrowDecode<'de>>
[INFO] [stdout]              <isize as BorrowDecode<'de>>
[INFO] [stdout]              <i8 as BorrowDecode<'de>>
[INFO] [stdout]              <i16 as BorrowDecode<'de>>
[INFO] [stdout]              <i32 as BorrowDecode<'de>>
[INFO] [stdout]              <i64 as BorrowDecode<'de>>
[INFO] [stdout]              <i128 as BorrowDecode<'de>>
[INFO] [stdout]            and 94 others
[INFO] [stdout]    = note: this error originates in the derive macro `Decode` (in Nightly builds, run with -Z macro-backtrace for more info)
[INFO] [stdout] 
[INFO] [stdout] 
[INFO] [stdout] error[E0277]: the trait bound `bits::BitBuf: BorrowDecode<'_>` is not satisfied
[INFO] [stdout]    --> src/proof.rs:185:25
[INFO] [stdout]     |
[INFO] [stdout] 185 | #[derive(Clone, Encode, Decode)]
[INFO] [stdout]     |                         ^^^^^^ the trait `BorrowDecode<'_>` is not implemented for `bits::BitBuf`
[INFO] [stdout]     |
[INFO] [stdout]     = help: the following other types implement trait `BorrowDecode<'de>`:
[INFO] [stdout]               <bool as BorrowDecode<'de>>
[INFO] [stdout]               <char as BorrowDecode<'de>>
[INFO] [stdout]               <isize as BorrowDecode<'de>>
[INFO] [stdout]               <i8 as BorrowDecode<'de>>
[INFO] [stdout]               <i16 as BorrowDecode<'de>>
[INFO] [stdout]               <i32 as BorrowDecode<'de>>
[INFO] [stdout]               <i64 as BorrowDecode<'de>>
[INFO] [stdout]               <i128 as BorrowDecode<'de>>
[INFO] [stdout]             and 94 others
[INFO] [stdout]     = note: required for `Vec<bits::BitBuf>` to implement `BorrowDecode<'_>`
[INFO] [stdout]     = note: this error originates in the derive macro `Decode` (in Nightly builds, run with -Z macro-backtrace for more info)
[INFO] [stdout] 
[INFO] [stdout] 
[INFO] [stdout] error: aborting due to 2 previous errors; 1 warning emitted
[INFO] [stdout] 
[INFO] [stdout] 
[INFO] [stdout] For more information about this error, try `rustc --explain E0277`.
[INFO] [stdout] 
[INFO] [stderr] error: could not compile `boo-hoo` (lib) due to 3 previous errors; 1 warning emitted
[INFO] [stderr] warning: build failed, waiting for other jobs to finish...
[INFO] running `Command { std: "docker" "inspect" "e22a7535b0639c9aca31ab6a9eeb732c40a0826cd52c4a62328ef7e8c2851207", kill_on_drop: false }`
[INFO] running `Command { std: "docker" "rm" "-f" "e22a7535b0639c9aca31ab6a9eeb732c40a0826cd52c4a62328ef7e8c2851207", kill_on_drop: false }`
[INFO] [stdout] e22a7535b0639c9aca31ab6a9eeb732c40a0826cd52c4a62328ef7e8c2851207
