[INFO] fetching crate bollard 0.15.0...
[INFO] testing bollard-0.15.0 against 1.75.0 for beta-1.76-1
[INFO] extracting crate bollard 0.15.0 into /workspace/builds/worker-3-tc1/source
[INFO] validating manifest of crates.io crate bollard 0.15.0 on toolchain 1.75.0
[INFO] running `Command { std: CARGO_HOME="/workspace/cargo-home" RUSTUP_HOME="/workspace/rustup-home" "/workspace/cargo-home/bin/cargo" "+1.75.0" "metadata" "--manifest-path" "Cargo.toml" "--no-deps", kill_on_drop: false }`
[INFO] removed /workspace/builds/worker-3-tc1/source/.cargo/config.toml
[INFO] started tweaking crates.io crate bollard 0.15.0
[INFO] finished tweaking crates.io crate bollard 0.15.0
[INFO] tweaked toml for crates.io crate bollard 0.15.0 written to /workspace/builds/worker-3-tc1/source/Cargo.toml
[INFO] crate crates.io crate bollard 0.15.0 already has a lockfile, it will not be regenerated
[INFO] running `Command { std: CARGO_HOME="/workspace/cargo-home" RUSTUP_HOME="/workspace/rustup-home" "/workspace/cargo-home/bin/cargo" "+1.75.0" "fetch" "--manifest-path" "Cargo.toml", kill_on_drop: false }`
[INFO] [stderr]     Updating crates.io index
[INFO] [stderr]     Blocking waiting for file lock on package cache
[INFO] [stderr]  Downloading crates ...
[INFO] [stderr]   Downloaded hyperlocal v0.8.0
[INFO] [stderr]   Downloaded prost v0.12.0
[INFO] [stderr]   Downloaded security-framework-sys v2.8.0
[INFO] [stderr]   Downloaded tokio-rustls v0.24.0
[INFO] [stderr]   Downloaded cxxbridge-macro v1.0.87
[INFO] [stderr]   Downloaded rustls-native-certs v0.6.2
[INFO] [stderr]   Downloaded unicode-bidi v0.3.9
[INFO] [stderr]   Downloaded tar v0.4.38
[INFO] [stderr]   Downloaded rustls v0.21.1
[INFO] [stderr]   Downloaded cxx v1.0.87
[INFO] [stderr]   Downloaded serde_with v3.0.0
[INFO] [stderr]   Downloaded anyhow v1.0.68
[INFO] [stderr]   Downloaded rustls-webpki v0.100.1
[INFO] [stderr]   Downloaded tonic v0.10.0
[INFO] [stderr]   Downloaded prost-types v0.12.0
[INFO] [stderr]   Downloaded bollard-buildkit-proto v0.2.0
[INFO] [stderr]   Downloaded bollard-stubs v1.43.0-rc.2
[INFO] [stderr]   Downloaded hyper-rustls v0.24.0
[INFO] [stderr]   Downloaded serde_repr v0.1.10
[INFO] [stderr]   Downloaded cxx-build v1.0.87
[INFO] [stderr]   Downloaded xattr v0.2.3
[INFO] [stderr]   Downloaded prost-derive v0.12.0
[INFO] [stderr]   Downloaded cxxbridge-flags v1.0.87
[INFO] [stderr]   Downloaded security-framework v2.8.0
[INFO] [stderr]   Downloaded yup-hyper-mock v6.0.0
[INFO] [stderr]   Downloaded ct-logs v0.9.0
[INFO] running `Command { std: "docker" "create" "-v" "/var/lib/crater-agent-workspace/builds/worker-3-tc1/target:/opt/rustwide/target:rw,Z" "-v" "/var/lib/crater-agent-workspace/builds/worker-3-tc1/source:/opt/rustwide/workdir:ro,Z" "-v" "/var/lib/crater-agent-workspace/cargo-home:/opt/rustwide/cargo-home:ro,Z" "-v" "/var/lib/crater-agent-workspace/rustup-home:/opt/rustwide/rustup-home:ro,Z" "-e" "SOURCE_DIR=/opt/rustwide/workdir" "-e" "CARGO_TARGET_DIR=/opt/rustwide/target" "-e" "CARGO_HOME=/opt/rustwide/cargo-home" "-e" "RUSTUP_HOME=/opt/rustwide/rustup-home" "-w" "/opt/rustwide/workdir" "-m" "1610612736" "--user" "0:0" "--network" "none" "ghcr.io/rust-lang/crates-build-env/linux@sha256:2788e3201cd34a07e3172128adcd8b3090168a8e3bcc40d7c032b9dda1df7d1c" "/opt/rustwide/cargo-home/bin/cargo" "+1.75.0" "metadata" "--no-deps" "--format-version=1", kill_on_drop: false }`
[INFO] [stdout] 9e2079cbe3c22d7d9eaa506f65dba6a2fd156fc63252c4aed637a4532d608c72
[INFO] running `Command { std: "docker" "start" "-a" "9e2079cbe3c22d7d9eaa506f65dba6a2fd156fc63252c4aed637a4532d608c72", kill_on_drop: false }`
[INFO] running `Command { std: "docker" "inspect" "9e2079cbe3c22d7d9eaa506f65dba6a2fd156fc63252c4aed637a4532d608c72", kill_on_drop: false }`
[INFO] running `Command { std: "docker" "rm" "-f" "9e2079cbe3c22d7d9eaa506f65dba6a2fd156fc63252c4aed637a4532d608c72", kill_on_drop: false }`
[INFO] [stdout] 9e2079cbe3c22d7d9eaa506f65dba6a2fd156fc63252c4aed637a4532d608c72
[INFO] running `Command { std: "docker" "create" "-v" "/var/lib/crater-agent-workspace/builds/worker-3-tc1/target:/opt/rustwide/target:rw,Z" "-v" "/var/lib/crater-agent-workspace/builds/worker-3-tc1/source:/opt/rustwide/workdir:ro,Z" "-v" "/var/lib/crater-agent-workspace/cargo-home:/opt/rustwide/cargo-home:ro,Z" "-v" "/var/lib/crater-agent-workspace/rustup-home:/opt/rustwide/rustup-home:ro,Z" "-e" "SOURCE_DIR=/opt/rustwide/workdir" "-e" "CARGO_TARGET_DIR=/opt/rustwide/target" "-e" "CARGO_INCREMENTAL=0" "-e" "RUST_BACKTRACE=full" "-e" "RUSTFLAGS=--cap-lints=warn" "-e" "RUSTDOCFLAGS=--cap-lints=warn" "-e" "CARGO_HOME=/opt/rustwide/cargo-home" "-e" "RUSTUP_HOME=/opt/rustwide/rustup-home" "-w" "/opt/rustwide/workdir" "-m" "1610612736" "--user" "0:0" "--network" "none" "ghcr.io/rust-lang/crates-build-env/linux@sha256:2788e3201cd34a07e3172128adcd8b3090168a8e3bcc40d7c032b9dda1df7d1c" "/opt/rustwide/cargo-home/bin/cargo" "+1.75.0" "build" "--frozen" "--message-format=json", kill_on_drop: false }`
[INFO] [stdout] 8efbc5d90cfc9c5d4829ccadf2bdf34d3a2af313fd4b2ab3d374ab07e4a03544
[INFO] running `Command { std: "docker" "start" "-a" "8efbc5d90cfc9c5d4829ccadf2bdf34d3a2af313fd4b2ab3d374ab07e4a03544", kill_on_drop: false }`
[INFO] [stderr]    Compiling proc-macro2 v1.0.67
[INFO] [stderr]    Compiling quote v1.0.28
[INFO] [stderr]    Compiling unicode-ident v1.0.6
[INFO] [stderr]    Compiling syn v1.0.107
[INFO] [stderr]    Compiling libc v0.2.139
[INFO] [stderr]    Compiling futures-core v0.3.25
[INFO] [stderr]    Compiling pin-project-lite v0.2.9
[INFO] [stderr]    Compiling bytes v1.3.0
[INFO] [stderr]    Compiling itoa v1.0.5
[INFO] [stderr]    Compiling futures-task v0.3.25
[INFO] [stderr]    Compiling serde v1.0.164
[INFO] [stderr]    Compiling once_cell v1.18.0
[INFO] [stderr]    Compiling memchr v2.6.3
[INFO] [stderr]    Compiling slab v0.4.7
[INFO] [stderr]    Compiling tokio v1.24.2
[INFO] [stderr]    Compiling indexmap v1.9.2
[INFO] [stderr]    Compiling futures-util v0.3.25
[INFO] [stderr]    Compiling fnv v1.0.7
[INFO] [stderr]    Compiling hashbrown v0.12.3
[INFO] [stderr]    Compiling futures-sink v0.3.25
[INFO] [stderr]    Compiling tracing-core v0.1.30
[INFO] [stderr]    Compiling httparse v1.8.0
[INFO] [stderr]    Compiling pin-utils v0.1.0
[INFO] [stderr]    Compiling futures-channel v0.3.25
[INFO] [stderr]    Compiling tinyvec_macros v0.1.0
[INFO] [stderr]    Compiling percent-encoding v2.2.0
[INFO] [stderr]    Compiling tinyvec v1.6.0
[INFO] [stderr]    Compiling try-lock v0.2.4
[INFO] [stderr]    Compiling tower-service v0.3.2
[INFO] [stderr]    Compiling want v0.3.0
[INFO] [stderr]    Compiling form_urlencoded v1.1.0
[INFO] [stderr]    Compiling httpdate v1.0.2
[INFO] [stderr]    Compiling ryu v1.0.12
[INFO] [stderr]    Compiling tracing v0.1.37
[INFO] [stderr]    Compiling http v0.2.9
[INFO] [stderr]    Compiling serde_json v1.0.91
[INFO] [stderr]    Compiling unicode-bidi v0.3.9
[INFO] [stderr]    Compiling thiserror v1.0.38
[INFO] [stderr]    Compiling hex v0.4.3
[INFO] [stderr]    Compiling base64 v0.21.0
[INFO] [stderr]    Compiling syn v2.0.33
[INFO] [stderr]    Compiling socket2 v0.4.7
[INFO] [stderr]    Compiling num_cpus v1.15.0
[INFO] [stderr]    Compiling mio v0.8.5
[INFO] [stderr]    Compiling unicode-normalization v0.1.22
[INFO] [stderr]    Compiling http-body v0.4.5
[INFO] [stderr]    Compiling idna v0.3.0
[INFO] [stderr]    Compiling url v2.3.1
[INFO] [stderr]    Compiling serde_derive v1.0.164
[INFO] [stderr]    Compiling futures-macro v0.3.25
[INFO] [stderr]    Compiling pin-project-internal v1.0.12
[INFO] [stderr]    Compiling serde_repr v0.1.10
[INFO] [stderr]    Compiling thiserror-impl v1.0.38
[INFO] [stderr]    Compiling tokio-util v0.7.4
[INFO] [stderr]    Compiling pin-project v1.0.12
[INFO] [stderr]    Compiling h2 v0.3.19
[INFO] [stderr]    Compiling serde_with v3.0.0
[INFO] [stderr]    Compiling serde_urlencoded v0.7.1
[INFO] [stderr]    Compiling hyper v0.14.26
[INFO] [stderr]    Compiling bollard-stubs v1.43.0-rc.2
[INFO] [stderr]    Compiling hyperlocal v0.8.0
[INFO] [stderr]    Compiling bollard v0.15.0 (/opt/rustwide/workdir)
[INFO] [stdout] warning: private item shadows public glob re-export
[INFO] [stdout]  --> src/secret.rs:8:13
[INFO] [stdout]   |
[INFO] [stdout] 8 | use hyper::{Body, Method};
[INFO] [stdout]   |             ^^^^
[INFO] [stdout]   |
[INFO] [stdout] note: the name `Body` in the type namespace is supposed to be publicly re-exported here
[INFO] [stdout]  --> src/secret.rs:3:9
[INFO] [stdout]   |
[INFO] [stdout] 3 | pub use crate::models::*;
[INFO] [stdout]   |         ^^^^^^^^^^^^^^^^
[INFO] [stdout] note: but the private item here shadows it
[INFO] [stdout]  --> src/secret.rs:8:13
[INFO] [stdout]   |
[INFO] [stdout] 8 | use hyper::{Body, Method};
[INFO] [stdout]   |             ^^^^
[INFO] [stdout]   = note: `#[warn(hidden_glob_reexports)]` on by default
[INFO] [stdout] 
[INFO] [stdout] 
[INFO] [stdout] warning: private item shadows public glob re-export
[INFO] [stdout]   --> src/service.rs:10:13
[INFO] [stdout]    |
[INFO] [stdout] 10 | use hyper::{Body, Method};
[INFO] [stdout]    |             ^^^^
[INFO] [stdout]    |
[INFO] [stdout] note: the name `Body` in the type namespace is supposed to be publicly re-exported here
[INFO] [stdout]   --> src/service.rs:3:9
[INFO] [stdout]    |
[INFO] [stdout] 3  | pub use crate::models::*;
[INFO] [stdout]    |         ^^^^^^^^^^^^^^^^
[INFO] [stdout] note: but the private item here shadows it
[INFO] [stdout]   --> src/service.rs:10:13
[INFO] [stdout]    |
[INFO] [stdout] 10 | use hyper::{Body, Method};
[INFO] [stdout]    |             ^^^^
[INFO] [stdout] 
[INFO] [stdout] 
[INFO] [stdout] warning: 2 warnings emitted
[INFO] [stdout] 
[INFO] [stdout] 
[INFO] [stderr]     Finished dev [unoptimized + debuginfo] target(s) in 20.10s
[INFO] running `Command { std: "docker" "inspect" "8efbc5d90cfc9c5d4829ccadf2bdf34d3a2af313fd4b2ab3d374ab07e4a03544", kill_on_drop: false }`
[INFO] running `Command { std: "docker" "rm" "-f" "8efbc5d90cfc9c5d4829ccadf2bdf34d3a2af313fd4b2ab3d374ab07e4a03544", kill_on_drop: false }`
[INFO] [stdout] 8efbc5d90cfc9c5d4829ccadf2bdf34d3a2af313fd4b2ab3d374ab07e4a03544
[INFO] running `Command { std: "docker" "create" "-v" "/var/lib/crater-agent-workspace/builds/worker-3-tc1/target:/opt/rustwide/target:rw,Z" "-v" "/var/lib/crater-agent-workspace/builds/worker-3-tc1/source:/opt/rustwide/workdir:ro,Z" "-v" "/var/lib/crater-agent-workspace/cargo-home:/opt/rustwide/cargo-home:ro,Z" "-v" "/var/lib/crater-agent-workspace/rustup-home:/opt/rustwide/rustup-home:ro,Z" "-e" "SOURCE_DIR=/opt/rustwide/workdir" "-e" "CARGO_TARGET_DIR=/opt/rustwide/target" "-e" "CARGO_INCREMENTAL=0" "-e" "RUST_BACKTRACE=full" "-e" "RUSTFLAGS=--cap-lints=warn" "-e" "RUSTDOCFLAGS=--cap-lints=warn" "-e" "CARGO_HOME=/opt/rustwide/cargo-home" "-e" "RUSTUP_HOME=/opt/rustwide/rustup-home" "-w" "/opt/rustwide/workdir" "-m" "1610612736" "--user" "0:0" "--network" "none" "ghcr.io/rust-lang/crates-build-env/linux@sha256:2788e3201cd34a07e3172128adcd8b3090168a8e3bcc40d7c032b9dda1df7d1c" "/opt/rustwide/cargo-home/bin/cargo" "+1.75.0" "test" "--frozen" "--no-run" "--message-format=json", kill_on_drop: false }`
[INFO] [stdout] a4bc9095614b0ac07ecf822f8cc63c8ce94e49c22662095867feddd118b25b5f
[INFO] running `Command { std: "docker" "start" "-a" "a4bc9095614b0ac07ecf822f8cc63c8ce94e49c22662095867feddd118b25b5f", kill_on_drop: false }`
[INFO] [stderr]    Compiling futures-channel v0.3.25
[INFO] [stderr]    Compiling futures-util v0.3.25
[INFO] [stderr]    Compiling tokio v1.24.2
[INFO] [stderr]    Compiling futures-io v0.3.25
[INFO] [stderr]    Compiling tokio-macros v1.8.2
[INFO] [stderr]    Compiling crc32fast v1.3.2
[INFO] [stderr]    Compiling xattr v0.2.3
[INFO] [stderr]    Compiling filetime v0.2.19
[INFO] [stderr]    Compiling miniz_oxide v0.6.2
[INFO] [stderr]    Compiling numtoa v0.1.0
[INFO] [stderr]    Compiling tar v0.4.38
[INFO] [stderr]    Compiling termion v2.0.1
[INFO] [stderr]    Compiling flate2 v1.0.25
[INFO] [stderr]    Compiling futures-executor v0.3.25
[INFO] [stderr]    Compiling futures v0.3.25
[INFO] [stderr]    Compiling tokio-util v0.7.4
[INFO] [stderr]    Compiling h2 v0.3.19
[INFO] [stderr]    Compiling hyper v0.14.26
[INFO] [stderr]    Compiling hyperlocal v0.8.0
[INFO] [stderr]    Compiling yup-hyper-mock v6.0.0
[INFO] [stderr]    Compiling bollard v0.15.0 (/opt/rustwide/workdir)
[INFO] [stdout] warning: private item shadows public glob re-export
[INFO] [stdout]  --> src/secret.rs:8:13
[INFO] [stdout]   |
[INFO] [stdout] 8 | use hyper::{Body, Method};
[INFO] [stdout]   |             ^^^^
[INFO] [stdout]   |
[INFO] [stdout] note: the name `Body` in the type namespace is supposed to be publicly re-exported here
[INFO] [stdout]  --> src/secret.rs:3:9
[INFO] [stdout]   |
[INFO] [stdout] 3 | pub use crate::models::*;
[INFO] [stdout]   |         ^^^^^^^^^^^^^^^^
[INFO] [stdout] note: but the private item here shadows it
[INFO] [stdout]  --> src/secret.rs:8:13
[INFO] [stdout]   |
[INFO] [stdout] 8 | use hyper::{Body, Method};
[INFO] [stdout]   |             ^^^^
[INFO] [stdout]   = note: `#[warn(hidden_glob_reexports)]` on by default
[INFO] [stdout] 
[INFO] [stdout] 
[INFO] [stdout] warning: private item shadows public glob re-export
[INFO] [stdout]   --> src/service.rs:10:13
[INFO] [stdout]    |
[INFO] [stdout] 10 | use hyper::{Body, Method};
[INFO] [stdout]    |             ^^^^
[INFO] [stdout]    |
[INFO] [stdout] note: the name `Body` in the type namespace is supposed to be publicly re-exported here
[INFO] [stdout]   --> src/service.rs:3:9
[INFO] [stdout]    |
[INFO] [stdout] 3  | pub use crate::models::*;
[INFO] [stdout]    |         ^^^^^^^^^^^^^^^^
[INFO] [stdout] note: but the private item here shadows it
[INFO] [stdout]   --> src/service.rs:10:13
[INFO] [stdout]    |
[INFO] [stdout] 10 | use hyper::{Body, Method};
[INFO] [stdout]    |             ^^^^
[INFO] [stdout] 
[INFO] [stdout] 
[INFO] [stdout] warning: private item shadows public glob re-export
[INFO] [stdout]  --> src/secret.rs:8:13
[INFO] [stdout]   |
[INFO] [stdout] 8 | use hyper::{Body, Method};
[INFO] [stdout]   |             ^^^^
[INFO] [stdout]   |
[INFO] [stdout] note: the name `Body` in the type namespace is supposed to be publicly re-exported here
[INFO] [stdout]  --> src/secret.rs:3:9
[INFO] [stdout]   |
[INFO] [stdout] 3 | pub use crate::models::*;
[INFO] [stdout]   |         ^^^^^^^^^^^^^^^^
[INFO] [stdout] note: but the private item here shadows it
[INFO] [stdout]  --> src/secret.rs:8:13
[INFO] [stdout]   |
[INFO] [stdout] 8 | use hyper::{Body, Method};
[INFO] [stdout]   |             ^^^^
[INFO] [stdout]   = note: `#[warn(hidden_glob_reexports)]` on by default
[INFO] [stdout] 
[INFO] [stdout] 
[INFO] [stdout] warning: private item shadows public glob re-export
[INFO] [stdout]   --> src/service.rs:10:13
[INFO] [stdout]    |
[INFO] [stdout] 10 | use hyper::{Body, Method};
[INFO] [stdout]    |             ^^^^
[INFO] [stdout]    |
[INFO] [stdout] note: the name `Body` in the type namespace is supposed to be publicly re-exported here
[INFO] [stdout]   --> src/service.rs:3:9
[INFO] [stdout]    |
[INFO] [stdout] 3  | pub use crate::models::*;
[INFO] [stdout]    |         ^^^^^^^^^^^^^^^^
[INFO] [stdout] note: but the private item here shadows it
[INFO] [stdout]   --> src/service.rs:10:13
[INFO] [stdout]    |
[INFO] [stdout] 10 | use hyper::{Body, Method};
[INFO] [stdout]    |             ^^^^
[INFO] [stdout] 
[INFO] [stdout] 
[INFO] [stdout] warning: 2 warnings emitted
[INFO] [stdout] 
[INFO] [stdout] 
[INFO] [stderr] error: could not compile `bollard` (lib test); 2 warnings emitted
[INFO] [stderr] 
[INFO] [stderr] Caused by:
[INFO] [stderr]   process didn't exit successfully: `/opt/rustwide/rustup-home/toolchains/1.75.0-x86_64-unknown-linux-gnu/bin/rustc --crate-name bollard --edition=2021 src/lib.rs --error-format=json --json=diagnostic-rendered-ansi,artifacts,future-incompat --emit=dep-info,link -C embed-bitcode=no -C debuginfo=2 --test -C metadata=1cd57cb668c2f6fd -C extra-filename=-1cd57cb668c2f6fd --out-dir /opt/rustwide/target/debug/deps -L dependency=/opt/rustwide/target/debug/deps --extern base64=/opt/rustwide/target/debug/deps/libbase64-01d5e7f2237ad80c.rlib --extern bollard_stubs=/opt/rustwide/target/debug/deps/libbollard_stubs-61e8092911c3a7d1.rlib --extern bytes=/opt/rustwide/target/debug/deps/libbytes-2f962337dbf30e11.rlib --extern flate2=/opt/rustwide/target/debug/deps/libflate2-13e2a107f9bc208d.rlib --extern futures_core=/opt/rustwide/target/debug/deps/libfutures_core-804d82575990b571.rlib --extern futures_util=/opt/rustwide/target/debug/deps/libfutures_util-547d37e87a2a6140.rlib --extern hex=/opt/rustwide/target/debug/deps/libhex-05644b5497b79c5b.rlib --extern http=/opt/rustwide/target/debug/deps/libhttp-2c52e37d8f88b054.rlib --extern hyper=/opt/rustwide/target/debug/deps/libhyper-a3b652d1583a64a2.rlib --extern hyperlocal=/opt/rustwide/target/debug/deps/libhyperlocal-947ff299910cf81b.rlib --extern log=/opt/rustwide/target/debug/deps/liblog-3ad322dff60a4fea.rlib --extern pin_project_lite=/opt/rustwide/target/debug/deps/libpin_project_lite-cead9f5d94689600.rlib --extern serde=/opt/rustwide/target/debug/deps/libserde-7174c15015c4d777.rlib --extern serde_derive=/opt/rustwide/target/debug/deps/libserde_derive-0ad64db59b1b3519.so --extern serde_json=/opt/rustwide/target/debug/deps/libserde_json-aed1a6336ad53ba1.rlib --extern serde_repr=/opt/rustwide/target/debug/deps/libserde_repr-16ede2293a9b88c6.so --extern serde_urlencoded=/opt/rustwide/target/debug/deps/libserde_urlencoded-f02000826dabe1d1.rlib --extern tar=/opt/rustwide/target/debug/deps/libtar-87687625f324fbdf.rlib --extern termion=/opt/rustwide/target/debug/deps/libtermion-858e33f4c80027a1.rlib --extern thiserror=/opt/rustwide/target/debug/deps/libthiserror-a40788441e6aa94e.rlib --extern tokio=/opt/rustwide/target/debug/deps/libtokio-dbd0f541b215b59c.rlib --extern tokio_util=/opt/rustwide/target/debug/deps/libtokio_util-1389664d476943e4.rlib --extern url=/opt/rustwide/target/debug/deps/liburl-824e37eab15400db.rlib --extern yup_hyper_mock=/opt/rustwide/target/debug/deps/libyup_hyper_mock-2087fa8c39369d0d.rlib --cap-lints=warn` (signal: 9, SIGKILL: kill)
[INFO] [stderr] warning: build failed, waiting for other jobs to finish...
[INFO] [stderr] error: could not compile `bollard` (test "system_test")
[INFO] [stderr] 
[INFO] [stderr] Caused by:
[INFO] [stderr]   process didn't exit successfully: `/opt/rustwide/rustup-home/toolchains/1.75.0-x86_64-unknown-linux-gnu/bin/rustc --crate-name system_test --edition=2021 tests/system_test.rs --error-format=json --json=diagnostic-rendered-ansi,artifacts,future-incompat --emit=dep-info,link -C embed-bitcode=no -C debuginfo=2 --test -C metadata=4f473e9a9f0bc64c -C extra-filename=-4f473e9a9f0bc64c --out-dir /opt/rustwide/target/debug/deps -L dependency=/opt/rustwide/target/debug/deps --extern base64=/opt/rustwide/target/debug/deps/libbase64-01d5e7f2237ad80c.rlib --extern bollard=/opt/rustwide/target/debug/deps/libbollard-986dbcbdd134b2bb.rlib --extern bollard_stubs=/opt/rustwide/target/debug/deps/libbollard_stubs-61e8092911c3a7d1.rlib --extern bytes=/opt/rustwide/target/debug/deps/libbytes-2f962337dbf30e11.rlib --extern flate2=/opt/rustwide/target/debug/deps/libflate2-13e2a107f9bc208d.rlib --extern futures_core=/opt/rustwide/target/debug/deps/libfutures_core-804d82575990b571.rlib --extern futures_util=/opt/rustwide/target/debug/deps/libfutures_util-547d37e87a2a6140.rlib --extern hex=/opt/rustwide/target/debug/deps/libhex-05644b5497b79c5b.rlib --extern http=/opt/rustwide/target/debug/deps/libhttp-2c52e37d8f88b054.rlib --extern hyper=/opt/rustwide/target/debug/deps/libhyper-a3b652d1583a64a2.rlib --extern hyperlocal=/opt/rustwide/target/debug/deps/libhyperlocal-947ff299910cf81b.rlib --extern log=/opt/rustwide/target/debug/deps/liblog-3ad322dff60a4fea.rlib --extern pin_project_lite=/opt/rustwide/target/debug/deps/libpin_project_lite-cead9f5d94689600.rlib --extern serde=/opt/rustwide/target/debug/deps/libserde-7174c15015c4d777.rlib --extern serde_derive=/opt/rustwide/target/debug/deps/libserde_derive-0ad64db59b1b3519.so --extern serde_json=/opt/rustwide/target/debug/deps/libserde_json-aed1a6336ad53ba1.rlib --extern serde_repr=/opt/rustwide/target/debug/deps/libserde_repr-16ede2293a9b88c6.so --extern serde_urlencoded=/opt/rustwide/target/debug/deps/libserde_urlencoded-f02000826dabe1d1.rlib --extern tar=/opt/rustwide/target/debug/deps/libtar-87687625f324fbdf.rlib --extern termion=/opt/rustwide/target/debug/deps/libtermion-858e33f4c80027a1.rlib --extern thiserror=/opt/rustwide/target/debug/deps/libthiserror-a40788441e6aa94e.rlib --extern tokio=/opt/rustwide/target/debug/deps/libtokio-dbd0f541b215b59c.rlib --extern tokio_util=/opt/rustwide/target/debug/deps/libtokio_util-1389664d476943e4.rlib --extern url=/opt/rustwide/target/debug/deps/liburl-824e37eab15400db.rlib --extern yup_hyper_mock=/opt/rustwide/target/debug/deps/libyup_hyper_mock-2087fa8c39369d0d.rlib --cap-lints=warn` (signal: 9, SIGKILL: kill)
[INFO] [stderr] error: could not compile `bollard` (test "container_test")
[INFO] [stderr] 
[INFO] [stderr] Caused by:
[INFO] [stderr]   process didn't exit successfully: `/opt/rustwide/rustup-home/toolchains/1.75.0-x86_64-unknown-linux-gnu/bin/rustc --crate-name container_test --edition=2021 tests/container_test.rs --error-format=json --json=diagnostic-rendered-ansi,artifacts,future-incompat --emit=dep-info,link -C embed-bitcode=no -C debuginfo=2 --test -C metadata=f78ed0d02079a500 -C extra-filename=-f78ed0d02079a500 --out-dir /opt/rustwide/target/debug/deps -L dependency=/opt/rustwide/target/debug/deps --extern base64=/opt/rustwide/target/debug/deps/libbase64-01d5e7f2237ad80c.rlib --extern bollard=/opt/rustwide/target/debug/deps/libbollard-986dbcbdd134b2bb.rlib --extern bollard_stubs=/opt/rustwide/target/debug/deps/libbollard_stubs-61e8092911c3a7d1.rlib --extern bytes=/opt/rustwide/target/debug/deps/libbytes-2f962337dbf30e11.rlib --extern flate2=/opt/rustwide/target/debug/deps/libflate2-13e2a107f9bc208d.rlib --extern futures_core=/opt/rustwide/target/debug/deps/libfutures_core-804d82575990b571.rlib --extern futures_util=/opt/rustwide/target/debug/deps/libfutures_util-547d37e87a2a6140.rlib --extern hex=/opt/rustwide/target/debug/deps/libhex-05644b5497b79c5b.rlib --extern http=/opt/rustwide/target/debug/deps/libhttp-2c52e37d8f88b054.rlib --extern hyper=/opt/rustwide/target/debug/deps/libhyper-a3b652d1583a64a2.rlib --extern hyperlocal=/opt/rustwide/target/debug/deps/libhyperlocal-947ff299910cf81b.rlib --extern log=/opt/rustwide/target/debug/deps/liblog-3ad322dff60a4fea.rlib --extern pin_project_lite=/opt/rustwide/target/debug/deps/libpin_project_lite-cead9f5d94689600.rlib --extern serde=/opt/rustwide/target/debug/deps/libserde-7174c15015c4d777.rlib --extern serde_derive=/opt/rustwide/target/debug/deps/libserde_derive-0ad64db59b1b3519.so --extern serde_json=/opt/rustwide/target/debug/deps/libserde_json-aed1a6336ad53ba1.rlib --extern serde_repr=/opt/rustwide/target/debug/deps/libserde_repr-16ede2293a9b88c6.so --extern serde_urlencoded=/opt/rustwide/target/debug/deps/libserde_urlencoded-f02000826dabe1d1.rlib --extern tar=/opt/rustwide/target/debug/deps/libtar-87687625f324fbdf.rlib --extern termion=/opt/rustwide/target/debug/deps/libtermion-858e33f4c80027a1.rlib --extern thiserror=/opt/rustwide/target/debug/deps/libthiserror-a40788441e6aa94e.rlib --extern tokio=/opt/rustwide/target/debug/deps/libtokio-dbd0f541b215b59c.rlib --extern tokio_util=/opt/rustwide/target/debug/deps/libtokio_util-1389664d476943e4.rlib --extern url=/opt/rustwide/target/debug/deps/liburl-824e37eab15400db.rlib --extern yup_hyper_mock=/opt/rustwide/target/debug/deps/libyup_hyper_mock-2087fa8c39369d0d.rlib --cap-lints=warn` (signal: 9, SIGKILL: kill)
[INFO] [stderr] error: could not compile `bollard` (test "image_test")
[INFO] [stderr] 
[INFO] [stderr] Caused by:
[INFO] [stderr]   process didn't exit successfully: `/opt/rustwide/rustup-home/toolchains/1.75.0-x86_64-unknown-linux-gnu/bin/rustc --crate-name image_test --edition=2021 tests/image_test.rs --error-format=json --json=diagnostic-rendered-ansi,artifacts,future-incompat --emit=dep-info,link -C embed-bitcode=no -C debuginfo=2 --test -C metadata=05c3cf267f03e649 -C extra-filename=-05c3cf267f03e649 --out-dir /opt/rustwide/target/debug/deps -L dependency=/opt/rustwide/target/debug/deps --extern base64=/opt/rustwide/target/debug/deps/libbase64-01d5e7f2237ad80c.rlib --extern bollard=/opt/rustwide/target/debug/deps/libbollard-986dbcbdd134b2bb.rlib --extern bollard_stubs=/opt/rustwide/target/debug/deps/libbollard_stubs-61e8092911c3a7d1.rlib --extern bytes=/opt/rustwide/target/debug/deps/libbytes-2f962337dbf30e11.rlib --extern flate2=/opt/rustwide/target/debug/deps/libflate2-13e2a107f9bc208d.rlib --extern futures_core=/opt/rustwide/target/debug/deps/libfutures_core-804d82575990b571.rlib --extern futures_util=/opt/rustwide/target/debug/deps/libfutures_util-547d37e87a2a6140.rlib --extern hex=/opt/rustwide/target/debug/deps/libhex-05644b5497b79c5b.rlib --extern http=/opt/rustwide/target/debug/deps/libhttp-2c52e37d8f88b054.rlib --extern hyper=/opt/rustwide/target/debug/deps/libhyper-a3b652d1583a64a2.rlib --extern hyperlocal=/opt/rustwide/target/debug/deps/libhyperlocal-947ff299910cf81b.rlib --extern log=/opt/rustwide/target/debug/deps/liblog-3ad322dff60a4fea.rlib --extern pin_project_lite=/opt/rustwide/target/debug/deps/libpin_project_lite-cead9f5d94689600.rlib --extern serde=/opt/rustwide/target/debug/deps/libserde-7174c15015c4d777.rlib --extern serde_derive=/opt/rustwide/target/debug/deps/libserde_derive-0ad64db59b1b3519.so --extern serde_json=/opt/rustwide/target/debug/deps/libserde_json-aed1a6336ad53ba1.rlib --extern serde_repr=/opt/rustwide/target/debug/deps/libserde_repr-16ede2293a9b88c6.so --extern serde_urlencoded=/opt/rustwide/target/debug/deps/libserde_urlencoded-f02000826dabe1d1.rlib --extern tar=/opt/rustwide/target/debug/deps/libtar-87687625f324fbdf.rlib --extern termion=/opt/rustwide/target/debug/deps/libtermion-858e33f4c80027a1.rlib --extern thiserror=/opt/rustwide/target/debug/deps/libthiserror-a40788441e6aa94e.rlib --extern tokio=/opt/rustwide/target/debug/deps/libtokio-dbd0f541b215b59c.rlib --extern tokio_util=/opt/rustwide/target/debug/deps/libtokio_util-1389664d476943e4.rlib --extern url=/opt/rustwide/target/debug/deps/liburl-824e37eab15400db.rlib --extern yup_hyper_mock=/opt/rustwide/target/debug/deps/libyup_hyper_mock-2087fa8c39369d0d.rlib --cap-lints=warn` (signal: 9, SIGKILL: kill)
[INFO] [stdout] error: linking with `cc` failed: exit status: 1
[INFO] [stdout]   |
[INFO] [stdout]   = note: LC_ALL="C" PATH="/opt/rustwide/rustup-home/toolchains/1.75.0-x86_64-unknown-linux-gnu/lib/rustlib/x86_64-unknown-linux-gnu/bin:/opt/rustwide/cargo-home/bin:/usr/local/sbin:/usr/local/bin:/usr/sbin:/usr/bin:/sbin:/bin" VSLANG="1033" "cc" "-m64" "/tmp/rustccND8LC/symbols.o" "/opt/rustwide/target/debug/examples/post_dockerfile-c449815e2508203e.post_dockerfile.fff6c8d83a38fa3-cgu.0.rcgu.o" "/opt/rustwide/target/debug/examples/post_dockerfile-c449815e2508203e.post_dockerfile.fff6c8d83a38fa3-cgu.1.rcgu.o" "/opt/rustwide/target/debug/examples/post_dockerfile-c449815e2508203e.post_dockerfile.fff6c8d83a38fa3-cgu.2.rcgu.o" "/opt/rustwide/target/debug/examples/post_dockerfile-c449815e2508203e.post_dockerfile.fff6c8d83a38fa3-cgu.3.rcgu.o" "/opt/rustwide/target/debug/examples/post_dockerfile-c449815e2508203e.41frbkeq0wmz1cy8.rcgu.o" "-Wl,--as-needed" "-L" "/opt/rustwide/target/debug/deps" "-L" "/opt/rustwide/rustup-home/toolchains/1.75.0-x86_64-unknown-linux-gnu/lib/rustlib/x86_64-unknown-linux-gnu/lib" "-Wl,-Bstatic" "/opt/rustwide/target/debug/deps/libbollard-986dbcbdd134b2bb.rlib" "/opt/rustwide/target/debug/deps/libserde_urlencoded-f02000826dabe1d1.rlib" "/opt/rustwide/target/debug/deps/libthiserror-a40788441e6aa94e.rlib" "/opt/rustwide/target/debug/deps/libbollard_stubs-61e8092911c3a7d1.rlib" "/opt/rustwide/target/debug/deps/libserde_with-5f261643704c9723.rlib" "/opt/rustwide/target/debug/deps/liburl-824e37eab15400db.rlib" "/opt/rustwide/target/debug/deps/libidna-a6b1ffbe0a751888.rlib" "/opt/rustwide/target/debug/deps/libunicode_normalization-9a523c060fbda597.rlib" "/opt/rustwide/target/debug/deps/libtinyvec-e78be141da4aa4a4.rlib" "/opt/rustwide/target/debug/deps/libtinyvec_macros-bfeb7a087f0273ce.rlib" "/opt/rustwide/target/debug/deps/libunicode_bidi-bc11c483211ae6ce.rlib" "/opt/rustwide/target/debug/deps/libform_urlencoded-e8c43e838ad28fa4.rlib" "/opt/rustwide/target/debug/deps/libpercent_encoding-c39f6500503dd269.rlib" "/opt/rustwide/target/debug/deps/libserde_json-aed1a6336ad53ba1.rlib" "/opt/rustwide/target/debug/deps/libryu-c770e4eb8410b4e4.rlib" "/opt/rustwide/target/debug/deps/libhyperlocal-947ff299910cf81b.rlib" "/opt/rustwide/target/debug/deps/libpin_project-9dd1b2f681c80494.rlib" "/opt/rustwide/target/debug/deps/libhex-05644b5497b79c5b.rlib" "/opt/rustwide/target/debug/deps/libserde-7174c15015c4d777.rlib" "/opt/rustwide/target/debug/deps/libhyper-a3b652d1583a64a2.rlib" "/opt/rustwide/target/debug/deps/libwant-29a2634b7bb60b0f.rlib" "/opt/rustwide/target/debug/deps/libtry_lock-51271589248cd7d9.rlib" "/opt/rustwide/target/debug/deps/libhttparse-64f1ffbeda450424.rlib" "/opt/rustwide/target/debug/deps/libh2-e40a8eb9c8a65899.rlib" "/opt/rustwide/target/debug/deps/libindexmap-6a53f35a9491509c.rlib" "/opt/rustwide/target/debug/deps/libhashbrown-567986452cb9bc94.rlib" "/opt/rustwide/target/debug/deps/libtokio_util-1389664d476943e4.rlib" "/opt/rustwide/target/debug/deps/libtower_service-104d6e83d5ce383d.rlib" "/opt/rustwide/target/debug/deps/libtracing-d4129ed7cccd93ac.rlib" "/opt/rustwide/target/debug/deps/libtracing_core-9840276aadf823a4.rlib" "/opt/rustwide/target/debug/deps/libonce_cell-865e1c5018a0303a.rlib" "/opt/rustwide/target/debug/deps/libhttp_body-e3928ebb394e33e4.rlib" "/opt/rustwide/target/debug/deps/libtokio-dbd0f541b215b59c.rlib" "/opt/rustwide/target/debug/deps/libnum_cpus-27e0ef034e40cec4.rlib" "/opt/rustwide/target/debug/deps/libsocket2-94cd4cb9801767fa.rlib" "/opt/rustwide/target/debug/deps/libmio-a372f5ccad722191.rlib" "/opt/rustwide/target/debug/deps/liblibc-9c2267a594730902.rlib" "/opt/rustwide/target/debug/deps/libhttpdate-07ccb2bff48c32b9.rlib" "/opt/rustwide/target/debug/deps/libhttp-2c52e37d8f88b054.rlib" "/opt/rustwide/target/debug/deps/libitoa-a6ef745b0a0d98d5.rlib" "/opt/rustwide/target/debug/deps/libbytes-2f962337dbf30e11.rlib" "/opt/rustwide/target/debug/deps/libfnv-18bf5144d055e772.rlib" "/opt/rustwide/target/debug/deps/libfutures_util-547d37e87a2a6140.rlib" "/opt/rustwide/target/debug/deps/libmemchr-a76ee3fe84a5d757.rlib" "/opt/rustwide/target/debug/deps/libfutures_io-5062be024aa4c585.rlib" "/opt/rustwide/target/debug/deps/libslab-29fe6a49d400343d.rlib" "/opt/rustwide/target/debug/deps/libfutures_channel-dd13644f20ccc956.rlib" "/opt/rustwide/target/debug/deps/libpin_project_lite-cead9f5d94689600.rlib" "/opt/rustwide/target/debug/deps/libfutures_sink-8ece13312afb8528.rlib" "/opt/rustwide/target/debug/deps/libfutures_task-8ee454208e29f22c.rlib" "/opt/rustwide/target/debug/deps/libpin_utils-741f7d9d160e4a16.rlib" "/opt/rustwide/target/debug/deps/libfutures_core-804d82575990b571.rlib" "/opt/rustwide/target/debug/deps/libbase64-01d5e7f2237ad80c.rlib" "/opt/rustwide/target/debug/deps/liblog-3ad322dff60a4fea.rlib" "/opt/rustwide/target/debug/deps/libcfg_if-61dc7a6799e72b18.rlib" "/opt/rustwide/rustup-home/toolchains/1.75.0-x86_64-unknown-linux-gnu/lib/rustlib/x86_64-unknown-linux-gnu/lib/libstd-90f6ddbf82de36ec.rlib" "/opt/rustwide/rustup-home/toolchains/1.75.0-x86_64-unknown-linux-gnu/lib/rustlib/x86_64-unknown-linux-gnu/lib/libpanic_unwind-480c41e9d4e1f677.rlib" "/opt/rustwide/rustup-home/toolchains/1.75.0-x86_64-unknown-linux-gnu/lib/rustlib/x86_64-unknown-linux-gnu/lib/libobject-db744c0ca03eed1d.rlib" "/opt/rustwide/rustup-home/toolchains/1.75.0-x86_64-unknown-linux-gnu/lib/rustlib/x86_64-unknown-linux-gnu/lib/libmemchr-8ba652dc7d4b285a.rlib" "/opt/rustwide/rustup-home/toolchains/1.75.0-x86_64-unknown-linux-gnu/lib/rustlib/x86_64-unknown-linux-gnu/lib/libaddr2line-d5f4520a9ebc0d58.rlib" "/opt/rustwide/rustup-home/toolchains/1.75.0-x86_64-unknown-linux-gnu/lib/rustlib/x86_64-unknown-linux-gnu/lib/libgimli-4ad84de58f0cb463.rlib" "/opt/rustwide/rustup-home/toolchains/1.75.0-x86_64-unknown-linux-gnu/lib/rustlib/x86_64-unknown-linux-gnu/lib/librustc_demangle-0d10aae2e0f38735.rlib" "/opt/rustwide/rustup-home/toolchains/1.75.0-x86_64-unknown-linux-gnu/lib/rustlib/x86_64-unknown-linux-gnu/lib/libstd_detect-0c17cff739e6745b.rlib" "/opt/rustwide/rustup-home/toolchains/1.75.0-x86_64-unknown-linux-gnu/lib/rustlib/x86_64-unknown-linux-gnu/lib/libhashbrown-b29e17139dde1aa8.rlib" "/opt/rustwide/rustup-home/toolchains/1.75.0-x86_64-unknown-linux-gnu/lib/rustlib/x86_64-unknown-linux-gnu/lib/librustc_std_workspace_alloc-1f975299829cc7bd.rlib" "/opt/rustwide/rustup-home/toolchains/1.75.0-x86_64-unknown-linux-gnu/lib/rustlib/x86_64-unknown-linux-gnu/lib/libminiz_oxide-86bae3bc3079f89b.rlib" "/opt/rustwide/rustup-home/toolchains/1.75.0-x86_64-unknown-linux-gnu/lib/rustlib/x86_64-unknown-linux-gnu/lib/libadler-321b82c30dffdf5f.rlib" "/opt/rustwide/rustup-home/toolchains/1.75.0-x86_64-unknown-linux-gnu/lib/rustlib/x86_64-unknown-linux-gnu/lib/libunwind-3dd8a6810a0bdfef.rlib" "/opt/rustwide/rustup-home/toolchains/1.75.0-x86_64-unknown-linux-gnu/lib/rustlib/x86_64-unknown-linux-gnu/lib/libcfg_if-eb39a61c0c879984.rlib" "/opt/rustwide/rustup-home/toolchains/1.75.0-x86_64-unknown-linux-gnu/lib/rustlib/x86_64-unknown-linux-gnu/lib/liblibc-aa769569f91c3548.rlib" "/opt/rustwide/rustup-home/toolchains/1.75.0-x86_64-unknown-linux-gnu/lib/rustlib/x86_64-unknown-linux-gnu/lib/liballoc-510a192a50a983ed.rlib" "/opt/rustwide/rustup-home/toolchains/1.75.0-x86_64-unknown-linux-gnu/lib/rustlib/x86_64-unknown-linux-gnu/lib/librustc_std_workspace_core-0577018320f99037.rlib" "/opt/rustwide/rustup-home/toolchains/1.75.0-x86_64-unknown-linux-gnu/lib/rustlib/x86_64-unknown-linux-gnu/lib/libcore-193cf992125ccd4c.rlib" "/opt/rustwide/rustup-home/toolchains/1.75.0-x86_64-unknown-linux-gnu/lib/rustlib/x86_64-unknown-linux-gnu/lib/libcompiler_builtins-8e138eaf26ebb4a8.rlib" "-Wl,-Bdynamic" "-lgcc_s" "-lutil" "-lrt" "-lpthread" "-lm" "-ldl" "-lc" "-Wl,--eh-frame-hdr" "-Wl,-z,noexecstack" "-L" "/opt/rustwide/rustup-home/toolchains/1.75.0-x86_64-unknown-linux-gnu/lib/rustlib/x86_64-unknown-linux-gnu/lib" "-o" "/opt/rustwide/target/debug/examples/post_dockerfile-c449815e2508203e" "-Wl,--gc-sections" "-pie" "-Wl,-z,relro,-z,now" "-nodefaultlibs"
[INFO] [stdout]   = note: collect2: fatal error: ld terminated with signal 9 [Killed]
[INFO] [stdout]           compilation terminated.
[INFO] [stdout]           
[INFO] [stdout] 
[INFO] [stdout] 
[INFO] [stdout] error: aborting due to previous error
[INFO] [stdout] 
[INFO] [stdout] 
[INFO] [stderr] error: could not compile `bollard` (example "post_dockerfile") due to 2 previous errors
[INFO] [stdout] error: linking with `cc` failed: exit status: 1
[INFO] [stdout]   |
[INFO] [stdout]   = note: LC_ALL="C" PATH="/opt/rustwide/rustup-home/toolchains/1.75.0-x86_64-unknown-linux-gnu/lib/rustlib/x86_64-unknown-linux-gnu/bin:/opt/rustwide/cargo-home/bin:/usr/local/sbin:/usr/local/bin:/usr/sbin:/usr/bin:/sbin:/bin" VSLANG="1033" "cc" "-m64" "/tmp/rustcDX6OWl/symbols.o" "/opt/rustwide/target/debug/examples/error-4d3ba79e3de3f19d.error.6ebb5864f22eade3-cgu.0.rcgu.o" "/opt/rustwide/target/debug/examples/error-4d3ba79e3de3f19d.4lhfnsjmh9xnmylz.rcgu.o" "-Wl,--as-needed" "-L" "/opt/rustwide/target/debug/deps" "-L" "/opt/rustwide/rustup-home/toolchains/1.75.0-x86_64-unknown-linux-gnu/lib/rustlib/x86_64-unknown-linux-gnu/lib" "-Wl,-Bstatic" "/opt/rustwide/target/debug/deps/libbollard-986dbcbdd134b2bb.rlib" "/opt/rustwide/target/debug/deps/libserde_urlencoded-f02000826dabe1d1.rlib" "/opt/rustwide/target/debug/deps/libthiserror-a40788441e6aa94e.rlib" "/opt/rustwide/target/debug/deps/libbollard_stubs-61e8092911c3a7d1.rlib" "/opt/rustwide/target/debug/deps/libserde_with-5f261643704c9723.rlib" "/opt/rustwide/target/debug/deps/liburl-824e37eab15400db.rlib" "/opt/rustwide/target/debug/deps/libidna-a6b1ffbe0a751888.rlib" "/opt/rustwide/target/debug/deps/libunicode_normalization-9a523c060fbda597.rlib" "/opt/rustwide/target/debug/deps/libtinyvec-e78be141da4aa4a4.rlib" "/opt/rustwide/target/debug/deps/libtinyvec_macros-bfeb7a087f0273ce.rlib" "/opt/rustwide/target/debug/deps/libunicode_bidi-bc11c483211ae6ce.rlib" "/opt/rustwide/target/debug/deps/libform_urlencoded-e8c43e838ad28fa4.rlib" "/opt/rustwide/target/debug/deps/libpercent_encoding-c39f6500503dd269.rlib" "/opt/rustwide/target/debug/deps/libserde_json-aed1a6336ad53ba1.rlib" "/opt/rustwide/target/debug/deps/libryu-c770e4eb8410b4e4.rlib" "/opt/rustwide/target/debug/deps/libhyperlocal-947ff299910cf81b.rlib" "/opt/rustwide/target/debug/deps/libpin_project-9dd1b2f681c80494.rlib" "/opt/rustwide/target/debug/deps/libhex-05644b5497b79c5b.rlib" "/opt/rustwide/target/debug/deps/libserde-7174c15015c4d777.rlib" "/opt/rustwide/target/debug/deps/libhyper-a3b652d1583a64a2.rlib" "/opt/rustwide/target/debug/deps/libwant-29a2634b7bb60b0f.rlib" "/opt/rustwide/target/debug/deps/libtry_lock-51271589248cd7d9.rlib" "/opt/rustwide/target/debug/deps/libhttparse-64f1ffbeda450424.rlib" "/opt/rustwide/target/debug/deps/libh2-e40a8eb9c8a65899.rlib" "/opt/rustwide/target/debug/deps/libindexmap-6a53f35a9491509c.rlib" "/opt/rustwide/target/debug/deps/libhashbrown-567986452cb9bc94.rlib" "/opt/rustwide/target/debug/deps/libtokio_util-1389664d476943e4.rlib" "/opt/rustwide/target/debug/deps/libtower_service-104d6e83d5ce383d.rlib" "/opt/rustwide/target/debug/deps/libtracing-d4129ed7cccd93ac.rlib" "/opt/rustwide/target/debug/deps/libtracing_core-9840276aadf823a4.rlib" "/opt/rustwide/target/debug/deps/libonce_cell-865e1c5018a0303a.rlib" "/opt/rustwide/target/debug/deps/libhttp_body-e3928ebb394e33e4.rlib" "/opt/rustwide/target/debug/deps/libtokio-dbd0f541b215b59c.rlib" "/opt/rustwide/target/debug/deps/libnum_cpus-27e0ef034e40cec4.rlib" "/opt/rustwide/target/debug/deps/libsocket2-94cd4cb9801767fa.rlib" "/opt/rustwide/target/debug/deps/libmio-a372f5ccad722191.rlib" "/opt/rustwide/target/debug/deps/liblibc-9c2267a594730902.rlib" "/opt/rustwide/target/debug/deps/libhttpdate-07ccb2bff48c32b9.rlib" "/opt/rustwide/target/debug/deps/libhttp-2c52e37d8f88b054.rlib" "/opt/rustwide/target/debug/deps/libitoa-a6ef745b0a0d98d5.rlib" "/opt/rustwide/target/debug/deps/libbytes-2f962337dbf30e11.rlib" "/opt/rustwide/target/debug/deps/libfnv-18bf5144d055e772.rlib" "/opt/rustwide/target/debug/deps/libfutures_util-547d37e87a2a6140.rlib" "/opt/rustwide/target/debug/deps/libmemchr-a76ee3fe84a5d757.rlib" "/opt/rustwide/target/debug/deps/libfutures_io-5062be024aa4c585.rlib" "/opt/rustwide/target/debug/deps/libslab-29fe6a49d400343d.rlib" "/opt/rustwide/target/debug/deps/libfutures_channel-dd13644f20ccc956.rlib" "/opt/rustwide/target/debug/deps/libpin_project_lite-cead9f5d94689600.rlib" "/opt/rustwide/target/debug/deps/libfutures_sink-8ece13312afb8528.rlib" "/opt/rustwide/target/debug/deps/libfutures_task-8ee454208e29f22c.rlib" "/opt/rustwide/target/debug/deps/libpin_utils-741f7d9d160e4a16.rlib" "/opt/rustwide/target/debug/deps/libfutures_core-804d82575990b571.rlib" "/opt/rustwide/target/debug/deps/libbase64-01d5e7f2237ad80c.rlib" "/opt/rustwide/target/debug/deps/liblog-3ad322dff60a4fea.rlib" "/opt/rustwide/target/debug/deps/libcfg_if-61dc7a6799e72b18.rlib" "/opt/rustwide/rustup-home/toolchains/1.75.0-x86_64-unknown-linux-gnu/lib/rustlib/x86_64-unknown-linux-gnu/lib/libstd-90f6ddbf82de36ec.rlib" "/opt/rustwide/rustup-home/toolchains/1.75.0-x86_64-unknown-linux-gnu/lib/rustlib/x86_64-unknown-linux-gnu/lib/libpanic_unwind-480c41e9d4e1f677.rlib" "/opt/rustwide/rustup-home/toolchains/1.75.0-x86_64-unknown-linux-gnu/lib/rustlib/x86_64-unknown-linux-gnu/lib/libobject-db744c0ca03eed1d.rlib" "/opt/rustwide/rustup-home/toolchains/1.75.0-x86_64-unknown-linux-gnu/lib/rustlib/x86_64-unknown-linux-gnu/lib/libmemchr-8ba652dc7d4b285a.rlib" "/opt/rustwide/rustup-home/toolchains/1.75.0-x86_64-unknown-linux-gnu/lib/rustlib/x86_64-unknown-linux-gnu/lib/libaddr2line-d5f4520a9ebc0d58.rlib" "/opt/rustwide/rustup-home/toolchains/1.75.0-x86_64-unknown-linux-gnu/lib/rustlib/x86_64-unknown-linux-gnu/lib/libgimli-4ad84de58f0cb463.rlib" "/opt/rustwide/rustup-home/toolchains/1.75.0-x86_64-unknown-linux-gnu/lib/rustlib/x86_64-unknown-linux-gnu/lib/librustc_demangle-0d10aae2e0f38735.rlib" "/opt/rustwide/rustup-home/toolchains/1.75.0-x86_64-unknown-linux-gnu/lib/rustlib/x86_64-unknown-linux-gnu/lib/libstd_detect-0c17cff739e6745b.rlib" "/opt/rustwide/rustup-home/toolchains/1.75.0-x86_64-unknown-linux-gnu/lib/rustlib/x86_64-unknown-linux-gnu/lib/libhashbrown-b29e17139dde1aa8.rlib" "/opt/rustwide/rustup-home/toolchains/1.75.0-x86_64-unknown-linux-gnu/lib/rustlib/x86_64-unknown-linux-gnu/lib/librustc_std_workspace_alloc-1f975299829cc7bd.rlib" "/opt/rustwide/rustup-home/toolchains/1.75.0-x86_64-unknown-linux-gnu/lib/rustlib/x86_64-unknown-linux-gnu/lib/libminiz_oxide-86bae3bc3079f89b.rlib" "/opt/rustwide/rustup-home/toolchains/1.75.0-x86_64-unknown-linux-gnu/lib/rustlib/x86_64-unknown-linux-gnu/lib/libadler-321b82c30dffdf5f.rlib" "/opt/rustwide/rustup-home/toolchains/1.75.0-x86_64-unknown-linux-gnu/lib/rustlib/x86_64-unknown-linux-gnu/lib/libunwind-3dd8a6810a0bdfef.rlib" "/opt/rustwide/rustup-home/toolchains/1.75.0-x86_64-unknown-linux-gnu/lib/rustlib/x86_64-unknown-linux-gnu/lib/libcfg_if-eb39a61c0c879984.rlib" "/opt/rustwide/rustup-home/toolchains/1.75.0-x86_64-unknown-linux-gnu/lib/rustlib/x86_64-unknown-linux-gnu/lib/liblibc-aa769569f91c3548.rlib" "/opt/rustwide/rustup-home/toolchains/1.75.0-x86_64-unknown-linux-gnu/lib/rustlib/x86_64-unknown-linux-gnu/lib/liballoc-510a192a50a983ed.rlib" "/opt/rustwide/rustup-home/toolchains/1.75.0-x86_64-unknown-linux-gnu/lib/rustlib/x86_64-unknown-linux-gnu/lib/librustc_std_workspace_core-0577018320f99037.rlib" "/opt/rustwide/rustup-home/toolchains/1.75.0-x86_64-unknown-linux-gnu/lib/rustlib/x86_64-unknown-linux-gnu/lib/libcore-193cf992125ccd4c.rlib" "/opt/rustwide/rustup-home/toolchains/1.75.0-x86_64-unknown-linux-gnu/lib/rustlib/x86_64-unknown-linux-gnu/lib/libcompiler_builtins-8e138eaf26ebb4a8.rlib" "-Wl,-Bdynamic" "-lgcc_s" "-lutil" "-lrt" "-lpthread" "-lm" "-ldl" "-lc" "-Wl,--eh-frame-hdr" "-Wl,-z,noexecstack" "-L" "/opt/rustwide/rustup-home/toolchains/1.75.0-x86_64-unknown-linux-gnu/lib/rustlib/x86_64-unknown-linux-gnu/lib" "-o" "/opt/rustwide/target/debug/examples/error-4d3ba79e3de3f19d" "-Wl,--gc-sections" "-pie" "-Wl,-z,relro,-z,now" "-nodefaultlibs"
[INFO] [stdout]   = note: collect2: fatal error: ld terminated with signal 9 [Killed]
[INFO] [stdout]           compilation terminated.
[INFO] [stdout]           
[INFO] [stdout] 
[INFO] [stdout] 
[INFO] [stdout] error: aborting due to previous error
[INFO] [stdout] 
[INFO] [stdout] 
[INFO] [stderr] error: could not compile `bollard` (example "error") due to 2 previous errors
[INFO] [stdout] error: linking with `cc` failed: exit status: 1
[INFO] [stdout]   |
[INFO] [stdout]   = note: LC_ALL="C" PATH="/opt/rustwide/rustup-home/toolchains/1.75.0-x86_64-unknown-linux-gnu/lib/rustlib/x86_64-unknown-linux-gnu/bin:/opt/rustwide/cargo-home/bin:/usr/local/sbin:/usr/local/bin:/usr/sbin:/usr/bin:/sbin:/bin" VSLANG="1033" "cc" "-m64" "/tmp/rustcNGLwbY/symbols.o" "/opt/rustwide/target/debug/examples/image_from_scratch-16207d7d5205e44c.image_from_scratch.1361335e1a0aea5c-cgu.0.rcgu.o" "/opt/rustwide/target/debug/examples/image_from_scratch-16207d7d5205e44c.image_from_scratch.1361335e1a0aea5c-cgu.1.rcgu.o" "/opt/rustwide/target/debug/examples/image_from_scratch-16207d7d5205e44c.image_from_scratch.1361335e1a0aea5c-cgu.2.rcgu.o" "/opt/rustwide/target/debug/examples/image_from_scratch-16207d7d5205e44c.image_from_scratch.1361335e1a0aea5c-cgu.3.rcgu.o" "/opt/rustwide/target/debug/examples/image_from_scratch-16207d7d5205e44c.3j7fdm0eq0euism1.rcgu.o" "-Wl,--as-needed" "-L" "/opt/rustwide/target/debug/deps" "-L" "/opt/rustwide/rustup-home/toolchains/1.75.0-x86_64-unknown-linux-gnu/lib/rustlib/x86_64-unknown-linux-gnu/lib" "-Wl,-Bstatic" "/opt/rustwide/target/debug/deps/libbollard-986dbcbdd134b2bb.rlib" "/opt/rustwide/target/debug/deps/libserde_urlencoded-f02000826dabe1d1.rlib" "/opt/rustwide/target/debug/deps/libthiserror-a40788441e6aa94e.rlib" "/opt/rustwide/target/debug/deps/libbollard_stubs-61e8092911c3a7d1.rlib" "/opt/rustwide/target/debug/deps/libserde_with-5f261643704c9723.rlib" "/opt/rustwide/target/debug/deps/liburl-824e37eab15400db.rlib" "/opt/rustwide/target/debug/deps/libidna-a6b1ffbe0a751888.rlib" "/opt/rustwide/target/debug/deps/libunicode_normalization-9a523c060fbda597.rlib" "/opt/rustwide/target/debug/deps/libtinyvec-e78be141da4aa4a4.rlib" "/opt/rustwide/target/debug/deps/libtinyvec_macros-bfeb7a087f0273ce.rlib" "/opt/rustwide/target/debug/deps/libunicode_bidi-bc11c483211ae6ce.rlib" "/opt/rustwide/target/debug/deps/libform_urlencoded-e8c43e838ad28fa4.rlib" "/opt/rustwide/target/debug/deps/libpercent_encoding-c39f6500503dd269.rlib" "/opt/rustwide/target/debug/deps/libserde_json-aed1a6336ad53ba1.rlib" "/opt/rustwide/target/debug/deps/libryu-c770e4eb8410b4e4.rlib" "/opt/rustwide/target/debug/deps/libhyperlocal-947ff299910cf81b.rlib" "/opt/rustwide/target/debug/deps/libpin_project-9dd1b2f681c80494.rlib" "/opt/rustwide/target/debug/deps/libhex-05644b5497b79c5b.rlib" "/opt/rustwide/target/debug/deps/libserde-7174c15015c4d777.rlib" "/opt/rustwide/target/debug/deps/libhyper-a3b652d1583a64a2.rlib" "/opt/rustwide/target/debug/deps/libwant-29a2634b7bb60b0f.rlib" "/opt/rustwide/target/debug/deps/libtry_lock-51271589248cd7d9.rlib" "/opt/rustwide/target/debug/deps/libhttparse-64f1ffbeda450424.rlib" "/opt/rustwide/target/debug/deps/libh2-e40a8eb9c8a65899.rlib" "/opt/rustwide/target/debug/deps/libindexmap-6a53f35a9491509c.rlib" "/opt/rustwide/target/debug/deps/libhashbrown-567986452cb9bc94.rlib" "/opt/rustwide/target/debug/deps/libtokio_util-1389664d476943e4.rlib" "/opt/rustwide/target/debug/deps/libtower_service-104d6e83d5ce383d.rlib" "/opt/rustwide/target/debug/deps/libtracing-d4129ed7cccd93ac.rlib" "/opt/rustwide/target/debug/deps/libtracing_core-9840276aadf823a4.rlib" "/opt/rustwide/target/debug/deps/libonce_cell-865e1c5018a0303a.rlib" "/opt/rustwide/target/debug/deps/libhttp_body-e3928ebb394e33e4.rlib" "/opt/rustwide/target/debug/deps/libtokio-dbd0f541b215b59c.rlib" "/opt/rustwide/target/debug/deps/libnum_cpus-27e0ef034e40cec4.rlib" "/opt/rustwide/target/debug/deps/libsocket2-94cd4cb9801767fa.rlib" "/opt/rustwide/target/debug/deps/libmio-a372f5ccad722191.rlib" "/opt/rustwide/target/debug/deps/liblibc-9c2267a594730902.rlib" "/opt/rustwide/target/debug/deps/libhttpdate-07ccb2bff48c32b9.rlib" "/opt/rustwide/target/debug/deps/libhttp-2c52e37d8f88b054.rlib" "/opt/rustwide/target/debug/deps/libitoa-a6ef745b0a0d98d5.rlib" "/opt/rustwide/target/debug/deps/libbytes-2f962337dbf30e11.rlib" "/opt/rustwide/target/debug/deps/libfnv-18bf5144d055e772.rlib" "/opt/rustwide/target/debug/deps/libfutures_util-547d37e87a2a6140.rlib" "/opt/rustwide/target/debug/deps/libmemchr-a76ee3fe84a5d757.rlib" "/opt/rustwide/target/debug/deps/libfutures_io-5062be024aa4c585.rlib" "/opt/rustwide/target/debug/deps/libslab-29fe6a49d400343d.rlib" "/opt/rustwide/target/debug/deps/libfutures_channel-dd13644f20ccc956.rlib" "/opt/rustwide/target/debug/deps/libpin_project_lite-cead9f5d94689600.rlib" "/opt/rustwide/target/debug/deps/libfutures_sink-8ece13312afb8528.rlib" "/opt/rustwide/target/debug/deps/libfutures_task-8ee454208e29f22c.rlib" "/opt/rustwide/target/debug/deps/libpin_utils-741f7d9d160e4a16.rlib" "/opt/rustwide/target/debug/deps/libfutures_core-804d82575990b571.rlib" "/opt/rustwide/target/debug/deps/libbase64-01d5e7f2237ad80c.rlib" "/opt/rustwide/target/debug/deps/liblog-3ad322dff60a4fea.rlib" "/opt/rustwide/target/debug/deps/libcfg_if-61dc7a6799e72b18.rlib" "/opt/rustwide/rustup-home/toolchains/1.75.0-x86_64-unknown-linux-gnu/lib/rustlib/x86_64-unknown-linux-gnu/lib/libstd-90f6ddbf82de36ec.rlib" "/opt/rustwide/rustup-home/toolchains/1.75.0-x86_64-unknown-linux-gnu/lib/rustlib/x86_64-unknown-linux-gnu/lib/libpanic_unwind-480c41e9d4e1f677.rlib" "/opt/rustwide/rustup-home/toolchains/1.75.0-x86_64-unknown-linux-gnu/lib/rustlib/x86_64-unknown-linux-gnu/lib/libobject-db744c0ca03eed1d.rlib" "/opt/rustwide/rustup-home/toolchains/1.75.0-x86_64-unknown-linux-gnu/lib/rustlib/x86_64-unknown-linux-gnu/lib/libmemchr-8ba652dc7d4b285a.rlib" "/opt/rustwide/rustup-home/toolchains/1.75.0-x86_64-unknown-linux-gnu/lib/rustlib/x86_64-unknown-linux-gnu/lib/libaddr2line-d5f4520a9ebc0d58.rlib" "/opt/rustwide/rustup-home/toolchains/1.75.0-x86_64-unknown-linux-gnu/lib/rustlib/x86_64-unknown-linux-gnu/lib/libgimli-4ad84de58f0cb463.rlib" "/opt/rustwide/rustup-home/toolchains/1.75.0-x86_64-unknown-linux-gnu/lib/rustlib/x86_64-unknown-linux-gnu/lib/librustc_demangle-0d10aae2e0f38735.rlib" "/opt/rustwide/rustup-home/toolchains/1.75.0-x86_64-unknown-linux-gnu/lib/rustlib/x86_64-unknown-linux-gnu/lib/libstd_detect-0c17cff739e6745b.rlib" "/opt/rustwide/rustup-home/toolchains/1.75.0-x86_64-unknown-linux-gnu/lib/rustlib/x86_64-unknown-linux-gnu/lib/libhashbrown-b29e17139dde1aa8.rlib" "/opt/rustwide/rustup-home/toolchains/1.75.0-x86_64-unknown-linux-gnu/lib/rustlib/x86_64-unknown-linux-gnu/lib/librustc_std_workspace_alloc-1f975299829cc7bd.rlib" "/opt/rustwide/rustup-home/toolchains/1.75.0-x86_64-unknown-linux-gnu/lib/rustlib/x86_64-unknown-linux-gnu/lib/libminiz_oxide-86bae3bc3079f89b.rlib" "/opt/rustwide/rustup-home/toolchains/1.75.0-x86_64-unknown-linux-gnu/lib/rustlib/x86_64-unknown-linux-gnu/lib/libadler-321b82c30dffdf5f.rlib" "/opt/rustwide/rustup-home/toolchains/1.75.0-x86_64-unknown-linux-gnu/lib/rustlib/x86_64-unknown-linux-gnu/lib/libunwind-3dd8a6810a0bdfef.rlib" "/opt/rustwide/rustup-home/toolchains/1.75.0-x86_64-unknown-linux-gnu/lib/rustlib/x86_64-unknown-linux-gnu/lib/libcfg_if-eb39a61c0c879984.rlib" "/opt/rustwide/rustup-home/toolchains/1.75.0-x86_64-unknown-linux-gnu/lib/rustlib/x86_64-unknown-linux-gnu/lib/liblibc-aa769569f91c3548.rlib" "/opt/rustwide/rustup-home/toolchains/1.75.0-x86_64-unknown-linux-gnu/lib/rustlib/x86_64-unknown-linux-gnu/lib/liballoc-510a192a50a983ed.rlib" "/opt/rustwide/rustup-home/toolchains/1.75.0-x86_64-unknown-linux-gnu/lib/rustlib/x86_64-unknown-linux-gnu/lib/librustc_std_workspace_core-0577018320f99037.rlib" "/opt/rustwide/rustup-home/toolchains/1.75.0-x86_64-unknown-linux-gnu/lib/rustlib/x86_64-unknown-linux-gnu/lib/libcore-193cf992125ccd4c.rlib" "/opt/rustwide/rustup-home/toolchains/1.75.0-x86_64-unknown-linux-gnu/lib/rustlib/x86_64-unknown-linux-gnu/lib/libcompiler_builtins-8e138eaf26ebb4a8.rlib" "-Wl,-Bdynamic" "-lgcc_s" "-lutil" "-lrt" "-lpthread" "-lm" "-ldl" "-lc" "-Wl,--eh-frame-hdr" "-Wl,-z,noexecstack" "-L" "/opt/rustwide/rustup-home/toolchains/1.75.0-x86_64-unknown-linux-gnu/lib/rustlib/x86_64-unknown-linux-gnu/lib" "-o" "/opt/rustwide/target/debug/examples/image_from_scratch-16207d7d5205e44c" "-Wl,--gc-sections" "-pie" "-Wl,-z,relro,-z,now" "-nodefaultlibs"
[INFO] [stdout]   = note: collect2: fatal error: ld terminated with signal 9 [Killed]
[INFO] [stdout]           compilation terminated.
[INFO] [stdout]           
[INFO] [stdout] 
[INFO] [stdout] 
[INFO] [stdout] error: aborting due to previous error
[INFO] [stdout] 
[INFO] [stdout] 
[INFO] [stderr] error: could not compile `bollard` (example "image_from_scratch") due to 2 previous errors
[INFO] [stdout] error: linking with `cc` failed: exit status: 1
[INFO] [stdout]   |
[INFO] [stdout]   = note: LC_ALL="C" PATH="/opt/rustwide/rustup-home/toolchains/1.75.0-x86_64-unknown-linux-gnu/lib/rustlib/x86_64-unknown-linux-gnu/bin:/opt/rustwide/cargo-home/bin:/usr/local/sbin:/usr/local/bin:/usr/sbin:/usr/bin:/sbin:/bin" VSLANG="1033" "cc" "-m64" "/tmp/rustcPXFE5H/symbols.o" "/opt/rustwide/target/debug/examples/kafka-b9fffe155c3dd506.kafka.1a2c9450c6a96090-cgu.00.rcgu.o" "/opt/rustwide/target/debug/examples/kafka-b9fffe155c3dd506.kafka.1a2c9450c6a96090-cgu.01.rcgu.o" "/opt/rustwide/target/debug/examples/kafka-b9fffe155c3dd506.kafka.1a2c9450c6a96090-cgu.02.rcgu.o" "/opt/rustwide/target/debug/examples/kafka-b9fffe155c3dd506.kafka.1a2c9450c6a96090-cgu.03.rcgu.o" "/opt/rustwide/target/debug/examples/kafka-b9fffe155c3dd506.kafka.1a2c9450c6a96090-cgu.04.rcgu.o" "/opt/rustwide/target/debug/examples/kafka-b9fffe155c3dd506.kafka.1a2c9450c6a96090-cgu.05.rcgu.o" "/opt/rustwide/target/debug/examples/kafka-b9fffe155c3dd506.kafka.1a2c9450c6a96090-cgu.06.rcgu.o" "/opt/rustwide/target/debug/examples/kafka-b9fffe155c3dd506.kafka.1a2c9450c6a96090-cgu.07.rcgu.o" "/opt/rustwide/target/debug/examples/kafka-b9fffe155c3dd506.kafka.1a2c9450c6a96090-cgu.08.rcgu.o" "/opt/rustwide/target/debug/examples/kafka-b9fffe155c3dd506.kafka.1a2c9450c6a96090-cgu.09.rcgu.o" "/opt/rustwide/target/debug/examples/kafka-b9fffe155c3dd506.23wbef3gpq6q6etj.rcgu.o" "-Wl,--as-needed" "-L" "/opt/rustwide/target/debug/deps" "-L" "/opt/rustwide/rustup-home/toolchains/1.75.0-x86_64-unknown-linux-gnu/lib/rustlib/x86_64-unknown-linux-gnu/lib" "-Wl,-Bstatic" "/opt/rustwide/target/debug/deps/libbollard-986dbcbdd134b2bb.rlib" "/opt/rustwide/target/debug/deps/libserde_urlencoded-f02000826dabe1d1.rlib" "/opt/rustwide/target/debug/deps/libthiserror-a40788441e6aa94e.rlib" "/opt/rustwide/target/debug/deps/libbollard_stubs-61e8092911c3a7d1.rlib" "/opt/rustwide/target/debug/deps/libserde_with-5f261643704c9723.rlib" "/opt/rustwide/target/debug/deps/liburl-824e37eab15400db.rlib" "/opt/rustwide/target/debug/deps/libidna-a6b1ffbe0a751888.rlib" "/opt/rustwide/target/debug/deps/libunicode_normalization-9a523c060fbda597.rlib" "/opt/rustwide/target/debug/deps/libtinyvec-e78be141da4aa4a4.rlib" "/opt/rustwide/target/debug/deps/libtinyvec_macros-bfeb7a087f0273ce.rlib" "/opt/rustwide/target/debug/deps/libunicode_bidi-bc11c483211ae6ce.rlib" "/opt/rustwide/target/debug/deps/libform_urlencoded-e8c43e838ad28fa4.rlib" "/opt/rustwide/target/debug/deps/libpercent_encoding-c39f6500503dd269.rlib" "/opt/rustwide/target/debug/deps/libserde_json-aed1a6336ad53ba1.rlib" "/opt/rustwide/target/debug/deps/libryu-c770e4eb8410b4e4.rlib" "/opt/rustwide/target/debug/deps/libhyperlocal-947ff299910cf81b.rlib" "/opt/rustwide/target/debug/deps/libpin_project-9dd1b2f681c80494.rlib" "/opt/rustwide/target/debug/deps/libhex-05644b5497b79c5b.rlib" "/opt/rustwide/target/debug/deps/libserde-7174c15015c4d777.rlib" "/opt/rustwide/target/debug/deps/libhyper-a3b652d1583a64a2.rlib" "/opt/rustwide/target/debug/deps/libwant-29a2634b7bb60b0f.rlib" "/opt/rustwide/target/debug/deps/libtry_lock-51271589248cd7d9.rlib" "/opt/rustwide/target/debug/deps/libhttparse-64f1ffbeda450424.rlib" "/opt/rustwide/target/debug/deps/libh2-e40a8eb9c8a65899.rlib" "/opt/rustwide/target/debug/deps/libindexmap-6a53f35a9491509c.rlib" "/opt/rustwide/target/debug/deps/libhashbrown-567986452cb9bc94.rlib" "/opt/rustwide/target/debug/deps/libtokio_util-1389664d476943e4.rlib" "/opt/rustwide/target/debug/deps/libtower_service-104d6e83d5ce383d.rlib" "/opt/rustwide/target/debug/deps/libtracing-d4129ed7cccd93ac.rlib" "/opt/rustwide/target/debug/deps/libtracing_core-9840276aadf823a4.rlib" "/opt/rustwide/target/debug/deps/libonce_cell-865e1c5018a0303a.rlib" "/opt/rustwide/target/debug/deps/libhttp_body-e3928ebb394e33e4.rlib" "/opt/rustwide/target/debug/deps/libtokio-dbd0f541b215b59c.rlib" "/opt/rustwide/target/debug/deps/libnum_cpus-27e0ef034e40cec4.rlib" "/opt/rustwide/target/debug/deps/libsocket2-94cd4cb9801767fa.rlib" "/opt/rustwide/target/debug/deps/libmio-a372f5ccad722191.rlib" "/opt/rustwide/target/debug/deps/liblibc-9c2267a594730902.rlib" "/opt/rustwide/target/debug/deps/libhttpdate-07ccb2bff48c32b9.rlib" "/opt/rustwide/target/debug/deps/libhttp-2c52e37d8f88b054.rlib" "/opt/rustwide/target/debug/deps/libitoa-a6ef745b0a0d98d5.rlib" "/opt/rustwide/target/debug/deps/libbytes-2f962337dbf30e11.rlib" "/opt/rustwide/target/debug/deps/libfnv-18bf5144d055e772.rlib" "/opt/rustwide/target/debug/deps/libfutures_util-547d37e87a2a6140.rlib" "/opt/rustwide/target/debug/deps/libmemchr-a76ee3fe84a5d757.rlib" "/opt/rustwide/target/debug/deps/libfutures_io-5062be024aa4c585.rlib" "/opt/rustwide/target/debug/deps/libslab-29fe6a49d400343d.rlib" "/opt/rustwide/target/debug/deps/libfutures_channel-dd13644f20ccc956.rlib" "/opt/rustwide/target/debug/deps/libpin_project_lite-cead9f5d94689600.rlib" "/opt/rustwide/target/debug/deps/libfutures_sink-8ece13312afb8528.rlib" "/opt/rustwide/target/debug/deps/libfutures_task-8ee454208e29f22c.rlib" "/opt/rustwide/target/debug/deps/libpin_utils-741f7d9d160e4a16.rlib" "/opt/rustwide/target/debug/deps/libfutures_core-804d82575990b571.rlib" "/opt/rustwide/target/debug/deps/libbase64-01d5e7f2237ad80c.rlib" "/opt/rustwide/target/debug/deps/liblog-3ad322dff60a4fea.rlib" "/opt/rustwide/target/debug/deps/libcfg_if-61dc7a6799e72b18.rlib" "/opt/rustwide/rustup-home/toolchains/1.75.0-x86_64-unknown-linux-gnu/lib/rustlib/x86_64-unknown-linux-gnu/lib/libstd-90f6ddbf82de36ec.rlib" "/opt/rustwide/rustup-home/toolchains/1.75.0-x86_64-unknown-linux-gnu/lib/rustlib/x86_64-unknown-linux-gnu/lib/libpanic_unwind-480c41e9d4e1f677.rlib" "/opt/rustwide/rustup-home/toolchains/1.75.0-x86_64-unknown-linux-gnu/lib/rustlib/x86_64-unknown-linux-gnu/lib/libobject-db744c0ca03eed1d.rlib" "/opt/rustwide/rustup-home/toolchains/1.75.0-x86_64-unknown-linux-gnu/lib/rustlib/x86_64-unknown-linux-gnu/lib/libmemchr-8ba652dc7d4b285a.rlib" "/opt/rustwide/rustup-home/toolchains/1.75.0-x86_64-unknown-linux-gnu/lib/rustlib/x86_64-unknown-linux-gnu/lib/libaddr2line-d5f4520a9ebc0d58.rlib" "/opt/rustwide/rustup-home/toolchains/1.75.0-x86_64-unknown-linux-gnu/lib/rustlib/x86_64-unknown-linux-gnu/lib/libgimli-4ad84de58f0cb463.rlib" "/opt/rustwide/rustup-home/toolchains/1.75.0-x86_64-unknown-linux-gnu/lib/rustlib/x86_64-unknown-linux-gnu/lib/librustc_demangle-0d10aae2e0f38735.rlib" "/opt/rustwide/rustup-home/toolchains/1.75.0-x86_64-unknown-linux-gnu/lib/rustlib/x86_64-unknown-linux-gnu/lib/libstd_detect-0c17cff739e6745b.rlib" "/opt/rustwide/rustup-home/toolchains/1.75.0-x86_64-unknown-linux-gnu/lib/rustlib/x86_64-unknown-linux-gnu/lib/libhashbrown-b29e17139dde1aa8.rlib" "/opt/rustwide/rustup-home/toolchains/1.75.0-x86_64-unknown-linux-gnu/lib/rustlib/x86_64-unknown-linux-gnu/lib/librustc_std_workspace_alloc-1f975299829cc7bd.rlib" "/opt/rustwide/rustup-home/toolchains/1.75.0-x86_64-unknown-linux-gnu/lib/rustlib/x86_64-unknown-linux-gnu/lib/libminiz_oxide-86bae3bc3079f89b.rlib" "/opt/rustwide/rustup-home/toolchains/1.75.0-x86_64-unknown-linux-gnu/lib/rustlib/x86_64-unknown-linux-gnu/lib/libadler-321b82c30dffdf5f.rlib" "/opt/rustwide/rustup-home/toolchains/1.75.0-x86_64-unknown-linux-gnu/lib/rustlib/x86_64-unknown-linux-gnu/lib/libunwind-3dd8a6810a0bdfef.rlib" "/opt/rustwide/rustup-home/toolchains/1.75.0-x86_64-unknown-linux-gnu/lib/rustlib/x86_64-unknown-linux-gnu/lib/libcfg_if-eb39a61c0c879984.rlib" "/opt/rustwide/rustup-home/toolchains/1.75.0-x86_64-unknown-linux-gnu/lib/rustlib/x86_64-unknown-linux-gnu/lib/liblibc-aa769569f91c3548.rlib" "/opt/rustwide/rustup-home/toolchains/1.75.0-x86_64-unknown-linux-gnu/lib/rustlib/x86_64-unknown-linux-gnu/lib/liballoc-510a192a50a983ed.rlib" "/opt/rustwide/rustup-home/toolchains/1.75.0-x86_64-unknown-linux-gnu/lib/rustlib/x86_64-unknown-linux-gnu/lib/librustc_std_workspace_core-0577018320f99037.rlib" "/opt/rustwide/rustup-home/toolchains/1.75.0-x86_64-unknown-linux-gnu/lib/rustlib/x86_64-unknown-linux-gnu/lib/libcore-193cf992125ccd4c.rlib" "/opt/rustwide/rustup-home/toolchains/1.75.0-x86_64-unknown-linux-gnu/lib/rustlib/x86_64-unknown-linux-gnu/lib/libcompiler_builtins-8e138eaf26ebb4a8.rlib" "-Wl,-Bdynamic" "-lgcc_s" "-lutil" "-lrt" "-lpthread" "-lm" "-ldl" "-lc" "-Wl,--eh-frame-hdr" "-Wl,-z,noexecstack" "-L" "/opt/rustwide/rustup-home/toolchains/1.75.0-x86_64-unknown-linux-gnu/lib/rustlib/x86_64-unknown-linux-gnu/lib" "-o" "/opt/rustwide/target/debug/examples/kafka-b9fffe155c3dd506" "-Wl,--gc-sections" "-pie" "-Wl,-z,relro,-z,now" "-nodefaultlibs"
[INFO] [stdout]   = note: collect2: fatal error: ld terminated with signal 9 [Killed]
[INFO] [stdout]           compilation terminated.
[INFO] [stdout]           
[INFO] [stdout] 
[INFO] [stdout] 
[INFO] [stdout] error: aborting due to previous error
[INFO] [stdout] 
[INFO] [stdout] 
[INFO] [stderr] error: could not compile `bollard` (example "kafka") due to 2 previous errors
[INFO] [stdout] error: linking with `cc` failed: exit status: 1
[INFO] [stdout]   |
[INFO] [stdout]   = note: LC_ALL="C" PATH="/opt/rustwide/rustup-home/toolchains/1.75.0-x86_64-unknown-linux-gnu/lib/rustlib/x86_64-unknown-linux-gnu/bin:/opt/rustwide/cargo-home/bin:/usr/local/sbin:/usr/local/bin:/usr/sbin:/usr/bin:/sbin:/bin" VSLANG="1033" "cc" "-m64" "/tmp/rustcW4TEpG/symbols.o" "/opt/rustwide/target/debug/deps/volume_test-eb1d5296c96b2508.volume_test.2f4eaa7bb5414fe7-cgu.00.rcgu.o" "/opt/rustwide/target/debug/deps/volume_test-eb1d5296c96b2508.volume_test.2f4eaa7bb5414fe7-cgu.01.rcgu.o" "/opt/rustwide/target/debug/deps/volume_test-eb1d5296c96b2508.volume_test.2f4eaa7bb5414fe7-cgu.02.rcgu.o" "/opt/rustwide/target/debug/deps/volume_test-eb1d5296c96b2508.volume_test.2f4eaa7bb5414fe7-cgu.03.rcgu.o" "/opt/rustwide/target/debug/deps/volume_test-eb1d5296c96b2508.volume_test.2f4eaa7bb5414fe7-cgu.04.rcgu.o" "/opt/rustwide/target/debug/deps/volume_test-eb1d5296c96b2508.volume_test.2f4eaa7bb5414fe7-cgu.05.rcgu.o" "/opt/rustwide/target/debug/deps/volume_test-eb1d5296c96b2508.volume_test.2f4eaa7bb5414fe7-cgu.06.rcgu.o" "/opt/rustwide/target/debug/deps/volume_test-eb1d5296c96b2508.volume_test.2f4eaa7bb5414fe7-cgu.07.rcgu.o" "/opt/rustwide/target/debug/deps/volume_test-eb1d5296c96b2508.volume_test.2f4eaa7bb5414fe7-cgu.08.rcgu.o" "/opt/rustwide/target/debug/deps/volume_test-eb1d5296c96b2508.volume_test.2f4eaa7bb5414fe7-cgu.09.rcgu.o" "/opt/rustwide/target/debug/deps/volume_test-eb1d5296c96b2508.volume_test.2f4eaa7bb5414fe7-cgu.10.rcgu.o" "/opt/rustwide/target/debug/deps/volume_test-eb1d5296c96b2508.volume_test.2f4eaa7bb5414fe7-cgu.11.rcgu.o" "/opt/rustwide/target/debug/deps/volume_test-eb1d5296c96b2508.volume_test.2f4eaa7bb5414fe7-cgu.12.rcgu.o" "/opt/rustwide/target/debug/deps/volume_test-eb1d5296c96b2508.volume_test.2f4eaa7bb5414fe7-cgu.13.rcgu.o" "/opt/rustwide/target/debug/deps/volume_test-eb1d5296c96b2508.volume_test.2f4eaa7bb5414fe7-cgu.14.rcgu.o" "/opt/rustwide/target/debug/deps/volume_test-eb1d5296c96b2508.volume_test.2f4eaa7bb5414fe7-cgu.15.rcgu.o" "/opt/rustwide/target/debug/deps/volume_test-eb1d5296c96b2508.42snb6xdil58uwvf.rcgu.o" "-Wl,--as-needed" "-L" "/opt/rustwide/target/debug/deps" "-L" "/opt/rustwide/rustup-home/toolchains/1.75.0-x86_64-unknown-linux-gnu/lib/rustlib/x86_64-unknown-linux-gnu/lib" "-Wl,-Bstatic" "/opt/rustwide/rustup-home/toolchains/1.75.0-x86_64-unknown-linux-gnu/lib/rustlib/x86_64-unknown-linux-gnu/lib/libtest-3df1bed8075ce1de.rlib" "/opt/rustwide/rustup-home/toolchains/1.75.0-x86_64-unknown-linux-gnu/lib/rustlib/x86_64-unknown-linux-gnu/lib/libgetopts-2076fd86b325cb5d.rlib" "/opt/rustwide/rustup-home/toolchains/1.75.0-x86_64-unknown-linux-gnu/lib/rustlib/x86_64-unknown-linux-gnu/lib/libunicode_width-caa7152ee70c190f.rlib" "/opt/rustwide/rustup-home/toolchains/1.75.0-x86_64-unknown-linux-gnu/lib/rustlib/x86_64-unknown-linux-gnu/lib/librustc_std_workspace_std-04e6425e07f02a3c.rlib" "/opt/rustwide/target/debug/deps/libbollard-986dbcbdd134b2bb.rlib" "/opt/rustwide/target/debug/deps/libserde_urlencoded-f02000826dabe1d1.rlib" "/opt/rustwide/target/debug/deps/libthiserror-a40788441e6aa94e.rlib" "/opt/rustwide/target/debug/deps/libbollard_stubs-61e8092911c3a7d1.rlib" "/opt/rustwide/target/debug/deps/libserde_with-5f261643704c9723.rlib" "/opt/rustwide/target/debug/deps/liburl-824e37eab15400db.rlib" "/opt/rustwide/target/debug/deps/libidna-a6b1ffbe0a751888.rlib" "/opt/rustwide/target/debug/deps/libunicode_normalization-9a523c060fbda597.rlib" "/opt/rustwide/target/debug/deps/libtinyvec-e78be141da4aa4a4.rlib" "/opt/rustwide/target/debug/deps/libtinyvec_macros-bfeb7a087f0273ce.rlib" "/opt/rustwide/target/debug/deps/libunicode_bidi-bc11c483211ae6ce.rlib" "/opt/rustwide/target/debug/deps/libform_urlencoded-e8c43e838ad28fa4.rlib" "/opt/rustwide/target/debug/deps/libpercent_encoding-c39f6500503dd269.rlib" "/opt/rustwide/target/debug/deps/libserde_json-aed1a6336ad53ba1.rlib" "/opt/rustwide/target/debug/deps/libryu-c770e4eb8410b4e4.rlib" "/opt/rustwide/target/debug/deps/libhyperlocal-947ff299910cf81b.rlib" "/opt/rustwide/target/debug/deps/libpin_project-9dd1b2f681c80494.rlib" "/opt/rustwide/target/debug/deps/libhex-05644b5497b79c5b.rlib" "/opt/rustwide/target/debug/deps/libserde-7174c15015c4d777.rlib" "/opt/rustwide/target/debug/deps/libhyper-a3b652d1583a64a2.rlib" "/opt/rustwide/target/debug/deps/libwant-29a2634b7bb60b0f.rlib" "/opt/rustwide/target/debug/deps/libtry_lock-51271589248cd7d9.rlib" "/opt/rustwide/target/debug/deps/libhttparse-64f1ffbeda450424.rlib" "/opt/rustwide/target/debug/deps/libh2-e40a8eb9c8a65899.rlib" "/opt/rustwide/target/debug/deps/libindexmap-6a53f35a9491509c.rlib" "/opt/rustwide/target/debug/deps/libhashbrown-567986452cb9bc94.rlib" "/opt/rustwide/target/debug/deps/libtokio_util-1389664d476943e4.rlib" "/opt/rustwide/target/debug/deps/libtower_service-104d6e83d5ce383d.rlib" "/opt/rustwide/target/debug/deps/libtracing-d4129ed7cccd93ac.rlib" "/opt/rustwide/target/debug/deps/libtracing_core-9840276aadf823a4.rlib" "/opt/rustwide/target/debug/deps/libonce_cell-865e1c5018a0303a.rlib" "/opt/rustwide/target/debug/deps/libhttp_body-e3928ebb394e33e4.rlib" "/opt/rustwide/target/debug/deps/libtokio-dbd0f541b215b59c.rlib" "/opt/rustwide/target/debug/deps/libnum_cpus-27e0ef034e40cec4.rlib" "/opt/rustwide/target/debug/deps/libsocket2-94cd4cb9801767fa.rlib" "/opt/rustwide/target/debug/deps/libmio-a372f5ccad722191.rlib" "/opt/rustwide/target/debug/deps/liblibc-9c2267a594730902.rlib" "/opt/rustwide/target/debug/deps/libhttpdate-07ccb2bff48c32b9.rlib" "/opt/rustwide/target/debug/deps/libhttp-2c52e37d8f88b054.rlib" "/opt/rustwide/target/debug/deps/libitoa-a6ef745b0a0d98d5.rlib" "/opt/rustwide/target/debug/deps/libbytes-2f962337dbf30e11.rlib" "/opt/rustwide/target/debug/deps/libfnv-18bf5144d055e772.rlib" "/opt/rustwide/target/debug/deps/libfutures_util-547d37e87a2a6140.rlib" "/opt/rustwide/target/debug/deps/libmemchr-a76ee3fe84a5d757.rlib" "/opt/rustwide/target/debug/deps/libfutures_io-5062be024aa4c585.rlib" "/opt/rustwide/target/debug/deps/libslab-29fe6a49d400343d.rlib" "/opt/rustwide/target/debug/deps/libfutures_channel-dd13644f20ccc956.rlib" "/opt/rustwide/target/debug/deps/libpin_project_lite-cead9f5d94689600.rlib" "/opt/rustwide/target/debug/deps/libfutures_sink-8ece13312afb8528.rlib" "/opt/rustwide/target/debug/deps/libfutures_task-8ee454208e29f22c.rlib" "/opt/rustwide/target/debug/deps/libpin_utils-741f7d9d160e4a16.rlib" "/opt/rustwide/target/debug/deps/libfutures_core-804d82575990b571.rlib" "/opt/rustwide/target/debug/deps/libbase64-01d5e7f2237ad80c.rlib" "/opt/rustwide/target/debug/deps/liblog-3ad322dff60a4fea.rlib" "/opt/rustwide/target/debug/deps/libcfg_if-61dc7a6799e72b18.rlib" "/opt/rustwide/rustup-home/toolchains/1.75.0-x86_64-unknown-linux-gnu/lib/rustlib/x86_64-unknown-linux-gnu/lib/libstd-90f6ddbf82de36ec.rlib" "/opt/rustwide/rustup-home/toolchains/1.75.0-x86_64-unknown-linux-gnu/lib/rustlib/x86_64-unknown-linux-gnu/lib/libpanic_unwind-480c41e9d4e1f677.rlib" "/opt/rustwide/rustup-home/toolchains/1.75.0-x86_64-unknown-linux-gnu/lib/rustlib/x86_64-unknown-linux-gnu/lib/libobject-db744c0ca03eed1d.rlib" "/opt/rustwide/rustup-home/toolchains/1.75.0-x86_64-unknown-linux-gnu/lib/rustlib/x86_64-unknown-linux-gnu/lib/libmemchr-8ba652dc7d4b285a.rlib" "/opt/rustwide/rustup-home/toolchains/1.75.0-x86_64-unknown-linux-gnu/lib/rustlib/x86_64-unknown-linux-gnu/lib/libaddr2line-d5f4520a9ebc0d58.rlib" "/opt/rustwide/rustup-home/toolchains/1.75.0-x86_64-unknown-linux-gnu/lib/rustlib/x86_64-unknown-linux-gnu/lib/libgimli-4ad84de58f0cb463.rlib" "/opt/rustwide/rustup-home/toolchains/1.75.0-x86_64-unknown-linux-gnu/lib/rustlib/x86_64-unknown-linux-gnu/lib/librustc_demangle-0d10aae2e0f38735.rlib" "/opt/rustwide/rustup-home/toolchains/1.75.0-x86_64-unknown-linux-gnu/lib/rustlib/x86_64-unknown-linux-gnu/lib/libstd_detect-0c17cff739e6745b.rlib" "/opt/rustwide/rustup-home/toolchains/1.75.0-x86_64-unknown-linux-gnu/lib/rustlib/x86_64-unknown-linux-gnu/lib/libhashbrown-b29e17139dde1aa8.rlib" "/opt/rustwide/rustup-home/toolchains/1.75.0-x86_64-unknown-linux-gnu/lib/rustlib/x86_64-unknown-linux-gnu/lib/librustc_std_workspace_alloc-1f975299829cc7bd.rlib" "/opt/rustwide/rustup-home/toolchains/1.75.0-x86_64-unknown-linux-gnu/lib/rustlib/x86_64-unknown-linux-gnu/lib/libminiz_oxide-86bae3bc3079f89b.rlib" "/opt/rustwide/rustup-home/toolchains/1.75.0-x86_64-unknown-linux-gnu/lib/rustlib/x86_64-unknown-linux-gnu/lib/libadler-321b82c30dffdf5f.rlib" "/opt/rustwide/rustup-home/toolchains/1.75.0-x86_64-unknown-linux-gnu/lib/rustlib/x86_64-unknown-linux-gnu/lib/libunwind-3dd8a6810a0bdfef.rlib" "/opt/rustwide/rustup-home/toolchains/1.75.0-x86_64-unknown-linux-gnu/lib/rustlib/x86_64-unknown-linux-gnu/lib/libcfg_if-eb39a61c0c879984.rlib" "/opt/rustwide/rustup-home/toolchains/1.75.0-x86_64-unknown-linux-gnu/lib/rustlib/x86_64-unknown-linux-gnu/lib/liblibc-aa769569f91c3548.rlib" "/opt/rustwide/rustup-home/toolchains/1.75.0-x86_64-unknown-linux-gnu/lib/rustlib/x86_64-unknown-linux-gnu/lib/liballoc-510a192a50a983ed.rlib" "/opt/rustwide/rustup-home/toolchains/1.75.0-x86_64-unknown-linux-gnu/lib/rustlib/x86_64-unknown-linux-gnu/lib/librustc_std_workspace_core-0577018320f99037.rlib" "/opt/rustwide/rustup-home/toolchains/1.75.0-x86_64-unknown-linux-gnu/lib/rustlib/x86_64-unknown-linux-gnu/lib/libcore-193cf992125ccd4c.rlib" "/opt/rustwide/rustup-home/toolchains/1.75.0-x86_64-unknown-linux-gnu/lib/rustlib/x86_64-unknown-linux-gnu/lib/libcompiler_builtins-8e138eaf26ebb4a8.rlib" "-Wl,-Bdynamic" "-lgcc_s" "-lutil" "-lrt" "-lpthread" "-lm" "-ldl" "-lc" "-Wl,--eh-frame-hdr" "-Wl,-z,noexecstack" "-L" "/opt/rustwide/rustup-home/toolchains/1.75.0-x86_64-unknown-linux-gnu/lib/rustlib/x86_64-unknown-linux-gnu/lib" "-o" "/opt/rustwide/target/debug/deps/volume_test-eb1d5296c96b2508" "-Wl,--gc-sections" "-pie" "-Wl,-z,relro,-z,now" "-nodefaultlibs"
[INFO] [stdout]   = note: collect2: fatal error: ld terminated with signal 9 [Killed]
[INFO] [stdout]           compilation terminated.
[INFO] [stdout]           
[INFO] [stdout] 
[INFO] [stdout] 
[INFO] [stdout] error: aborting due to previous error
[INFO] [stdout] 
[INFO] [stdout] 
[INFO] [stderr] error: could not compile `bollard` (test "volume_test") due to 2 previous errors
[INFO] [stdout] error: linking with `cc` failed: exit status: 1
[INFO] [stdout]   |
[INFO] [stdout]   = note: LC_ALL="C" PATH="/opt/rustwide/rustup-home/toolchains/1.75.0-x86_64-unknown-linux-gnu/lib/rustlib/x86_64-unknown-linux-gnu/bin:/opt/rustwide/cargo-home/bin:/usr/local/sbin:/usr/local/bin:/usr/sbin:/usr/bin:/sbin:/bin" VSLANG="1033" "cc" "-m64" "/tmp/rustcQibesW/symbols.o" "/opt/rustwide/target/debug/examples/info-006cb14c1a9b404e.info.583a5ceb19856f87-cgu.00.rcgu.o" "/opt/rustwide/target/debug/examples/info-006cb14c1a9b404e.info.583a5ceb19856f87-cgu.01.rcgu.o" "/opt/rustwide/target/debug/examples/info-006cb14c1a9b404e.info.583a5ceb19856f87-cgu.02.rcgu.o" "/opt/rustwide/target/debug/examples/info-006cb14c1a9b404e.info.583a5ceb19856f87-cgu.03.rcgu.o" "/opt/rustwide/target/debug/examples/info-006cb14c1a9b404e.info.583a5ceb19856f87-cgu.04.rcgu.o" "/opt/rustwide/target/debug/examples/info-006cb14c1a9b404e.info.583a5ceb19856f87-cgu.05.rcgu.o" "/opt/rustwide/target/debug/examples/info-006cb14c1a9b404e.info.583a5ceb19856f87-cgu.06.rcgu.o" "/opt/rustwide/target/debug/examples/info-006cb14c1a9b404e.info.583a5ceb19856f87-cgu.07.rcgu.o" "/opt/rustwide/target/debug/examples/info-006cb14c1a9b404e.info.583a5ceb19856f87-cgu.08.rcgu.o" "/opt/rustwide/target/debug/examples/info-006cb14c1a9b404e.info.583a5ceb19856f87-cgu.09.rcgu.o" "/opt/rustwide/target/debug/examples/info-006cb14c1a9b404e.info.583a5ceb19856f87-cgu.10.rcgu.o" "/opt/rustwide/target/debug/examples/info-006cb14c1a9b404e.3xn7tg383wtofeow.rcgu.o" "-Wl,--as-needed" "-L" "/opt/rustwide/target/debug/deps" "-L" "/opt/rustwide/rustup-home/toolchains/1.75.0-x86_64-unknown-linux-gnu/lib/rustlib/x86_64-unknown-linux-gnu/lib" "-Wl,-Bstatic" "/opt/rustwide/target/debug/deps/libbollard-986dbcbdd134b2bb.rlib" "/opt/rustwide/target/debug/deps/libserde_urlencoded-f02000826dabe1d1.rlib" "/opt/rustwide/target/debug/deps/libthiserror-a40788441e6aa94e.rlib" "/opt/rustwide/target/debug/deps/libbollard_stubs-61e8092911c3a7d1.rlib" "/opt/rustwide/target/debug/deps/libserde_with-5f261643704c9723.rlib" "/opt/rustwide/target/debug/deps/liburl-824e37eab15400db.rlib" "/opt/rustwide/target/debug/deps/libidna-a6b1ffbe0a751888.rlib" "/opt/rustwide/target/debug/deps/libunicode_normalization-9a523c060fbda597.rlib" "/opt/rustwide/target/debug/deps/libtinyvec-e78be141da4aa4a4.rlib" "/opt/rustwide/target/debug/deps/libtinyvec_macros-bfeb7a087f0273ce.rlib" "/opt/rustwide/target/debug/deps/libunicode_bidi-bc11c483211ae6ce.rlib" "/opt/rustwide/target/debug/deps/libform_urlencoded-e8c43e838ad28fa4.rlib" "/opt/rustwide/target/debug/deps/libpercent_encoding-c39f6500503dd269.rlib" "/opt/rustwide/target/debug/deps/libserde_json-aed1a6336ad53ba1.rlib" "/opt/rustwide/target/debug/deps/libryu-c770e4eb8410b4e4.rlib" "/opt/rustwide/target/debug/deps/libhyperlocal-947ff299910cf81b.rlib" "/opt/rustwide/target/debug/deps/libpin_project-9dd1b2f681c80494.rlib" "/opt/rustwide/target/debug/deps/libhex-05644b5497b79c5b.rlib" "/opt/rustwide/target/debug/deps/libserde-7174c15015c4d777.rlib" "/opt/rustwide/target/debug/deps/libhyper-a3b652d1583a64a2.rlib" "/opt/rustwide/target/debug/deps/libwant-29a2634b7bb60b0f.rlib" "/opt/rustwide/target/debug/deps/libtry_lock-51271589248cd7d9.rlib" "/opt/rustwide/target/debug/deps/libhttparse-64f1ffbeda450424.rlib" "/opt/rustwide/target/debug/deps/libh2-e40a8eb9c8a65899.rlib" "/opt/rustwide/target/debug/deps/libindexmap-6a53f35a9491509c.rlib" "/opt/rustwide/target/debug/deps/libhashbrown-567986452cb9bc94.rlib" "/opt/rustwide/target/debug/deps/libtokio_util-1389664d476943e4.rlib" "/opt/rustwide/target/debug/deps/libtower_service-104d6e83d5ce383d.rlib" "/opt/rustwide/target/debug/deps/libtracing-d4129ed7cccd93ac.rlib" "/opt/rustwide/target/debug/deps/libtracing_core-9840276aadf823a4.rlib" "/opt/rustwide/target/debug/deps/libonce_cell-865e1c5018a0303a.rlib" "/opt/rustwide/target/debug/deps/libhttp_body-e3928ebb394e33e4.rlib" "/opt/rustwide/target/debug/deps/libtokio-dbd0f541b215b59c.rlib" "/opt/rustwide/target/debug/deps/libnum_cpus-27e0ef034e40cec4.rlib" "/opt/rustwide/target/debug/deps/libsocket2-94cd4cb9801767fa.rlib" "/opt/rustwide/target/debug/deps/libmio-a372f5ccad722191.rlib" "/opt/rustwide/target/debug/deps/liblibc-9c2267a594730902.rlib" "/opt/rustwide/target/debug/deps/libhttpdate-07ccb2bff48c32b9.rlib" "/opt/rustwide/target/debug/deps/libhttp-2c52e37d8f88b054.rlib" "/opt/rustwide/target/debug/deps/libitoa-a6ef745b0a0d98d5.rlib" "/opt/rustwide/target/debug/deps/libbytes-2f962337dbf30e11.rlib" "/opt/rustwide/target/debug/deps/libfnv-18bf5144d055e772.rlib" "/opt/rustwide/target/debug/deps/libfutures_util-547d37e87a2a6140.rlib" "/opt/rustwide/target/debug/deps/libmemchr-a76ee3fe84a5d757.rlib" "/opt/rustwide/target/debug/deps/libfutures_io-5062be024aa4c585.rlib" "/opt/rustwide/target/debug/deps/libslab-29fe6a49d400343d.rlib" "/opt/rustwide/target/debug/deps/libfutures_channel-dd13644f20ccc956.rlib" "/opt/rustwide/target/debug/deps/libpin_project_lite-cead9f5d94689600.rlib" "/opt/rustwide/target/debug/deps/libfutures_sink-8ece13312afb8528.rlib" "/opt/rustwide/target/debug/deps/libfutures_task-8ee454208e29f22c.rlib" "/opt/rustwide/target/debug/deps/libpin_utils-741f7d9d160e4a16.rlib" "/opt/rustwide/target/debug/deps/libfutures_core-804d82575990b571.rlib" "/opt/rustwide/target/debug/deps/libbase64-01d5e7f2237ad80c.rlib" "/opt/rustwide/target/debug/deps/liblog-3ad322dff60a4fea.rlib" "/opt/rustwide/target/debug/deps/libcfg_if-61dc7a6799e72b18.rlib" "/opt/rustwide/rustup-home/toolchains/1.75.0-x86_64-unknown-linux-gnu/lib/rustlib/x86_64-unknown-linux-gnu/lib/libstd-90f6ddbf82de36ec.rlib" "/opt/rustwide/rustup-home/toolchains/1.75.0-x86_64-unknown-linux-gnu/lib/rustlib/x86_64-unknown-linux-gnu/lib/libpanic_unwind-480c41e9d4e1f677.rlib" "/opt/rustwide/rustup-home/toolchains/1.75.0-x86_64-unknown-linux-gnu/lib/rustlib/x86_64-unknown-linux-gnu/lib/libobject-db744c0ca03eed1d.rlib" "/opt/rustwide/rustup-home/toolchains/1.75.0-x86_64-unknown-linux-gnu/lib/rustlib/x86_64-unknown-linux-gnu/lib/libmemchr-8ba652dc7d4b285a.rlib" "/opt/rustwide/rustup-home/toolchains/1.75.0-x86_64-unknown-linux-gnu/lib/rustlib/x86_64-unknown-linux-gnu/lib/libaddr2line-d5f4520a9ebc0d58.rlib" "/opt/rustwide/rustup-home/toolchains/1.75.0-x86_64-unknown-linux-gnu/lib/rustlib/x86_64-unknown-linux-gnu/lib/libgimli-4ad84de58f0cb463.rlib" "/opt/rustwide/rustup-home/toolchains/1.75.0-x86_64-unknown-linux-gnu/lib/rustlib/x86_64-unknown-linux-gnu/lib/librustc_demangle-0d10aae2e0f38735.rlib" "/opt/rustwide/rustup-home/toolchains/1.75.0-x86_64-unknown-linux-gnu/lib/rustlib/x86_64-unknown-linux-gnu/lib/libstd_detect-0c17cff739e6745b.rlib" "/opt/rustwide/rustup-home/toolchains/1.75.0-x86_64-unknown-linux-gnu/lib/rustlib/x86_64-unknown-linux-gnu/lib/libhashbrown-b29e17139dde1aa8.rlib" "/opt/rustwide/rustup-home/toolchains/1.75.0-x86_64-unknown-linux-gnu/lib/rustlib/x86_64-unknown-linux-gnu/lib/librustc_std_workspace_alloc-1f975299829cc7bd.rlib" "/opt/rustwide/rustup-home/toolchains/1.75.0-x86_64-unknown-linux-gnu/lib/rustlib/x86_64-unknown-linux-gnu/lib/libminiz_oxide-86bae3bc3079f89b.rlib" "/opt/rustwide/rustup-home/toolchains/1.75.0-x86_64-unknown-linux-gnu/lib/rustlib/x86_64-unknown-linux-gnu/lib/libadler-321b82c30dffdf5f.rlib" "/opt/rustwide/rustup-home/toolchains/1.75.0-x86_64-unknown-linux-gnu/lib/rustlib/x86_64-unknown-linux-gnu/lib/libunwind-3dd8a6810a0bdfef.rlib" "/opt/rustwide/rustup-home/toolchains/1.75.0-x86_64-unknown-linux-gnu/lib/rustlib/x86_64-unknown-linux-gnu/lib/libcfg_if-eb39a61c0c879984.rlib" "/opt/rustwide/rustup-home/toolchains/1.75.0-x86_64-unknown-linux-gnu/lib/rustlib/x86_64-unknown-linux-gnu/lib/liblibc-aa769569f91c3548.rlib" "/opt/rustwide/rustup-home/toolchains/1.75.0-x86_64-unknown-linux-gnu/lib/rustlib/x86_64-unknown-linux-gnu/lib/liballoc-510a192a50a983ed.rlib" "/opt/rustwide/rustup-home/toolchains/1.75.0-x86_64-unknown-linux-gnu/lib/rustlib/x86_64-unknown-linux-gnu/lib/librustc_std_workspace_core-0577018320f99037.rlib" "/opt/rustwide/rustup-home/toolchains/1.75.0-x86_64-unknown-linux-gnu/lib/rustlib/x86_64-unknown-linux-gnu/lib/libcore-193cf992125ccd4c.rlib" "/opt/rustwide/rustup-home/toolchains/1.75.0-x86_64-unknown-linux-gnu/lib/rustlib/x86_64-unknown-linux-gnu/lib/libcompiler_builtins-8e138eaf26ebb4a8.rlib" "-Wl,-Bdynamic" "-lgcc_s" "-lutil" "-lrt" "-lpthread" "-lm" "-ldl" "-lc" "-Wl,--eh-frame-hdr" "-Wl,-z,noexecstack" "-L" "/opt/rustwide/rustup-home/toolchains/1.75.0-x86_64-unknown-linux-gnu/lib/rustlib/x86_64-unknown-linux-gnu/lib" "-o" "/opt/rustwide/target/debug/examples/info-006cb14c1a9b404e" "-Wl,--gc-sections" "-pie" "-Wl,-z,relro,-z,now" "-nodefaultlibs"
[INFO] [stdout]   = note: collect2: fatal error: ld terminated with signal 9 [Killed]
[INFO] [stdout]           compilation terminated.
[INFO] [stdout]           
[INFO] [stdout] 
[INFO] [stdout] 
[INFO] [stdout] error: aborting due to previous error
[INFO] [stdout] 
[INFO] [stdout] 
[INFO] [stderr] error: could not compile `bollard` (example "info") due to 2 previous errors
[INFO] running `Command { std: "docker" "inspect" "a4bc9095614b0ac07ecf822f8cc63c8ce94e49c22662095867feddd118b25b5f", kill_on_drop: false }`
[INFO] running `Command { std: "docker" "rm" "-f" "a4bc9095614b0ac07ecf822f8cc63c8ce94e49c22662095867feddd118b25b5f", kill_on_drop: false }`
[INFO] [stdout] a4bc9095614b0ac07ecf822f8cc63c8ce94e49c22662095867feddd118b25b5f
[INFO] testing bollard-0.15.0 against beta-2023-12-22 for beta-1.76-1
[INFO] extracting crate bollard 0.15.0 into /workspace/builds/worker-3-tc2/source
[INFO] validating manifest of crates.io crate bollard 0.15.0 on toolchain beta-2023-12-22
[INFO] running `Command { std: CARGO_HOME="/workspace/cargo-home" RUSTUP_HOME="/workspace/rustup-home" "/workspace/cargo-home/bin/cargo" "+beta-2023-12-22" "metadata" "--manifest-path" "Cargo.toml" "--no-deps", kill_on_drop: false }`
[INFO] removed /workspace/builds/worker-3-tc2/source/.cargo/config.toml
[INFO] started tweaking crates.io crate bollard 0.15.0
[INFO] finished tweaking crates.io crate bollard 0.15.0
[INFO] tweaked toml for crates.io crate bollard 0.15.0 written to /workspace/builds/worker-3-tc2/source/Cargo.toml
[INFO] crate crates.io crate bollard 0.15.0 already has a lockfile, it will not be regenerated
[INFO] running `Command { std: CARGO_HOME="/workspace/cargo-home" RUSTUP_HOME="/workspace/rustup-home" "/workspace/cargo-home/bin/cargo" "+beta-2023-12-22" "fetch" "--manifest-path" "Cargo.toml", kill_on_drop: false }`
[INFO] running `Command { std: "docker" "create" "-v" "/var/lib/crater-agent-workspace/builds/worker-3-tc2/target:/opt/rustwide/target:rw,Z" "-v" "/var/lib/crater-agent-workspace/builds/worker-3-tc2/source:/opt/rustwide/workdir:ro,Z" "-v" "/var/lib/crater-agent-workspace/cargo-home:/opt/rustwide/cargo-home:ro,Z" "-v" "/var/lib/crater-agent-workspace/rustup-home:/opt/rustwide/rustup-home:ro,Z" "-e" "SOURCE_DIR=/opt/rustwide/workdir" "-e" "CARGO_TARGET_DIR=/opt/rustwide/target" "-e" "CARGO_HOME=/opt/rustwide/cargo-home" "-e" "RUSTUP_HOME=/opt/rustwide/rustup-home" "-w" "/opt/rustwide/workdir" "-m" "1610612736" "--user" "0:0" "--network" "none" "ghcr.io/rust-lang/crates-build-env/linux@sha256:2788e3201cd34a07e3172128adcd8b3090168a8e3bcc40d7c032b9dda1df7d1c" "/opt/rustwide/cargo-home/bin/cargo" "+beta-2023-12-22" "metadata" "--no-deps" "--format-version=1", kill_on_drop: false }`
[INFO] [stdout] e161c58c31be4a3d099d869fbf0e09c9460dc775a043e210fe57808094e8be61
[INFO] running `Command { std: "docker" "start" "-a" "e161c58c31be4a3d099d869fbf0e09c9460dc775a043e210fe57808094e8be61", kill_on_drop: false }`
[INFO] running `Command { std: "docker" "inspect" "e161c58c31be4a3d099d869fbf0e09c9460dc775a043e210fe57808094e8be61", kill_on_drop: false }`
[INFO] running `Command { std: "docker" "rm" "-f" "e161c58c31be4a3d099d869fbf0e09c9460dc775a043e210fe57808094e8be61", kill_on_drop: false }`
[INFO] [stdout] e161c58c31be4a3d099d869fbf0e09c9460dc775a043e210fe57808094e8be61
[INFO] running `Command { std: "docker" "create" "-v" "/var/lib/crater-agent-workspace/builds/worker-3-tc2/target:/opt/rustwide/target:rw,Z" "-v" "/var/lib/crater-agent-workspace/builds/worker-3-tc2/source:/opt/rustwide/workdir:ro,Z" "-v" "/var/lib/crater-agent-workspace/cargo-home:/opt/rustwide/cargo-home:ro,Z" "-v" "/var/lib/crater-agent-workspace/rustup-home:/opt/rustwide/rustup-home:ro,Z" "-e" "SOURCE_DIR=/opt/rustwide/workdir" "-e" "CARGO_TARGET_DIR=/opt/rustwide/target" "-e" "CARGO_INCREMENTAL=0" "-e" "RUST_BACKTRACE=full" "-e" "RUSTFLAGS=--cap-lints=warn" "-e" "RUSTDOCFLAGS=--cap-lints=warn" "-e" "CARGO_HOME=/opt/rustwide/cargo-home" "-e" "RUSTUP_HOME=/opt/rustwide/rustup-home" "-w" "/opt/rustwide/workdir" "-m" "1610612736" "--user" "0:0" "--network" "none" "ghcr.io/rust-lang/crates-build-env/linux@sha256:2788e3201cd34a07e3172128adcd8b3090168a8e3bcc40d7c032b9dda1df7d1c" "/opt/rustwide/cargo-home/bin/cargo" "+beta-2023-12-22" "build" "--frozen" "--message-format=json", kill_on_drop: false }`
[INFO] [stdout] 84177d5bbe83a484dd9980a00b323c3716168ab6d4206bb8e784050798b8c6e6
[INFO] running `Command { std: "docker" "start" "-a" "84177d5bbe83a484dd9980a00b323c3716168ab6d4206bb8e784050798b8c6e6", kill_on_drop: false }`
[INFO] [stderr]    Compiling proc-macro2 v1.0.67
[INFO] [stderr]    Compiling unicode-ident v1.0.6
[INFO] [stderr]    Compiling quote v1.0.28
[INFO] [stderr]    Compiling syn v1.0.107
[INFO] [stderr]    Compiling libc v0.2.139
[INFO] [stderr]    Compiling futures-core v0.3.25
[INFO] [stderr]    Compiling pin-project-lite v0.2.9
[INFO] [stderr]    Compiling bytes v1.3.0
[INFO] [stderr]    Compiling itoa v1.0.5
[INFO] [stderr]    Compiling once_cell v1.18.0
[INFO] [stderr]    Compiling serde v1.0.164
[INFO] [stderr]    Compiling futures-task v0.3.25
[INFO] [stderr]    Compiling memchr v2.6.3
[INFO] [stderr]    Compiling slab v0.4.7
[INFO] [stderr]    Compiling tokio v1.24.2
[INFO] [stderr]    Compiling indexmap v1.9.2
[INFO] [stderr]    Compiling fnv v1.0.7
[INFO] [stderr]    Compiling futures-util v0.3.25
[INFO] [stderr]    Compiling httparse v1.8.0
[INFO] [stderr]    Compiling tinyvec_macros v0.1.0
[INFO] [stderr]    Compiling tracing-core v0.1.30
[INFO] [stderr]    Compiling futures-sink v0.3.25
[INFO] [stderr]    Compiling hashbrown v0.12.3
[INFO] [stderr]    Compiling pin-utils v0.1.0
[INFO] [stderr]    Compiling futures-channel v0.3.25
[INFO] [stderr]    Compiling tinyvec v1.6.0
[INFO] [stderr]    Compiling percent-encoding v2.2.0
[INFO] [stderr]    Compiling try-lock v0.2.4
[INFO] [stderr]    Compiling http v0.2.9
[INFO] [stderr]    Compiling serde_json v1.0.91
[INFO] [stderr]    Compiling want v0.3.0
[INFO] [stderr]    Compiling ryu v1.0.12
[INFO] [stderr]    Compiling form_urlencoded v1.1.0
[INFO] [stderr]    Compiling unicode-bidi v0.3.9
[INFO] [stderr]    Compiling httpdate v1.0.2
[INFO] [stderr]    Compiling tower-service v0.3.2
[INFO] [stderr]    Compiling tracing v0.1.37
[INFO] [stderr]    Compiling thiserror v1.0.38
[INFO] [stderr]    Compiling hex v0.4.3
[INFO] [stderr]    Compiling base64 v0.21.0
[INFO] [stderr]    Compiling socket2 v0.4.7
[INFO] [stderr]    Compiling mio v0.8.5
[INFO] [stderr]    Compiling num_cpus v1.15.0
[INFO] [stderr]    Compiling syn v2.0.33
[INFO] [stderr]    Compiling unicode-normalization v0.1.22
[INFO] [stderr]    Compiling http-body v0.4.5
[INFO] [stderr]    Compiling idna v0.3.0
[INFO] [stderr]    Compiling url v2.3.1
[INFO] [stderr]    Compiling serde_derive v1.0.164
[INFO] [stderr]    Compiling tokio-util v0.7.4
[INFO] [stderr]    Compiling futures-macro v0.3.25
[INFO] [stderr]    Compiling pin-project-internal v1.0.12
[INFO] [stderr]    Compiling thiserror-impl v1.0.38
[INFO] [stderr]    Compiling serde_repr v0.1.10
[INFO] [stderr]    Compiling pin-project v1.0.12
[INFO] [stderr]    Compiling h2 v0.3.19
[INFO] [stderr]    Compiling serde_with v3.0.0
[INFO] [stderr]    Compiling serde_urlencoded v0.7.1
[INFO] [stderr]    Compiling hyper v0.14.26
[INFO] [stderr]    Compiling bollard-stubs v1.43.0-rc.2
[INFO] [stderr]    Compiling hyperlocal v0.8.0
[INFO] [stderr]    Compiling bollard v0.15.0 (/opt/rustwide/workdir)
[INFO] [stdout] warning: private item shadows public glob re-export
[INFO] [stdout]  --> src/secret.rs:8:13
[INFO] [stdout]   |
[INFO] [stdout] 8 | use hyper::{Body, Method};
[INFO] [stdout]   |             ^^^^
[INFO] [stdout]   |
[INFO] [stdout] note: the name `Body` in the type namespace is supposed to be publicly re-exported here
[INFO] [stdout]  --> src/secret.rs:3:9
[INFO] [stdout]   |
[INFO] [stdout] 3 | pub use crate::models::*;
[INFO] [stdout]   |         ^^^^^^^^^^^^^^^^
[INFO] [stdout] note: but the private item here shadows it
[INFO] [stdout]  --> src/secret.rs:8:13
[INFO] [stdout]   |
[INFO] [stdout] 8 | use hyper::{Body, Method};
[INFO] [stdout]   |             ^^^^
[INFO] [stdout]   = note: `#[warn(hidden_glob_reexports)]` on by default
[INFO] [stdout] 
[INFO] [stdout] 
[INFO] [stdout] warning: private item shadows public glob re-export
[INFO] [stdout]   --> src/service.rs:10:13
[INFO] [stdout]    |
[INFO] [stdout] 10 | use hyper::{Body, Method};
[INFO] [stdout]    |             ^^^^
[INFO] [stdout]    |
[INFO] [stdout] note: the name `Body` in the type namespace is supposed to be publicly re-exported here
[INFO] [stdout]   --> src/service.rs:3:9
[INFO] [stdout]    |
[INFO] [stdout] 3  | pub use crate::models::*;
[INFO] [stdout]    |         ^^^^^^^^^^^^^^^^
[INFO] [stdout] note: but the private item here shadows it
[INFO] [stdout]   --> src/service.rs:10:13
[INFO] [stdout]    |
[INFO] [stdout] 10 | use hyper::{Body, Method};
[INFO] [stdout]    |             ^^^^
[INFO] [stdout] 
[INFO] [stdout] 
[INFO] [stdout] warning: 2 warnings emitted
[INFO] [stdout] 
[INFO] [stdout] 
[INFO] [stderr]     Finished dev [unoptimized + debuginfo] target(s) in 23.02s
[INFO] running `Command { std: "docker" "inspect" "84177d5bbe83a484dd9980a00b323c3716168ab6d4206bb8e784050798b8c6e6", kill_on_drop: false }`
[INFO] running `Command { std: "docker" "rm" "-f" "84177d5bbe83a484dd9980a00b323c3716168ab6d4206bb8e784050798b8c6e6", kill_on_drop: false }`
[INFO] [stdout] 84177d5bbe83a484dd9980a00b323c3716168ab6d4206bb8e784050798b8c6e6
[INFO] running `Command { std: "docker" "create" "-v" "/var/lib/crater-agent-workspace/builds/worker-3-tc2/target:/opt/rustwide/target:rw,Z" "-v" "/var/lib/crater-agent-workspace/builds/worker-3-tc2/source:/opt/rustwide/workdir:ro,Z" "-v" "/var/lib/crater-agent-workspace/cargo-home:/opt/rustwide/cargo-home:ro,Z" "-v" "/var/lib/crater-agent-workspace/rustup-home:/opt/rustwide/rustup-home:ro,Z" "-e" "SOURCE_DIR=/opt/rustwide/workdir" "-e" "CARGO_TARGET_DIR=/opt/rustwide/target" "-e" "CARGO_INCREMENTAL=0" "-e" "RUST_BACKTRACE=full" "-e" "RUSTFLAGS=--cap-lints=warn" "-e" "RUSTDOCFLAGS=--cap-lints=warn" "-e" "CARGO_HOME=/opt/rustwide/cargo-home" "-e" "RUSTUP_HOME=/opt/rustwide/rustup-home" "-w" "/opt/rustwide/workdir" "-m" "1610612736" "--user" "0:0" "--network" "none" "ghcr.io/rust-lang/crates-build-env/linux@sha256:2788e3201cd34a07e3172128adcd8b3090168a8e3bcc40d7c032b9dda1df7d1c" "/opt/rustwide/cargo-home/bin/cargo" "+beta-2023-12-22" "test" "--frozen" "--no-run" "--message-format=json", kill_on_drop: false }`
[INFO] [stdout] e359c4f739e4b3043923693a021dc8f46c8dd755ac45b9ab1ea3104d6196c21a
[INFO] running `Command { std: "docker" "start" "-a" "e359c4f739e4b3043923693a021dc8f46c8dd755ac45b9ab1ea3104d6196c21a", kill_on_drop: false }`
[INFO] [stderr]    Compiling futures-channel v0.3.25
[INFO] [stderr]    Compiling futures-util v0.3.25
[INFO] [stderr]    Compiling tokio v1.24.2
[INFO] [stderr]    Compiling futures-io v0.3.25
[INFO] [stderr]    Compiling tokio-macros v1.8.2
[INFO] [stderr]    Compiling crc32fast v1.3.2
[INFO] [stderr]    Compiling filetime v0.2.19
[INFO] [stderr]    Compiling xattr v0.2.3
[INFO] [stderr]    Compiling miniz_oxide v0.6.2
[INFO] [stderr]    Compiling numtoa v0.1.0
[INFO] [stderr]    Compiling tar v0.4.38
[INFO] [stderr]    Compiling termion v2.0.1
[INFO] [stderr]    Compiling flate2 v1.0.25
[INFO] [stderr]    Compiling futures-executor v0.3.25
[INFO] [stderr]    Compiling futures v0.3.25
[INFO] [stderr]    Compiling tokio-util v0.7.4
[INFO] [stderr]    Compiling h2 v0.3.19
[INFO] [stderr]    Compiling hyper v0.14.26
[INFO] [stderr]    Compiling hyperlocal v0.8.0
[INFO] [stderr]    Compiling yup-hyper-mock v6.0.0
[INFO] [stderr]    Compiling bollard v0.15.0 (/opt/rustwide/workdir)
[INFO] [stdout] warning: private item shadows public glob re-export
[INFO] [stdout]  --> src/secret.rs:8:13
[INFO] [stdout]   |
[INFO] [stdout] 8 | use hyper::{Body, Method};
[INFO] [stdout]   |             ^^^^
[INFO] [stdout]   |
[INFO] [stdout] note: the name `Body` in the type namespace is supposed to be publicly re-exported here
[INFO] [stdout]  --> src/secret.rs:3:9
[INFO] [stdout]   |
[INFO] [stdout] 3 | pub use crate::models::*;
[INFO] [stdout]   |         ^^^^^^^^^^^^^^^^
[INFO] [stdout] note: but the private item here shadows it
[INFO] [stdout]  --> src/secret.rs:8:13
[INFO] [stdout]   |
[INFO] [stdout] 8 | use hyper::{Body, Method};
[INFO] [stdout]   |             ^^^^
[INFO] [stdout]   = note: `#[warn(hidden_glob_reexports)]` on by default
[INFO] [stdout] 
[INFO] [stdout] 
[INFO] [stdout] warning: private item shadows public glob re-export
[INFO] [stdout]   --> src/service.rs:10:13
[INFO] [stdout]    |
[INFO] [stdout] 10 | use hyper::{Body, Method};
[INFO] [stdout]    |             ^^^^
[INFO] [stdout]    |
[INFO] [stdout] note: the name `Body` in the type namespace is supposed to be publicly re-exported here
[INFO] [stdout]   --> src/service.rs:3:9
[INFO] [stdout]    |
[INFO] [stdout] 3  | pub use crate::models::*;
[INFO] [stdout]    |         ^^^^^^^^^^^^^^^^
[INFO] [stdout] note: but the private item here shadows it
[INFO] [stdout]   --> src/service.rs:10:13
[INFO] [stdout]    |
[INFO] [stdout] 10 | use hyper::{Body, Method};
[INFO] [stdout]    |             ^^^^
[INFO] [stdout] 
[INFO] [stdout] 
[INFO] [stdout] warning: private item shadows public glob re-export
[INFO] [stdout]  --> src/secret.rs:8:13
[INFO] [stdout]   |
[INFO] [stdout] 8 | use hyper::{Body, Method};
[INFO] [stdout]   |             ^^^^
[INFO] [stdout]   |
[INFO] [stdout] note: the name `Body` in the type namespace is supposed to be publicly re-exported here
[INFO] [stdout]  --> src/secret.rs:3:9
[INFO] [stdout]   |
[INFO] [stdout] 3 | pub use crate::models::*;
[INFO] [stdout]   |         ^^^^^^^^^^^^^^^^
[INFO] [stdout] note: but the private item here shadows it
[INFO] [stdout]  --> src/secret.rs:8:13
[INFO] [stdout]   |
[INFO] [stdout] 8 | use hyper::{Body, Method};
[INFO] [stdout]   |             ^^^^
[INFO] [stdout]   = note: `#[warn(hidden_glob_reexports)]` on by default
[INFO] [stdout] 
[INFO] [stdout] 
[INFO] [stdout] warning: private item shadows public glob re-export
[INFO] [stdout]   --> src/service.rs:10:13
[INFO] [stdout]    |
[INFO] [stdout] 10 | use hyper::{Body, Method};
[INFO] [stdout]    |             ^^^^
[INFO] [stdout]    |
[INFO] [stdout] note: the name `Body` in the type namespace is supposed to be publicly re-exported here
[INFO] [stdout]   --> src/service.rs:3:9
[INFO] [stdout]    |
[INFO] [stdout] 3  | pub use crate::models::*;
[INFO] [stdout]    |         ^^^^^^^^^^^^^^^^
[INFO] [stdout] note: but the private item here shadows it
[INFO] [stdout]   --> src/service.rs:10:13
[INFO] [stdout]    |
[INFO] [stdout] 10 | use hyper::{Body, Method};
[INFO] [stdout]    |             ^^^^
[INFO] [stdout] 
[INFO] [stdout] 
[INFO] [stdout] warning: 2 warnings emitted
[INFO] [stdout] 
[INFO] [stdout] 
[INFO] [stderr] error: could not compile `bollard` (test "container_test")
[INFO] [stderr] 
[INFO] [stderr] Caused by:
[INFO] [stderr]   process didn't exit successfully: `/opt/rustwide/rustup-home/toolchains/beta-2023-12-22-x86_64-unknown-linux-gnu/bin/rustc --crate-name container_test --edition=2021 tests/container_test.rs --error-format=json --json=diagnostic-rendered-ansi,artifacts,future-incompat --emit=dep-info,link -C embed-bitcode=no -C debuginfo=2 --test -C metadata=8a4c5248e899cc52 -C extra-filename=-8a4c5248e899cc52 --out-dir /opt/rustwide/target/debug/deps -L dependency=/opt/rustwide/target/debug/deps --extern base64=/opt/rustwide/target/debug/deps/libbase64-a25f4c710a824bfc.rlib --extern bollard=/opt/rustwide/target/debug/deps/libbollard-53e2131ef8a71205.rlib --extern bollard_stubs=/opt/rustwide/target/debug/deps/libbollard_stubs-2170385b99ea648e.rlib --extern bytes=/opt/rustwide/target/debug/deps/libbytes-34a79b63f509580e.rlib --extern flate2=/opt/rustwide/target/debug/deps/libflate2-d2af9a1d493841c6.rlib --extern futures_core=/opt/rustwide/target/debug/deps/libfutures_core-33f184b6951e8fbf.rlib --extern futures_util=/opt/rustwide/target/debug/deps/libfutures_util-295045e947d6bd5f.rlib --extern hex=/opt/rustwide/target/debug/deps/libhex-bf5d7c1623e40692.rlib --extern http=/opt/rustwide/target/debug/deps/libhttp-bd114241e9a85abf.rlib --extern hyper=/opt/rustwide/target/debug/deps/libhyper-72214fa1a9249277.rlib --extern hyperlocal=/opt/rustwide/target/debug/deps/libhyperlocal-a786c23674a3eebc.rlib --extern log=/opt/rustwide/target/debug/deps/liblog-c50132996933641a.rlib --extern pin_project_lite=/opt/rustwide/target/debug/deps/libpin_project_lite-e8b15c1d45637ce8.rlib --extern serde=/opt/rustwide/target/debug/deps/libserde-a86e64a506c63be1.rlib --extern serde_derive=/opt/rustwide/target/debug/deps/libserde_derive-5906de723a0525ff.so --extern serde_json=/opt/rustwide/target/debug/deps/libserde_json-0da54b0b8909ab62.rlib --extern serde_repr=/opt/rustwide/target/debug/deps/libserde_repr-df232f97065cdb07.so --extern serde_urlencoded=/opt/rustwide/target/debug/deps/libserde_urlencoded-ce0882b17efa9189.rlib --extern tar=/opt/rustwide/target/debug/deps/libtar-4fb106b713b20a7b.rlib --extern termion=/opt/rustwide/target/debug/deps/libtermion-e15a336e6a42d9df.rlib --extern thiserror=/opt/rustwide/target/debug/deps/libthiserror-1b92e306fbc5974a.rlib --extern tokio=/opt/rustwide/target/debug/deps/libtokio-a734375a7c11814e.rlib --extern tokio_util=/opt/rustwide/target/debug/deps/libtokio_util-0b8598a74ca62f41.rlib --extern url=/opt/rustwide/target/debug/deps/liburl-8bb9281713bf7706.rlib --extern yup_hyper_mock=/opt/rustwide/target/debug/deps/libyup_hyper_mock-b8860b7d1984cb7a.rlib --cap-lints=warn` (signal: 9, SIGKILL: kill)
[INFO] [stderr] warning: build failed, waiting for other jobs to finish...
[INFO] [stderr] error: could not compile `bollard` (lib test); 2 warnings emitted
[INFO] [stderr] 
[INFO] [stderr] Caused by:
[INFO] [stderr]   process didn't exit successfully: `/opt/rustwide/rustup-home/toolchains/beta-2023-12-22-x86_64-unknown-linux-gnu/bin/rustc --crate-name bollard --edition=2021 src/lib.rs --error-format=json --json=diagnostic-rendered-ansi,artifacts,future-incompat --emit=dep-info,link -C embed-bitcode=no -C debuginfo=2 --test -C metadata=62b8c79d262a0e28 -C extra-filename=-62b8c79d262a0e28 --out-dir /opt/rustwide/target/debug/deps -L dependency=/opt/rustwide/target/debug/deps --extern base64=/opt/rustwide/target/debug/deps/libbase64-a25f4c710a824bfc.rlib --extern bollard_stubs=/opt/rustwide/target/debug/deps/libbollard_stubs-2170385b99ea648e.rlib --extern bytes=/opt/rustwide/target/debug/deps/libbytes-34a79b63f509580e.rlib --extern flate2=/opt/rustwide/target/debug/deps/libflate2-d2af9a1d493841c6.rlib --extern futures_core=/opt/rustwide/target/debug/deps/libfutures_core-33f184b6951e8fbf.rlib --extern futures_util=/opt/rustwide/target/debug/deps/libfutures_util-295045e947d6bd5f.rlib --extern hex=/opt/rustwide/target/debug/deps/libhex-bf5d7c1623e40692.rlib --extern http=/opt/rustwide/target/debug/deps/libhttp-bd114241e9a85abf.rlib --extern hyper=/opt/rustwide/target/debug/deps/libhyper-72214fa1a9249277.rlib --extern hyperlocal=/opt/rustwide/target/debug/deps/libhyperlocal-a786c23674a3eebc.rlib --extern log=/opt/rustwide/target/debug/deps/liblog-c50132996933641a.rlib --extern pin_project_lite=/opt/rustwide/target/debug/deps/libpin_project_lite-e8b15c1d45637ce8.rlib --extern serde=/opt/rustwide/target/debug/deps/libserde-a86e64a506c63be1.rlib --extern serde_derive=/opt/rustwide/target/debug/deps/libserde_derive-5906de723a0525ff.so --extern serde_json=/opt/rustwide/target/debug/deps/libserde_json-0da54b0b8909ab62.rlib --extern serde_repr=/opt/rustwide/target/debug/deps/libserde_repr-df232f97065cdb07.so --extern serde_urlencoded=/opt/rustwide/target/debug/deps/libserde_urlencoded-ce0882b17efa9189.rlib --extern tar=/opt/rustwide/target/debug/deps/libtar-4fb106b713b20a7b.rlib --extern termion=/opt/rustwide/target/debug/deps/libtermion-e15a336e6a42d9df.rlib --extern thiserror=/opt/rustwide/target/debug/deps/libthiserror-1b92e306fbc5974a.rlib --extern tokio=/opt/rustwide/target/debug/deps/libtokio-a734375a7c11814e.rlib --extern tokio_util=/opt/rustwide/target/debug/deps/libtokio_util-0b8598a74ca62f41.rlib --extern url=/opt/rustwide/target/debug/deps/liburl-8bb9281713bf7706.rlib --extern yup_hyper_mock=/opt/rustwide/target/debug/deps/libyup_hyper_mock-b8860b7d1984cb7a.rlib --cap-lints=warn` (signal: 9, SIGKILL: kill)
[INFO] [stderr] error: could not compile `bollard` (test "system_test")
[INFO] [stderr] 
[INFO] [stderr] Caused by:
[INFO] [stderr]   process didn't exit successfully: `/opt/rustwide/rustup-home/toolchains/beta-2023-12-22-x86_64-unknown-linux-gnu/bin/rustc --crate-name system_test --edition=2021 tests/system_test.rs --error-format=json --json=diagnostic-rendered-ansi,artifacts,future-incompat --emit=dep-info,link -C embed-bitcode=no -C debuginfo=2 --test -C metadata=ef572b4168203a61 -C extra-filename=-ef572b4168203a61 --out-dir /opt/rustwide/target/debug/deps -L dependency=/opt/rustwide/target/debug/deps --extern base64=/opt/rustwide/target/debug/deps/libbase64-a25f4c710a824bfc.rlib --extern bollard=/opt/rustwide/target/debug/deps/libbollard-53e2131ef8a71205.rlib --extern bollard_stubs=/opt/rustwide/target/debug/deps/libbollard_stubs-2170385b99ea648e.rlib --extern bytes=/opt/rustwide/target/debug/deps/libbytes-34a79b63f509580e.rlib --extern flate2=/opt/rustwide/target/debug/deps/libflate2-d2af9a1d493841c6.rlib --extern futures_core=/opt/rustwide/target/debug/deps/libfutures_core-33f184b6951e8fbf.rlib --extern futures_util=/opt/rustwide/target/debug/deps/libfutures_util-295045e947d6bd5f.rlib --extern hex=/opt/rustwide/target/debug/deps/libhex-bf5d7c1623e40692.rlib --extern http=/opt/rustwide/target/debug/deps/libhttp-bd114241e9a85abf.rlib --extern hyper=/opt/rustwide/target/debug/deps/libhyper-72214fa1a9249277.rlib --extern hyperlocal=/opt/rustwide/target/debug/deps/libhyperlocal-a786c23674a3eebc.rlib --extern log=/opt/rustwide/target/debug/deps/liblog-c50132996933641a.rlib --extern pin_project_lite=/opt/rustwide/target/debug/deps/libpin_project_lite-e8b15c1d45637ce8.rlib --extern serde=/opt/rustwide/target/debug/deps/libserde-a86e64a506c63be1.rlib --extern serde_derive=/opt/rustwide/target/debug/deps/libserde_derive-5906de723a0525ff.so --extern serde_json=/opt/rustwide/target/debug/deps/libserde_json-0da54b0b8909ab62.rlib --extern serde_repr=/opt/rustwide/target/debug/deps/libserde_repr-df232f97065cdb07.so --extern serde_urlencoded=/opt/rustwide/target/debug/deps/libserde_urlencoded-ce0882b17efa9189.rlib --extern tar=/opt/rustwide/target/debug/deps/libtar-4fb106b713b20a7b.rlib --extern termion=/opt/rustwide/target/debug/deps/libtermion-e15a336e6a42d9df.rlib --extern thiserror=/opt/rustwide/target/debug/deps/libthiserror-1b92e306fbc5974a.rlib --extern tokio=/opt/rustwide/target/debug/deps/libtokio-a734375a7c11814e.rlib --extern tokio_util=/opt/rustwide/target/debug/deps/libtokio_util-0b8598a74ca62f41.rlib --extern url=/opt/rustwide/target/debug/deps/liburl-8bb9281713bf7706.rlib --extern yup_hyper_mock=/opt/rustwide/target/debug/deps/libyup_hyper_mock-b8860b7d1984cb7a.rlib --cap-lints=warn` (signal: 9, SIGKILL: kill)
[INFO] [stderr] error: could not compile `bollard` (test "image_test")
[INFO] [stderr] 
[INFO] [stderr] Caused by:
[INFO] [stderr]   process didn't exit successfully: `/opt/rustwide/rustup-home/toolchains/beta-2023-12-22-x86_64-unknown-linux-gnu/bin/rustc --crate-name image_test --edition=2021 tests/image_test.rs --error-format=json --json=diagnostic-rendered-ansi,artifacts,future-incompat --emit=dep-info,link -C embed-bitcode=no -C debuginfo=2 --test -C metadata=9d9d0debb11ef4be -C extra-filename=-9d9d0debb11ef4be --out-dir /opt/rustwide/target/debug/deps -L dependency=/opt/rustwide/target/debug/deps --extern base64=/opt/rustwide/target/debug/deps/libbase64-a25f4c710a824bfc.rlib --extern bollard=/opt/rustwide/target/debug/deps/libbollard-53e2131ef8a71205.rlib --extern bollard_stubs=/opt/rustwide/target/debug/deps/libbollard_stubs-2170385b99ea648e.rlib --extern bytes=/opt/rustwide/target/debug/deps/libbytes-34a79b63f509580e.rlib --extern flate2=/opt/rustwide/target/debug/deps/libflate2-d2af9a1d493841c6.rlib --extern futures_core=/opt/rustwide/target/debug/deps/libfutures_core-33f184b6951e8fbf.rlib --extern futures_util=/opt/rustwide/target/debug/deps/libfutures_util-295045e947d6bd5f.rlib --extern hex=/opt/rustwide/target/debug/deps/libhex-bf5d7c1623e40692.rlib --extern http=/opt/rustwide/target/debug/deps/libhttp-bd114241e9a85abf.rlib --extern hyper=/opt/rustwide/target/debug/deps/libhyper-72214fa1a9249277.rlib --extern hyperlocal=/opt/rustwide/target/debug/deps/libhyperlocal-a786c23674a3eebc.rlib --extern log=/opt/rustwide/target/debug/deps/liblog-c50132996933641a.rlib --extern pin_project_lite=/opt/rustwide/target/debug/deps/libpin_project_lite-e8b15c1d45637ce8.rlib --extern serde=/opt/rustwide/target/debug/deps/libserde-a86e64a506c63be1.rlib --extern serde_derive=/opt/rustwide/target/debug/deps/libserde_derive-5906de723a0525ff.so --extern serde_json=/opt/rustwide/target/debug/deps/libserde_json-0da54b0b8909ab62.rlib --extern serde_repr=/opt/rustwide/target/debug/deps/libserde_repr-df232f97065cdb07.so --extern serde_urlencoded=/opt/rustwide/target/debug/deps/libserde_urlencoded-ce0882b17efa9189.rlib --extern tar=/opt/rustwide/target/debug/deps/libtar-4fb106b713b20a7b.rlib --extern termion=/opt/rustwide/target/debug/deps/libtermion-e15a336e6a42d9df.rlib --extern thiserror=/opt/rustwide/target/debug/deps/libthiserror-1b92e306fbc5974a.rlib --extern tokio=/opt/rustwide/target/debug/deps/libtokio-a734375a7c11814e.rlib --extern tokio_util=/opt/rustwide/target/debug/deps/libtokio_util-0b8598a74ca62f41.rlib --extern url=/opt/rustwide/target/debug/deps/liburl-8bb9281713bf7706.rlib --extern yup_hyper_mock=/opt/rustwide/target/debug/deps/libyup_hyper_mock-b8860b7d1984cb7a.rlib --cap-lints=warn` (signal: 9, SIGKILL: kill)
[INFO] [stdout] error: linking with `cc` failed: exit status: 1
[INFO] [stdout]   |
[INFO] [stdout]   = note: LC_ALL="C" PATH="/opt/rustwide/rustup-home/toolchains/beta-2023-12-22-x86_64-unknown-linux-gnu/lib/rustlib/x86_64-unknown-linux-gnu/bin:/opt/rustwide/cargo-home/bin:/usr/local/sbin:/usr/local/bin:/usr/sbin:/usr/bin:/sbin:/bin" VSLANG="1033" "cc" "-m64" "/tmp/rustcawMkAv/symbols.o" "/opt/rustwide/target/debug/examples/build_buildkit-61a4aebba3b2897d.build_buildkit.656d6cdd93b79504-cgu.0.rcgu.o" "/opt/rustwide/target/debug/examples/build_buildkit-61a4aebba3b2897d.build_buildkit.656d6cdd93b79504-cgu.1.rcgu.o" "/opt/rustwide/target/debug/examples/build_buildkit-61a4aebba3b2897d.build_buildkit.656d6cdd93b79504-cgu.2.rcgu.o" "/opt/rustwide/target/debug/examples/build_buildkit-61a4aebba3b2897d.build_buildkit.656d6cdd93b79504-cgu.3.rcgu.o" "/opt/rustwide/target/debug/examples/build_buildkit-61a4aebba3b2897d.ys90rnnff82xmm1.rcgu.o" "-Wl,--as-needed" "-L" "/opt/rustwide/target/debug/deps" "-L" "/opt/rustwide/rustup-home/toolchains/beta-2023-12-22-x86_64-unknown-linux-gnu/lib/rustlib/x86_64-unknown-linux-gnu/lib" "-Wl,-Bstatic" "/opt/rustwide/target/debug/deps/libflate2-d2af9a1d493841c6.rlib" "/opt/rustwide/target/debug/deps/libminiz_oxide-42fe36ed8d543635.rlib" "/opt/rustwide/target/debug/deps/libadler-eba61f23bb3cdb48.rlib" "/opt/rustwide/target/debug/deps/libcrc32fast-dbea8ee6fb11ce73.rlib" "/opt/rustwide/target/debug/deps/libtar-4fb106b713b20a7b.rlib" "/opt/rustwide/target/debug/deps/libxattr-18249f4a3e79629a.rlib" "/opt/rustwide/target/debug/deps/libfiletime-78084e53267f802f.rlib" "/opt/rustwide/target/debug/deps/libbollard-53e2131ef8a71205.rlib" "/opt/rustwide/target/debug/deps/libserde_urlencoded-ce0882b17efa9189.rlib" "/opt/rustwide/target/debug/deps/libthiserror-1b92e306fbc5974a.rlib" "/opt/rustwide/target/debug/deps/libbollard_stubs-2170385b99ea648e.rlib" "/opt/rustwide/target/debug/deps/libserde_with-bdb946af1057d1c3.rlib" "/opt/rustwide/target/debug/deps/liburl-8bb9281713bf7706.rlib" "/opt/rustwide/target/debug/deps/libidna-22b2d6c8609d7f10.rlib" "/opt/rustwide/target/debug/deps/libunicode_normalization-d46a9be84e5a96bd.rlib" "/opt/rustwide/target/debug/deps/libtinyvec-e7dc63e82263080a.rlib" "/opt/rustwide/target/debug/deps/libtinyvec_macros-2b90caf71be257df.rlib" "/opt/rustwide/target/debug/deps/libunicode_bidi-0c1ae77adac0172f.rlib" "/opt/rustwide/target/debug/deps/libform_urlencoded-2e6be29729763aa6.rlib" "/opt/rustwide/target/debug/deps/libpercent_encoding-52ba3d834e28489d.rlib" "/opt/rustwide/target/debug/deps/libserde_json-0da54b0b8909ab62.rlib" "/opt/rustwide/target/debug/deps/libryu-f1ac1cda2d3cac1e.rlib" "/opt/rustwide/target/debug/deps/libhyperlocal-a786c23674a3eebc.rlib" "/opt/rustwide/target/debug/deps/libpin_project-ff9604e2ffb1d43b.rlib" "/opt/rustwide/target/debug/deps/libhex-bf5d7c1623e40692.rlib" "/opt/rustwide/target/debug/deps/libserde-a86e64a506c63be1.rlib" "/opt/rustwide/target/debug/deps/libhyper-72214fa1a9249277.rlib" "/opt/rustwide/target/debug/deps/libwant-14f9215dbf3df951.rlib" "/opt/rustwide/target/debug/deps/libtry_lock-539bdf1ed77a7a8a.rlib" "/opt/rustwide/target/debug/deps/libhttparse-2dbc320ca65411a3.rlib" "/opt/rustwide/target/debug/deps/libh2-5f68d7c27bd9a970.rlib" "/opt/rustwide/target/debug/deps/libindexmap-d71c326424e9d2fa.rlib" "/opt/rustwide/target/debug/deps/libhashbrown-e273ba0f8cdcbe5b.rlib" "/opt/rustwide/target/debug/deps/libtokio_util-0b8598a74ca62f41.rlib" "/opt/rustwide/target/debug/deps/libtower_service-92bbc7b5a1dd8782.rlib" "/opt/rustwide/target/debug/deps/libtracing-2c5367674a58af35.rlib" "/opt/rustwide/target/debug/deps/libtracing_core-d82c2abd28b95a40.rlib" "/opt/rustwide/target/debug/deps/libonce_cell-728f13abc4f8cf5f.rlib" "/opt/rustwide/target/debug/deps/libhttp_body-d1cb86c1b47cddd5.rlib" "/opt/rustwide/target/debug/deps/libtokio-a734375a7c11814e.rlib" "/opt/rustwide/target/debug/deps/libnum_cpus-3adee3a9b1c33b7e.rlib" "/opt/rustwide/target/debug/deps/libsocket2-830364a7bcefe377.rlib" "/opt/rustwide/target/debug/deps/libmio-927df961a51072d9.rlib" "/opt/rustwide/target/debug/deps/liblibc-c55557f7f88b1291.rlib" "/opt/rustwide/target/debug/deps/libhttpdate-af0e4761081a49c7.rlib" "/opt/rustwide/target/debug/deps/libhttp-bd114241e9a85abf.rlib" "/opt/rustwide/target/debug/deps/libitoa-0907925ccea3b058.rlib" "/opt/rustwide/target/debug/deps/libbytes-34a79b63f509580e.rlib" "/opt/rustwide/target/debug/deps/libfnv-953831fe314029b4.rlib" "/opt/rustwide/target/debug/deps/libfutures_util-295045e947d6bd5f.rlib" "/opt/rustwide/target/debug/deps/libmemchr-28f7d340dd19ea23.rlib" "/opt/rustwide/target/debug/deps/libfutures_io-71cd5128c90d7d08.rlib" "/opt/rustwide/target/debug/deps/libslab-ce952e4d8ebf26c9.rlib" "/opt/rustwide/target/debug/deps/libfutures_channel-6c3524a8837d8269.rlib" "/opt/rustwide/target/debug/deps/libpin_project_lite-e8b15c1d45637ce8.rlib" "/opt/rustwide/target/debug/deps/libfutures_sink-623c2952ee7aa955.rlib" "/opt/rustwide/target/debug/deps/libfutures_task-a89347c5f688dfaa.rlib" "/opt/rustwide/target/debug/deps/libpin_utils-9c5dcf17efb91bff.rlib" "/opt/rustwide/target/debug/deps/libfutures_core-33f184b6951e8fbf.rlib" "/opt/rustwide/target/debug/deps/libbase64-a25f4c710a824bfc.rlib" "/opt/rustwide/target/debug/deps/liblog-c50132996933641a.rlib" "/opt/rustwide/target/debug/deps/libcfg_if-e7002d307f97bc56.rlib" "/opt/rustwide/rustup-home/toolchains/beta-2023-12-22-x86_64-unknown-linux-gnu/lib/rustlib/x86_64-unknown-linux-gnu/lib/libstd-0672489a78b613de.rlib" "/opt/rustwide/rustup-home/toolchains/beta-2023-12-22-x86_64-unknown-linux-gnu/lib/rustlib/x86_64-unknown-linux-gnu/lib/libpanic_unwind-7eb3ffc34a49f675.rlib" "/opt/rustwide/rustup-home/toolchains/beta-2023-12-22-x86_64-unknown-linux-gnu/lib/rustlib/x86_64-unknown-linux-gnu/lib/libobject-6478a9daa4bee8e2.rlib" "/opt/rustwide/rustup-home/toolchains/beta-2023-12-22-x86_64-unknown-linux-gnu/lib/rustlib/x86_64-unknown-linux-gnu/lib/libmemchr-0c75d871a5c3923d.rlib" "/opt/rustwide/rustup-home/toolchains/beta-2023-12-22-x86_64-unknown-linux-gnu/lib/rustlib/x86_64-unknown-linux-gnu/lib/libaddr2line-d163ef63ad37bb71.rlib" "/opt/rustwide/rustup-home/toolchains/beta-2023-12-22-x86_64-unknown-linux-gnu/lib/rustlib/x86_64-unknown-linux-gnu/lib/libgimli-8a3fd810a85b9f4c.rlib" "/opt/rustwide/rustup-home/toolchains/beta-2023-12-22-x86_64-unknown-linux-gnu/lib/rustlib/x86_64-unknown-linux-gnu/lib/librustc_demangle-462a2cde8c5dfc10.rlib" "/opt/rustwide/rustup-home/toolchains/beta-2023-12-22-x86_64-unknown-linux-gnu/lib/rustlib/x86_64-unknown-linux-gnu/lib/libstd_detect-cb06ac9f54713f71.rlib" "/opt/rustwide/rustup-home/toolchains/beta-2023-12-22-x86_64-unknown-linux-gnu/lib/rustlib/x86_64-unknown-linux-gnu/lib/libhashbrown-f20bfd1f8e59b393.rlib" "/opt/rustwide/rustup-home/toolchains/beta-2023-12-22-x86_64-unknown-linux-gnu/lib/rustlib/x86_64-unknown-linux-gnu/lib/librustc_std_workspace_alloc-1ef460949b49da4b.rlib" "/opt/rustwide/rustup-home/toolchains/beta-2023-12-22-x86_64-unknown-linux-gnu/lib/rustlib/x86_64-unknown-linux-gnu/lib/libminiz_oxide-2cb0c0ffe4f87514.rlib" "/opt/rustwide/rustup-home/toolchains/beta-2023-12-22-x86_64-unknown-linux-gnu/lib/rustlib/x86_64-unknown-linux-gnu/lib/libadler-58d841eb322a11a2.rlib" "/opt/rustwide/rustup-home/toolchains/beta-2023-12-22-x86_64-unknown-linux-gnu/lib/rustlib/x86_64-unknown-linux-gnu/lib/libunwind-aa2ae0b0a9d11533.rlib" "/opt/rustwide/rustup-home/toolchains/beta-2023-12-22-x86_64-unknown-linux-gnu/lib/rustlib/x86_64-unknown-linux-gnu/lib/libcfg_if-23874e15830ed336.rlib" "/opt/rustwide/rustup-home/toolchains/beta-2023-12-22-x86_64-unknown-linux-gnu/lib/rustlib/x86_64-unknown-linux-gnu/lib/liblibc-e47cddc003bce885.rlib" "/opt/rustwide/rustup-home/toolchains/beta-2023-12-22-x86_64-unknown-linux-gnu/lib/rustlib/x86_64-unknown-linux-gnu/lib/liballoc-c22b13b48a8f128e.rlib" "/opt/rustwide/rustup-home/toolchains/beta-2023-12-22-x86_64-unknown-linux-gnu/lib/rustlib/x86_64-unknown-linux-gnu/lib/librustc_std_workspace_core-e46bc3da6d7c462f.rlib" "/opt/rustwide/rustup-home/toolchains/beta-2023-12-22-x86_64-unknown-linux-gnu/lib/rustlib/x86_64-unknown-linux-gnu/lib/libcore-8d1ac131d3cb2645.rlib" "/opt/rustwide/rustup-home/toolchains/beta-2023-12-22-x86_64-unknown-linux-gnu/lib/rustlib/x86_64-unknown-linux-gnu/lib/libcompiler_builtins-a1b43df8c6899c1f.rlib" "-Wl,-Bdynamic" "-lgcc_s" "-lutil" "-lrt" "-lpthread" "-lm" "-ldl" "-lc" "-Wl,--eh-frame-hdr" "-Wl,-z,noexecstack" "-L" "/opt/rustwide/rustup-home/toolchains/beta-2023-12-22-x86_64-unknown-linux-gnu/lib/rustlib/x86_64-unknown-linux-gnu/lib" "-o" "/opt/rustwide/target/debug/examples/build_buildkit-61a4aebba3b2897d" "-Wl,--gc-sections" "-pie" "-Wl,-z,relro,-z,now" "-nodefaultlibs"
[INFO] [stdout]   = note: collect2: fatal error: ld terminated with signal 9 [Killed]
[INFO] [stdout]           compilation terminated.
[INFO] [stdout]           
[INFO] [stdout] 
[INFO] [stdout] 
[INFO] [stdout] error: aborting due to 1 previous error
[INFO] [stdout] 
[INFO] [stdout] 
[INFO] [stderr] error: could not compile `bollard` (example "build_buildkit") due to 2 previous errors
[INFO] [stdout] error: linking with `cc` failed: exit status: 1
[INFO] [stdout]   |
[INFO] [stdout]   = note: LC_ALL="C" PATH="/opt/rustwide/rustup-home/toolchains/beta-2023-12-22-x86_64-unknown-linux-gnu/lib/rustlib/x86_64-unknown-linux-gnu/bin:/opt/rustwide/cargo-home/bin:/usr/local/sbin:/usr/local/bin:/usr/sbin:/usr/bin:/sbin:/bin" VSLANG="1033" "cc" "-m64" "/tmp/rustcjM6BQB/symbols.o" "/opt/rustwide/target/debug/examples/build-b2826ed6b46b4923.build.ab46ce8aa4d7fcdc-cgu.0.rcgu.o" "/opt/rustwide/target/debug/examples/build-b2826ed6b46b4923.build.ab46ce8aa4d7fcdc-cgu.1.rcgu.o" "/opt/rustwide/target/debug/examples/build-b2826ed6b46b4923.build.ab46ce8aa4d7fcdc-cgu.2.rcgu.o" "/opt/rustwide/target/debug/examples/build-b2826ed6b46b4923.h6apb36mjbjsk20.rcgu.o" "-Wl,--as-needed" "-L" "/opt/rustwide/target/debug/deps" "-L" "/opt/rustwide/rustup-home/toolchains/beta-2023-12-22-x86_64-unknown-linux-gnu/lib/rustlib/x86_64-unknown-linux-gnu/lib" "-Wl,-Bstatic" "/opt/rustwide/target/debug/deps/libbollard-53e2131ef8a71205.rlib" "/opt/rustwide/target/debug/deps/libserde_urlencoded-ce0882b17efa9189.rlib" "/opt/rustwide/target/debug/deps/libthiserror-1b92e306fbc5974a.rlib" "/opt/rustwide/target/debug/deps/libbollard_stubs-2170385b99ea648e.rlib" "/opt/rustwide/target/debug/deps/libserde_with-bdb946af1057d1c3.rlib" "/opt/rustwide/target/debug/deps/liburl-8bb9281713bf7706.rlib" "/opt/rustwide/target/debug/deps/libidna-22b2d6c8609d7f10.rlib" "/opt/rustwide/target/debug/deps/libunicode_normalization-d46a9be84e5a96bd.rlib" "/opt/rustwide/target/debug/deps/libtinyvec-e7dc63e82263080a.rlib" "/opt/rustwide/target/debug/deps/libtinyvec_macros-2b90caf71be257df.rlib" "/opt/rustwide/target/debug/deps/libunicode_bidi-0c1ae77adac0172f.rlib" "/opt/rustwide/target/debug/deps/libform_urlencoded-2e6be29729763aa6.rlib" "/opt/rustwide/target/debug/deps/libpercent_encoding-52ba3d834e28489d.rlib" "/opt/rustwide/target/debug/deps/libserde_json-0da54b0b8909ab62.rlib" "/opt/rustwide/target/debug/deps/libryu-f1ac1cda2d3cac1e.rlib" "/opt/rustwide/target/debug/deps/libhyperlocal-a786c23674a3eebc.rlib" "/opt/rustwide/target/debug/deps/libpin_project-ff9604e2ffb1d43b.rlib" "/opt/rustwide/target/debug/deps/libhex-bf5d7c1623e40692.rlib" "/opt/rustwide/target/debug/deps/libserde-a86e64a506c63be1.rlib" "/opt/rustwide/target/debug/deps/libhyper-72214fa1a9249277.rlib" "/opt/rustwide/target/debug/deps/libwant-14f9215dbf3df951.rlib" "/opt/rustwide/target/debug/deps/libtry_lock-539bdf1ed77a7a8a.rlib" "/opt/rustwide/target/debug/deps/libhttparse-2dbc320ca65411a3.rlib" "/opt/rustwide/target/debug/deps/libh2-5f68d7c27bd9a970.rlib" "/opt/rustwide/target/debug/deps/libindexmap-d71c326424e9d2fa.rlib" "/opt/rustwide/target/debug/deps/libhashbrown-e273ba0f8cdcbe5b.rlib" "/opt/rustwide/target/debug/deps/libtokio_util-0b8598a74ca62f41.rlib" "/opt/rustwide/target/debug/deps/libtower_service-92bbc7b5a1dd8782.rlib" "/opt/rustwide/target/debug/deps/libtracing-2c5367674a58af35.rlib" "/opt/rustwide/target/debug/deps/libtracing_core-d82c2abd28b95a40.rlib" "/opt/rustwide/target/debug/deps/libonce_cell-728f13abc4f8cf5f.rlib" "/opt/rustwide/target/debug/deps/libhttp_body-d1cb86c1b47cddd5.rlib" "/opt/rustwide/target/debug/deps/libtokio-a734375a7c11814e.rlib" "/opt/rustwide/target/debug/deps/libnum_cpus-3adee3a9b1c33b7e.rlib" "/opt/rustwide/target/debug/deps/libsocket2-830364a7bcefe377.rlib" "/opt/rustwide/target/debug/deps/libmio-927df961a51072d9.rlib" "/opt/rustwide/target/debug/deps/liblibc-c55557f7f88b1291.rlib" "/opt/rustwide/target/debug/deps/libhttpdate-af0e4761081a49c7.rlib" "/opt/rustwide/target/debug/deps/libhttp-bd114241e9a85abf.rlib" "/opt/rustwide/target/debug/deps/libitoa-0907925ccea3b058.rlib" "/opt/rustwide/target/debug/deps/libbytes-34a79b63f509580e.rlib" "/opt/rustwide/target/debug/deps/libfnv-953831fe314029b4.rlib" "/opt/rustwide/target/debug/deps/libfutures_util-295045e947d6bd5f.rlib" "/opt/rustwide/target/debug/deps/libmemchr-28f7d340dd19ea23.rlib" "/opt/rustwide/target/debug/deps/libfutures_io-71cd5128c90d7d08.rlib" "/opt/rustwide/target/debug/deps/libslab-ce952e4d8ebf26c9.rlib" "/opt/rustwide/target/debug/deps/libfutures_channel-6c3524a8837d8269.rlib" "/opt/rustwide/target/debug/deps/libpin_project_lite-e8b15c1d45637ce8.rlib" "/opt/rustwide/target/debug/deps/libfutures_sink-623c2952ee7aa955.rlib" "/opt/rustwide/target/debug/deps/libfutures_task-a89347c5f688dfaa.rlib" "/opt/rustwide/target/debug/deps/libpin_utils-9c5dcf17efb91bff.rlib" "/opt/rustwide/target/debug/deps/libfutures_core-33f184b6951e8fbf.rlib" "/opt/rustwide/target/debug/deps/libbase64-a25f4c710a824bfc.rlib" "/opt/rustwide/target/debug/deps/liblog-c50132996933641a.rlib" "/opt/rustwide/target/debug/deps/libcfg_if-e7002d307f97bc56.rlib" "/opt/rustwide/rustup-home/toolchains/beta-2023-12-22-x86_64-unknown-linux-gnu/lib/rustlib/x86_64-unknown-linux-gnu/lib/libstd-0672489a78b613de.rlib" "/opt/rustwide/rustup-home/toolchains/beta-2023-12-22-x86_64-unknown-linux-gnu/lib/rustlib/x86_64-unknown-linux-gnu/lib/libpanic_unwind-7eb3ffc34a49f675.rlib" "/opt/rustwide/rustup-home/toolchains/beta-2023-12-22-x86_64-unknown-linux-gnu/lib/rustlib/x86_64-unknown-linux-gnu/lib/libobject-6478a9daa4bee8e2.rlib" "/opt/rustwide/rustup-home/toolchains/beta-2023-12-22-x86_64-unknown-linux-gnu/lib/rustlib/x86_64-unknown-linux-gnu/lib/libmemchr-0c75d871a5c3923d.rlib" "/opt/rustwide/rustup-home/toolchains/beta-2023-12-22-x86_64-unknown-linux-gnu/lib/rustlib/x86_64-unknown-linux-gnu/lib/libaddr2line-d163ef63ad37bb71.rlib" "/opt/rustwide/rustup-home/toolchains/beta-2023-12-22-x86_64-unknown-linux-gnu/lib/rustlib/x86_64-unknown-linux-gnu/lib/libgimli-8a3fd810a85b9f4c.rlib" "/opt/rustwide/rustup-home/toolchains/beta-2023-12-22-x86_64-unknown-linux-gnu/lib/rustlib/x86_64-unknown-linux-gnu/lib/librustc_demangle-462a2cde8c5dfc10.rlib" "/opt/rustwide/rustup-home/toolchains/beta-2023-12-22-x86_64-unknown-linux-gnu/lib/rustlib/x86_64-unknown-linux-gnu/lib/libstd_detect-cb06ac9f54713f71.rlib" "/opt/rustwide/rustup-home/toolchains/beta-2023-12-22-x86_64-unknown-linux-gnu/lib/rustlib/x86_64-unknown-linux-gnu/lib/libhashbrown-f20bfd1f8e59b393.rlib" "/opt/rustwide/rustup-home/toolchains/beta-2023-12-22-x86_64-unknown-linux-gnu/lib/rustlib/x86_64-unknown-linux-gnu/lib/librustc_std_workspace_alloc-1ef460949b49da4b.rlib" "/opt/rustwide/rustup-home/toolchains/beta-2023-12-22-x86_64-unknown-linux-gnu/lib/rustlib/x86_64-unknown-linux-gnu/lib/libminiz_oxide-2cb0c0ffe4f87514.rlib" "/opt/rustwide/rustup-home/toolchains/beta-2023-12-22-x86_64-unknown-linux-gnu/lib/rustlib/x86_64-unknown-linux-gnu/lib/libadler-58d841eb322a11a2.rlib" "/opt/rustwide/rustup-home/toolchains/beta-2023-12-22-x86_64-unknown-linux-gnu/lib/rustlib/x86_64-unknown-linux-gnu/lib/libunwind-aa2ae0b0a9d11533.rlib" "/opt/rustwide/rustup-home/toolchains/beta-2023-12-22-x86_64-unknown-linux-gnu/lib/rustlib/x86_64-unknown-linux-gnu/lib/libcfg_if-23874e15830ed336.rlib" "/opt/rustwide/rustup-home/toolchains/beta-2023-12-22-x86_64-unknown-linux-gnu/lib/rustlib/x86_64-unknown-linux-gnu/lib/liblibc-e47cddc003bce885.rlib" "/opt/rustwide/rustup-home/toolchains/beta-2023-12-22-x86_64-unknown-linux-gnu/lib/rustlib/x86_64-unknown-linux-gnu/lib/liballoc-c22b13b48a8f128e.rlib" "/opt/rustwide/rustup-home/toolchains/beta-2023-12-22-x86_64-unknown-linux-gnu/lib/rustlib/x86_64-unknown-linux-gnu/lib/librustc_std_workspace_core-e46bc3da6d7c462f.rlib" "/opt/rustwide/rustup-home/toolchains/beta-2023-12-22-x86_64-unknown-linux-gnu/lib/rustlib/x86_64-unknown-linux-gnu/lib/libcore-8d1ac131d3cb2645.rlib" "/opt/rustwide/rustup-home/toolchains/beta-2023-12-22-x86_64-unknown-linux-gnu/lib/rustlib/x86_64-unknown-linux-gnu/lib/libcompiler_builtins-a1b43df8c6899c1f.rlib" "-Wl,-Bdynamic" "-lgcc_s" "-lutil" "-lrt" "-lpthread" "-lm" "-ldl" "-lc" "-Wl,--eh-frame-hdr" "-Wl,-z,noexecstack" "-L" "/opt/rustwide/rustup-home/toolchains/beta-2023-12-22-x86_64-unknown-linux-gnu/lib/rustlib/x86_64-unknown-linux-gnu/lib" "-o" "/opt/rustwide/target/debug/examples/build-b2826ed6b46b4923" "-Wl,--gc-sections" "-pie" "-Wl,-z,relro,-z,now" "-nodefaultlibs"
[INFO] [stdout]   = note: collect2: fatal error: ld terminated with signal 9 [Killed]
[INFO] [stdout]           compilation terminated.
[INFO] [stdout]           
[INFO] [stdout] 
[INFO] [stdout] 
[INFO] [stdout] error: aborting due to 1 previous error
[INFO] [stdout] 
[INFO] [stdout] 
[INFO] [stderr] error: could not compile `bollard` (example "build") due to 2 previous errors
[INFO] [stdout] error: linking with `cc` failed: exit status: 1
[INFO] [stdout]   |
[INFO] [stdout]   = note: LC_ALL="C" PATH="/opt/rustwide/rustup-home/toolchains/beta-2023-12-22-x86_64-unknown-linux-gnu/lib/rustlib/x86_64-unknown-linux-gnu/bin:/opt/rustwide/cargo-home/bin:/usr/local/sbin:/usr/local/bin:/usr/sbin:/usr/bin:/sbin:/bin" VSLANG="1033" "cc" "-m64" "/tmp/rustcJz7sfB/symbols.o" "/opt/rustwide/target/debug/examples/error-8f00ad9e1028b00a.error.8714b6173d02d878-cgu.0.rcgu.o" "/opt/rustwide/target/debug/examples/error-8f00ad9e1028b00a.4zumem4xdcmbrzce.rcgu.o" "-Wl,--as-needed" "-L" "/opt/rustwide/target/debug/deps" "-L" "/opt/rustwide/rustup-home/toolchains/beta-2023-12-22-x86_64-unknown-linux-gnu/lib/rustlib/x86_64-unknown-linux-gnu/lib" "-Wl,-Bstatic" "/opt/rustwide/target/debug/deps/libbollard-53e2131ef8a71205.rlib" "/opt/rustwide/target/debug/deps/libserde_urlencoded-ce0882b17efa9189.rlib" "/opt/rustwide/target/debug/deps/libthiserror-1b92e306fbc5974a.rlib" "/opt/rustwide/target/debug/deps/libbollard_stubs-2170385b99ea648e.rlib" "/opt/rustwide/target/debug/deps/libserde_with-bdb946af1057d1c3.rlib" "/opt/rustwide/target/debug/deps/liburl-8bb9281713bf7706.rlib" "/opt/rustwide/target/debug/deps/libidna-22b2d6c8609d7f10.rlib" "/opt/rustwide/target/debug/deps/libunicode_normalization-d46a9be84e5a96bd.rlib" "/opt/rustwide/target/debug/deps/libtinyvec-e7dc63e82263080a.rlib" "/opt/rustwide/target/debug/deps/libtinyvec_macros-2b90caf71be257df.rlib" "/opt/rustwide/target/debug/deps/libunicode_bidi-0c1ae77adac0172f.rlib" "/opt/rustwide/target/debug/deps/libform_urlencoded-2e6be29729763aa6.rlib" "/opt/rustwide/target/debug/deps/libpercent_encoding-52ba3d834e28489d.rlib" "/opt/rustwide/target/debug/deps/libserde_json-0da54b0b8909ab62.rlib" "/opt/rustwide/target/debug/deps/libryu-f1ac1cda2d3cac1e.rlib" "/opt/rustwide/target/debug/deps/libhyperlocal-a786c23674a3eebc.rlib" "/opt/rustwide/target/debug/deps/libpin_project-ff9604e2ffb1d43b.rlib" "/opt/rustwide/target/debug/deps/libhex-bf5d7c1623e40692.rlib" "/opt/rustwide/target/debug/deps/libserde-a86e64a506c63be1.rlib" "/opt/rustwide/target/debug/deps/libhyper-72214fa1a9249277.rlib" "/opt/rustwide/target/debug/deps/libwant-14f9215dbf3df951.rlib" "/opt/rustwide/target/debug/deps/libtry_lock-539bdf1ed77a7a8a.rlib" "/opt/rustwide/target/debug/deps/libhttparse-2dbc320ca65411a3.rlib" "/opt/rustwide/target/debug/deps/libh2-5f68d7c27bd9a970.rlib" "/opt/rustwide/target/debug/deps/libindexmap-d71c326424e9d2fa.rlib" "/opt/rustwide/target/debug/deps/libhashbrown-e273ba0f8cdcbe5b.rlib" "/opt/rustwide/target/debug/deps/libtokio_util-0b8598a74ca62f41.rlib" "/opt/rustwide/target/debug/deps/libtower_service-92bbc7b5a1dd8782.rlib" "/opt/rustwide/target/debug/deps/libtracing-2c5367674a58af35.rlib" "/opt/rustwide/target/debug/deps/libtracing_core-d82c2abd28b95a40.rlib" "/opt/rustwide/target/debug/deps/libonce_cell-728f13abc4f8cf5f.rlib" "/opt/rustwide/target/debug/deps/libhttp_body-d1cb86c1b47cddd5.rlib" "/opt/rustwide/target/debug/deps/libtokio-a734375a7c11814e.rlib" "/opt/rustwide/target/debug/deps/libnum_cpus-3adee3a9b1c33b7e.rlib" "/opt/rustwide/target/debug/deps/libsocket2-830364a7bcefe377.rlib" "/opt/rustwide/target/debug/deps/libmio-927df961a51072d9.rlib" "/opt/rustwide/target/debug/deps/liblibc-c55557f7f88b1291.rlib" "/opt/rustwide/target/debug/deps/libhttpdate-af0e4761081a49c7.rlib" "/opt/rustwide/target/debug/deps/libhttp-bd114241e9a85abf.rlib" "/opt/rustwide/target/debug/deps/libitoa-0907925ccea3b058.rlib" "/opt/rustwide/target/debug/deps/libbytes-34a79b63f509580e.rlib" "/opt/rustwide/target/debug/deps/libfnv-953831fe314029b4.rlib" "/opt/rustwide/target/debug/deps/libfutures_util-295045e947d6bd5f.rlib" "/opt/rustwide/target/debug/deps/libmemchr-28f7d340dd19ea23.rlib" "/opt/rustwide/target/debug/deps/libfutures_io-71cd5128c90d7d08.rlib" "/opt/rustwide/target/debug/deps/libslab-ce952e4d8ebf26c9.rlib" "/opt/rustwide/target/debug/deps/libfutures_channel-6c3524a8837d8269.rlib" "/opt/rustwide/target/debug/deps/libpin_project_lite-e8b15c1d45637ce8.rlib" "/opt/rustwide/target/debug/deps/libfutures_sink-623c2952ee7aa955.rlib" "/opt/rustwide/target/debug/deps/libfutures_task-a89347c5f688dfaa.rlib" "/opt/rustwide/target/debug/deps/libpin_utils-9c5dcf17efb91bff.rlib" "/opt/rustwide/target/debug/deps/libfutures_core-33f184b6951e8fbf.rlib" "/opt/rustwide/target/debug/deps/libbase64-a25f4c710a824bfc.rlib" "/opt/rustwide/target/debug/deps/liblog-c50132996933641a.rlib" "/opt/rustwide/target/debug/deps/libcfg_if-e7002d307f97bc56.rlib" "/opt/rustwide/rustup-home/toolchains/beta-2023-12-22-x86_64-unknown-linux-gnu/lib/rustlib/x86_64-unknown-linux-gnu/lib/libstd-0672489a78b613de.rlib" "/opt/rustwide/rustup-home/toolchains/beta-2023-12-22-x86_64-unknown-linux-gnu/lib/rustlib/x86_64-unknown-linux-gnu/lib/libpanic_unwind-7eb3ffc34a49f675.rlib" "/opt/rustwide/rustup-home/toolchains/beta-2023-12-22-x86_64-unknown-linux-gnu/lib/rustlib/x86_64-unknown-linux-gnu/lib/libobject-6478a9daa4bee8e2.rlib" "/opt/rustwide/rustup-home/toolchains/beta-2023-12-22-x86_64-unknown-linux-gnu/lib/rustlib/x86_64-unknown-linux-gnu/lib/libmemchr-0c75d871a5c3923d.rlib" "/opt/rustwide/rustup-home/toolchains/beta-2023-12-22-x86_64-unknown-linux-gnu/lib/rustlib/x86_64-unknown-linux-gnu/lib/libaddr2line-d163ef63ad37bb71.rlib" "/opt/rustwide/rustup-home/toolchains/beta-2023-12-22-x86_64-unknown-linux-gnu/lib/rustlib/x86_64-unknown-linux-gnu/lib/libgimli-8a3fd810a85b9f4c.rlib" "/opt/rustwide/rustup-home/toolchains/beta-2023-12-22-x86_64-unknown-linux-gnu/lib/rustlib/x86_64-unknown-linux-gnu/lib/librustc_demangle-462a2cde8c5dfc10.rlib" "/opt/rustwide/rustup-home/toolchains/beta-2023-12-22-x86_64-unknown-linux-gnu/lib/rustlib/x86_64-unknown-linux-gnu/lib/libstd_detect-cb06ac9f54713f71.rlib" "/opt/rustwide/rustup-home/toolchains/beta-2023-12-22-x86_64-unknown-linux-gnu/lib/rustlib/x86_64-unknown-linux-gnu/lib/libhashbrown-f20bfd1f8e59b393.rlib" "/opt/rustwide/rustup-home/toolchains/beta-2023-12-22-x86_64-unknown-linux-gnu/lib/rustlib/x86_64-unknown-linux-gnu/lib/librustc_std_workspace_alloc-1ef460949b49da4b.rlib" "/opt/rustwide/rustup-home/toolchains/beta-2023-12-22-x86_64-unknown-linux-gnu/lib/rustlib/x86_64-unknown-linux-gnu/lib/libminiz_oxide-2cb0c0ffe4f87514.rlib" "/opt/rustwide/rustup-home/toolchains/beta-2023-12-22-x86_64-unknown-linux-gnu/lib/rustlib/x86_64-unknown-linux-gnu/lib/libadler-58d841eb322a11a2.rlib" "/opt/rustwide/rustup-home/toolchains/beta-2023-12-22-x86_64-unknown-linux-gnu/lib/rustlib/x86_64-unknown-linux-gnu/lib/libunwind-aa2ae0b0a9d11533.rlib" "/opt/rustwide/rustup-home/toolchains/beta-2023-12-22-x86_64-unknown-linux-gnu/lib/rustlib/x86_64-unknown-linux-gnu/lib/libcfg_if-23874e15830ed336.rlib" "/opt/rustwide/rustup-home/toolchains/beta-2023-12-22-x86_64-unknown-linux-gnu/lib/rustlib/x86_64-unknown-linux-gnu/lib/liblibc-e47cddc003bce885.rlib" "/opt/rustwide/rustup-home/toolchains/beta-2023-12-22-x86_64-unknown-linux-gnu/lib/rustlib/x86_64-unknown-linux-gnu/lib/liballoc-c22b13b48a8f128e.rlib" "/opt/rustwide/rustup-home/toolchains/beta-2023-12-22-x86_64-unknown-linux-gnu/lib/rustlib/x86_64-unknown-linux-gnu/lib/librustc_std_workspace_core-e46bc3da6d7c462f.rlib" "/opt/rustwide/rustup-home/toolchains/beta-2023-12-22-x86_64-unknown-linux-gnu/lib/rustlib/x86_64-unknown-linux-gnu/lib/libcore-8d1ac131d3cb2645.rlib" "/opt/rustwide/rustup-home/toolchains/beta-2023-12-22-x86_64-unknown-linux-gnu/lib/rustlib/x86_64-unknown-linux-gnu/lib/libcompiler_builtins-a1b43df8c6899c1f.rlib" "-Wl,-Bdynamic" "-lgcc_s" "-lutil" "-lrt" "-lpthread" "-lm" "-ldl" "-lc" "-Wl,--eh-frame-hdr" "-Wl,-z,noexecstack" "-L" "/opt/rustwide/rustup-home/toolchains/beta-2023-12-22-x86_64-unknown-linux-gnu/lib/rustlib/x86_64-unknown-linux-gnu/lib" "-o" "/opt/rustwide/target/debug/examples/error-8f00ad9e1028b00a" "-Wl,--gc-sections" "-pie" "-Wl,-z,relro,-z,now" "-nodefaultlibs"
[INFO] [stdout]   = note: collect2: fatal error: ld terminated with signal 9 [Killed]
[INFO] [stdout]           compilation terminated.
[INFO] [stdout]           
[INFO] [stdout] 
[INFO] [stdout] 
[INFO] [stdout] error: aborting due to 1 previous error
[INFO] [stdout] 
[INFO] [stdout] 
[INFO] [stderr] error: could not compile `bollard` (example "error") due to 2 previous errors
[INFO] [stdout] error: linking with `cc` failed: exit status: 1
[INFO] [stdout]   |
[INFO] [stdout]   = note: LC_ALL="C" PATH="/opt/rustwide/rustup-home/toolchains/beta-2023-12-22-x86_64-unknown-linux-gnu/lib/rustlib/x86_64-unknown-linux-gnu/bin:/opt/rustwide/cargo-home/bin:/usr/local/sbin:/usr/local/bin:/usr/sbin:/usr/bin:/sbin:/bin" VSLANG="1033" "cc" "-m64" "/tmp/rustcKgTk6J/symbols.o" "/opt/rustwide/target/debug/deps/version_test-d0585c9473703031.version_test.de4a18f58e9678eb-cgu.0.rcgu.o" "/opt/rustwide/target/debug/deps/version_test-d0585c9473703031.version_test.de4a18f58e9678eb-cgu.1.rcgu.o" "/opt/rustwide/target/debug/deps/version_test-d0585c9473703031.version_test.de4a18f58e9678eb-cgu.2.rcgu.o" "/opt/rustwide/target/debug/deps/version_test-d0585c9473703031.version_test.de4a18f58e9678eb-cgu.3.rcgu.o" "/opt/rustwide/target/debug/deps/version_test-d0585c9473703031.version_test.de4a18f58e9678eb-cgu.4.rcgu.o" "/opt/rustwide/target/debug/deps/version_test-d0585c9473703031.version_test.de4a18f58e9678eb-cgu.5.rcgu.o" "/opt/rustwide/target/debug/deps/version_test-d0585c9473703031.gozgmiisufllujp.rcgu.o" "-Wl,--as-needed" "-L" "/opt/rustwide/target/debug/deps" "-L" "/opt/rustwide/rustup-home/toolchains/beta-2023-12-22-x86_64-unknown-linux-gnu/lib/rustlib/x86_64-unknown-linux-gnu/lib" "-Wl,-Bstatic" "/opt/rustwide/rustup-home/toolchains/beta-2023-12-22-x86_64-unknown-linux-gnu/lib/rustlib/x86_64-unknown-linux-gnu/lib/libtest-cbab71697df97b00.rlib" "/opt/rustwide/rustup-home/toolchains/beta-2023-12-22-x86_64-unknown-linux-gnu/lib/rustlib/x86_64-unknown-linux-gnu/lib/libgetopts-2a2cf8f16c536007.rlib" "/opt/rustwide/rustup-home/toolchains/beta-2023-12-22-x86_64-unknown-linux-gnu/lib/rustlib/x86_64-unknown-linux-gnu/lib/libunicode_width-c5f3cc3cceaf9070.rlib" "/opt/rustwide/rustup-home/toolchains/beta-2023-12-22-x86_64-unknown-linux-gnu/lib/rustlib/x86_64-unknown-linux-gnu/lib/librustc_std_workspace_std-a31324ec815b09db.rlib" "/opt/rustwide/target/debug/deps/libbollard-53e2131ef8a71205.rlib" "/opt/rustwide/target/debug/deps/libserde_urlencoded-ce0882b17efa9189.rlib" "/opt/rustwide/target/debug/deps/libthiserror-1b92e306fbc5974a.rlib" "/opt/rustwide/target/debug/deps/libbollard_stubs-2170385b99ea648e.rlib" "/opt/rustwide/target/debug/deps/libserde_with-bdb946af1057d1c3.rlib" "/opt/rustwide/target/debug/deps/liburl-8bb9281713bf7706.rlib" "/opt/rustwide/target/debug/deps/libidna-22b2d6c8609d7f10.rlib" "/opt/rustwide/target/debug/deps/libunicode_normalization-d46a9be84e5a96bd.rlib" "/opt/rustwide/target/debug/deps/libtinyvec-e7dc63e82263080a.rlib" "/opt/rustwide/target/debug/deps/libtinyvec_macros-2b90caf71be257df.rlib" "/opt/rustwide/target/debug/deps/libunicode_bidi-0c1ae77adac0172f.rlib" "/opt/rustwide/target/debug/deps/libform_urlencoded-2e6be29729763aa6.rlib" "/opt/rustwide/target/debug/deps/libpercent_encoding-52ba3d834e28489d.rlib" "/opt/rustwide/target/debug/deps/libserde_json-0da54b0b8909ab62.rlib" "/opt/rustwide/target/debug/deps/libryu-f1ac1cda2d3cac1e.rlib" "/opt/rustwide/target/debug/deps/libhyperlocal-a786c23674a3eebc.rlib" "/opt/rustwide/target/debug/deps/libpin_project-ff9604e2ffb1d43b.rlib" "/opt/rustwide/target/debug/deps/libhex-bf5d7c1623e40692.rlib" "/opt/rustwide/target/debug/deps/libserde-a86e64a506c63be1.rlib" "/opt/rustwide/target/debug/deps/libhyper-72214fa1a9249277.rlib" "/opt/rustwide/target/debug/deps/libwant-14f9215dbf3df951.rlib" "/opt/rustwide/target/debug/deps/libtry_lock-539bdf1ed77a7a8a.rlib" "/opt/rustwide/target/debug/deps/libhttparse-2dbc320ca65411a3.rlib" "/opt/rustwide/target/debug/deps/libh2-5f68d7c27bd9a970.rlib" "/opt/rustwide/target/debug/deps/libindexmap-d71c326424e9d2fa.rlib" "/opt/rustwide/target/debug/deps/libhashbrown-e273ba0f8cdcbe5b.rlib" "/opt/rustwide/target/debug/deps/libtokio_util-0b8598a74ca62f41.rlib" "/opt/rustwide/target/debug/deps/libtower_service-92bbc7b5a1dd8782.rlib" "/opt/rustwide/target/debug/deps/libtracing-2c5367674a58af35.rlib" "/opt/rustwide/target/debug/deps/libtracing_core-d82c2abd28b95a40.rlib" "/opt/rustwide/target/debug/deps/libonce_cell-728f13abc4f8cf5f.rlib" "/opt/rustwide/target/debug/deps/libhttp_body-d1cb86c1b47cddd5.rlib" "/opt/rustwide/target/debug/deps/libtokio-a734375a7c11814e.rlib" "/opt/rustwide/target/debug/deps/libnum_cpus-3adee3a9b1c33b7e.rlib" "/opt/rustwide/target/debug/deps/libsocket2-830364a7bcefe377.rlib" "/opt/rustwide/target/debug/deps/libmio-927df961a51072d9.rlib" "/opt/rustwide/target/debug/deps/liblibc-c55557f7f88b1291.rlib" "/opt/rustwide/target/debug/deps/libhttpdate-af0e4761081a49c7.rlib" "/opt/rustwide/target/debug/deps/libhttp-bd114241e9a85abf.rlib" "/opt/rustwide/target/debug/deps/libitoa-0907925ccea3b058.rlib" "/opt/rustwide/target/debug/deps/libbytes-34a79b63f509580e.rlib" "/opt/rustwide/target/debug/deps/libfnv-953831fe314029b4.rlib" "/opt/rustwide/target/debug/deps/libfutures_util-295045e947d6bd5f.rlib" "/opt/rustwide/target/debug/deps/libmemchr-28f7d340dd19ea23.rlib" "/opt/rustwide/target/debug/deps/libfutures_io-71cd5128c90d7d08.rlib" "/opt/rustwide/target/debug/deps/libslab-ce952e4d8ebf26c9.rlib" "/opt/rustwide/target/debug/deps/libfutures_channel-6c3524a8837d8269.rlib" "/opt/rustwide/target/debug/deps/libpin_project_lite-e8b15c1d45637ce8.rlib" "/opt/rustwide/target/debug/deps/libfutures_sink-623c2952ee7aa955.rlib" "/opt/rustwide/target/debug/deps/libfutures_task-a89347c5f688dfaa.rlib" "/opt/rustwide/target/debug/deps/libpin_utils-9c5dcf17efb91bff.rlib" "/opt/rustwide/target/debug/deps/libfutures_core-33f184b6951e8fbf.rlib" "/opt/rustwide/target/debug/deps/libbase64-a25f4c710a824bfc.rlib" "/opt/rustwide/target/debug/deps/liblog-c50132996933641a.rlib" "/opt/rustwide/target/debug/deps/libcfg_if-e7002d307f97bc56.rlib" "/opt/rustwide/rustup-home/toolchains/beta-2023-12-22-x86_64-unknown-linux-gnu/lib/rustlib/x86_64-unknown-linux-gnu/lib/libstd-0672489a78b613de.rlib" "/opt/rustwide/rustup-home/toolchains/beta-2023-12-22-x86_64-unknown-linux-gnu/lib/rustlib/x86_64-unknown-linux-gnu/lib/libpanic_unwind-7eb3ffc34a49f675.rlib" "/opt/rustwide/rustup-home/toolchains/beta-2023-12-22-x86_64-unknown-linux-gnu/lib/rustlib/x86_64-unknown-linux-gnu/lib/libobject-6478a9daa4bee8e2.rlib" "/opt/rustwide/rustup-home/toolchains/beta-2023-12-22-x86_64-unknown-linux-gnu/lib/rustlib/x86_64-unknown-linux-gnu/lib/libmemchr-0c75d871a5c3923d.rlib" "/opt/rustwide/rustup-home/toolchains/beta-2023-12-22-x86_64-unknown-linux-gnu/lib/rustlib/x86_64-unknown-linux-gnu/lib/libaddr2line-d163ef63ad37bb71.rlib" "/opt/rustwide/rustup-home/toolchains/beta-2023-12-22-x86_64-unknown-linux-gnu/lib/rustlib/x86_64-unknown-linux-gnu/lib/libgimli-8a3fd810a85b9f4c.rlib" "/opt/rustwide/rustup-home/toolchains/beta-2023-12-22-x86_64-unknown-linux-gnu/lib/rustlib/x86_64-unknown-linux-gnu/lib/librustc_demangle-462a2cde8c5dfc10.rlib" "/opt/rustwide/rustup-home/toolchains/beta-2023-12-22-x86_64-unknown-linux-gnu/lib/rustlib/x86_64-unknown-linux-gnu/lib/libstd_detect-cb06ac9f54713f71.rlib" "/opt/rustwide/rustup-home/toolchains/beta-2023-12-22-x86_64-unknown-linux-gnu/lib/rustlib/x86_64-unknown-linux-gnu/lib/libhashbrown-f20bfd1f8e59b393.rlib" "/opt/rustwide/rustup-home/toolchains/beta-2023-12-22-x86_64-unknown-linux-gnu/lib/rustlib/x86_64-unknown-linux-gnu/lib/librustc_std_workspace_alloc-1ef460949b49da4b.rlib" "/opt/rustwide/rustup-home/toolchains/beta-2023-12-22-x86_64-unknown-linux-gnu/lib/rustlib/x86_64-unknown-linux-gnu/lib/libminiz_oxide-2cb0c0ffe4f87514.rlib" "/opt/rustwide/rustup-home/toolchains/beta-2023-12-22-x86_64-unknown-linux-gnu/lib/rustlib/x86_64-unknown-linux-gnu/lib/libadler-58d841eb322a11a2.rlib" "/opt/rustwide/rustup-home/toolchains/beta-2023-12-22-x86_64-unknown-linux-gnu/lib/rustlib/x86_64-unknown-linux-gnu/lib/libunwind-aa2ae0b0a9d11533.rlib" "/opt/rustwide/rustup-home/toolchains/beta-2023-12-22-x86_64-unknown-linux-gnu/lib/rustlib/x86_64-unknown-linux-gnu/lib/libcfg_if-23874e15830ed336.rlib" "/opt/rustwide/rustup-home/toolchains/beta-2023-12-22-x86_64-unknown-linux-gnu/lib/rustlib/x86_64-unknown-linux-gnu/lib/liblibc-e47cddc003bce885.rlib" "/opt/rustwide/rustup-home/toolchains/beta-2023-12-22-x86_64-unknown-linux-gnu/lib/rustlib/x86_64-unknown-linux-gnu/lib/liballoc-c22b13b48a8f128e.rlib" "/opt/rustwide/rustup-home/toolchains/beta-2023-12-22-x86_64-unknown-linux-gnu/lib/rustlib/x86_64-unknown-linux-gnu/lib/librustc_std_workspace_core-e46bc3da6d7c462f.rlib" "/opt/rustwide/rustup-home/toolchains/beta-2023-12-22-x86_64-unknown-linux-gnu/lib/rustlib/x86_64-unknown-linux-gnu/lib/libcore-8d1ac131d3cb2645.rlib" "/opt/rustwide/rustup-home/toolchains/beta-2023-12-22-x86_64-unknown-linux-gnu/lib/rustlib/x86_64-unknown-linux-gnu/lib/libcompiler_builtins-a1b43df8c6899c1f.rlib" "-Wl,-Bdynamic" "-lgcc_s" "-lutil" "-lrt" "-lpthread" "-lm" "-ldl" "-lc" "-Wl,--eh-frame-hdr" "-Wl,-z,noexecstack" "-L" "/opt/rustwide/rustup-home/toolchains/beta-2023-12-22-x86_64-unknown-linux-gnu/lib/rustlib/x86_64-unknown-linux-gnu/lib" "-o" "/opt/rustwide/target/debug/deps/version_test-d0585c9473703031" "-Wl,--gc-sections" "-pie" "-Wl,-z,relro,-z,now" "-nodefaultlibs"
[INFO] [stdout]   = note: collect2: fatal error: ld terminated with signal 9 [Killed]
[INFO] [stdout]           compilation terminated.
[INFO] [stdout]           
[INFO] [stdout] 
[INFO] [stdout] 
[INFO] [stdout] error: aborting due to 1 previous error
[INFO] [stdout] 
[INFO] [stdout] 
[INFO] [stderr] error: could not compile `bollard` (test "version_test") due to 2 previous errors
[INFO] [stdout] error: linking with `cc` failed: exit status: 1
[INFO] [stdout]   |
[INFO] [stdout]   = note: LC_ALL="C" PATH="/opt/rustwide/rustup-home/toolchains/beta-2023-12-22-x86_64-unknown-linux-gnu/lib/rustlib/x86_64-unknown-linux-gnu/bin:/opt/rustwide/cargo-home/bin:/usr/local/sbin:/usr/local/bin:/usr/sbin:/usr/bin:/sbin:/bin" VSLANG="1033" "cc" "-m64" "/tmp/rustc0p5yue/symbols.o" "/opt/rustwide/target/debug/examples/post_dockerfile-bb7afb678e6b5302.post_dockerfile.f236eb415e806cbd-cgu.0.rcgu.o" "/opt/rustwide/target/debug/examples/post_dockerfile-bb7afb678e6b5302.post_dockerfile.f236eb415e806cbd-cgu.1.rcgu.o" "/opt/rustwide/target/debug/examples/post_dockerfile-bb7afb678e6b5302.post_dockerfile.f236eb415e806cbd-cgu.2.rcgu.o" "/opt/rustwide/target/debug/examples/post_dockerfile-bb7afb678e6b5302.post_dockerfile.f236eb415e806cbd-cgu.3.rcgu.o" "/opt/rustwide/target/debug/examples/post_dockerfile-bb7afb678e6b5302.1ys6564o5d1446n2.rcgu.o" "-Wl,--as-needed" "-L" "/opt/rustwide/target/debug/deps" "-L" "/opt/rustwide/rustup-home/toolchains/beta-2023-12-22-x86_64-unknown-linux-gnu/lib/rustlib/x86_64-unknown-linux-gnu/lib" "-Wl,-Bstatic" "/opt/rustwide/target/debug/deps/libbollard-53e2131ef8a71205.rlib" "/opt/rustwide/target/debug/deps/libserde_urlencoded-ce0882b17efa9189.rlib" "/opt/rustwide/target/debug/deps/libthiserror-1b92e306fbc5974a.rlib" "/opt/rustwide/target/debug/deps/libbollard_stubs-2170385b99ea648e.rlib" "/opt/rustwide/target/debug/deps/libserde_with-bdb946af1057d1c3.rlib" "/opt/rustwide/target/debug/deps/liburl-8bb9281713bf7706.rlib" "/opt/rustwide/target/debug/deps/libidna-22b2d6c8609d7f10.rlib" "/opt/rustwide/target/debug/deps/libunicode_normalization-d46a9be84e5a96bd.rlib" "/opt/rustwide/target/debug/deps/libtinyvec-e7dc63e82263080a.rlib" "/opt/rustwide/target/debug/deps/libtinyvec_macros-2b90caf71be257df.rlib" "/opt/rustwide/target/debug/deps/libunicode_bidi-0c1ae77adac0172f.rlib" "/opt/rustwide/target/debug/deps/libform_urlencoded-2e6be29729763aa6.rlib" "/opt/rustwide/target/debug/deps/libpercent_encoding-52ba3d834e28489d.rlib" "/opt/rustwide/target/debug/deps/libserde_json-0da54b0b8909ab62.rlib" "/opt/rustwide/target/debug/deps/libryu-f1ac1cda2d3cac1e.rlib" "/opt/rustwide/target/debug/deps/libhyperlocal-a786c23674a3eebc.rlib" "/opt/rustwide/target/debug/deps/libpin_project-ff9604e2ffb1d43b.rlib" "/opt/rustwide/target/debug/deps/libhex-bf5d7c1623e40692.rlib" "/opt/rustwide/target/debug/deps/libserde-a86e64a506c63be1.rlib" "/opt/rustwide/target/debug/deps/libhyper-72214fa1a9249277.rlib" "/opt/rustwide/target/debug/deps/libwant-14f9215dbf3df951.rlib" "/opt/rustwide/target/debug/deps/libtry_lock-539bdf1ed77a7a8a.rlib" "/opt/rustwide/target/debug/deps/libhttparse-2dbc320ca65411a3.rlib" "/opt/rustwide/target/debug/deps/libh2-5f68d7c27bd9a970.rlib" "/opt/rustwide/target/debug/deps/libindexmap-d71c326424e9d2fa.rlib" "/opt/rustwide/target/debug/deps/libhashbrown-e273ba0f8cdcbe5b.rlib" "/opt/rustwide/target/debug/deps/libtokio_util-0b8598a74ca62f41.rlib" "/opt/rustwide/target/debug/deps/libtower_service-92bbc7b5a1dd8782.rlib" "/opt/rustwide/target/debug/deps/libtracing-2c5367674a58af35.rlib" "/opt/rustwide/target/debug/deps/libtracing_core-d82c2abd28b95a40.rlib" "/opt/rustwide/target/debug/deps/libonce_cell-728f13abc4f8cf5f.rlib" "/opt/rustwide/target/debug/deps/libhttp_body-d1cb86c1b47cddd5.rlib" "/opt/rustwide/target/debug/deps/libtokio-a734375a7c11814e.rlib" "/opt/rustwide/target/debug/deps/libnum_cpus-3adee3a9b1c33b7e.rlib" "/opt/rustwide/target/debug/deps/libsocket2-830364a7bcefe377.rlib" "/opt/rustwide/target/debug/deps/libmio-927df961a51072d9.rlib" "/opt/rustwide/target/debug/deps/liblibc-c55557f7f88b1291.rlib" "/opt/rustwide/target/debug/deps/libhttpdate-af0e4761081a49c7.rlib" "/opt/rustwide/target/debug/deps/libhttp-bd114241e9a85abf.rlib" "/opt/rustwide/target/debug/deps/libitoa-0907925ccea3b058.rlib" "/opt/rustwide/target/debug/deps/libbytes-34a79b63f509580e.rlib" "/opt/rustwide/target/debug/deps/libfnv-953831fe314029b4.rlib" "/opt/rustwide/target/debug/deps/libfutures_util-295045e947d6bd5f.rlib" "/opt/rustwide/target/debug/deps/libmemchr-28f7d340dd19ea23.rlib" "/opt/rustwide/target/debug/deps/libfutures_io-71cd5128c90d7d08.rlib" "/opt/rustwide/target/debug/deps/libslab-ce952e4d8ebf26c9.rlib" "/opt/rustwide/target/debug/deps/libfutures_channel-6c3524a8837d8269.rlib" "/opt/rustwide/target/debug/deps/libpin_project_lite-e8b15c1d45637ce8.rlib" "/opt/rustwide/target/debug/deps/libfutures_sink-623c2952ee7aa955.rlib" "/opt/rustwide/target/debug/deps/libfutures_task-a89347c5f688dfaa.rlib" "/opt/rustwide/target/debug/deps/libpin_utils-9c5dcf17efb91bff.rlib" "/opt/rustwide/target/debug/deps/libfutures_core-33f184b6951e8fbf.rlib" "/opt/rustwide/target/debug/deps/libbase64-a25f4c710a824bfc.rlib" "/opt/rustwide/target/debug/deps/liblog-c50132996933641a.rlib" "/opt/rustwide/target/debug/deps/libcfg_if-e7002d307f97bc56.rlib" "/opt/rustwide/rustup-home/toolchains/beta-2023-12-22-x86_64-unknown-linux-gnu/lib/rustlib/x86_64-unknown-linux-gnu/lib/libstd-0672489a78b613de.rlib" "/opt/rustwide/rustup-home/toolchains/beta-2023-12-22-x86_64-unknown-linux-gnu/lib/rustlib/x86_64-unknown-linux-gnu/lib/libpanic_unwind-7eb3ffc34a49f675.rlib" "/opt/rustwide/rustup-home/toolchains/beta-2023-12-22-x86_64-unknown-linux-gnu/lib/rustlib/x86_64-unknown-linux-gnu/lib/libobject-6478a9daa4bee8e2.rlib" "/opt/rustwide/rustup-home/toolchains/beta-2023-12-22-x86_64-unknown-linux-gnu/lib/rustlib/x86_64-unknown-linux-gnu/lib/libmemchr-0c75d871a5c3923d.rlib" "/opt/rustwide/rustup-home/toolchains/beta-2023-12-22-x86_64-unknown-linux-gnu/lib/rustlib/x86_64-unknown-linux-gnu/lib/libaddr2line-d163ef63ad37bb71.rlib" "/opt/rustwide/rustup-home/toolchains/beta-2023-12-22-x86_64-unknown-linux-gnu/lib/rustlib/x86_64-unknown-linux-gnu/lib/libgimli-8a3fd810a85b9f4c.rlib" "/opt/rustwide/rustup-home/toolchains/beta-2023-12-22-x86_64-unknown-linux-gnu/lib/rustlib/x86_64-unknown-linux-gnu/lib/librustc_demangle-462a2cde8c5dfc10.rlib" "/opt/rustwide/rustup-home/toolchains/beta-2023-12-22-x86_64-unknown-linux-gnu/lib/rustlib/x86_64-unknown-linux-gnu/lib/libstd_detect-cb06ac9f54713f71.rlib" "/opt/rustwide/rustup-home/toolchains/beta-2023-12-22-x86_64-unknown-linux-gnu/lib/rustlib/x86_64-unknown-linux-gnu/lib/libhashbrown-f20bfd1f8e59b393.rlib" "/opt/rustwide/rustup-home/toolchains/beta-2023-12-22-x86_64-unknown-linux-gnu/lib/rustlib/x86_64-unknown-linux-gnu/lib/librustc_std_workspace_alloc-1ef460949b49da4b.rlib" "/opt/rustwide/rustup-home/toolchains/beta-2023-12-22-x86_64-unknown-linux-gnu/lib/rustlib/x86_64-unknown-linux-gnu/lib/libminiz_oxide-2cb0c0ffe4f87514.rlib" "/opt/rustwide/rustup-home/toolchains/beta-2023-12-22-x86_64-unknown-linux-gnu/lib/rustlib/x86_64-unknown-linux-gnu/lib/libadler-58d841eb322a11a2.rlib" "/opt/rustwide/rustup-home/toolchains/beta-2023-12-22-x86_64-unknown-linux-gnu/lib/rustlib/x86_64-unknown-linux-gnu/lib/libunwind-aa2ae0b0a9d11533.rlib" "/opt/rustwide/rustup-home/toolchains/beta-2023-12-22-x86_64-unknown-linux-gnu/lib/rustlib/x86_64-unknown-linux-gnu/lib/libcfg_if-23874e15830ed336.rlib" "/opt/rustwide/rustup-home/toolchains/beta-2023-12-22-x86_64-unknown-linux-gnu/lib/rustlib/x86_64-unknown-linux-gnu/lib/liblibc-e47cddc003bce885.rlib" "/opt/rustwide/rustup-home/toolchains/beta-2023-12-22-x86_64-unknown-linux-gnu/lib/rustlib/x86_64-unknown-linux-gnu/lib/liballoc-c22b13b48a8f128e.rlib" "/opt/rustwide/rustup-home/toolchains/beta-2023-12-22-x86_64-unknown-linux-gnu/lib/rustlib/x86_64-unknown-linux-gnu/lib/librustc_std_workspace_core-e46bc3da6d7c462f.rlib" "/opt/rustwide/rustup-home/toolchains/beta-2023-12-22-x86_64-unknown-linux-gnu/lib/rustlib/x86_64-unknown-linux-gnu/lib/libcore-8d1ac131d3cb2645.rlib" "/opt/rustwide/rustup-home/toolchains/beta-2023-12-22-x86_64-unknown-linux-gnu/lib/rustlib/x86_64-unknown-linux-gnu/lib/libcompiler_builtins-a1b43df8c6899c1f.rlib" "-Wl,-Bdynamic" "-lgcc_s" "-lutil" "-lrt" "-lpthread" "-lm" "-ldl" "-lc" "-Wl,--eh-frame-hdr" "-Wl,-z,noexecstack" "-L" "/opt/rustwide/rustup-home/toolchains/beta-2023-12-22-x86_64-unknown-linux-gnu/lib/rustlib/x86_64-unknown-linux-gnu/lib" "-o" "/opt/rustwide/target/debug/examples/post_dockerfile-bb7afb678e6b5302" "-Wl,--gc-sections" "-pie" "-Wl,-z,relro,-z,now" "-nodefaultlibs"
[INFO] [stdout]   = note: collect2: fatal error: ld terminated with signal 9 [Killed]
[INFO] [stdout]           compilation terminated.
[INFO] [stdout]           
[INFO] [stdout] 
[INFO] [stdout] 
[INFO] [stdout] error: aborting due to 1 previous error
[INFO] [stdout] 
[INFO] [stdout] 
[INFO] [stderr] error: could not compile `bollard` (example "post_dockerfile") due to 2 previous errors
[INFO] running `Command { std: "docker" "inspect" "e359c4f739e4b3043923693a021dc8f46c8dd755ac45b9ab1ea3104d6196c21a", kill_on_drop: false }`
[INFO] running `Command { std: "docker" "rm" "-f" "e359c4f739e4b3043923693a021dc8f46c8dd755ac45b9ab1ea3104d6196c21a", kill_on_drop: false }`
[INFO] [stdout] e359c4f739e4b3043923693a021dc8f46c8dd755ac45b9ab1ea3104d6196c21a
