[INFO] fetching crate bollard-next 0.15.4...
[INFO] testing bollard-next-0.15.4 against 1.75.0 for beta-1.76-1
[INFO] extracting crate bollard-next 0.15.4 into /workspace/builds/worker-4-tc1/source
[INFO] validating manifest of crates.io crate bollard-next 0.15.4 on toolchain 1.75.0
[INFO] running `Command { std: CARGO_HOME="/workspace/cargo-home" RUSTUP_HOME="/workspace/rustup-home" "/workspace/cargo-home/bin/cargo" "+1.75.0" "metadata" "--manifest-path" "Cargo.toml" "--no-deps", kill_on_drop: false }`
[INFO] removed /workspace/builds/worker-4-tc1/source/.cargo/config.toml
[INFO] started tweaking crates.io crate bollard-next 0.15.4
[INFO] finished tweaking crates.io crate bollard-next 0.15.4
[INFO] tweaked toml for crates.io crate bollard-next 0.15.4 written to /workspace/builds/worker-4-tc1/source/Cargo.toml
[INFO] crate crates.io crate bollard-next 0.15.4 already has a lockfile, it will not be regenerated
[INFO] running `Command { std: CARGO_HOME="/workspace/cargo-home" RUSTUP_HOME="/workspace/rustup-home" "/workspace/cargo-home/bin/cargo" "+1.75.0" "fetch" "--manifest-path" "Cargo.toml", kill_on_drop: false }`
[INFO] [stderr]     Updating crates.io index
[INFO] [stderr]  Downloading crates ...
[INFO] [stderr]   Downloaded serde_repr v0.1.16
[INFO] [stderr]   Downloaded hyperlocal v0.8.0
[INFO] [stderr]   Downloaded thiserror v1.0.49
[INFO] [stderr]   Downloaded yup-hyper-mock v6.0.0
[INFO] [stderr]   Downloaded termion v2.0.1
[INFO] [stderr]   Downloaded utoipa v4.0.0
[INFO] [stderr]   Downloaded tokio-util v0.7.9
[INFO] [stderr]   Downloaded utoipa-gen v4.0.0
[INFO] [stderr]   Downloaded hashbrown v0.14.1
[INFO] [stderr]   Downloaded rustls-webpki v0.101.6
[INFO] [stderr]   Downloaded time v0.3.29
[INFO] [stderr]   Downloaded bollard-buildkit-proto v0.2.0
[INFO] [stderr]   Downloaded serde_with v3.3.0
[INFO] [stderr]   Downloaded bollard-next-stubs v1.43.0-rc.5
[INFO] [stderr]   Downloaded thiserror-impl v1.0.49
[INFO] [stderr]   Downloaded prost-types v0.12.1
[INFO] [stderr]   Downloaded ct-logs v0.9.0
[INFO] running `Command { std: "docker" "create" "-v" "/var/lib/crater-agent-workspace/builds/worker-4-tc1/target:/opt/rustwide/target:rw,Z" "-v" "/var/lib/crater-agent-workspace/builds/worker-4-tc1/source:/opt/rustwide/workdir:ro,Z" "-v" "/var/lib/crater-agent-workspace/cargo-home:/opt/rustwide/cargo-home:ro,Z" "-v" "/var/lib/crater-agent-workspace/rustup-home:/opt/rustwide/rustup-home:ro,Z" "-e" "SOURCE_DIR=/opt/rustwide/workdir" "-e" "CARGO_TARGET_DIR=/opt/rustwide/target" "-e" "CARGO_HOME=/opt/rustwide/cargo-home" "-e" "RUSTUP_HOME=/opt/rustwide/rustup-home" "-w" "/opt/rustwide/workdir" "-m" "1610612736" "--user" "0:0" "--network" "none" "ghcr.io/rust-lang/crates-build-env/linux@sha256:2788e3201cd34a07e3172128adcd8b3090168a8e3bcc40d7c032b9dda1df7d1c" "/opt/rustwide/cargo-home/bin/cargo" "+1.75.0" "metadata" "--no-deps" "--format-version=1", kill_on_drop: false }`
[INFO] [stdout] dd310261934e15f4512d935c971d50fabef56389d1e8e9c3d1314d9a62290f7d
[INFO] running `Command { std: "docker" "start" "-a" "dd310261934e15f4512d935c971d50fabef56389d1e8e9c3d1314d9a62290f7d", kill_on_drop: false }`
[INFO] running `Command { std: "docker" "inspect" "dd310261934e15f4512d935c971d50fabef56389d1e8e9c3d1314d9a62290f7d", kill_on_drop: false }`
[INFO] running `Command { std: "docker" "rm" "-f" "dd310261934e15f4512d935c971d50fabef56389d1e8e9c3d1314d9a62290f7d", kill_on_drop: false }`
[INFO] [stdout] dd310261934e15f4512d935c971d50fabef56389d1e8e9c3d1314d9a62290f7d
[INFO] running `Command { std: "docker" "create" "-v" "/var/lib/crater-agent-workspace/builds/worker-4-tc1/target:/opt/rustwide/target:rw,Z" "-v" "/var/lib/crater-agent-workspace/builds/worker-4-tc1/source:/opt/rustwide/workdir:ro,Z" "-v" "/var/lib/crater-agent-workspace/cargo-home:/opt/rustwide/cargo-home:ro,Z" "-v" "/var/lib/crater-agent-workspace/rustup-home:/opt/rustwide/rustup-home:ro,Z" "-e" "SOURCE_DIR=/opt/rustwide/workdir" "-e" "CARGO_TARGET_DIR=/opt/rustwide/target" "-e" "CARGO_INCREMENTAL=0" "-e" "RUST_BACKTRACE=full" "-e" "RUSTFLAGS=--cap-lints=warn" "-e" "RUSTDOCFLAGS=--cap-lints=warn" "-e" "CARGO_HOME=/opt/rustwide/cargo-home" "-e" "RUSTUP_HOME=/opt/rustwide/rustup-home" "-w" "/opt/rustwide/workdir" "-m" "1610612736" "--user" "0:0" "--network" "none" "ghcr.io/rust-lang/crates-build-env/linux@sha256:2788e3201cd34a07e3172128adcd8b3090168a8e3bcc40d7c032b9dda1df7d1c" "/opt/rustwide/cargo-home/bin/cargo" "+1.75.0" "build" "--frozen" "--message-format=json", kill_on_drop: false }`
[INFO] [stdout] 69ad1d941ac706272e3465413c371890c5e96d2042c4f7b880042827f4a18361
[INFO] running `Command { std: "docker" "start" "-a" "69ad1d941ac706272e3465413c371890c5e96d2042c4f7b880042827f4a18361", kill_on_drop: false }`
[INFO] [stderr]    Compiling proc-macro2 v1.0.69
[INFO] [stderr]    Compiling libc v0.2.149
[INFO] [stderr]    Compiling futures-core v0.3.28
[INFO] [stderr]    Compiling bytes v1.5.0
[INFO] [stderr]    Compiling itoa v1.0.9
[INFO] [stderr]    Compiling futures-task v0.3.28
[INFO] [stderr]    Compiling once_cell v1.18.0
[INFO] [stderr]    Compiling serde v1.0.188
[INFO] [stderr]    Compiling futures-util v0.3.28
[INFO] [stderr]    Compiling fnv v1.0.7
[INFO] [stderr]    Compiling futures-sink v0.3.28
[INFO] [stderr]    Compiling httparse v1.8.0
[INFO] [stderr]    Compiling pin-utils v0.1.0
[INFO] [stderr]    Compiling futures-channel v0.3.28
[INFO] [stderr]    Compiling tinyvec v1.6.0
[INFO] [stderr]    Compiling indexmap v1.9.3
[INFO] [stderr]    Compiling percent-encoding v2.3.0
[INFO] [stderr]    Compiling try-lock v0.2.4
[INFO] [stderr]    Compiling serde_json v1.0.107
[INFO] [stderr]    Compiling tracing-core v0.1.31
[INFO] [stderr]    Compiling want v0.3.1
[INFO] [stderr]    Compiling tower-service v0.3.2
[INFO] [stderr]    Compiling form_urlencoded v1.2.0
[INFO] [stderr]    Compiling unicode-bidi v0.3.13
[INFO] [stderr]    Compiling ryu v1.0.15
[INFO] [stderr]    Compiling thiserror v1.0.49
[INFO] [stderr]    Compiling httpdate v1.0.3
[INFO] [stderr]    Compiling base64 v0.21.4
[INFO] [stderr]    Compiling log v0.4.20
[INFO] [stderr]    Compiling tracing v0.1.37
[INFO] [stderr]    Compiling http v0.2.9
[INFO] [stderr]    Compiling quote v1.0.33
[INFO] [stderr]    Compiling syn v2.0.38
[INFO] [stderr]    Compiling unicode-normalization v0.1.22
[INFO] [stderr]    Compiling num_cpus v1.16.0
[INFO] [stderr]    Compiling mio v0.8.8
[INFO] [stderr]    Compiling socket2 v0.5.4
[INFO] [stderr]    Compiling socket2 v0.4.9
[INFO] [stderr]    Compiling http-body v0.4.5
[INFO] [stderr]    Compiling idna v0.4.0
[INFO] [stderr]    Compiling tokio v1.33.0
[INFO] [stderr]    Compiling url v2.4.1
[INFO] [stderr]    Compiling serde_derive v1.0.188
[INFO] [stderr]    Compiling futures-macro v0.3.28
[INFO] [stderr]    Compiling pin-project-internal v1.1.3
[INFO] [stderr]    Compiling serde_repr v0.1.16
[INFO] [stderr]    Compiling thiserror-impl v1.0.49
[INFO] [stderr]    Compiling tokio-util v0.7.9
[INFO] [stderr]    Compiling pin-project v1.1.3
[INFO] [stderr]    Compiling h2 v0.3.21
[INFO] [stderr]    Compiling serde_with v3.3.0
[INFO] [stderr]    Compiling serde_urlencoded v0.7.1
[INFO] [stderr]    Compiling hyper v0.14.27
[INFO] [stderr]    Compiling bollard-next-stubs v1.43.0-rc.5
[INFO] [stderr]    Compiling hyperlocal v0.8.0
[INFO] [stderr]    Compiling bollard-next v0.15.4 (/opt/rustwide/workdir)
[INFO] [stderr]     Finished dev [unoptimized + debuginfo] target(s) in 35.36s
[INFO] running `Command { std: "docker" "inspect" "69ad1d941ac706272e3465413c371890c5e96d2042c4f7b880042827f4a18361", kill_on_drop: false }`
[INFO] running `Command { std: "docker" "rm" "-f" "69ad1d941ac706272e3465413c371890c5e96d2042c4f7b880042827f4a18361", kill_on_drop: false }`
[INFO] [stdout] 69ad1d941ac706272e3465413c371890c5e96d2042c4f7b880042827f4a18361
[INFO] running `Command { std: "docker" "create" "-v" "/var/lib/crater-agent-workspace/builds/worker-4-tc1/target:/opt/rustwide/target:rw,Z" "-v" "/var/lib/crater-agent-workspace/builds/worker-4-tc1/source:/opt/rustwide/workdir:ro,Z" "-v" "/var/lib/crater-agent-workspace/cargo-home:/opt/rustwide/cargo-home:ro,Z" "-v" "/var/lib/crater-agent-workspace/rustup-home:/opt/rustwide/rustup-home:ro,Z" "-e" "SOURCE_DIR=/opt/rustwide/workdir" "-e" "CARGO_TARGET_DIR=/opt/rustwide/target" "-e" "CARGO_INCREMENTAL=0" "-e" "RUST_BACKTRACE=full" "-e" "RUSTFLAGS=--cap-lints=warn" "-e" "RUSTDOCFLAGS=--cap-lints=warn" "-e" "CARGO_HOME=/opt/rustwide/cargo-home" "-e" "RUSTUP_HOME=/opt/rustwide/rustup-home" "-w" "/opt/rustwide/workdir" "-m" "1610612736" "--user" "0:0" "--network" "none" "ghcr.io/rust-lang/crates-build-env/linux@sha256:2788e3201cd34a07e3172128adcd8b3090168a8e3bcc40d7c032b9dda1df7d1c" "/opt/rustwide/cargo-home/bin/cargo" "+1.75.0" "test" "--frozen" "--no-run" "--message-format=json", kill_on_drop: false }`
[INFO] [stdout] f5c0de17b9dcceade31bdeb45d2043c436774986528fdaf48b4b108de8b88cc8
[INFO] running `Command { std: "docker" "start" "-a" "f5c0de17b9dcceade31bdeb45d2043c436774986528fdaf48b4b108de8b88cc8", kill_on_drop: false }`
[INFO] [stderr]    Compiling futures-channel v0.3.28
[INFO] [stderr]    Compiling futures-util v0.3.28
[INFO] [stderr]    Compiling futures-io v0.3.28
[INFO] [stderr]    Compiling memchr v2.6.4
[INFO] [stderr]    Compiling mio v0.8.8
[INFO] [stderr]    Compiling tokio-macros v2.1.0
[INFO] [stderr]    Compiling adler v1.0.2
[INFO] [stderr]    Compiling filetime v0.2.22
[INFO] [stderr]    Compiling xattr v1.0.1
[INFO] [stderr]    Compiling numtoa v0.1.0
[INFO] [stderr]    Compiling miniz_oxide v0.7.1
[INFO] [stderr]    Compiling termion v2.0.1
[INFO] [stderr]    Compiling tar v0.4.40
[INFO] [stderr]    Compiling flate2 v1.0.27
[INFO] [stderr]    Compiling tokio v1.33.0
[INFO] [stderr]    Compiling futures-executor v0.3.28
[INFO] [stderr]    Compiling futures v0.3.28
[INFO] [stderr]    Compiling tokio-util v0.7.9
[INFO] [stderr]    Compiling h2 v0.3.21
[INFO] [stderr]    Compiling hyper v0.14.27
[INFO] [stderr]    Compiling hyperlocal v0.8.0
[INFO] [stderr]    Compiling yup-hyper-mock v6.0.0
[INFO] [stderr]    Compiling bollard-next v0.15.4 (/opt/rustwide/workdir)
[INFO] [stderr] error: could not compile `bollard-next` (test "system_test")
[INFO] [stderr] 
[INFO] [stderr] Caused by:
[INFO] [stderr]   process didn't exit successfully: `/opt/rustwide/rustup-home/toolchains/1.75.0-x86_64-unknown-linux-gnu/bin/rustc --crate-name system_test --edition=2021 tests/system_test.rs --error-format=json --json=diagnostic-rendered-ansi,artifacts,future-incompat --emit=dep-info,link -C embed-bitcode=no -C debuginfo=2 --test -C metadata=80228c2c854f8cf3 -C extra-filename=-80228c2c854f8cf3 --out-dir /opt/rustwide/target/debug/deps -L dependency=/opt/rustwide/target/debug/deps --extern base64=/opt/rustwide/target/debug/deps/libbase64-3052c0bc8cc540c1.rlib --extern bollard_next=/opt/rustwide/target/debug/deps/libbollard_next-0b290273c0ce520f.rlib --extern bollard_next_stubs=/opt/rustwide/target/debug/deps/libbollard_next_stubs-450cd7c607708a93.rlib --extern bytes=/opt/rustwide/target/debug/deps/libbytes-0a052f49710012b1.rlib --extern flate2=/opt/rustwide/target/debug/deps/libflate2-97e0673cd6bbc160.rlib --extern futures_core=/opt/rustwide/target/debug/deps/libfutures_core-02b74ed2f49284a7.rlib --extern futures_util=/opt/rustwide/target/debug/deps/libfutures_util-a4d53e0c1d0cc6a0.rlib --extern hex=/opt/rustwide/target/debug/deps/libhex-05644b5497b79c5b.rlib --extern http=/opt/rustwide/target/debug/deps/libhttp-f741a19cbfac6912.rlib --extern hyper=/opt/rustwide/target/debug/deps/libhyper-e761861ac1040a7b.rlib --extern hyperlocal=/opt/rustwide/target/debug/deps/libhyperlocal-87481d1f227331af.rlib --extern log=/opt/rustwide/target/debug/deps/liblog-4f472032e8cdd371.rlib --extern pin_project_lite=/opt/rustwide/target/debug/deps/libpin_project_lite-e0757e0deaa2f8a0.rlib --extern serde=/opt/rustwide/target/debug/deps/libserde-5b6738ef81f48755.rlib --extern serde_derive=/opt/rustwide/target/debug/deps/libserde_derive-521f9515b4035904.so --extern serde_json=/opt/rustwide/target/debug/deps/libserde_json-68310a38b836a2a8.rlib --extern serde_repr=/opt/rustwide/target/debug/deps/libserde_repr-2b312df86be5cc84.so --extern serde_urlencoded=/opt/rustwide/target/debug/deps/libserde_urlencoded-caa0364a77cc627c.rlib --extern tar=/opt/rustwide/target/debug/deps/libtar-7ac64974511dcedf.rlib --extern termion=/opt/rustwide/target/debug/deps/libtermion-30abaf0016e596e9.rlib --extern thiserror=/opt/rustwide/target/debug/deps/libthiserror-910b0ae1414a94f9.rlib --extern tokio=/opt/rustwide/target/debug/deps/libtokio-bac14e8068540c79.rlib --extern tokio_util=/opt/rustwide/target/debug/deps/libtokio_util-cbfd9a58371d2e2a.rlib --extern url=/opt/rustwide/target/debug/deps/liburl-bc0661a5141cbab3.rlib --extern yup_hyper_mock=/opt/rustwide/target/debug/deps/libyup_hyper_mock-6e89d8aaa62d40ee.rlib --cap-lints=warn` (signal: 9, SIGKILL: kill)
[INFO] [stderr] warning: build failed, waiting for other jobs to finish...
[INFO] [stderr] error: could not compile `bollard-next` (lib test)
[INFO] [stderr] 
[INFO] [stderr] Caused by:
[INFO] [stderr]   process didn't exit successfully: `/opt/rustwide/rustup-home/toolchains/1.75.0-x86_64-unknown-linux-gnu/bin/rustc --crate-name bollard_next --edition=2021 src/lib.rs --error-format=json --json=diagnostic-rendered-ansi,artifacts,future-incompat --emit=dep-info,link -C embed-bitcode=no -C debuginfo=2 --test -C metadata=f644267cea128919 -C extra-filename=-f644267cea128919 --out-dir /opt/rustwide/target/debug/deps -L dependency=/opt/rustwide/target/debug/deps --extern base64=/opt/rustwide/target/debug/deps/libbase64-3052c0bc8cc540c1.rlib --extern bollard_next_stubs=/opt/rustwide/target/debug/deps/libbollard_next_stubs-450cd7c607708a93.rlib --extern bytes=/opt/rustwide/target/debug/deps/libbytes-0a052f49710012b1.rlib --extern flate2=/opt/rustwide/target/debug/deps/libflate2-97e0673cd6bbc160.rlib --extern futures_core=/opt/rustwide/target/debug/deps/libfutures_core-02b74ed2f49284a7.rlib --extern futures_util=/opt/rustwide/target/debug/deps/libfutures_util-a4d53e0c1d0cc6a0.rlib --extern hex=/opt/rustwide/target/debug/deps/libhex-05644b5497b79c5b.rlib --extern http=/opt/rustwide/target/debug/deps/libhttp-f741a19cbfac6912.rlib --extern hyper=/opt/rustwide/target/debug/deps/libhyper-e761861ac1040a7b.rlib --extern hyperlocal=/opt/rustwide/target/debug/deps/libhyperlocal-87481d1f227331af.rlib --extern log=/opt/rustwide/target/debug/deps/liblog-4f472032e8cdd371.rlib --extern pin_project_lite=/opt/rustwide/target/debug/deps/libpin_project_lite-e0757e0deaa2f8a0.rlib --extern serde=/opt/rustwide/target/debug/deps/libserde-5b6738ef81f48755.rlib --extern serde_derive=/opt/rustwide/target/debug/deps/libserde_derive-521f9515b4035904.so --extern serde_json=/opt/rustwide/target/debug/deps/libserde_json-68310a38b836a2a8.rlib --extern serde_repr=/opt/rustwide/target/debug/deps/libserde_repr-2b312df86be5cc84.so --extern serde_urlencoded=/opt/rustwide/target/debug/deps/libserde_urlencoded-caa0364a77cc627c.rlib --extern tar=/opt/rustwide/target/debug/deps/libtar-7ac64974511dcedf.rlib --extern termion=/opt/rustwide/target/debug/deps/libtermion-30abaf0016e596e9.rlib --extern thiserror=/opt/rustwide/target/debug/deps/libthiserror-910b0ae1414a94f9.rlib --extern tokio=/opt/rustwide/target/debug/deps/libtokio-bac14e8068540c79.rlib --extern tokio_util=/opt/rustwide/target/debug/deps/libtokio_util-cbfd9a58371d2e2a.rlib --extern url=/opt/rustwide/target/debug/deps/liburl-bc0661a5141cbab3.rlib --extern yup_hyper_mock=/opt/rustwide/target/debug/deps/libyup_hyper_mock-6e89d8aaa62d40ee.rlib --cap-lints=warn` (signal: 9, SIGKILL: kill)
[INFO] [stderr] error: could not compile `bollard-next` (test "container_test")
[INFO] [stderr] 
[INFO] [stderr] Caused by:
[INFO] [stderr]   process didn't exit successfully: `/opt/rustwide/rustup-home/toolchains/1.75.0-x86_64-unknown-linux-gnu/bin/rustc --crate-name container_test --edition=2021 tests/container_test.rs --error-format=json --json=diagnostic-rendered-ansi,artifacts,future-incompat --emit=dep-info,link -C embed-bitcode=no -C debuginfo=2 --test -C metadata=ebbca04290c2e8b5 -C extra-filename=-ebbca04290c2e8b5 --out-dir /opt/rustwide/target/debug/deps -L dependency=/opt/rustwide/target/debug/deps --extern base64=/opt/rustwide/target/debug/deps/libbase64-3052c0bc8cc540c1.rlib --extern bollard_next=/opt/rustwide/target/debug/deps/libbollard_next-0b290273c0ce520f.rlib --extern bollard_next_stubs=/opt/rustwide/target/debug/deps/libbollard_next_stubs-450cd7c607708a93.rlib --extern bytes=/opt/rustwide/target/debug/deps/libbytes-0a052f49710012b1.rlib --extern flate2=/opt/rustwide/target/debug/deps/libflate2-97e0673cd6bbc160.rlib --extern futures_core=/opt/rustwide/target/debug/deps/libfutures_core-02b74ed2f49284a7.rlib --extern futures_util=/opt/rustwide/target/debug/deps/libfutures_util-a4d53e0c1d0cc6a0.rlib --extern hex=/opt/rustwide/target/debug/deps/libhex-05644b5497b79c5b.rlib --extern http=/opt/rustwide/target/debug/deps/libhttp-f741a19cbfac6912.rlib --extern hyper=/opt/rustwide/target/debug/deps/libhyper-e761861ac1040a7b.rlib --extern hyperlocal=/opt/rustwide/target/debug/deps/libhyperlocal-87481d1f227331af.rlib --extern log=/opt/rustwide/target/debug/deps/liblog-4f472032e8cdd371.rlib --extern pin_project_lite=/opt/rustwide/target/debug/deps/libpin_project_lite-e0757e0deaa2f8a0.rlib --extern serde=/opt/rustwide/target/debug/deps/libserde-5b6738ef81f48755.rlib --extern serde_derive=/opt/rustwide/target/debug/deps/libserde_derive-521f9515b4035904.so --extern serde_json=/opt/rustwide/target/debug/deps/libserde_json-68310a38b836a2a8.rlib --extern serde_repr=/opt/rustwide/target/debug/deps/libserde_repr-2b312df86be5cc84.so --extern serde_urlencoded=/opt/rustwide/target/debug/deps/libserde_urlencoded-caa0364a77cc627c.rlib --extern tar=/opt/rustwide/target/debug/deps/libtar-7ac64974511dcedf.rlib --extern termion=/opt/rustwide/target/debug/deps/libtermion-30abaf0016e596e9.rlib --extern thiserror=/opt/rustwide/target/debug/deps/libthiserror-910b0ae1414a94f9.rlib --extern tokio=/opt/rustwide/target/debug/deps/libtokio-bac14e8068540c79.rlib --extern tokio_util=/opt/rustwide/target/debug/deps/libtokio_util-cbfd9a58371d2e2a.rlib --extern url=/opt/rustwide/target/debug/deps/liburl-bc0661a5141cbab3.rlib --extern yup_hyper_mock=/opt/rustwide/target/debug/deps/libyup_hyper_mock-6e89d8aaa62d40ee.rlib --cap-lints=warn` (signal: 9, SIGKILL: kill)
[INFO] [stderr] error: could not compile `bollard-next` (test "service_test")
[INFO] [stderr] 
[INFO] [stderr] Caused by:
[INFO] [stderr]   process didn't exit successfully: `/opt/rustwide/rustup-home/toolchains/1.75.0-x86_64-unknown-linux-gnu/bin/rustc --crate-name service_test --edition=2021 tests/service_test.rs --error-format=json --json=diagnostic-rendered-ansi,artifacts,future-incompat --emit=dep-info,link -C embed-bitcode=no -C debuginfo=2 --test -C metadata=753d7c31d8338187 -C extra-filename=-753d7c31d8338187 --out-dir /opt/rustwide/target/debug/deps -L dependency=/opt/rustwide/target/debug/deps --extern base64=/opt/rustwide/target/debug/deps/libbase64-3052c0bc8cc540c1.rlib --extern bollard_next=/opt/rustwide/target/debug/deps/libbollard_next-0b290273c0ce520f.rlib --extern bollard_next_stubs=/opt/rustwide/target/debug/deps/libbollard_next_stubs-450cd7c607708a93.rlib --extern bytes=/opt/rustwide/target/debug/deps/libbytes-0a052f49710012b1.rlib --extern flate2=/opt/rustwide/target/debug/deps/libflate2-97e0673cd6bbc160.rlib --extern futures_core=/opt/rustwide/target/debug/deps/libfutures_core-02b74ed2f49284a7.rlib --extern futures_util=/opt/rustwide/target/debug/deps/libfutures_util-a4d53e0c1d0cc6a0.rlib --extern hex=/opt/rustwide/target/debug/deps/libhex-05644b5497b79c5b.rlib --extern http=/opt/rustwide/target/debug/deps/libhttp-f741a19cbfac6912.rlib --extern hyper=/opt/rustwide/target/debug/deps/libhyper-e761861ac1040a7b.rlib --extern hyperlocal=/opt/rustwide/target/debug/deps/libhyperlocal-87481d1f227331af.rlib --extern log=/opt/rustwide/target/debug/deps/liblog-4f472032e8cdd371.rlib --extern pin_project_lite=/opt/rustwide/target/debug/deps/libpin_project_lite-e0757e0deaa2f8a0.rlib --extern serde=/opt/rustwide/target/debug/deps/libserde-5b6738ef81f48755.rlib --extern serde_derive=/opt/rustwide/target/debug/deps/libserde_derive-521f9515b4035904.so --extern serde_json=/opt/rustwide/target/debug/deps/libserde_json-68310a38b836a2a8.rlib --extern serde_repr=/opt/rustwide/target/debug/deps/libserde_repr-2b312df86be5cc84.so --extern serde_urlencoded=/opt/rustwide/target/debug/deps/libserde_urlencoded-caa0364a77cc627c.rlib --extern tar=/opt/rustwide/target/debug/deps/libtar-7ac64974511dcedf.rlib --extern termion=/opt/rustwide/target/debug/deps/libtermion-30abaf0016e596e9.rlib --extern thiserror=/opt/rustwide/target/debug/deps/libthiserror-910b0ae1414a94f9.rlib --extern tokio=/opt/rustwide/target/debug/deps/libtokio-bac14e8068540c79.rlib --extern tokio_util=/opt/rustwide/target/debug/deps/libtokio_util-cbfd9a58371d2e2a.rlib --extern url=/opt/rustwide/target/debug/deps/liburl-bc0661a5141cbab3.rlib --extern yup_hyper_mock=/opt/rustwide/target/debug/deps/libyup_hyper_mock-6e89d8aaa62d40ee.rlib --cap-lints=warn` (signal: 9, SIGKILL: kill)
[INFO] [stderr] error: could not compile `bollard-next` (test "image_test")
[INFO] [stderr] 
[INFO] [stderr] Caused by:
[INFO] [stderr]   process didn't exit successfully: `/opt/rustwide/rustup-home/toolchains/1.75.0-x86_64-unknown-linux-gnu/bin/rustc --crate-name image_test --edition=2021 tests/image_test.rs --error-format=json --json=diagnostic-rendered-ansi,artifacts,future-incompat --emit=dep-info,link -C embed-bitcode=no -C debuginfo=2 --test -C metadata=199c0cbf05984df6 -C extra-filename=-199c0cbf05984df6 --out-dir /opt/rustwide/target/debug/deps -L dependency=/opt/rustwide/target/debug/deps --extern base64=/opt/rustwide/target/debug/deps/libbase64-3052c0bc8cc540c1.rlib --extern bollard_next=/opt/rustwide/target/debug/deps/libbollard_next-0b290273c0ce520f.rlib --extern bollard_next_stubs=/opt/rustwide/target/debug/deps/libbollard_next_stubs-450cd7c607708a93.rlib --extern bytes=/opt/rustwide/target/debug/deps/libbytes-0a052f49710012b1.rlib --extern flate2=/opt/rustwide/target/debug/deps/libflate2-97e0673cd6bbc160.rlib --extern futures_core=/opt/rustwide/target/debug/deps/libfutures_core-02b74ed2f49284a7.rlib --extern futures_util=/opt/rustwide/target/debug/deps/libfutures_util-a4d53e0c1d0cc6a0.rlib --extern hex=/opt/rustwide/target/debug/deps/libhex-05644b5497b79c5b.rlib --extern http=/opt/rustwide/target/debug/deps/libhttp-f741a19cbfac6912.rlib --extern hyper=/opt/rustwide/target/debug/deps/libhyper-e761861ac1040a7b.rlib --extern hyperlocal=/opt/rustwide/target/debug/deps/libhyperlocal-87481d1f227331af.rlib --extern log=/opt/rustwide/target/debug/deps/liblog-4f472032e8cdd371.rlib --extern pin_project_lite=/opt/rustwide/target/debug/deps/libpin_project_lite-e0757e0deaa2f8a0.rlib --extern serde=/opt/rustwide/target/debug/deps/libserde-5b6738ef81f48755.rlib --extern serde_derive=/opt/rustwide/target/debug/deps/libserde_derive-521f9515b4035904.so --extern serde_json=/opt/rustwide/target/debug/deps/libserde_json-68310a38b836a2a8.rlib --extern serde_repr=/opt/rustwide/target/debug/deps/libserde_repr-2b312df86be5cc84.so --extern serde_urlencoded=/opt/rustwide/target/debug/deps/libserde_urlencoded-caa0364a77cc627c.rlib --extern tar=/opt/rustwide/target/debug/deps/libtar-7ac64974511dcedf.rlib --extern termion=/opt/rustwide/target/debug/deps/libtermion-30abaf0016e596e9.rlib --extern thiserror=/opt/rustwide/target/debug/deps/libthiserror-910b0ae1414a94f9.rlib --extern tokio=/opt/rustwide/target/debug/deps/libtokio-bac14e8068540c79.rlib --extern tokio_util=/opt/rustwide/target/debug/deps/libtokio_util-cbfd9a58371d2e2a.rlib --extern url=/opt/rustwide/target/debug/deps/liburl-bc0661a5141cbab3.rlib --extern yup_hyper_mock=/opt/rustwide/target/debug/deps/libyup_hyper_mock-6e89d8aaa62d40ee.rlib --cap-lints=warn` (signal: 9, SIGKILL: kill)
[INFO] [stdout] error: linking with `cc` failed: exit status: 1
[INFO] [stdout]   |
[INFO] [stdout]   = note: LC_ALL="C" PATH="/opt/rustwide/rustup-home/toolchains/1.75.0-x86_64-unknown-linux-gnu/lib/rustlib/x86_64-unknown-linux-gnu/bin:/opt/rustwide/cargo-home/bin:/usr/local/sbin:/usr/local/bin:/usr/sbin:/usr/bin:/sbin:/bin" VSLANG="1033" "cc" "-m64" "/tmp/rustc8YoOLg/symbols.o" "/opt/rustwide/target/debug/examples/build-72d42799a3451629.build.76458bb5e6016294-cgu.0.rcgu.o" "/opt/rustwide/target/debug/examples/build-72d42799a3451629.build.76458bb5e6016294-cgu.1.rcgu.o" "/opt/rustwide/target/debug/examples/build-72d42799a3451629.build.76458bb5e6016294-cgu.2.rcgu.o" "/opt/rustwide/target/debug/examples/build-72d42799a3451629.5g246g6uz03dqk8i.rcgu.o" "-Wl,--as-needed" "-L" "/opt/rustwide/target/debug/deps" "-L" "/opt/rustwide/rustup-home/toolchains/1.75.0-x86_64-unknown-linux-gnu/lib/rustlib/x86_64-unknown-linux-gnu/lib" "-Wl,-Bstatic" "/opt/rustwide/target/debug/deps/libbollard_next-0b290273c0ce520f.rlib" "/opt/rustwide/target/debug/deps/libserde_urlencoded-caa0364a77cc627c.rlib" "/opt/rustwide/target/debug/deps/libthiserror-910b0ae1414a94f9.rlib" "/opt/rustwide/target/debug/deps/libbollard_next_stubs-450cd7c607708a93.rlib" "/opt/rustwide/target/debug/deps/libserde_with-f61facfa278eba8c.rlib" "/opt/rustwide/target/debug/deps/liburl-bc0661a5141cbab3.rlib" "/opt/rustwide/target/debug/deps/libidna-35e3e2f202e10859.rlib" "/opt/rustwide/target/debug/deps/libunicode_normalization-e04a0b39935fba30.rlib" "/opt/rustwide/target/debug/deps/libtinyvec-cf6c9f6b792a5507.rlib" "/opt/rustwide/target/debug/deps/libtinyvec_macros-b1cb7f53f58c9f87.rlib" "/opt/rustwide/target/debug/deps/libunicode_bidi-020370784786e57d.rlib" "/opt/rustwide/target/debug/deps/libform_urlencoded-a39e5ffbd9c88c0c.rlib" "/opt/rustwide/target/debug/deps/libpercent_encoding-5d42724fd4d173a7.rlib" "/opt/rustwide/target/debug/deps/libserde_json-68310a38b836a2a8.rlib" "/opt/rustwide/target/debug/deps/libryu-f8e8abf733224b36.rlib" "/opt/rustwide/target/debug/deps/libhyperlocal-87481d1f227331af.rlib" "/opt/rustwide/target/debug/deps/libpin_project-48b45b6c9026e9dc.rlib" "/opt/rustwide/target/debug/deps/libhex-05644b5497b79c5b.rlib" "/opt/rustwide/target/debug/deps/libserde-5b6738ef81f48755.rlib" "/opt/rustwide/target/debug/deps/libhyper-e761861ac1040a7b.rlib" "/opt/rustwide/target/debug/deps/libwant-0e59d2771cba3a35.rlib" "/opt/rustwide/target/debug/deps/libtry_lock-51271589248cd7d9.rlib" "/opt/rustwide/target/debug/deps/libsocket2-2f873b9f743301ed.rlib" "/opt/rustwide/target/debug/deps/libhttparse-64f1ffbeda450424.rlib" "/opt/rustwide/target/debug/deps/libh2-a78619a9edfc3e9e.rlib" "/opt/rustwide/target/debug/deps/libindexmap-93f72862478380d0.rlib" "/opt/rustwide/target/debug/deps/libhashbrown-567986452cb9bc94.rlib" "/opt/rustwide/target/debug/deps/libtokio_util-cbfd9a58371d2e2a.rlib" "/opt/rustwide/target/debug/deps/libtower_service-104d6e83d5ce383d.rlib" "/opt/rustwide/target/debug/deps/libtracing-4844ee36247b1bd5.rlib" "/opt/rustwide/target/debug/deps/libcfg_if-61dc7a6799e72b18.rlib" "/opt/rustwide/target/debug/deps/libtracing_core-a938e53938d01308.rlib" "/opt/rustwide/target/debug/deps/libonce_cell-865e1c5018a0303a.rlib" "/opt/rustwide/target/debug/deps/libhttp_body-6020a10d9659dc54.rlib" "/opt/rustwide/target/debug/deps/libtokio-bac14e8068540c79.rlib" "/opt/rustwide/target/debug/deps/libnum_cpus-73d2f04fa192560a.rlib" "/opt/rustwide/target/debug/deps/libsocket2-57e62e3ab7aa7d13.rlib" "/opt/rustwide/target/debug/deps/libmio-3efd931df8d4efa2.rlib" "/opt/rustwide/target/debug/deps/liblibc-02f888d7762819c3.rlib" "/opt/rustwide/target/debug/deps/libhttpdate-60c45fdec07c28d7.rlib" "/opt/rustwide/target/debug/deps/libhttp-f741a19cbfac6912.rlib" "/opt/rustwide/target/debug/deps/libitoa-05fb7c91ffbc0a79.rlib" "/opt/rustwide/target/debug/deps/libbytes-0a052f49710012b1.rlib" "/opt/rustwide/target/debug/deps/libfnv-18bf5144d055e772.rlib" "/opt/rustwide/target/debug/deps/libfutures_util-a4d53e0c1d0cc6a0.rlib" "/opt/rustwide/target/debug/deps/libmemchr-8adfc22b612d6f7a.rlib" "/opt/rustwide/target/debug/deps/libfutures_io-e29e1f931c78f5ad.rlib" "/opt/rustwide/target/debug/deps/libslab-6eb39baadbe9101c.rlib" "/opt/rustwide/target/debug/deps/libfutures_channel-b11b4e3e73ae8576.rlib" "/opt/rustwide/target/debug/deps/libpin_project_lite-e0757e0deaa2f8a0.rlib" "/opt/rustwide/target/debug/deps/libfutures_sink-4afe6e57e5588fde.rlib" "/opt/rustwide/target/debug/deps/libfutures_task-ec207c36a8b1b716.rlib" "/opt/rustwide/target/debug/deps/libpin_utils-741f7d9d160e4a16.rlib" "/opt/rustwide/target/debug/deps/libfutures_core-02b74ed2f49284a7.rlib" "/opt/rustwide/target/debug/deps/libbase64-3052c0bc8cc540c1.rlib" "/opt/rustwide/target/debug/deps/liblog-4f472032e8cdd371.rlib" "/opt/rustwide/rustup-home/toolchains/1.75.0-x86_64-unknown-linux-gnu/lib/rustlib/x86_64-unknown-linux-gnu/lib/libstd-90f6ddbf82de36ec.rlib" "/opt/rustwide/rustup-home/toolchains/1.75.0-x86_64-unknown-linux-gnu/lib/rustlib/x86_64-unknown-linux-gnu/lib/libpanic_unwind-480c41e9d4e1f677.rlib" "/opt/rustwide/rustup-home/toolchains/1.75.0-x86_64-unknown-linux-gnu/lib/rustlib/x86_64-unknown-linux-gnu/lib/libobject-db744c0ca03eed1d.rlib" "/opt/rustwide/rustup-home/toolchains/1.75.0-x86_64-unknown-linux-gnu/lib/rustlib/x86_64-unknown-linux-gnu/lib/libmemchr-8ba652dc7d4b285a.rlib" "/opt/rustwide/rustup-home/toolchains/1.75.0-x86_64-unknown-linux-gnu/lib/rustlib/x86_64-unknown-linux-gnu/lib/libaddr2line-d5f4520a9ebc0d58.rlib" "/opt/rustwide/rustup-home/toolchains/1.75.0-x86_64-unknown-linux-gnu/lib/rustlib/x86_64-unknown-linux-gnu/lib/libgimli-4ad84de58f0cb463.rlib" "/opt/rustwide/rustup-home/toolchains/1.75.0-x86_64-unknown-linux-gnu/lib/rustlib/x86_64-unknown-linux-gnu/lib/librustc_demangle-0d10aae2e0f38735.rlib" "/opt/rustwide/rustup-home/toolchains/1.75.0-x86_64-unknown-linux-gnu/lib/rustlib/x86_64-unknown-linux-gnu/lib/libstd_detect-0c17cff739e6745b.rlib" "/opt/rustwide/rustup-home/toolchains/1.75.0-x86_64-unknown-linux-gnu/lib/rustlib/x86_64-unknown-linux-gnu/lib/libhashbrown-b29e17139dde1aa8.rlib" "/opt/rustwide/rustup-home/toolchains/1.75.0-x86_64-unknown-linux-gnu/lib/rustlib/x86_64-unknown-linux-gnu/lib/librustc_std_workspace_alloc-1f975299829cc7bd.rlib" "/opt/rustwide/rustup-home/toolchains/1.75.0-x86_64-unknown-linux-gnu/lib/rustlib/x86_64-unknown-linux-gnu/lib/libminiz_oxide-86bae3bc3079f89b.rlib" "/opt/rustwide/rustup-home/toolchains/1.75.0-x86_64-unknown-linux-gnu/lib/rustlib/x86_64-unknown-linux-gnu/lib/libadler-321b82c30dffdf5f.rlib" "/opt/rustwide/rustup-home/toolchains/1.75.0-x86_64-unknown-linux-gnu/lib/rustlib/x86_64-unknown-linux-gnu/lib/libunwind-3dd8a6810a0bdfef.rlib" "/opt/rustwide/rustup-home/toolchains/1.75.0-x86_64-unknown-linux-gnu/lib/rustlib/x86_64-unknown-linux-gnu/lib/libcfg_if-eb39a61c0c879984.rlib" "/opt/rustwide/rustup-home/toolchains/1.75.0-x86_64-unknown-linux-gnu/lib/rustlib/x86_64-unknown-linux-gnu/lib/liblibc-aa769569f91c3548.rlib" "/opt/rustwide/rustup-home/toolchains/1.75.0-x86_64-unknown-linux-gnu/lib/rustlib/x86_64-unknown-linux-gnu/lib/liballoc-510a192a50a983ed.rlib" "/opt/rustwide/rustup-home/toolchains/1.75.0-x86_64-unknown-linux-gnu/lib/rustlib/x86_64-unknown-linux-gnu/lib/librustc_std_workspace_core-0577018320f99037.rlib" "/opt/rustwide/rustup-home/toolchains/1.75.0-x86_64-unknown-linux-gnu/lib/rustlib/x86_64-unknown-linux-gnu/lib/libcore-193cf992125ccd4c.rlib" "/opt/rustwide/rustup-home/toolchains/1.75.0-x86_64-unknown-linux-gnu/lib/rustlib/x86_64-unknown-linux-gnu/lib/libcompiler_builtins-8e138eaf26ebb4a8.rlib" "-Wl,-Bdynamic" "-lgcc_s" "-lutil" "-lrt" "-lpthread" "-lm" "-ldl" "-lc" "-Wl,--eh-frame-hdr" "-Wl,-z,noexecstack" "-L" "/opt/rustwide/rustup-home/toolchains/1.75.0-x86_64-unknown-linux-gnu/lib/rustlib/x86_64-unknown-linux-gnu/lib" "-o" "/opt/rustwide/target/debug/examples/build-72d42799a3451629" "-Wl,--gc-sections" "-pie" "-Wl,-z,relro,-z,now" "-nodefaultlibs"
[INFO] [stdout]   = note: collect2: fatal error: ld terminated with signal 9 [Killed]
[INFO] [stdout]           compilation terminated.
[INFO] [stdout]           
[INFO] [stdout] 
[INFO] [stdout] 
[INFO] [stdout] error: aborting due to previous error
[INFO] [stdout] 
[INFO] [stdout] 
[INFO] [stderr] error: could not compile `bollard-next` (example "build") due to 2 previous errors
[INFO] [stdout] error: linking with `cc` failed: exit status: 1
[INFO] [stdout]   |
[INFO] [stdout]   = note: LC_ALL="C" PATH="/opt/rustwide/rustup-home/toolchains/1.75.0-x86_64-unknown-linux-gnu/lib/rustlib/x86_64-unknown-linux-gnu/bin:/opt/rustwide/cargo-home/bin:/usr/local/sbin:/usr/local/bin:/usr/sbin:/usr/bin:/sbin:/bin" VSLANG="1033" "cc" "-m64" "/tmp/rustcxWYBcZ/symbols.o" "/opt/rustwide/target/debug/examples/top-b008e821f395c227.top.5eeb1fdebc072ed8-cgu.00.rcgu.o" "/opt/rustwide/target/debug/examples/top-b008e821f395c227.top.5eeb1fdebc072ed8-cgu.01.rcgu.o" "/opt/rustwide/target/debug/examples/top-b008e821f395c227.top.5eeb1fdebc072ed8-cgu.02.rcgu.o" "/opt/rustwide/target/debug/examples/top-b008e821f395c227.top.5eeb1fdebc072ed8-cgu.03.rcgu.o" "/opt/rustwide/target/debug/examples/top-b008e821f395c227.top.5eeb1fdebc072ed8-cgu.04.rcgu.o" "/opt/rustwide/target/debug/examples/top-b008e821f395c227.top.5eeb1fdebc072ed8-cgu.05.rcgu.o" "/opt/rustwide/target/debug/examples/top-b008e821f395c227.top.5eeb1fdebc072ed8-cgu.06.rcgu.o" "/opt/rustwide/target/debug/examples/top-b008e821f395c227.top.5eeb1fdebc072ed8-cgu.07.rcgu.o" "/opt/rustwide/target/debug/examples/top-b008e821f395c227.top.5eeb1fdebc072ed8-cgu.08.rcgu.o" "/opt/rustwide/target/debug/examples/top-b008e821f395c227.top.5eeb1fdebc072ed8-cgu.09.rcgu.o" "/opt/rustwide/target/debug/examples/top-b008e821f395c227.2nqbrjo87li7orlo.rcgu.o" "-Wl,--as-needed" "-L" "/opt/rustwide/target/debug/deps" "-L" "/opt/rustwide/rustup-home/toolchains/1.75.0-x86_64-unknown-linux-gnu/lib/rustlib/x86_64-unknown-linux-gnu/lib" "-Wl,-Bstatic" "/opt/rustwide/target/debug/deps/libbollard_next-0b290273c0ce520f.rlib" "/opt/rustwide/target/debug/deps/libserde_urlencoded-caa0364a77cc627c.rlib" "/opt/rustwide/target/debug/deps/libthiserror-910b0ae1414a94f9.rlib" "/opt/rustwide/target/debug/deps/libbollard_next_stubs-450cd7c607708a93.rlib" "/opt/rustwide/target/debug/deps/libserde_with-f61facfa278eba8c.rlib" "/opt/rustwide/target/debug/deps/liburl-bc0661a5141cbab3.rlib" "/opt/rustwide/target/debug/deps/libidna-35e3e2f202e10859.rlib" "/opt/rustwide/target/debug/deps/libunicode_normalization-e04a0b39935fba30.rlib" "/opt/rustwide/target/debug/deps/libtinyvec-cf6c9f6b792a5507.rlib" "/opt/rustwide/target/debug/deps/libtinyvec_macros-b1cb7f53f58c9f87.rlib" "/opt/rustwide/target/debug/deps/libunicode_bidi-020370784786e57d.rlib" "/opt/rustwide/target/debug/deps/libform_urlencoded-a39e5ffbd9c88c0c.rlib" "/opt/rustwide/target/debug/deps/libpercent_encoding-5d42724fd4d173a7.rlib" "/opt/rustwide/target/debug/deps/libserde_json-68310a38b836a2a8.rlib" "/opt/rustwide/target/debug/deps/libryu-f8e8abf733224b36.rlib" "/opt/rustwide/target/debug/deps/libhyperlocal-87481d1f227331af.rlib" "/opt/rustwide/target/debug/deps/libpin_project-48b45b6c9026e9dc.rlib" "/opt/rustwide/target/debug/deps/libhex-05644b5497b79c5b.rlib" "/opt/rustwide/target/debug/deps/libserde-5b6738ef81f48755.rlib" "/opt/rustwide/target/debug/deps/libhyper-e761861ac1040a7b.rlib" "/opt/rustwide/target/debug/deps/libwant-0e59d2771cba3a35.rlib" "/opt/rustwide/target/debug/deps/libtry_lock-51271589248cd7d9.rlib" "/opt/rustwide/target/debug/deps/libsocket2-2f873b9f743301ed.rlib" "/opt/rustwide/target/debug/deps/libhttparse-64f1ffbeda450424.rlib" "/opt/rustwide/target/debug/deps/libh2-a78619a9edfc3e9e.rlib" "/opt/rustwide/target/debug/deps/libindexmap-93f72862478380d0.rlib" "/opt/rustwide/target/debug/deps/libhashbrown-567986452cb9bc94.rlib" "/opt/rustwide/target/debug/deps/libtokio_util-cbfd9a58371d2e2a.rlib" "/opt/rustwide/target/debug/deps/libtower_service-104d6e83d5ce383d.rlib" "/opt/rustwide/target/debug/deps/libtracing-4844ee36247b1bd5.rlib" "/opt/rustwide/target/debug/deps/libcfg_if-61dc7a6799e72b18.rlib" "/opt/rustwide/target/debug/deps/libtracing_core-a938e53938d01308.rlib" "/opt/rustwide/target/debug/deps/libonce_cell-865e1c5018a0303a.rlib" "/opt/rustwide/target/debug/deps/libhttp_body-6020a10d9659dc54.rlib" "/opt/rustwide/target/debug/deps/libtokio-bac14e8068540c79.rlib" "/opt/rustwide/target/debug/deps/libnum_cpus-73d2f04fa192560a.rlib" "/opt/rustwide/target/debug/deps/libsocket2-57e62e3ab7aa7d13.rlib" "/opt/rustwide/target/debug/deps/libmio-3efd931df8d4efa2.rlib" "/opt/rustwide/target/debug/deps/liblibc-02f888d7762819c3.rlib" "/opt/rustwide/target/debug/deps/libhttpdate-60c45fdec07c28d7.rlib" "/opt/rustwide/target/debug/deps/libhttp-f741a19cbfac6912.rlib" "/opt/rustwide/target/debug/deps/libitoa-05fb7c91ffbc0a79.rlib" "/opt/rustwide/target/debug/deps/libbytes-0a052f49710012b1.rlib" "/opt/rustwide/target/debug/deps/libfnv-18bf5144d055e772.rlib" "/opt/rustwide/target/debug/deps/libfutures_util-a4d53e0c1d0cc6a0.rlib" "/opt/rustwide/target/debug/deps/libmemchr-8adfc22b612d6f7a.rlib" "/opt/rustwide/target/debug/deps/libfutures_io-e29e1f931c78f5ad.rlib" "/opt/rustwide/target/debug/deps/libslab-6eb39baadbe9101c.rlib" "/opt/rustwide/target/debug/deps/libfutures_channel-b11b4e3e73ae8576.rlib" "/opt/rustwide/target/debug/deps/libpin_project_lite-e0757e0deaa2f8a0.rlib" "/opt/rustwide/target/debug/deps/libfutures_sink-4afe6e57e5588fde.rlib" "/opt/rustwide/target/debug/deps/libfutures_task-ec207c36a8b1b716.rlib" "/opt/rustwide/target/debug/deps/libpin_utils-741f7d9d160e4a16.rlib" "/opt/rustwide/target/debug/deps/libfutures_core-02b74ed2f49284a7.rlib" "/opt/rustwide/target/debug/deps/libbase64-3052c0bc8cc540c1.rlib" "/opt/rustwide/target/debug/deps/liblog-4f472032e8cdd371.rlib" "/opt/rustwide/rustup-home/toolchains/1.75.0-x86_64-unknown-linux-gnu/lib/rustlib/x86_64-unknown-linux-gnu/lib/libstd-90f6ddbf82de36ec.rlib" "/opt/rustwide/rustup-home/toolchains/1.75.0-x86_64-unknown-linux-gnu/lib/rustlib/x86_64-unknown-linux-gnu/lib/libpanic_unwind-480c41e9d4e1f677.rlib" "/opt/rustwide/rustup-home/toolchains/1.75.0-x86_64-unknown-linux-gnu/lib/rustlib/x86_64-unknown-linux-gnu/lib/libobject-db744c0ca03eed1d.rlib" "/opt/rustwide/rustup-home/toolchains/1.75.0-x86_64-unknown-linux-gnu/lib/rustlib/x86_64-unknown-linux-gnu/lib/libmemchr-8ba652dc7d4b285a.rlib" "/opt/rustwide/rustup-home/toolchains/1.75.0-x86_64-unknown-linux-gnu/lib/rustlib/x86_64-unknown-linux-gnu/lib/libaddr2line-d5f4520a9ebc0d58.rlib" "/opt/rustwide/rustup-home/toolchains/1.75.0-x86_64-unknown-linux-gnu/lib/rustlib/x86_64-unknown-linux-gnu/lib/libgimli-4ad84de58f0cb463.rlib" "/opt/rustwide/rustup-home/toolchains/1.75.0-x86_64-unknown-linux-gnu/lib/rustlib/x86_64-unknown-linux-gnu/lib/librustc_demangle-0d10aae2e0f38735.rlib" "/opt/rustwide/rustup-home/toolchains/1.75.0-x86_64-unknown-linux-gnu/lib/rustlib/x86_64-unknown-linux-gnu/lib/libstd_detect-0c17cff739e6745b.rlib" "/opt/rustwide/rustup-home/toolchains/1.75.0-x86_64-unknown-linux-gnu/lib/rustlib/x86_64-unknown-linux-gnu/lib/libhashbrown-b29e17139dde1aa8.rlib" "/opt/rustwide/rustup-home/toolchains/1.75.0-x86_64-unknown-linux-gnu/lib/rustlib/x86_64-unknown-linux-gnu/lib/librustc_std_workspace_alloc-1f975299829cc7bd.rlib" "/opt/rustwide/rustup-home/toolchains/1.75.0-x86_64-unknown-linux-gnu/lib/rustlib/x86_64-unknown-linux-gnu/lib/libminiz_oxide-86bae3bc3079f89b.rlib" "/opt/rustwide/rustup-home/toolchains/1.75.0-x86_64-unknown-linux-gnu/lib/rustlib/x86_64-unknown-linux-gnu/lib/libadler-321b82c30dffdf5f.rlib" "/opt/rustwide/rustup-home/toolchains/1.75.0-x86_64-unknown-linux-gnu/lib/rustlib/x86_64-unknown-linux-gnu/lib/libunwind-3dd8a6810a0bdfef.rlib" "/opt/rustwide/rustup-home/toolchains/1.75.0-x86_64-unknown-linux-gnu/lib/rustlib/x86_64-unknown-linux-gnu/lib/libcfg_if-eb39a61c0c879984.rlib" "/opt/rustwide/rustup-home/toolchains/1.75.0-x86_64-unknown-linux-gnu/lib/rustlib/x86_64-unknown-linux-gnu/lib/liblibc-aa769569f91c3548.rlib" "/opt/rustwide/rustup-home/toolchains/1.75.0-x86_64-unknown-linux-gnu/lib/rustlib/x86_64-unknown-linux-gnu/lib/liballoc-510a192a50a983ed.rlib" "/opt/rustwide/rustup-home/toolchains/1.75.0-x86_64-unknown-linux-gnu/lib/rustlib/x86_64-unknown-linux-gnu/lib/librustc_std_workspace_core-0577018320f99037.rlib" "/opt/rustwide/rustup-home/toolchains/1.75.0-x86_64-unknown-linux-gnu/lib/rustlib/x86_64-unknown-linux-gnu/lib/libcore-193cf992125ccd4c.rlib" "/opt/rustwide/rustup-home/toolchains/1.75.0-x86_64-unknown-linux-gnu/lib/rustlib/x86_64-unknown-linux-gnu/lib/libcompiler_builtins-8e138eaf26ebb4a8.rlib" "-Wl,-Bdynamic" "-lgcc_s" "-lutil" "-lrt" "-lpthread" "-lm" "-ldl" "-lc" "-Wl,--eh-frame-hdr" "-Wl,-z,noexecstack" "-L" "/opt/rustwide/rustup-home/toolchains/1.75.0-x86_64-unknown-linux-gnu/lib/rustlib/x86_64-unknown-linux-gnu/lib" "-o" "/opt/rustwide/target/debug/examples/top-b008e821f395c227" "-Wl,--gc-sections" "-pie" "-Wl,-z,relro,-z,now" "-nodefaultlibs"
[INFO] [stdout]   = note: collect2: fatal error: ld terminated with signal 9 [Killed]
[INFO] [stdout]           compilation terminated.
[INFO] [stdout]           
[INFO] [stdout] 
[INFO] [stdout] 
[INFO] [stdout] error: aborting due to previous error
[INFO] [stdout] 
[INFO] [stdout] 
[INFO] [stderr] error: could not compile `bollard-next` (example "top") due to 2 previous errors
[INFO] [stdout] error: linking with `cc` failed: exit status: 1
[INFO] [stdout]   |
[INFO] [stdout]   = note: LC_ALL="C" PATH="/opt/rustwide/rustup-home/toolchains/1.75.0-x86_64-unknown-linux-gnu/lib/rustlib/x86_64-unknown-linux-gnu/bin:/opt/rustwide/cargo-home/bin:/usr/local/sbin:/usr/local/bin:/usr/sbin:/usr/bin:/sbin:/bin" VSLANG="1033" "cc" "-m64" "/tmp/rustcgQvoM3/symbols.o" "/opt/rustwide/target/debug/examples/post_dockerfile-90b660172a597dfe.post_dockerfile.f66c0be9798d0cb0-cgu.0.rcgu.o" "/opt/rustwide/target/debug/examples/post_dockerfile-90b660172a597dfe.post_dockerfile.f66c0be9798d0cb0-cgu.1.rcgu.o" "/opt/rustwide/target/debug/examples/post_dockerfile-90b660172a597dfe.post_dockerfile.f66c0be9798d0cb0-cgu.2.rcgu.o" "/opt/rustwide/target/debug/examples/post_dockerfile-90b660172a597dfe.post_dockerfile.f66c0be9798d0cb0-cgu.3.rcgu.o" "/opt/rustwide/target/debug/examples/post_dockerfile-90b660172a597dfe.x6jykonwhry3dhp.rcgu.o" "-Wl,--as-needed" "-L" "/opt/rustwide/target/debug/deps" "-L" "/opt/rustwide/rustup-home/toolchains/1.75.0-x86_64-unknown-linux-gnu/lib/rustlib/x86_64-unknown-linux-gnu/lib" "-Wl,-Bstatic" "/opt/rustwide/target/debug/deps/libbollard_next-0b290273c0ce520f.rlib" "/opt/rustwide/target/debug/deps/libserde_urlencoded-caa0364a77cc627c.rlib" "/opt/rustwide/target/debug/deps/libthiserror-910b0ae1414a94f9.rlib" "/opt/rustwide/target/debug/deps/libbollard_next_stubs-450cd7c607708a93.rlib" "/opt/rustwide/target/debug/deps/libserde_with-f61facfa278eba8c.rlib" "/opt/rustwide/target/debug/deps/liburl-bc0661a5141cbab3.rlib" "/opt/rustwide/target/debug/deps/libidna-35e3e2f202e10859.rlib" "/opt/rustwide/target/debug/deps/libunicode_normalization-e04a0b39935fba30.rlib" "/opt/rustwide/target/debug/deps/libtinyvec-cf6c9f6b792a5507.rlib" "/opt/rustwide/target/debug/deps/libtinyvec_macros-b1cb7f53f58c9f87.rlib" "/opt/rustwide/target/debug/deps/libunicode_bidi-020370784786e57d.rlib" "/opt/rustwide/target/debug/deps/libform_urlencoded-a39e5ffbd9c88c0c.rlib" "/opt/rustwide/target/debug/deps/libpercent_encoding-5d42724fd4d173a7.rlib" "/opt/rustwide/target/debug/deps/libserde_json-68310a38b836a2a8.rlib" "/opt/rustwide/target/debug/deps/libryu-f8e8abf733224b36.rlib" "/opt/rustwide/target/debug/deps/libhyperlocal-87481d1f227331af.rlib" "/opt/rustwide/target/debug/deps/libpin_project-48b45b6c9026e9dc.rlib" "/opt/rustwide/target/debug/deps/libhex-05644b5497b79c5b.rlib" "/opt/rustwide/target/debug/deps/libserde-5b6738ef81f48755.rlib" "/opt/rustwide/target/debug/deps/libhyper-e761861ac1040a7b.rlib" "/opt/rustwide/target/debug/deps/libwant-0e59d2771cba3a35.rlib" "/opt/rustwide/target/debug/deps/libtry_lock-51271589248cd7d9.rlib" "/opt/rustwide/target/debug/deps/libsocket2-2f873b9f743301ed.rlib" "/opt/rustwide/target/debug/deps/libhttparse-64f1ffbeda450424.rlib" "/opt/rustwide/target/debug/deps/libh2-a78619a9edfc3e9e.rlib" "/opt/rustwide/target/debug/deps/libindexmap-93f72862478380d0.rlib" "/opt/rustwide/target/debug/deps/libhashbrown-567986452cb9bc94.rlib" "/opt/rustwide/target/debug/deps/libtokio_util-cbfd9a58371d2e2a.rlib" "/opt/rustwide/target/debug/deps/libtower_service-104d6e83d5ce383d.rlib" "/opt/rustwide/target/debug/deps/libtracing-4844ee36247b1bd5.rlib" "/opt/rustwide/target/debug/deps/libcfg_if-61dc7a6799e72b18.rlib" "/opt/rustwide/target/debug/deps/libtracing_core-a938e53938d01308.rlib" "/opt/rustwide/target/debug/deps/libonce_cell-865e1c5018a0303a.rlib" "/opt/rustwide/target/debug/deps/libhttp_body-6020a10d9659dc54.rlib" "/opt/rustwide/target/debug/deps/libtokio-bac14e8068540c79.rlib" "/opt/rustwide/target/debug/deps/libnum_cpus-73d2f04fa192560a.rlib" "/opt/rustwide/target/debug/deps/libsocket2-57e62e3ab7aa7d13.rlib" "/opt/rustwide/target/debug/deps/libmio-3efd931df8d4efa2.rlib" "/opt/rustwide/target/debug/deps/liblibc-02f888d7762819c3.rlib" "/opt/rustwide/target/debug/deps/libhttpdate-60c45fdec07c28d7.rlib" "/opt/rustwide/target/debug/deps/libhttp-f741a19cbfac6912.rlib" "/opt/rustwide/target/debug/deps/libitoa-05fb7c91ffbc0a79.rlib" "/opt/rustwide/target/debug/deps/libbytes-0a052f49710012b1.rlib" "/opt/rustwide/target/debug/deps/libfnv-18bf5144d055e772.rlib" "/opt/rustwide/target/debug/deps/libfutures_util-a4d53e0c1d0cc6a0.rlib" "/opt/rustwide/target/debug/deps/libmemchr-8adfc22b612d6f7a.rlib" "/opt/rustwide/target/debug/deps/libfutures_io-e29e1f931c78f5ad.rlib" "/opt/rustwide/target/debug/deps/libslab-6eb39baadbe9101c.rlib" "/opt/rustwide/target/debug/deps/libfutures_channel-b11b4e3e73ae8576.rlib" "/opt/rustwide/target/debug/deps/libpin_project_lite-e0757e0deaa2f8a0.rlib" "/opt/rustwide/target/debug/deps/libfutures_sink-4afe6e57e5588fde.rlib" "/opt/rustwide/target/debug/deps/libfutures_task-ec207c36a8b1b716.rlib" "/opt/rustwide/target/debug/deps/libpin_utils-741f7d9d160e4a16.rlib" "/opt/rustwide/target/debug/deps/libfutures_core-02b74ed2f49284a7.rlib" "/opt/rustwide/target/debug/deps/libbase64-3052c0bc8cc540c1.rlib" "/opt/rustwide/target/debug/deps/liblog-4f472032e8cdd371.rlib" "/opt/rustwide/rustup-home/toolchains/1.75.0-x86_64-unknown-linux-gnu/lib/rustlib/x86_64-unknown-linux-gnu/lib/libstd-90f6ddbf82de36ec.rlib" "/opt/rustwide/rustup-home/toolchains/1.75.0-x86_64-unknown-linux-gnu/lib/rustlib/x86_64-unknown-linux-gnu/lib/libpanic_unwind-480c41e9d4e1f677.rlib" "/opt/rustwide/rustup-home/toolchains/1.75.0-x86_64-unknown-linux-gnu/lib/rustlib/x86_64-unknown-linux-gnu/lib/libobject-db744c0ca03eed1d.rlib" "/opt/rustwide/rustup-home/toolchains/1.75.0-x86_64-unknown-linux-gnu/lib/rustlib/x86_64-unknown-linux-gnu/lib/libmemchr-8ba652dc7d4b285a.rlib" "/opt/rustwide/rustup-home/toolchains/1.75.0-x86_64-unknown-linux-gnu/lib/rustlib/x86_64-unknown-linux-gnu/lib/libaddr2line-d5f4520a9ebc0d58.rlib" "/opt/rustwide/rustup-home/toolchains/1.75.0-x86_64-unknown-linux-gnu/lib/rustlib/x86_64-unknown-linux-gnu/lib/libgimli-4ad84de58f0cb463.rlib" "/opt/rustwide/rustup-home/toolchains/1.75.0-x86_64-unknown-linux-gnu/lib/rustlib/x86_64-unknown-linux-gnu/lib/librustc_demangle-0d10aae2e0f38735.rlib" "/opt/rustwide/rustup-home/toolchains/1.75.0-x86_64-unknown-linux-gnu/lib/rustlib/x86_64-unknown-linux-gnu/lib/libstd_detect-0c17cff739e6745b.rlib" "/opt/rustwide/rustup-home/toolchains/1.75.0-x86_64-unknown-linux-gnu/lib/rustlib/x86_64-unknown-linux-gnu/lib/libhashbrown-b29e17139dde1aa8.rlib" "/opt/rustwide/rustup-home/toolchains/1.75.0-x86_64-unknown-linux-gnu/lib/rustlib/x86_64-unknown-linux-gnu/lib/librustc_std_workspace_alloc-1f975299829cc7bd.rlib" "/opt/rustwide/rustup-home/toolchains/1.75.0-x86_64-unknown-linux-gnu/lib/rustlib/x86_64-unknown-linux-gnu/lib/libminiz_oxide-86bae3bc3079f89b.rlib" "/opt/rustwide/rustup-home/toolchains/1.75.0-x86_64-unknown-linux-gnu/lib/rustlib/x86_64-unknown-linux-gnu/lib/libadler-321b82c30dffdf5f.rlib" "/opt/rustwide/rustup-home/toolchains/1.75.0-x86_64-unknown-linux-gnu/lib/rustlib/x86_64-unknown-linux-gnu/lib/libunwind-3dd8a6810a0bdfef.rlib" "/opt/rustwide/rustup-home/toolchains/1.75.0-x86_64-unknown-linux-gnu/lib/rustlib/x86_64-unknown-linux-gnu/lib/libcfg_if-eb39a61c0c879984.rlib" "/opt/rustwide/rustup-home/toolchains/1.75.0-x86_64-unknown-linux-gnu/lib/rustlib/x86_64-unknown-linux-gnu/lib/liblibc-aa769569f91c3548.rlib" "/opt/rustwide/rustup-home/toolchains/1.75.0-x86_64-unknown-linux-gnu/lib/rustlib/x86_64-unknown-linux-gnu/lib/liballoc-510a192a50a983ed.rlib" "/opt/rustwide/rustup-home/toolchains/1.75.0-x86_64-unknown-linux-gnu/lib/rustlib/x86_64-unknown-linux-gnu/lib/librustc_std_workspace_core-0577018320f99037.rlib" "/opt/rustwide/rustup-home/toolchains/1.75.0-x86_64-unknown-linux-gnu/lib/rustlib/x86_64-unknown-linux-gnu/lib/libcore-193cf992125ccd4c.rlib" "/opt/rustwide/rustup-home/toolchains/1.75.0-x86_64-unknown-linux-gnu/lib/rustlib/x86_64-unknown-linux-gnu/lib/libcompiler_builtins-8e138eaf26ebb4a8.rlib" "-Wl,-Bdynamic" "-lgcc_s" "-lutil" "-lrt" "-lpthread" "-lm" "-ldl" "-lc" "-Wl,--eh-frame-hdr" "-Wl,-z,noexecstack" "-L" "/opt/rustwide/rustup-home/toolchains/1.75.0-x86_64-unknown-linux-gnu/lib/rustlib/x86_64-unknown-linux-gnu/lib" "-o" "/opt/rustwide/target/debug/examples/post_dockerfile-90b660172a597dfe" "-Wl,--gc-sections" "-pie" "-Wl,-z,relro,-z,now" "-nodefaultlibs"
[INFO] [stdout]   = note: collect2: fatal error: ld terminated with signal 9 [Killed]
[INFO] [stdout]           compilation terminated.
[INFO] [stdout]           
[INFO] [stdout] 
[INFO] [stdout] 
[INFO] [stdout] error: aborting due to previous error
[INFO] [stdout] 
[INFO] [stdout] 
[INFO] [stderr] error: could not compile `bollard-next` (example "post_dockerfile") due to 2 previous errors
[INFO] [stdout] error: linking with `cc` failed: exit status: 1
[INFO] [stdout]   |
[INFO] [stdout]   = note: LC_ALL="C" PATH="/opt/rustwide/rustup-home/toolchains/1.75.0-x86_64-unknown-linux-gnu/lib/rustlib/x86_64-unknown-linux-gnu/bin:/opt/rustwide/cargo-home/bin:/usr/local/sbin:/usr/local/bin:/usr/sbin:/usr/bin:/sbin:/bin" VSLANG="1033" "cc" "-m64" "/tmp/rustcDDmQoZ/symbols.o" "/opt/rustwide/target/debug/deps/volume_test-bacf456f793b31dc.volume_test.8dc2edba63e43f91-cgu.00.rcgu.o" "/opt/rustwide/target/debug/deps/volume_test-bacf456f793b31dc.volume_test.8dc2edba63e43f91-cgu.01.rcgu.o" "/opt/rustwide/target/debug/deps/volume_test-bacf456f793b31dc.volume_test.8dc2edba63e43f91-cgu.02.rcgu.o" "/opt/rustwide/target/debug/deps/volume_test-bacf456f793b31dc.volume_test.8dc2edba63e43f91-cgu.03.rcgu.o" "/opt/rustwide/target/debug/deps/volume_test-bacf456f793b31dc.volume_test.8dc2edba63e43f91-cgu.04.rcgu.o" "/opt/rustwide/target/debug/deps/volume_test-bacf456f793b31dc.volume_test.8dc2edba63e43f91-cgu.05.rcgu.o" "/opt/rustwide/target/debug/deps/volume_test-bacf456f793b31dc.volume_test.8dc2edba63e43f91-cgu.06.rcgu.o" "/opt/rustwide/target/debug/deps/volume_test-bacf456f793b31dc.volume_test.8dc2edba63e43f91-cgu.07.rcgu.o" "/opt/rustwide/target/debug/deps/volume_test-bacf456f793b31dc.volume_test.8dc2edba63e43f91-cgu.08.rcgu.o" "/opt/rustwide/target/debug/deps/volume_test-bacf456f793b31dc.volume_test.8dc2edba63e43f91-cgu.09.rcgu.o" "/opt/rustwide/target/debug/deps/volume_test-bacf456f793b31dc.volume_test.8dc2edba63e43f91-cgu.10.rcgu.o" "/opt/rustwide/target/debug/deps/volume_test-bacf456f793b31dc.volume_test.8dc2edba63e43f91-cgu.11.rcgu.o" "/opt/rustwide/target/debug/deps/volume_test-bacf456f793b31dc.volume_test.8dc2edba63e43f91-cgu.12.rcgu.o" "/opt/rustwide/target/debug/deps/volume_test-bacf456f793b31dc.volume_test.8dc2edba63e43f91-cgu.13.rcgu.o" "/opt/rustwide/target/debug/deps/volume_test-bacf456f793b31dc.volume_test.8dc2edba63e43f91-cgu.14.rcgu.o" "/opt/rustwide/target/debug/deps/volume_test-bacf456f793b31dc.volume_test.8dc2edba63e43f91-cgu.15.rcgu.o" "/opt/rustwide/target/debug/deps/volume_test-bacf456f793b31dc.37smq4dtmnoevdl1.rcgu.o" "-Wl,--as-needed" "-L" "/opt/rustwide/target/debug/deps" "-L" "/opt/rustwide/rustup-home/toolchains/1.75.0-x86_64-unknown-linux-gnu/lib/rustlib/x86_64-unknown-linux-gnu/lib" "-Wl,-Bstatic" "/opt/rustwide/rustup-home/toolchains/1.75.0-x86_64-unknown-linux-gnu/lib/rustlib/x86_64-unknown-linux-gnu/lib/libtest-3df1bed8075ce1de.rlib" "/opt/rustwide/rustup-home/toolchains/1.75.0-x86_64-unknown-linux-gnu/lib/rustlib/x86_64-unknown-linux-gnu/lib/libgetopts-2076fd86b325cb5d.rlib" "/opt/rustwide/rustup-home/toolchains/1.75.0-x86_64-unknown-linux-gnu/lib/rustlib/x86_64-unknown-linux-gnu/lib/libunicode_width-caa7152ee70c190f.rlib" "/opt/rustwide/rustup-home/toolchains/1.75.0-x86_64-unknown-linux-gnu/lib/rustlib/x86_64-unknown-linux-gnu/lib/librustc_std_workspace_std-04e6425e07f02a3c.rlib" "/opt/rustwide/target/debug/deps/libbollard_next-0b290273c0ce520f.rlib" "/opt/rustwide/target/debug/deps/libserde_urlencoded-caa0364a77cc627c.rlib" "/opt/rustwide/target/debug/deps/libthiserror-910b0ae1414a94f9.rlib" "/opt/rustwide/target/debug/deps/libbollard_next_stubs-450cd7c607708a93.rlib" "/opt/rustwide/target/debug/deps/libserde_with-f61facfa278eba8c.rlib" "/opt/rustwide/target/debug/deps/liburl-bc0661a5141cbab3.rlib" "/opt/rustwide/target/debug/deps/libidna-35e3e2f202e10859.rlib" "/opt/rustwide/target/debug/deps/libunicode_normalization-e04a0b39935fba30.rlib" "/opt/rustwide/target/debug/deps/libtinyvec-cf6c9f6b792a5507.rlib" "/opt/rustwide/target/debug/deps/libtinyvec_macros-b1cb7f53f58c9f87.rlib" "/opt/rustwide/target/debug/deps/libunicode_bidi-020370784786e57d.rlib" "/opt/rustwide/target/debug/deps/libform_urlencoded-a39e5ffbd9c88c0c.rlib" "/opt/rustwide/target/debug/deps/libpercent_encoding-5d42724fd4d173a7.rlib" "/opt/rustwide/target/debug/deps/libserde_json-68310a38b836a2a8.rlib" "/opt/rustwide/target/debug/deps/libryu-f8e8abf733224b36.rlib" "/opt/rustwide/target/debug/deps/libhyperlocal-87481d1f227331af.rlib" "/opt/rustwide/target/debug/deps/libpin_project-48b45b6c9026e9dc.rlib" "/opt/rustwide/target/debug/deps/libhex-05644b5497b79c5b.rlib" "/opt/rustwide/target/debug/deps/libserde-5b6738ef81f48755.rlib" "/opt/rustwide/target/debug/deps/libhyper-e761861ac1040a7b.rlib" "/opt/rustwide/target/debug/deps/libwant-0e59d2771cba3a35.rlib" "/opt/rustwide/target/debug/deps/libtry_lock-51271589248cd7d9.rlib" "/opt/rustwide/target/debug/deps/libsocket2-2f873b9f743301ed.rlib" "/opt/rustwide/target/debug/deps/libhttparse-64f1ffbeda450424.rlib" "/opt/rustwide/target/debug/deps/libh2-a78619a9edfc3e9e.rlib" "/opt/rustwide/target/debug/deps/libindexmap-93f72862478380d0.rlib" "/opt/rustwide/target/debug/deps/libhashbrown-567986452cb9bc94.rlib" "/opt/rustwide/target/debug/deps/libtokio_util-cbfd9a58371d2e2a.rlib" "/opt/rustwide/target/debug/deps/libtower_service-104d6e83d5ce383d.rlib" "/opt/rustwide/target/debug/deps/libtracing-4844ee36247b1bd5.rlib" "/opt/rustwide/target/debug/deps/libcfg_if-61dc7a6799e72b18.rlib" "/opt/rustwide/target/debug/deps/libtracing_core-a938e53938d01308.rlib" "/opt/rustwide/target/debug/deps/libonce_cell-865e1c5018a0303a.rlib" "/opt/rustwide/target/debug/deps/libhttp_body-6020a10d9659dc54.rlib" "/opt/rustwide/target/debug/deps/libtokio-bac14e8068540c79.rlib" "/opt/rustwide/target/debug/deps/libnum_cpus-73d2f04fa192560a.rlib" "/opt/rustwide/target/debug/deps/libsocket2-57e62e3ab7aa7d13.rlib" "/opt/rustwide/target/debug/deps/libmio-3efd931df8d4efa2.rlib" "/opt/rustwide/target/debug/deps/liblibc-02f888d7762819c3.rlib" "/opt/rustwide/target/debug/deps/libhttpdate-60c45fdec07c28d7.rlib" "/opt/rustwide/target/debug/deps/libhttp-f741a19cbfac6912.rlib" "/opt/rustwide/target/debug/deps/libitoa-05fb7c91ffbc0a79.rlib" "/opt/rustwide/target/debug/deps/libbytes-0a052f49710012b1.rlib" "/opt/rustwide/target/debug/deps/libfnv-18bf5144d055e772.rlib" "/opt/rustwide/target/debug/deps/libfutures_util-a4d53e0c1d0cc6a0.rlib" "/opt/rustwide/target/debug/deps/libmemchr-8adfc22b612d6f7a.rlib" "/opt/rustwide/target/debug/deps/libfutures_io-e29e1f931c78f5ad.rlib" "/opt/rustwide/target/debug/deps/libslab-6eb39baadbe9101c.rlib" "/opt/rustwide/target/debug/deps/libfutures_channel-b11b4e3e73ae8576.rlib" "/opt/rustwide/target/debug/deps/libpin_project_lite-e0757e0deaa2f8a0.rlib" "/opt/rustwide/target/debug/deps/libfutures_sink-4afe6e57e5588fde.rlib" "/opt/rustwide/target/debug/deps/libfutures_task-ec207c36a8b1b716.rlib" "/opt/rustwide/target/debug/deps/libpin_utils-741f7d9d160e4a16.rlib" "/opt/rustwide/target/debug/deps/libfutures_core-02b74ed2f49284a7.rlib" "/opt/rustwide/target/debug/deps/libbase64-3052c0bc8cc540c1.rlib" "/opt/rustwide/target/debug/deps/liblog-4f472032e8cdd371.rlib" "/opt/rustwide/rustup-home/toolchains/1.75.0-x86_64-unknown-linux-gnu/lib/rustlib/x86_64-unknown-linux-gnu/lib/libstd-90f6ddbf82de36ec.rlib" "/opt/rustwide/rustup-home/toolchains/1.75.0-x86_64-unknown-linux-gnu/lib/rustlib/x86_64-unknown-linux-gnu/lib/libpanic_unwind-480c41e9d4e1f677.rlib" "/opt/rustwide/rustup-home/toolchains/1.75.0-x86_64-unknown-linux-gnu/lib/rustlib/x86_64-unknown-linux-gnu/lib/libobject-db744c0ca03eed1d.rlib" "/opt/rustwide/rustup-home/toolchains/1.75.0-x86_64-unknown-linux-gnu/lib/rustlib/x86_64-unknown-linux-gnu/lib/libmemchr-8ba652dc7d4b285a.rlib" "/opt/rustwide/rustup-home/toolchains/1.75.0-x86_64-unknown-linux-gnu/lib/rustlib/x86_64-unknown-linux-gnu/lib/libaddr2line-d5f4520a9ebc0d58.rlib" "/opt/rustwide/rustup-home/toolchains/1.75.0-x86_64-unknown-linux-gnu/lib/rustlib/x86_64-unknown-linux-gnu/lib/libgimli-4ad84de58f0cb463.rlib" "/opt/rustwide/rustup-home/toolchains/1.75.0-x86_64-unknown-linux-gnu/lib/rustlib/x86_64-unknown-linux-gnu/lib/librustc_demangle-0d10aae2e0f38735.rlib" "/opt/rustwide/rustup-home/toolchains/1.75.0-x86_64-unknown-linux-gnu/lib/rustlib/x86_64-unknown-linux-gnu/lib/libstd_detect-0c17cff739e6745b.rlib" "/opt/rustwide/rustup-home/toolchains/1.75.0-x86_64-unknown-linux-gnu/lib/rustlib/x86_64-unknown-linux-gnu/lib/libhashbrown-b29e17139dde1aa8.rlib" "/opt/rustwide/rustup-home/toolchains/1.75.0-x86_64-unknown-linux-gnu/lib/rustlib/x86_64-unknown-linux-gnu/lib/librustc_std_workspace_alloc-1f975299829cc7bd.rlib" "/opt/rustwide/rustup-home/toolchains/1.75.0-x86_64-unknown-linux-gnu/lib/rustlib/x86_64-unknown-linux-gnu/lib/libminiz_oxide-86bae3bc3079f89b.rlib" "/opt/rustwide/rustup-home/toolchains/1.75.0-x86_64-unknown-linux-gnu/lib/rustlib/x86_64-unknown-linux-gnu/lib/libadler-321b82c30dffdf5f.rlib" "/opt/rustwide/rustup-home/toolchains/1.75.0-x86_64-unknown-linux-gnu/lib/rustlib/x86_64-unknown-linux-gnu/lib/libunwind-3dd8a6810a0bdfef.rlib" "/opt/rustwide/rustup-home/toolchains/1.75.0-x86_64-unknown-linux-gnu/lib/rustlib/x86_64-unknown-linux-gnu/lib/libcfg_if-eb39a61c0c879984.rlib" "/opt/rustwide/rustup-home/toolchains/1.75.0-x86_64-unknown-linux-gnu/lib/rustlib/x86_64-unknown-linux-gnu/lib/liblibc-aa769569f91c3548.rlib" "/opt/rustwide/rustup-home/toolchains/1.75.0-x86_64-unknown-linux-gnu/lib/rustlib/x86_64-unknown-linux-gnu/lib/liballoc-510a192a50a983ed.rlib" "/opt/rustwide/rustup-home/toolchains/1.75.0-x86_64-unknown-linux-gnu/lib/rustlib/x86_64-unknown-linux-gnu/lib/librustc_std_workspace_core-0577018320f99037.rlib" "/opt/rustwide/rustup-home/toolchains/1.75.0-x86_64-unknown-linux-gnu/lib/rustlib/x86_64-unknown-linux-gnu/lib/libcore-193cf992125ccd4c.rlib" "/opt/rustwide/rustup-home/toolchains/1.75.0-x86_64-unknown-linux-gnu/lib/rustlib/x86_64-unknown-linux-gnu/lib/libcompiler_builtins-8e138eaf26ebb4a8.rlib" "-Wl,-Bdynamic" "-lgcc_s" "-lutil" "-lrt" "-lpthread" "-lm" "-ldl" "-lc" "-Wl,--eh-frame-hdr" "-Wl,-z,noexecstack" "-L" "/opt/rustwide/rustup-home/toolchains/1.75.0-x86_64-unknown-linux-gnu/lib/rustlib/x86_64-unknown-linux-gnu/lib" "-o" "/opt/rustwide/target/debug/deps/volume_test-bacf456f793b31dc" "-Wl,--gc-sections" "-pie" "-Wl,-z,relro,-z,now" "-nodefaultlibs"
[INFO] [stdout]   = note: collect2: fatal error: ld terminated with signal 9 [Killed]
[INFO] [stdout]           compilation terminated.
[INFO] [stdout]           
[INFO] [stdout] 
[INFO] [stdout] 
[INFO] [stdout] error: aborting due to previous error
[INFO] [stdout] 
[INFO] [stdout] 
[INFO] [stderr] error: could not compile `bollard-next` (test "volume_test") due to 2 previous errors
[INFO] [stdout] error: linking with `cc` failed: exit status: 1
[INFO] [stdout]   |
[INFO] [stdout]   = note: LC_ALL="C" PATH="/opt/rustwide/rustup-home/toolchains/1.75.0-x86_64-unknown-linux-gnu/lib/rustlib/x86_64-unknown-linux-gnu/bin:/opt/rustwide/cargo-home/bin:/usr/local/sbin:/usr/local/bin:/usr/sbin:/usr/bin:/sbin:/bin" VSLANG="1033" "cc" "-m64" "/tmp/rustcUk2ovz/symbols.o" "/opt/rustwide/target/debug/deps/exec_test-c10354d1819be2d2.exec_test.b991067565b78248-cgu.00.rcgu.o" "/opt/rustwide/target/debug/deps/exec_test-c10354d1819be2d2.exec_test.b991067565b78248-cgu.01.rcgu.o" "/opt/rustwide/target/debug/deps/exec_test-c10354d1819be2d2.exec_test.b991067565b78248-cgu.02.rcgu.o" "/opt/rustwide/target/debug/deps/exec_test-c10354d1819be2d2.exec_test.b991067565b78248-cgu.03.rcgu.o" "/opt/rustwide/target/debug/deps/exec_test-c10354d1819be2d2.exec_test.b991067565b78248-cgu.04.rcgu.o" "/opt/rustwide/target/debug/deps/exec_test-c10354d1819be2d2.exec_test.b991067565b78248-cgu.05.rcgu.o" "/opt/rustwide/target/debug/deps/exec_test-c10354d1819be2d2.exec_test.b991067565b78248-cgu.06.rcgu.o" "/opt/rustwide/target/debug/deps/exec_test-c10354d1819be2d2.exec_test.b991067565b78248-cgu.07.rcgu.o" "/opt/rustwide/target/debug/deps/exec_test-c10354d1819be2d2.exec_test.b991067565b78248-cgu.08.rcgu.o" "/opt/rustwide/target/debug/deps/exec_test-c10354d1819be2d2.exec_test.b991067565b78248-cgu.09.rcgu.o" "/opt/rustwide/target/debug/deps/exec_test-c10354d1819be2d2.exec_test.b991067565b78248-cgu.10.rcgu.o" "/opt/rustwide/target/debug/deps/exec_test-c10354d1819be2d2.exec_test.b991067565b78248-cgu.11.rcgu.o" "/opt/rustwide/target/debug/deps/exec_test-c10354d1819be2d2.exec_test.b991067565b78248-cgu.12.rcgu.o" "/opt/rustwide/target/debug/deps/exec_test-c10354d1819be2d2.exec_test.b991067565b78248-cgu.13.rcgu.o" "/opt/rustwide/target/debug/deps/exec_test-c10354d1819be2d2.exec_test.b991067565b78248-cgu.14.rcgu.o" "/opt/rustwide/target/debug/deps/exec_test-c10354d1819be2d2.exec_test.b991067565b78248-cgu.15.rcgu.o" "/opt/rustwide/target/debug/deps/exec_test-c10354d1819be2d2.1gp3bkmrs66nheh9.rcgu.o" "-Wl,--as-needed" "-L" "/opt/rustwide/target/debug/deps" "-L" "/opt/rustwide/rustup-home/toolchains/1.75.0-x86_64-unknown-linux-gnu/lib/rustlib/x86_64-unknown-linux-gnu/lib" "-Wl,-Bstatic" "/opt/rustwide/rustup-home/toolchains/1.75.0-x86_64-unknown-linux-gnu/lib/rustlib/x86_64-unknown-linux-gnu/lib/libtest-3df1bed8075ce1de.rlib" "/opt/rustwide/rustup-home/toolchains/1.75.0-x86_64-unknown-linux-gnu/lib/rustlib/x86_64-unknown-linux-gnu/lib/libgetopts-2076fd86b325cb5d.rlib" "/opt/rustwide/rustup-home/toolchains/1.75.0-x86_64-unknown-linux-gnu/lib/rustlib/x86_64-unknown-linux-gnu/lib/libunicode_width-caa7152ee70c190f.rlib" "/opt/rustwide/rustup-home/toolchains/1.75.0-x86_64-unknown-linux-gnu/lib/rustlib/x86_64-unknown-linux-gnu/lib/librustc_std_workspace_std-04e6425e07f02a3c.rlib" "/opt/rustwide/target/debug/deps/libbollard_next-0b290273c0ce520f.rlib" "/opt/rustwide/target/debug/deps/libserde_urlencoded-caa0364a77cc627c.rlib" "/opt/rustwide/target/debug/deps/libthiserror-910b0ae1414a94f9.rlib" "/opt/rustwide/target/debug/deps/libbollard_next_stubs-450cd7c607708a93.rlib" "/opt/rustwide/target/debug/deps/libserde_with-f61facfa278eba8c.rlib" "/opt/rustwide/target/debug/deps/liburl-bc0661a5141cbab3.rlib" "/opt/rustwide/target/debug/deps/libidna-35e3e2f202e10859.rlib" "/opt/rustwide/target/debug/deps/libunicode_normalization-e04a0b39935fba30.rlib" "/opt/rustwide/target/debug/deps/libtinyvec-cf6c9f6b792a5507.rlib" "/opt/rustwide/target/debug/deps/libtinyvec_macros-b1cb7f53f58c9f87.rlib" "/opt/rustwide/target/debug/deps/libunicode_bidi-020370784786e57d.rlib" "/opt/rustwide/target/debug/deps/libform_urlencoded-a39e5ffbd9c88c0c.rlib" "/opt/rustwide/target/debug/deps/libpercent_encoding-5d42724fd4d173a7.rlib" "/opt/rustwide/target/debug/deps/libserde_json-68310a38b836a2a8.rlib" "/opt/rustwide/target/debug/deps/libryu-f8e8abf733224b36.rlib" "/opt/rustwide/target/debug/deps/libhyperlocal-87481d1f227331af.rlib" "/opt/rustwide/target/debug/deps/libpin_project-48b45b6c9026e9dc.rlib" "/opt/rustwide/target/debug/deps/libhex-05644b5497b79c5b.rlib" "/opt/rustwide/target/debug/deps/libserde-5b6738ef81f48755.rlib" "/opt/rustwide/target/debug/deps/libhyper-e761861ac1040a7b.rlib" "/opt/rustwide/target/debug/deps/libwant-0e59d2771cba3a35.rlib" "/opt/rustwide/target/debug/deps/libtry_lock-51271589248cd7d9.rlib" "/opt/rustwide/target/debug/deps/libsocket2-2f873b9f743301ed.rlib" "/opt/rustwide/target/debug/deps/libhttparse-64f1ffbeda450424.rlib" "/opt/rustwide/target/debug/deps/libh2-a78619a9edfc3e9e.rlib" "/opt/rustwide/target/debug/deps/libindexmap-93f72862478380d0.rlib" "/opt/rustwide/target/debug/deps/libhashbrown-567986452cb9bc94.rlib" "/opt/rustwide/target/debug/deps/libtokio_util-cbfd9a58371d2e2a.rlib" "/opt/rustwide/target/debug/deps/libtower_service-104d6e83d5ce383d.rlib" "/opt/rustwide/target/debug/deps/libtracing-4844ee36247b1bd5.rlib" "/opt/rustwide/target/debug/deps/libcfg_if-61dc7a6799e72b18.rlib" "/opt/rustwide/target/debug/deps/libtracing_core-a938e53938d01308.rlib" "/opt/rustwide/target/debug/deps/libonce_cell-865e1c5018a0303a.rlib" "/opt/rustwide/target/debug/deps/libhttp_body-6020a10d9659dc54.rlib" "/opt/rustwide/target/debug/deps/libtokio-bac14e8068540c79.rlib" "/opt/rustwide/target/debug/deps/libnum_cpus-73d2f04fa192560a.rlib" "/opt/rustwide/target/debug/deps/libsocket2-57e62e3ab7aa7d13.rlib" "/opt/rustwide/target/debug/deps/libmio-3efd931df8d4efa2.rlib" "/opt/rustwide/target/debug/deps/liblibc-02f888d7762819c3.rlib" "/opt/rustwide/target/debug/deps/libhttpdate-60c45fdec07c28d7.rlib" "/opt/rustwide/target/debug/deps/libhttp-f741a19cbfac6912.rlib" "/opt/rustwide/target/debug/deps/libitoa-05fb7c91ffbc0a79.rlib" "/opt/rustwide/target/debug/deps/libbytes-0a052f49710012b1.rlib" "/opt/rustwide/target/debug/deps/libfnv-18bf5144d055e772.rlib" "/opt/rustwide/target/debug/deps/libfutures_util-a4d53e0c1d0cc6a0.rlib" "/opt/rustwide/target/debug/deps/libmemchr-8adfc22b612d6f7a.rlib" "/opt/rustwide/target/debug/deps/libfutures_io-e29e1f931c78f5ad.rlib" "/opt/rustwide/target/debug/deps/libslab-6eb39baadbe9101c.rlib" "/opt/rustwide/target/debug/deps/libfutures_channel-b11b4e3e73ae8576.rlib" "/opt/rustwide/target/debug/deps/libpin_project_lite-e0757e0deaa2f8a0.rlib" "/opt/rustwide/target/debug/deps/libfutures_sink-4afe6e57e5588fde.rlib" "/opt/rustwide/target/debug/deps/libfutures_task-ec207c36a8b1b716.rlib" "/opt/rustwide/target/debug/deps/libpin_utils-741f7d9d160e4a16.rlib" "/opt/rustwide/target/debug/deps/libfutures_core-02b74ed2f49284a7.rlib" "/opt/rustwide/target/debug/deps/libbase64-3052c0bc8cc540c1.rlib" "/opt/rustwide/target/debug/deps/liblog-4f472032e8cdd371.rlib" "/opt/rustwide/rustup-home/toolchains/1.75.0-x86_64-unknown-linux-gnu/lib/rustlib/x86_64-unknown-linux-gnu/lib/libstd-90f6ddbf82de36ec.rlib" "/opt/rustwide/rustup-home/toolchains/1.75.0-x86_64-unknown-linux-gnu/lib/rustlib/x86_64-unknown-linux-gnu/lib/libpanic_unwind-480c41e9d4e1f677.rlib" "/opt/rustwide/rustup-home/toolchains/1.75.0-x86_64-unknown-linux-gnu/lib/rustlib/x86_64-unknown-linux-gnu/lib/libobject-db744c0ca03eed1d.rlib" "/opt/rustwide/rustup-home/toolchains/1.75.0-x86_64-unknown-linux-gnu/lib/rustlib/x86_64-unknown-linux-gnu/lib/libmemchr-8ba652dc7d4b285a.rlib" "/opt/rustwide/rustup-home/toolchains/1.75.0-x86_64-unknown-linux-gnu/lib/rustlib/x86_64-unknown-linux-gnu/lib/libaddr2line-d5f4520a9ebc0d58.rlib" "/opt/rustwide/rustup-home/toolchains/1.75.0-x86_64-unknown-linux-gnu/lib/rustlib/x86_64-unknown-linux-gnu/lib/libgimli-4ad84de58f0cb463.rlib" "/opt/rustwide/rustup-home/toolchains/1.75.0-x86_64-unknown-linux-gnu/lib/rustlib/x86_64-unknown-linux-gnu/lib/librustc_demangle-0d10aae2e0f38735.rlib" "/opt/rustwide/rustup-home/toolchains/1.75.0-x86_64-unknown-linux-gnu/lib/rustlib/x86_64-unknown-linux-gnu/lib/libstd_detect-0c17cff739e6745b.rlib" "/opt/rustwide/rustup-home/toolchains/1.75.0-x86_64-unknown-linux-gnu/lib/rustlib/x86_64-unknown-linux-gnu/lib/libhashbrown-b29e17139dde1aa8.rlib" "/opt/rustwide/rustup-home/toolchains/1.75.0-x86_64-unknown-linux-gnu/lib/rustlib/x86_64-unknown-linux-gnu/lib/librustc_std_workspace_alloc-1f975299829cc7bd.rlib" "/opt/rustwide/rustup-home/toolchains/1.75.0-x86_64-unknown-linux-gnu/lib/rustlib/x86_64-unknown-linux-gnu/lib/libminiz_oxide-86bae3bc3079f89b.rlib" "/opt/rustwide/rustup-home/toolchains/1.75.0-x86_64-unknown-linux-gnu/lib/rustlib/x86_64-unknown-linux-gnu/lib/libadler-321b82c30dffdf5f.rlib" "/opt/rustwide/rustup-home/toolchains/1.75.0-x86_64-unknown-linux-gnu/lib/rustlib/x86_64-unknown-linux-gnu/lib/libunwind-3dd8a6810a0bdfef.rlib" "/opt/rustwide/rustup-home/toolchains/1.75.0-x86_64-unknown-linux-gnu/lib/rustlib/x86_64-unknown-linux-gnu/lib/libcfg_if-eb39a61c0c879984.rlib" "/opt/rustwide/rustup-home/toolchains/1.75.0-x86_64-unknown-linux-gnu/lib/rustlib/x86_64-unknown-linux-gnu/lib/liblibc-aa769569f91c3548.rlib" "/opt/rustwide/rustup-home/toolchains/1.75.0-x86_64-unknown-linux-gnu/lib/rustlib/x86_64-unknown-linux-gnu/lib/liballoc-510a192a50a983ed.rlib" "/opt/rustwide/rustup-home/toolchains/1.75.0-x86_64-unknown-linux-gnu/lib/rustlib/x86_64-unknown-linux-gnu/lib/librustc_std_workspace_core-0577018320f99037.rlib" "/opt/rustwide/rustup-home/toolchains/1.75.0-x86_64-unknown-linux-gnu/lib/rustlib/x86_64-unknown-linux-gnu/lib/libcore-193cf992125ccd4c.rlib" "/opt/rustwide/rustup-home/toolchains/1.75.0-x86_64-unknown-linux-gnu/lib/rustlib/x86_64-unknown-linux-gnu/lib/libcompiler_builtins-8e138eaf26ebb4a8.rlib" "-Wl,-Bdynamic" "-lgcc_s" "-lutil" "-lrt" "-lpthread" "-lm" "-ldl" "-lc" "-Wl,--eh-frame-hdr" "-Wl,-z,noexecstack" "-L" "/opt/rustwide/rustup-home/toolchains/1.75.0-x86_64-unknown-linux-gnu/lib/rustlib/x86_64-unknown-linux-gnu/lib" "-o" "/opt/rustwide/target/debug/deps/exec_test-c10354d1819be2d2" "-Wl,--gc-sections" "-pie" "-Wl,-z,relro,-z,now" "-nodefaultlibs"
[INFO] [stdout]   = note: collect2: fatal error: ld terminated with signal 9 [Killed]
[INFO] [stdout]           compilation terminated.
[INFO] [stdout]           
[INFO] [stdout] 
[INFO] [stdout] 
[INFO] [stdout] error: aborting due to previous error
[INFO] [stdout] 
[INFO] [stdout] 
[INFO] [stderr] error: could not compile `bollard-next` (test "exec_test") due to 2 previous errors
[INFO] running `Command { std: "docker" "inspect" "f5c0de17b9dcceade31bdeb45d2043c436774986528fdaf48b4b108de8b88cc8", kill_on_drop: false }`
[INFO] running `Command { std: "docker" "rm" "-f" "f5c0de17b9dcceade31bdeb45d2043c436774986528fdaf48b4b108de8b88cc8", kill_on_drop: false }`
[INFO] [stdout] f5c0de17b9dcceade31bdeb45d2043c436774986528fdaf48b4b108de8b88cc8
