[INFO] fetching crate bno080 0.1.3...
[INFO] testing bno080-0.1.3 against 1.75.0 for beta-1.76-1
[INFO] extracting crate bno080 0.1.3 into /workspace/builds/worker-2-tc1/source
[INFO] validating manifest of crates.io crate bno080 0.1.3 on toolchain 1.75.0
[INFO] running `Command { std: CARGO_HOME="/workspace/cargo-home" RUSTUP_HOME="/workspace/rustup-home" "/workspace/cargo-home/bin/cargo" "+1.75.0" "metadata" "--manifest-path" "Cargo.toml" "--no-deps", kill_on_drop: false }`
[INFO] started tweaking crates.io crate bno080 0.1.3
[INFO] finished tweaking crates.io crate bno080 0.1.3
[INFO] tweaked toml for crates.io crate bno080 0.1.3 written to /workspace/builds/worker-2-tc1/source/Cargo.toml
[INFO] running `Command { std: CARGO_HOME="/workspace/cargo-home" RUSTUP_HOME="/workspace/rustup-home" "/workspace/cargo-home/bin/cargo" "+1.75.0" "generate-lockfile" "--manifest-path" "Cargo.toml", kill_on_drop: false }`
[INFO] [stderr]     Updating crates.io index
[INFO] running `Command { std: CARGO_HOME="/workspace/cargo-home" RUSTUP_HOME="/workspace/rustup-home" "/workspace/cargo-home/bin/cargo" "+1.75.0" "fetch" "--manifest-path" "Cargo.toml", kill_on_drop: false }`
[INFO] [stderr]  Downloading crates ...
[INFO] [stderr]   Downloaded ufmt-write v0.1.0
[INFO] [stderr]   Downloaded rtt-target v0.1.1
[INFO] [stderr]   Downloaded panic-rtt-core v0.1.1
[INFO] running `Command { std: "docker" "create" "-v" "/var/lib/crater-agent-workspace/builds/worker-2-tc1/target:/opt/rustwide/target:rw,Z" "-v" "/var/lib/crater-agent-workspace/builds/worker-2-tc1/source:/opt/rustwide/workdir:ro,Z" "-v" "/var/lib/crater-agent-workspace/cargo-home:/opt/rustwide/cargo-home:ro,Z" "-v" "/var/lib/crater-agent-workspace/rustup-home:/opt/rustwide/rustup-home:ro,Z" "-e" "SOURCE_DIR=/opt/rustwide/workdir" "-e" "CARGO_TARGET_DIR=/opt/rustwide/target" "-e" "CARGO_HOME=/opt/rustwide/cargo-home" "-e" "RUSTUP_HOME=/opt/rustwide/rustup-home" "-w" "/opt/rustwide/workdir" "-m" "1610612736" "--user" "0:0" "--network" "none" "ghcr.io/rust-lang/crates-build-env/linux@sha256:2788e3201cd34a07e3172128adcd8b3090168a8e3bcc40d7c032b9dda1df7d1c" "/opt/rustwide/cargo-home/bin/cargo" "+1.75.0" "metadata" "--no-deps" "--format-version=1", kill_on_drop: false }`
[INFO] [stdout] 9dc27447dbb38474cf74eac74c773793d1953b9921d2ccc10e518c3e6d826e33
[INFO] running `Command { std: "docker" "start" "-a" "9dc27447dbb38474cf74eac74c773793d1953b9921d2ccc10e518c3e6d826e33", kill_on_drop: false }`
[INFO] running `Command { std: "docker" "inspect" "9dc27447dbb38474cf74eac74c773793d1953b9921d2ccc10e518c3e6d826e33", kill_on_drop: false }`
[INFO] running `Command { std: "docker" "rm" "-f" "9dc27447dbb38474cf74eac74c773793d1953b9921d2ccc10e518c3e6d826e33", kill_on_drop: false }`
[INFO] [stdout] 9dc27447dbb38474cf74eac74c773793d1953b9921d2ccc10e518c3e6d826e33
[INFO] running `Command { std: "docker" "create" "-v" "/var/lib/crater-agent-workspace/builds/worker-2-tc1/target:/opt/rustwide/target:rw,Z" "-v" "/var/lib/crater-agent-workspace/builds/worker-2-tc1/source:/opt/rustwide/workdir:ro,Z" "-v" "/var/lib/crater-agent-workspace/cargo-home:/opt/rustwide/cargo-home:ro,Z" "-v" "/var/lib/crater-agent-workspace/rustup-home:/opt/rustwide/rustup-home:ro,Z" "-e" "SOURCE_DIR=/opt/rustwide/workdir" "-e" "CARGO_TARGET_DIR=/opt/rustwide/target" "-e" "CARGO_INCREMENTAL=0" "-e" "RUST_BACKTRACE=full" "-e" "RUSTFLAGS=--cap-lints=warn" "-e" "RUSTDOCFLAGS=--cap-lints=warn" "-e" "CARGO_HOME=/opt/rustwide/cargo-home" "-e" "RUSTUP_HOME=/opt/rustwide/rustup-home" "-w" "/opt/rustwide/workdir" "-m" "1610612736" "--user" "0:0" "--network" "none" "ghcr.io/rust-lang/crates-build-env/linux@sha256:2788e3201cd34a07e3172128adcd8b3090168a8e3bcc40d7c032b9dda1df7d1c" "/opt/rustwide/cargo-home/bin/cargo" "+1.75.0" "build" "--frozen" "--message-format=json", kill_on_drop: false }`
[INFO] [stdout] 559addd95afe191018086154c590a7899af4de096e13d216dec695f1d50c8cdf
[INFO] running `Command { std: "docker" "start" "-a" "559addd95afe191018086154c590a7899af4de096e13d216dec695f1d50c8cdf", kill_on_drop: false }`
[INFO] [stderr]    Compiling nb v1.1.0
[INFO] [stderr]    Compiling void v1.0.2
[INFO] [stderr]    Compiling nb v0.1.3
[INFO] [stderr]    Compiling embedded-hal v0.2.7
[INFO] [stderr]    Compiling bno080 v0.1.3 (/opt/rustwide/workdir)
[INFO] [stderr]     Finished dev [unoptimized + debuginfo] target(s) in 0.45s
[INFO] running `Command { std: "docker" "inspect" "559addd95afe191018086154c590a7899af4de096e13d216dec695f1d50c8cdf", kill_on_drop: false }`
[INFO] running `Command { std: "docker" "rm" "-f" "559addd95afe191018086154c590a7899af4de096e13d216dec695f1d50c8cdf", kill_on_drop: false }`
[INFO] [stdout] 559addd95afe191018086154c590a7899af4de096e13d216dec695f1d50c8cdf
[INFO] running `Command { std: "docker" "create" "-v" "/var/lib/crater-agent-workspace/builds/worker-2-tc1/target:/opt/rustwide/target:rw,Z" "-v" "/var/lib/crater-agent-workspace/builds/worker-2-tc1/source:/opt/rustwide/workdir:ro,Z" "-v" "/var/lib/crater-agent-workspace/cargo-home:/opt/rustwide/cargo-home:ro,Z" "-v" "/var/lib/crater-agent-workspace/rustup-home:/opt/rustwide/rustup-home:ro,Z" "-e" "SOURCE_DIR=/opt/rustwide/workdir" "-e" "CARGO_TARGET_DIR=/opt/rustwide/target" "-e" "CARGO_INCREMENTAL=0" "-e" "RUST_BACKTRACE=full" "-e" "RUSTFLAGS=--cap-lints=warn" "-e" "RUSTDOCFLAGS=--cap-lints=warn" "-e" "CARGO_HOME=/opt/rustwide/cargo-home" "-e" "RUSTUP_HOME=/opt/rustwide/rustup-home" "-w" "/opt/rustwide/workdir" "-m" "1610612736" "--user" "0:0" "--network" "none" "ghcr.io/rust-lang/crates-build-env/linux@sha256:2788e3201cd34a07e3172128adcd8b3090168a8e3bcc40d7c032b9dda1df7d1c" "/opt/rustwide/cargo-home/bin/cargo" "+1.75.0" "test" "--frozen" "--no-run" "--message-format=json", kill_on_drop: false }`
[INFO] [stdout] 247676ecb9f36f71f4682df3e35c12fb7ae5e3944d0c0ff7c9e79c09265f98c5
[INFO] running `Command { std: "docker" "start" "-a" "247676ecb9f36f71f4682df3e35c12fb7ae5e3944d0c0ff7c9e79c09265f98c5", kill_on_drop: false }`
[INFO] [stderr]    Compiling bno080 v0.1.3 (/opt/rustwide/workdir)
[INFO] [stdout] error[E0599]: no method named `receive_packet` found for struct `BNO080` in the current scope
[INFO] [stdout]    --> src/interface/i2c.rs:303:23
[INFO] [stdout]     |
[INFO] [stdout] 303 |         let rc = shub.receive_packet();
[INFO] [stdout]     |                       ^^^^^^^^^^^^^^ help: there is a method with a similar name: `handle_received_packet`
[INFO] [stdout]     |
[INFO] [stdout]    ::: src/wrapper.rs:31:1
[INFO] [stdout]     |
[INFO] [stdout] 31  | pub struct BNO080<SI> {
[INFO] [stdout]     | --------------------- method `receive_packet` not found for this struct
[INFO] [stdout] 
[INFO] [stdout] 
[INFO] [stdout] error[E0599]: no method named `receive_packet` found for struct `BNO080` in the current scope
[INFO] [stdout]    --> src/wrapper.rs:764:23
[INFO] [stdout]     |
[INFO] [stdout] 31  | pub struct BNO080<SI> {
[INFO] [stdout]     | --------------------- method `receive_packet` not found for this struct
[INFO] [stdout] ...
[INFO] [stdout] 764 |         let rc = shub.receive_packet();
[INFO] [stdout]     |                       ^^^^^^^^^^^^^^ help: there is a method with a similar name: `handle_received_packet`
[INFO] [stdout] 
[INFO] [stdout] 
[INFO] [stdout] error[E0061]: this method takes 2 arguments but 0 arguments were supplied
[INFO] [stdout]    --> src/wrapper.rs:784:30
[INFO] [stdout]     |
[INFO] [stdout] 784 |         let msg_count = shub.handle_one_message();
[INFO] [stdout]     |                              ^^^^^^^^^^^^^^^^^^-- two arguments of type `&mut _` and `u8` are missing
[INFO] [stdout]     |
[INFO] [stdout] note: method defined here
[INFO] [stdout]    --> src/wrapper.rs:128:12
[INFO] [stdout]     |
[INFO] [stdout] 128 |     pub fn handle_one_message(
[INFO] [stdout]     |            ^^^^^^^^^^^^^^^^^^
[INFO] [stdout] 129 |         &mut self,
[INFO] [stdout] 130 |         delay: &mut impl DelayMs<u8>,
[INFO] [stdout]     |         ----------------------------
[INFO] [stdout] 131 |         max_ms: u8,
[INFO] [stdout]     |         ----------
[INFO] [stdout] help: provide the arguments
[INFO] [stdout]     |
[INFO] [stdout] 784 |         let msg_count = shub.handle_one_message(/* delay */, /* u8 */);
[INFO] [stdout]     |                                                ~~~~~~~~~~~~~~~~~~~~~~~
[INFO] [stdout] 
[INFO] [stdout] 
[INFO] [stdout] error: aborting due to 3 previous errors
[INFO] [stdout] 
[INFO] [stdout] 
[INFO] [stdout] Some errors have detailed explanations: E0061, E0599.
[INFO] [stdout] 
[INFO] [stdout] For more information about an error, try `rustc --explain E0061`.
[INFO] [stdout] 
[INFO] [stderr] error: could not compile `bno080` (lib test) due to 4 previous errors
[INFO] running `Command { std: "docker" "inspect" "247676ecb9f36f71f4682df3e35c12fb7ae5e3944d0c0ff7c9e79c09265f98c5", kill_on_drop: false }`
[INFO] running `Command { std: "docker" "rm" "-f" "247676ecb9f36f71f4682df3e35c12fb7ae5e3944d0c0ff7c9e79c09265f98c5", kill_on_drop: false }`
[INFO] [stdout] 247676ecb9f36f71f4682df3e35c12fb7ae5e3944d0c0ff7c9e79c09265f98c5
