[INFO] fetching crate bme280-multibus 0.4.0...
[INFO] testing bme280-multibus-0.4.0 against 1.75.0 for beta-1.76-1
[INFO] extracting crate bme280-multibus 0.4.0 into /workspace/builds/worker-6-tc1/source
[INFO] validating manifest of crates.io crate bme280-multibus 0.4.0 on toolchain 1.75.0
[INFO] running `Command { std: CARGO_HOME="/workspace/cargo-home" RUSTUP_HOME="/workspace/rustup-home" "/workspace/cargo-home/bin/cargo" "+1.75.0" "metadata" "--manifest-path" "Cargo.toml" "--no-deps", kill_on_drop: false }`
[INFO] started tweaking crates.io crate bme280-multibus 0.4.0
[INFO] finished tweaking crates.io crate bme280-multibus 0.4.0
[INFO] tweaked toml for crates.io crate bme280-multibus 0.4.0 written to /workspace/builds/worker-6-tc1/source/Cargo.toml
[INFO] crate crates.io crate bme280-multibus 0.4.0 already has a lockfile, it will not be regenerated
[INFO] running `Command { std: CARGO_HOME="/workspace/cargo-home" RUSTUP_HOME="/workspace/rustup-home" "/workspace/cargo-home/bin/cargo" "+1.75.0" "fetch" "--manifest-path" "Cargo.toml", kill_on_drop: false }`
[INFO] [stderr]     Updating crates.io index
[INFO] [stderr]  Downloading crates ...
[INFO] [stderr]   Downloaded embedded-hal-nb v1.0.0-rc.1
[INFO] [stderr]   Downloaded embedded-hal v1.0.0-rc.1
[INFO] [stderr]   Downloaded embedded-hal-async v1.0.0-rc.1
[INFO] [stderr]   Downloaded ftdi-mpsse v0.1.1
[INFO] [stderr]   Downloaded libftd2xx-ffi v0.8.6
[INFO] [stderr]   Downloaded ftdi-embedded-hal v0.18.0
[INFO] [stderr]   Downloaded libftd2xx v0.32.3
[INFO] running `Command { std: "docker" "create" "-v" "/var/lib/crater-agent-workspace/builds/worker-6-tc1/target:/opt/rustwide/target:rw,Z" "-v" "/var/lib/crater-agent-workspace/builds/worker-6-tc1/source:/opt/rustwide/workdir:ro,Z" "-v" "/var/lib/crater-agent-workspace/cargo-home:/opt/rustwide/cargo-home:ro,Z" "-v" "/var/lib/crater-agent-workspace/rustup-home:/opt/rustwide/rustup-home:ro,Z" "-e" "SOURCE_DIR=/opt/rustwide/workdir" "-e" "CARGO_TARGET_DIR=/opt/rustwide/target" "-e" "CARGO_HOME=/opt/rustwide/cargo-home" "-e" "RUSTUP_HOME=/opt/rustwide/rustup-home" "-w" "/opt/rustwide/workdir" "-m" "1610612736" "--user" "0:0" "--network" "none" "ghcr.io/rust-lang/crates-build-env/linux@sha256:2788e3201cd34a07e3172128adcd8b3090168a8e3bcc40d7c032b9dda1df7d1c" "/opt/rustwide/cargo-home/bin/cargo" "+1.75.0" "metadata" "--no-deps" "--format-version=1", kill_on_drop: false }`
[INFO] [stdout] 6eeadd9f7cccdd596dbc931a817ea66ac455cafdeb8c9e7e9914799be3853fa8
[INFO] running `Command { std: "docker" "start" "-a" "6eeadd9f7cccdd596dbc931a817ea66ac455cafdeb8c9e7e9914799be3853fa8", kill_on_drop: false }`
[INFO] running `Command { std: "docker" "inspect" "6eeadd9f7cccdd596dbc931a817ea66ac455cafdeb8c9e7e9914799be3853fa8", kill_on_drop: false }`
[INFO] running `Command { std: "docker" "rm" "-f" "6eeadd9f7cccdd596dbc931a817ea66ac455cafdeb8c9e7e9914799be3853fa8", kill_on_drop: false }`
[INFO] [stdout] 6eeadd9f7cccdd596dbc931a817ea66ac455cafdeb8c9e7e9914799be3853fa8
[INFO] running `Command { std: "docker" "create" "-v" "/var/lib/crater-agent-workspace/builds/worker-6-tc1/target:/opt/rustwide/target:rw,Z" "-v" "/var/lib/crater-agent-workspace/builds/worker-6-tc1/source:/opt/rustwide/workdir:ro,Z" "-v" "/var/lib/crater-agent-workspace/cargo-home:/opt/rustwide/cargo-home:ro,Z" "-v" "/var/lib/crater-agent-workspace/rustup-home:/opt/rustwide/rustup-home:ro,Z" "-e" "SOURCE_DIR=/opt/rustwide/workdir" "-e" "CARGO_TARGET_DIR=/opt/rustwide/target" "-e" "CARGO_INCREMENTAL=0" "-e" "RUST_BACKTRACE=full" "-e" "RUSTFLAGS=--cap-lints=warn" "-e" "RUSTDOCFLAGS=--cap-lints=warn" "-e" "CARGO_HOME=/opt/rustwide/cargo-home" "-e" "RUSTUP_HOME=/opt/rustwide/rustup-home" "-w" "/opt/rustwide/workdir" "-m" "1610612736" "--user" "0:0" "--network" "none" "ghcr.io/rust-lang/crates-build-env/linux@sha256:2788e3201cd34a07e3172128adcd8b3090168a8e3bcc40d7c032b9dda1df7d1c" "/opt/rustwide/cargo-home/bin/cargo" "+1.75.0" "build" "--frozen" "--message-format=json", kill_on_drop: false }`
[INFO] [stdout] c43fd51748ac26fda37e5bab357a03a15cc80ef503bcbc514c5c7e27f6091d26
[INFO] running `Command { std: "docker" "start" "-a" "c43fd51748ac26fda37e5bab357a03a15cc80ef503bcbc514c5c7e27f6091d26", kill_on_drop: false }`
[INFO] [stderr]    Compiling nb v1.1.0
[INFO] [stderr]    Compiling void v1.0.2
[INFO] [stderr]    Compiling embedded-hal v1.0.0-rc.1
[INFO] [stderr]    Compiling nb v0.1.3
[INFO] [stderr]    Compiling embedded-hal v0.2.7
[INFO] [stderr]    Compiling bme280-multibus v0.4.0 (/opt/rustwide/workdir)
[INFO] [stderr]     Finished dev [unoptimized + debuginfo] target(s) in 0.25s
[INFO] running `Command { std: "docker" "inspect" "c43fd51748ac26fda37e5bab357a03a15cc80ef503bcbc514c5c7e27f6091d26", kill_on_drop: false }`
[INFO] running `Command { std: "docker" "rm" "-f" "c43fd51748ac26fda37e5bab357a03a15cc80ef503bcbc514c5c7e27f6091d26", kill_on_drop: false }`
[INFO] [stdout] c43fd51748ac26fda37e5bab357a03a15cc80ef503bcbc514c5c7e27f6091d26
[INFO] running `Command { std: "docker" "create" "-v" "/var/lib/crater-agent-workspace/builds/worker-6-tc1/target:/opt/rustwide/target:rw,Z" "-v" "/var/lib/crater-agent-workspace/builds/worker-6-tc1/source:/opt/rustwide/workdir:ro,Z" "-v" "/var/lib/crater-agent-workspace/cargo-home:/opt/rustwide/cargo-home:ro,Z" "-v" "/var/lib/crater-agent-workspace/rustup-home:/opt/rustwide/rustup-home:ro,Z" "-e" "SOURCE_DIR=/opt/rustwide/workdir" "-e" "CARGO_TARGET_DIR=/opt/rustwide/target" "-e" "CARGO_INCREMENTAL=0" "-e" "RUST_BACKTRACE=full" "-e" "RUSTFLAGS=--cap-lints=warn" "-e" "RUSTDOCFLAGS=--cap-lints=warn" "-e" "CARGO_HOME=/opt/rustwide/cargo-home" "-e" "RUSTUP_HOME=/opt/rustwide/rustup-home" "-w" "/opt/rustwide/workdir" "-m" "1610612736" "--user" "0:0" "--network" "none" "ghcr.io/rust-lang/crates-build-env/linux@sha256:2788e3201cd34a07e3172128adcd8b3090168a8e3bcc40d7c032b9dda1df7d1c" "/opt/rustwide/cargo-home/bin/cargo" "+1.75.0" "test" "--frozen" "--no-run" "--message-format=json", kill_on_drop: false }`
[INFO] [stdout] 1d57706b8ce8268ad8a916c7c6062593a45be09ddb7b5eb61676e466129e186b
[INFO] running `Command { std: "docker" "start" "-a" "1d57706b8ce8268ad8a916c7c6062593a45be09ddb7b5eb61676e466129e186b", kill_on_drop: false }`
[INFO] [stderr]    Compiling proc-macro2 v1.0.69
[INFO] [stderr]    Compiling libftd2xx-ffi v0.8.6
[INFO] [stderr]    Compiling paste v1.0.14
[INFO] [stderr]    Compiling log v0.4.20
[INFO] [stderr]    Compiling nb v0.1.3
[INFO] [stderr]    Compiling ftdi-mpsse v0.1.1
[INFO] [stderr]    Compiling embedded-hal-nb v1.0.0-rc.1
[INFO] [stderr]    Compiling embedded-hal v0.2.7
[INFO] [stderr]    Compiling bme280-multibus v0.4.0 (/opt/rustwide/workdir)
[INFO] [stderr]    Compiling quote v1.0.33
[INFO] [stderr]    Compiling libftd2xx v0.32.3
[INFO] [stderr]    Compiling syn v2.0.38
[INFO] [stderr]    Compiling ftdi-embedded-hal v0.18.0
[INFO] [stderr]    Compiling tokio-macros v2.1.0
[INFO] [stderr]    Compiling tokio v1.33.0
[INFO] [stdout] error[E0433]: failed to resolve: use of undeclared crate or module `ehm`
[INFO] [stdout]  --> tests/i2c1.rs:5:15
[INFO] [stdout]   |
[INFO] [stdout] 5 |     let i2c = ehm::eh1::i2c::Mock::new(&[
[INFO] [stdout]   |               ^^^ use of undeclared crate or module `ehm`
[INFO] [stdout]   |
[INFO] [stdout] help: there is a crate or module with a similar name
[INFO] [stdout]   |
[INFO] [stdout] 5 |     let i2c = eh1::eh1::i2c::Mock::new(&[
[INFO] [stdout]   |               ~~~
[INFO] [stdout] 
[INFO] [stdout] 
[INFO] [stdout] error[E0433]: failed to resolve: use of undeclared crate or module `ehm`
[INFO] [stdout]  --> tests/i2c1.rs:6:9
[INFO] [stdout]   |
[INFO] [stdout] 6 |         ehm::eh1::i2c::Transaction::write_read(0x76, vec![0x88], vec![0; 26]),
[INFO] [stdout]   |         ^^^ use of undeclared crate or module `ehm`
[INFO] [stdout]   |
[INFO] [stdout] help: there is a crate or module with a similar name
[INFO] [stdout]   |
[INFO] [stdout] 6 |         eh1::eh1::i2c::Transaction::write_read(0x76, vec![0x88], vec![0; 26]),
[INFO] [stdout]   |         ~~~
[INFO] [stdout] 
[INFO] [stdout] 
[INFO] [stdout] error[E0433]: failed to resolve: use of undeclared crate or module `ehm`
[INFO] [stdout]  --> tests/i2c1.rs:7:9
[INFO] [stdout]   |
[INFO] [stdout] 7 |         ehm::eh1::i2c::Transaction::write_read(0x76, vec![0xE1], vec![0; 7]),
[INFO] [stdout]   |         ^^^ use of undeclared crate or module `ehm`
[INFO] [stdout]   |
[INFO] [stdout] help: there is a crate or module with a similar name
[INFO] [stdout]   |
[INFO] [stdout] 7 |         eh1::eh1::i2c::Transaction::write_read(0x76, vec![0xE1], vec![0; 7]),
[INFO] [stdout]   |         ~~~
[INFO] [stdout] 
[INFO] [stdout] 
[INFO] [stdout] error[E0433]: failed to resolve: use of undeclared crate or module `ehm`
[INFO] [stdout]  --> tests/i2c1.rs:8:9
[INFO] [stdout]   |
[INFO] [stdout] 8 |         ehm::eh1::i2c::Transaction::write(0x76, vec![0xF2, 0b100]),
[INFO] [stdout]   |         ^^^ use of undeclared crate or module `ehm`
[INFO] [stdout]   |
[INFO] [stdout] help: there is a crate or module with a similar name
[INFO] [stdout]   |
[INFO] [stdout] 8 |         eh1::eh1::i2c::Transaction::write(0x76, vec![0xF2, 0b100]),
[INFO] [stdout]   |         ~~~
[INFO] [stdout] 
[INFO] [stdout] 
[INFO] [stdout] error[E0433]: failed to resolve: use of undeclared crate or module `ehm`
[INFO] [stdout]  --> tests/i2c1.rs:9:9
[INFO] [stdout]   |
[INFO] [stdout] 9 |         ehm::eh1::i2c::Transaction::write(0x76, vec![0xF4, 0b10010011]),
[INFO] [stdout]   |         ^^^ use of undeclared crate or module `ehm`
[INFO] [stdout]   |
[INFO] [stdout] help: there is a crate or module with a similar name
[INFO] [stdout]   |
[INFO] [stdout] 9 |         eh1::eh1::i2c::Transaction::write(0x76, vec![0xF4, 0b10010011]),
[INFO] [stdout]   |         ~~~
[INFO] [stdout] 
[INFO] [stdout] 
[INFO] [stdout] error[E0433]: failed to resolve: use of undeclared crate or module `ehm`
[INFO] [stdout]   --> tests/i2c1.rs:10:9
[INFO] [stdout]    |
[INFO] [stdout] 10 |         ehm::eh1::i2c::Transaction::write(0x76, vec![0xF5, 0b10110000]),
[INFO] [stdout]    |         ^^^ use of undeclared crate or module `ehm`
[INFO] [stdout]    |
[INFO] [stdout] help: there is a crate or module with a similar name
[INFO] [stdout]    |
[INFO] [stdout] 10 |         eh1::eh1::i2c::Transaction::write(0x76, vec![0xF5, 0b10110000]),
[INFO] [stdout]    |         ~~~
[INFO] [stdout] 
[INFO] [stdout] 
[INFO] [stdout] error[E0433]: failed to resolve: use of undeclared crate or module `ehm`
[INFO] [stdout]   --> tests/i2c1.rs:11:9
[INFO] [stdout]    |
[INFO] [stdout] 11 |         ehm::eh1::i2c::Transaction::write_read(0x76, vec![0xF7], vec![0; 8]),
[INFO] [stdout]    |         ^^^ use of undeclared crate or module `ehm`
[INFO] [stdout]    |
[INFO] [stdout] help: there is a crate or module with a similar name
[INFO] [stdout]    |
[INFO] [stdout] 11 |         eh1::eh1::i2c::Transaction::write_read(0x76, vec![0xF7], vec![0; 8]),
[INFO] [stdout]    |         ~~~
[INFO] [stdout] 
[INFO] [stdout] 
[INFO] [stdout] error: aborting due to 7 previous errors
[INFO] [stdout] 
[INFO] [stdout] 
[INFO] [stdout] For more information about this error, try `rustc --explain E0433`.
[INFO] [stdout] 
[INFO] [stderr] error: could not compile `bme280-multibus` (test "i2c1") due to 8 previous errors
[INFO] [stderr] warning: build failed, waiting for other jobs to finish...
[INFO] running `Command { std: "docker" "inspect" "1d57706b8ce8268ad8a916c7c6062593a45be09ddb7b5eb61676e466129e186b", kill_on_drop: false }`
[INFO] running `Command { std: "docker" "rm" "-f" "1d57706b8ce8268ad8a916c7c6062593a45be09ddb7b5eb61676e466129e186b", kill_on_drop: false }`
[INFO] [stdout] 1d57706b8ce8268ad8a916c7c6062593a45be09ddb7b5eb61676e466129e186b
[INFO] testing bme280-multibus-0.4.0 against beta-2023-12-22 for beta-1.76-1
[INFO] extracting crate bme280-multibus 0.4.0 into /workspace/builds/worker-6-tc2/source
[INFO] validating manifest of crates.io crate bme280-multibus 0.4.0 on toolchain beta-2023-12-22
[INFO] running `Command { std: CARGO_HOME="/workspace/cargo-home" RUSTUP_HOME="/workspace/rustup-home" "/workspace/cargo-home/bin/cargo" "+beta-2023-12-22" "metadata" "--manifest-path" "Cargo.toml" "--no-deps", kill_on_drop: false }`
[INFO] started tweaking crates.io crate bme280-multibus 0.4.0
[INFO] finished tweaking crates.io crate bme280-multibus 0.4.0
[INFO] tweaked toml for crates.io crate bme280-multibus 0.4.0 written to /workspace/builds/worker-6-tc2/source/Cargo.toml
[INFO] crate crates.io crate bme280-multibus 0.4.0 already has a lockfile, it will not be regenerated
[INFO] running `Command { std: CARGO_HOME="/workspace/cargo-home" RUSTUP_HOME="/workspace/rustup-home" "/workspace/cargo-home/bin/cargo" "+beta-2023-12-22" "fetch" "--manifest-path" "Cargo.toml", kill_on_drop: false }`
[INFO] running `Command { std: "docker" "create" "-v" "/var/lib/crater-agent-workspace/builds/worker-6-tc2/target:/opt/rustwide/target:rw,Z" "-v" "/var/lib/crater-agent-workspace/builds/worker-6-tc2/source:/opt/rustwide/workdir:ro,Z" "-v" "/var/lib/crater-agent-workspace/cargo-home:/opt/rustwide/cargo-home:ro,Z" "-v" "/var/lib/crater-agent-workspace/rustup-home:/opt/rustwide/rustup-home:ro,Z" "-e" "SOURCE_DIR=/opt/rustwide/workdir" "-e" "CARGO_TARGET_DIR=/opt/rustwide/target" "-e" "CARGO_HOME=/opt/rustwide/cargo-home" "-e" "RUSTUP_HOME=/opt/rustwide/rustup-home" "-w" "/opt/rustwide/workdir" "-m" "1610612736" "--user" "0:0" "--network" "none" "ghcr.io/rust-lang/crates-build-env/linux@sha256:2788e3201cd34a07e3172128adcd8b3090168a8e3bcc40d7c032b9dda1df7d1c" "/opt/rustwide/cargo-home/bin/cargo" "+beta-2023-12-22" "metadata" "--no-deps" "--format-version=1", kill_on_drop: false }`
[INFO] [stdout] c1e733ad55af883439bf8e6045419256ffa881a954afe1f93c159ff74434481f
[INFO] running `Command { std: "docker" "start" "-a" "c1e733ad55af883439bf8e6045419256ffa881a954afe1f93c159ff74434481f", kill_on_drop: false }`
[INFO] running `Command { std: "docker" "inspect" "c1e733ad55af883439bf8e6045419256ffa881a954afe1f93c159ff74434481f", kill_on_drop: false }`
[INFO] running `Command { std: "docker" "rm" "-f" "c1e733ad55af883439bf8e6045419256ffa881a954afe1f93c159ff74434481f", kill_on_drop: false }`
[INFO] [stdout] c1e733ad55af883439bf8e6045419256ffa881a954afe1f93c159ff74434481f
[INFO] running `Command { std: "docker" "create" "-v" "/var/lib/crater-agent-workspace/builds/worker-6-tc2/target:/opt/rustwide/target:rw,Z" "-v" "/var/lib/crater-agent-workspace/builds/worker-6-tc2/source:/opt/rustwide/workdir:ro,Z" "-v" "/var/lib/crater-agent-workspace/cargo-home:/opt/rustwide/cargo-home:ro,Z" "-v" "/var/lib/crater-agent-workspace/rustup-home:/opt/rustwide/rustup-home:ro,Z" "-e" "SOURCE_DIR=/opt/rustwide/workdir" "-e" "CARGO_TARGET_DIR=/opt/rustwide/target" "-e" "CARGO_INCREMENTAL=0" "-e" "RUST_BACKTRACE=full" "-e" "RUSTFLAGS=--cap-lints=warn" "-e" "RUSTDOCFLAGS=--cap-lints=warn" "-e" "CARGO_HOME=/opt/rustwide/cargo-home" "-e" "RUSTUP_HOME=/opt/rustwide/rustup-home" "-w" "/opt/rustwide/workdir" "-m" "1610612736" "--user" "0:0" "--network" "none" "ghcr.io/rust-lang/crates-build-env/linux@sha256:2788e3201cd34a07e3172128adcd8b3090168a8e3bcc40d7c032b9dda1df7d1c" "/opt/rustwide/cargo-home/bin/cargo" "+beta-2023-12-22" "build" "--frozen" "--message-format=json", kill_on_drop: false }`
[INFO] [stdout] 52cfe6904b0818c42679d98687f1172a0022421308118bbf365803f956727044
[INFO] running `Command { std: "docker" "start" "-a" "52cfe6904b0818c42679d98687f1172a0022421308118bbf365803f956727044", kill_on_drop: false }`
[INFO] [stderr]    Compiling nb v1.1.0
[INFO] [stderr]    Compiling void v1.0.2
[INFO] [stderr]    Compiling embedded-hal v1.0.0-rc.1
[INFO] [stderr]    Compiling nb v0.1.3
[INFO] [stderr]    Compiling embedded-hal v0.2.7
[INFO] [stderr]    Compiling bme280-multibus v0.4.0 (/opt/rustwide/workdir)
[INFO] [stderr]     Finished dev [unoptimized + debuginfo] target(s) in 0.25s
[INFO] running `Command { std: "docker" "inspect" "52cfe6904b0818c42679d98687f1172a0022421308118bbf365803f956727044", kill_on_drop: false }`
[INFO] running `Command { std: "docker" "rm" "-f" "52cfe6904b0818c42679d98687f1172a0022421308118bbf365803f956727044", kill_on_drop: false }`
[INFO] [stdout] 52cfe6904b0818c42679d98687f1172a0022421308118bbf365803f956727044
[INFO] running `Command { std: "docker" "create" "-v" "/var/lib/crater-agent-workspace/builds/worker-6-tc2/target:/opt/rustwide/target:rw,Z" "-v" "/var/lib/crater-agent-workspace/builds/worker-6-tc2/source:/opt/rustwide/workdir:ro,Z" "-v" "/var/lib/crater-agent-workspace/cargo-home:/opt/rustwide/cargo-home:ro,Z" "-v" "/var/lib/crater-agent-workspace/rustup-home:/opt/rustwide/rustup-home:ro,Z" "-e" "SOURCE_DIR=/opt/rustwide/workdir" "-e" "CARGO_TARGET_DIR=/opt/rustwide/target" "-e" "CARGO_INCREMENTAL=0" "-e" "RUST_BACKTRACE=full" "-e" "RUSTFLAGS=--cap-lints=warn" "-e" "RUSTDOCFLAGS=--cap-lints=warn" "-e" "CARGO_HOME=/opt/rustwide/cargo-home" "-e" "RUSTUP_HOME=/opt/rustwide/rustup-home" "-w" "/opt/rustwide/workdir" "-m" "1610612736" "--user" "0:0" "--network" "none" "ghcr.io/rust-lang/crates-build-env/linux@sha256:2788e3201cd34a07e3172128adcd8b3090168a8e3bcc40d7c032b9dda1df7d1c" "/opt/rustwide/cargo-home/bin/cargo" "+beta-2023-12-22" "test" "--frozen" "--no-run" "--message-format=json", kill_on_drop: false }`
[INFO] [stdout] 935b091dde4b3551405e62f3abb4e372f6597244f80799516475a5a427cea69d
[INFO] running `Command { std: "docker" "start" "-a" "935b091dde4b3551405e62f3abb4e372f6597244f80799516475a5a427cea69d", kill_on_drop: false }`
[INFO] [stderr]    Compiling proc-macro2 v1.0.69
[INFO] [stderr]    Compiling libftd2xx-ffi v0.8.6
[INFO] [stderr]    Compiling paste v1.0.14
[INFO] [stderr]    Compiling nb v0.1.3
[INFO] [stderr]    Compiling log v0.4.20
[INFO] [stderr]    Compiling ftdi-mpsse v0.1.1
[INFO] [stderr]    Compiling embedded-hal-nb v1.0.0-rc.1
[INFO] [stderr]    Compiling embedded-hal v0.2.7
[INFO] [stderr]    Compiling bme280-multibus v0.4.0 (/opt/rustwide/workdir)
[INFO] [stderr]    Compiling quote v1.0.33
[INFO] [stderr]    Compiling libftd2xx v0.32.3
[INFO] [stderr]    Compiling syn v2.0.38
[INFO] [stderr]    Compiling ftdi-embedded-hal v0.18.0
[INFO] [stderr]    Compiling tokio-macros v2.1.0
[INFO] [stderr]    Compiling tokio v1.33.0
[INFO] [stdout] error[E0433]: failed to resolve: use of undeclared crate or module `ehm`
[INFO] [stdout]  --> tests/i2c1.rs:5:15
[INFO] [stdout]   |
[INFO] [stdout] 5 |     let i2c = ehm::eh1::i2c::Mock::new(&[
[INFO] [stdout]   |               ^^^ use of undeclared crate or module `ehm`
[INFO] [stdout]   |
[INFO] [stdout] help: there is a crate or module with a similar name
[INFO] [stdout]   |
[INFO] [stdout] 5 |     let i2c = eh1::eh1::i2c::Mock::new(&[
[INFO] [stdout]   |               ~~~
[INFO] [stdout] 
[INFO] [stdout] 
[INFO] [stdout] error[E0433]: failed to resolve: use of undeclared crate or module `ehm`
[INFO] [stdout]  --> tests/i2c1.rs:6:9
[INFO] [stdout]   |
[INFO] [stdout] 6 |         ehm::eh1::i2c::Transaction::write_read(0x76, vec![0x88], vec![0; 26]),
[INFO] [stdout]   |         ^^^ use of undeclared crate or module `ehm`
[INFO] [stdout]   |
[INFO] [stdout] help: there is a crate or module with a similar name
[INFO] [stdout]   |
[INFO] [stdout] 6 |         eh1::eh1::i2c::Transaction::write_read(0x76, vec![0x88], vec![0; 26]),
[INFO] [stdout]   |         ~~~
[INFO] [stdout] 
[INFO] [stdout] 
[INFO] [stdout] error[E0433]: failed to resolve: use of undeclared crate or module `ehm`
[INFO] [stdout]  --> tests/i2c1.rs:7:9
[INFO] [stdout]   |
[INFO] [stdout] 7 |         ehm::eh1::i2c::Transaction::write_read(0x76, vec![0xE1], vec![0; 7]),
[INFO] [stdout]   |         ^^^ use of undeclared crate or module `ehm`
[INFO] [stdout]   |
[INFO] [stdout] help: there is a crate or module with a similar name
[INFO] [stdout]   |
[INFO] [stdout] 7 |         eh1::eh1::i2c::Transaction::write_read(0x76, vec![0xE1], vec![0; 7]),
[INFO] [stdout]   |         ~~~
[INFO] [stdout] 
[INFO] [stdout] 
[INFO] [stdout] error[E0433]: failed to resolve: use of undeclared crate or module `ehm`
[INFO] [stdout]  --> tests/i2c1.rs:8:9
[INFO] [stdout]   |
[INFO] [stdout] 8 |         ehm::eh1::i2c::Transaction::write(0x76, vec![0xF2, 0b100]),
[INFO] [stdout]   |         ^^^ use of undeclared crate or module `ehm`
[INFO] [stdout]   |
[INFO] [stdout] help: there is a crate or module with a similar name
[INFO] [stdout]   |
[INFO] [stdout] 8 |         eh1::eh1::i2c::Transaction::write(0x76, vec![0xF2, 0b100]),
[INFO] [stdout]   |         ~~~
[INFO] [stdout] 
[INFO] [stdout] 
[INFO] [stdout] error[E0433]: failed to resolve: use of undeclared crate or module `ehm`
[INFO] [stdout]  --> tests/i2c1.rs:9:9
[INFO] [stdout]   |
[INFO] [stdout] 9 |         ehm::eh1::i2c::Transaction::write(0x76, vec![0xF4, 0b10010011]),
[INFO] [stdout]   |         ^^^ use of undeclared crate or module `ehm`
[INFO] [stdout]   |
[INFO] [stdout] help: there is a crate or module with a similar name
[INFO] [stdout]   |
[INFO] [stdout] 9 |         eh1::eh1::i2c::Transaction::write(0x76, vec![0xF4, 0b10010011]),
[INFO] [stdout]   |         ~~~
[INFO] [stdout] 
[INFO] [stdout] 
[INFO] [stdout] error[E0433]: failed to resolve: use of undeclared crate or module `ehm`
[INFO] [stdout]   --> tests/i2c1.rs:10:9
[INFO] [stdout]    |
[INFO] [stdout] 10 |         ehm::eh1::i2c::Transaction::write(0x76, vec![0xF5, 0b10110000]),
[INFO] [stdout]    |         ^^^ use of undeclared crate or module `ehm`
[INFO] [stdout]    |
[INFO] [stdout] help: there is a crate or module with a similar name
[INFO] [stdout]    |
[INFO] [stdout] 10 |         eh1::eh1::i2c::Transaction::write(0x76, vec![0xF5, 0b10110000]),
[INFO] [stdout]    |         ~~~
[INFO] [stdout] 
[INFO] [stdout] 
[INFO] [stdout] error[E0433]: failed to resolve: use of undeclared crate or module `ehm`
[INFO] [stdout]   --> tests/i2c1.rs:11:9
[INFO] [stdout]    |
[INFO] [stdout] 11 |         ehm::eh1::i2c::Transaction::write_read(0x76, vec![0xF7], vec![0; 8]),
[INFO] [stdout]    |         ^^^ use of undeclared crate or module `ehm`
[INFO] [stdout]    |
[INFO] [stdout] help: there is a crate or module with a similar name
[INFO] [stdout]    |
[INFO] [stdout] 11 |         eh1::eh1::i2c::Transaction::write_read(0x76, vec![0xF7], vec![0; 8]),
[INFO] [stdout]    |         ~~~
[INFO] [stdout] 
[INFO] [stdout] 
[INFO] [stdout] error: aborting due to 7 previous errors
[INFO] [stdout] 
[INFO] [stdout] 
[INFO] [stdout] For more information about this error, try `rustc --explain E0433`.
[INFO] [stdout] 
[INFO] [stderr] error: could not compile `bme280-multibus` (test "i2c1") due to 8 previous errors
[INFO] [stderr] warning: build failed, waiting for other jobs to finish...
[INFO] running `Command { std: "docker" "inspect" "935b091dde4b3551405e62f3abb4e372f6597244f80799516475a5a427cea69d", kill_on_drop: false }`
[INFO] running `Command { std: "docker" "rm" "-f" "935b091dde4b3551405e62f3abb4e372f6597244f80799516475a5a427cea69d", kill_on_drop: false }`
[INFO] [stdout] 935b091dde4b3551405e62f3abb4e372f6597244f80799516475a5a427cea69d
