[INFO] fetching crate bluejay-printer 0.1.0-alpha.5...
[INFO] testing bluejay-printer-0.1.0-alpha.5 against 1.75.0 for beta-1.76-1
[INFO] extracting crate bluejay-printer 0.1.0-alpha.5 into /workspace/builds/worker-6-tc1/source
[INFO] validating manifest of crates.io crate bluejay-printer 0.1.0-alpha.5 on toolchain 1.75.0
[INFO] running `Command { std: CARGO_HOME="/workspace/cargo-home" RUSTUP_HOME="/workspace/rustup-home" "/workspace/cargo-home/bin/cargo" "+1.75.0" "metadata" "--manifest-path" "Cargo.toml" "--no-deps", kill_on_drop: false }`
[INFO] started tweaking crates.io crate bluejay-printer 0.1.0-alpha.5
[INFO] finished tweaking crates.io crate bluejay-printer 0.1.0-alpha.5
[INFO] tweaked toml for crates.io crate bluejay-printer 0.1.0-alpha.5 written to /workspace/builds/worker-6-tc1/source/Cargo.toml
[INFO] running `Command { std: CARGO_HOME="/workspace/cargo-home" RUSTUP_HOME="/workspace/rustup-home" "/workspace/cargo-home/bin/cargo" "+1.75.0" "generate-lockfile" "--manifest-path" "Cargo.toml", kill_on_drop: false }`
[INFO] [stderr]     Updating crates.io index
[INFO] running `Command { std: CARGO_HOME="/workspace/cargo-home" RUSTUP_HOME="/workspace/rustup-home" "/workspace/cargo-home/bin/cargo" "+1.75.0" "fetch" "--manifest-path" "Cargo.toml", kill_on_drop: false }`
[INFO] [stderr]  Downloading crates ...
[INFO] [stderr]   Downloaded enum-as-inner v0.5.1
[INFO] [stderr]   Downloaded similar-asserts v1.5.0
[INFO] [stderr]   Downloaded globset v0.4.14
[INFO] [stderr]   Downloaded bstr v1.9.0
[INFO] [stderr]   Downloaded bluejay-core v0.1.0-alpha.5
[INFO] running `Command { std: "docker" "create" "-v" "/var/lib/crater-agent-workspace/builds/worker-6-tc1/target:/opt/rustwide/target:rw,Z" "-v" "/var/lib/crater-agent-workspace/builds/worker-6-tc1/source:/opt/rustwide/workdir:ro,Z" "-v" "/var/lib/crater-agent-workspace/cargo-home:/opt/rustwide/cargo-home:ro,Z" "-v" "/var/lib/crater-agent-workspace/rustup-home:/opt/rustwide/rustup-home:ro,Z" "-e" "SOURCE_DIR=/opt/rustwide/workdir" "-e" "CARGO_TARGET_DIR=/opt/rustwide/target" "-e" "CARGO_HOME=/opt/rustwide/cargo-home" "-e" "RUSTUP_HOME=/opt/rustwide/rustup-home" "-w" "/opt/rustwide/workdir" "-m" "1610612736" "--user" "0:0" "--network" "none" "ghcr.io/rust-lang/crates-build-env/linux@sha256:2788e3201cd34a07e3172128adcd8b3090168a8e3bcc40d7c032b9dda1df7d1c" "/opt/rustwide/cargo-home/bin/cargo" "+1.75.0" "metadata" "--no-deps" "--format-version=1", kill_on_drop: false }`
[INFO] [stdout] 11483d76bae147824ab20ab49731602704e7c367a037de26b760bb8412f12557
[INFO] running `Command { std: "docker" "start" "-a" "11483d76bae147824ab20ab49731602704e7c367a037de26b760bb8412f12557", kill_on_drop: false }`
[INFO] running `Command { std: "docker" "inspect" "11483d76bae147824ab20ab49731602704e7c367a037de26b760bb8412f12557", kill_on_drop: false }`
[INFO] running `Command { std: "docker" "rm" "-f" "11483d76bae147824ab20ab49731602704e7c367a037de26b760bb8412f12557", kill_on_drop: false }`
[INFO] [stdout] 11483d76bae147824ab20ab49731602704e7c367a037de26b760bb8412f12557
[INFO] running `Command { std: "docker" "create" "-v" "/var/lib/crater-agent-workspace/builds/worker-6-tc1/target:/opt/rustwide/target:rw,Z" "-v" "/var/lib/crater-agent-workspace/builds/worker-6-tc1/source:/opt/rustwide/workdir:ro,Z" "-v" "/var/lib/crater-agent-workspace/cargo-home:/opt/rustwide/cargo-home:ro,Z" "-v" "/var/lib/crater-agent-workspace/rustup-home:/opt/rustwide/rustup-home:ro,Z" "-e" "SOURCE_DIR=/opt/rustwide/workdir" "-e" "CARGO_TARGET_DIR=/opt/rustwide/target" "-e" "CARGO_INCREMENTAL=0" "-e" "RUST_BACKTRACE=full" "-e" "RUSTFLAGS=--cap-lints=warn" "-e" "RUSTDOCFLAGS=--cap-lints=warn" "-e" "CARGO_HOME=/opt/rustwide/cargo-home" "-e" "RUSTUP_HOME=/opt/rustwide/rustup-home" "-w" "/opt/rustwide/workdir" "-m" "1610612736" "--user" "0:0" "--network" "none" "ghcr.io/rust-lang/crates-build-env/linux@sha256:2788e3201cd34a07e3172128adcd8b3090168a8e3bcc40d7c032b9dda1df7d1c" "/opt/rustwide/cargo-home/bin/cargo" "+1.75.0" "build" "--frozen" "--message-format=json", kill_on_drop: false }`
[INFO] [stdout] 5aa089562ef37954a6461b4eb33dcd4fa60893e0d54207912f2e3af04a9b3cbf
[INFO] running `Command { std: "docker" "start" "-a" "5aa089562ef37954a6461b4eb33dcd4fa60893e0d54207912f2e3af04a9b3cbf", kill_on_drop: false }`
[INFO] [stderr]    Compiling syn v1.0.109
[INFO] [stderr]    Compiling paste v1.0.14
[INFO] [stderr]    Compiling strum_macros v0.24.3
[INFO] [stderr]    Compiling enum-as-inner v0.5.1
[INFO] [stderr]    Compiling strum v0.24.1
[INFO] [stderr]    Compiling bluejay-core v0.1.0-alpha.5
[INFO] [stderr]    Compiling bluejay-printer v0.1.0-alpha.5 (/opt/rustwide/workdir)
[INFO] [stderr]     Finished dev [unoptimized + debuginfo] target(s) in 5.02s
[INFO] running `Command { std: "docker" "inspect" "5aa089562ef37954a6461b4eb33dcd4fa60893e0d54207912f2e3af04a9b3cbf", kill_on_drop: false }`
[INFO] running `Command { std: "docker" "rm" "-f" "5aa089562ef37954a6461b4eb33dcd4fa60893e0d54207912f2e3af04a9b3cbf", kill_on_drop: false }`
[INFO] [stdout] 5aa089562ef37954a6461b4eb33dcd4fa60893e0d54207912f2e3af04a9b3cbf
[INFO] running `Command { std: "docker" "create" "-v" "/var/lib/crater-agent-workspace/builds/worker-6-tc1/target:/opt/rustwide/target:rw,Z" "-v" "/var/lib/crater-agent-workspace/builds/worker-6-tc1/source:/opt/rustwide/workdir:ro,Z" "-v" "/var/lib/crater-agent-workspace/cargo-home:/opt/rustwide/cargo-home:ro,Z" "-v" "/var/lib/crater-agent-workspace/rustup-home:/opt/rustwide/rustup-home:ro,Z" "-e" "SOURCE_DIR=/opt/rustwide/workdir" "-e" "CARGO_TARGET_DIR=/opt/rustwide/target" "-e" "CARGO_INCREMENTAL=0" "-e" "RUST_BACKTRACE=full" "-e" "RUSTFLAGS=--cap-lints=warn" "-e" "RUSTDOCFLAGS=--cap-lints=warn" "-e" "CARGO_HOME=/opt/rustwide/cargo-home" "-e" "RUSTUP_HOME=/opt/rustwide/rustup-home" "-w" "/opt/rustwide/workdir" "-m" "1610612736" "--user" "0:0" "--network" "none" "ghcr.io/rust-lang/crates-build-env/linux@sha256:2788e3201cd34a07e3172128adcd8b3090168a8e3bcc40d7c032b9dda1df7d1c" "/opt/rustwide/cargo-home/bin/cargo" "+1.75.0" "test" "--frozen" "--no-run" "--message-format=json", kill_on_drop: false }`
[INFO] [stdout] 18389f983f072ee87dbe8534e38528d856463c9a5cf5a58606bfb12a6ecfa31f
[INFO] running `Command { std: "docker" "start" "-a" "18389f983f072ee87dbe8534e38528d856463c9a5cf5a58606bfb12a6ecfa31f", kill_on_drop: false }`
[INFO] [stderr]    Compiling memchr v2.7.1
[INFO] [stderr]    Compiling regex-automata v0.1.10
[INFO] [stderr]    Compiling unicode-segmentation v1.10.1
[INFO] [stderr]    Compiling regex-syntax v0.8.2
[INFO] [stderr]    Compiling console v0.15.7
[INFO] [stderr]    Compiling linked-hash-map v0.5.6
[INFO] [stderr]    Compiling same-file v1.0.6
[INFO] [stderr]    Compiling walkdir v2.4.0
[INFO] [stderr]    Compiling yaml-rust v0.4.5
[INFO] [stderr]    Compiling aho-corasick v1.1.2
[INFO] [stderr]    Compiling bstr v0.2.17
[INFO] [stderr]    Compiling bstr v1.9.0
[INFO] [stderr]    Compiling similar v2.4.0
[INFO] [stderr]    Compiling similar-asserts v1.5.0
[INFO] [stderr]    Compiling regex-automata v0.4.3
[INFO] [stderr]    Compiling globset v0.4.14
[INFO] [stderr]    Compiling insta v1.34.0
[INFO] [stderr]    Compiling bluejay-printer v0.1.0-alpha.5 (/opt/rustwide/workdir)
[INFO] [stdout] error[E0433]: failed to resolve: use of undeclared crate or module `bluejay_parser`
[INFO] [stdout]  --> tests/integration_test.rs:1:5
[INFO] [stdout]   |
[INFO] [stdout] 1 | use bluejay_parser::ast::definition::{DefinitionDocument, SchemaDefinition};
[INFO] [stdout]   |     ^^^^^^^^^^^^^^ use of undeclared crate or module `bluejay_parser`
[INFO] [stdout]   |
[INFO] [stdout] help: there is a crate or module with a similar name
[INFO] [stdout]   |
[INFO] [stdout] 1 | use bluejay_printer::ast::definition::{DefinitionDocument, SchemaDefinition};
[INFO] [stdout]   |     ~~~~~~~~~~~~~~~
[INFO] [stdout] 
[INFO] [stdout] 
[INFO] [stdout] error[E0433]: failed to resolve: use of undeclared crate or module `bluejay_parser`
[INFO] [stdout]   --> src/argument.rs:51:9
[INFO] [stdout]    |
[INFO] [stdout] 51 |     use bluejay_parser::ast::{Arguments, Parse};
[INFO] [stdout]    |         ^^^^^^^^^^^^^^ use of undeclared crate or module `bluejay_parser`
[INFO] [stdout]    |
[INFO] [stdout] help: there is a crate or module with a similar name
[INFO] [stdout]    |
[INFO] [stdout] 51 |     use bluejay_core::ast::{Arguments, Parse};
[INFO] [stdout]    |         ~~~~~~~~~~~~
[INFO] [stdout] 
[INFO] [stdout] 
[INFO] [stdout] error[E0433]: failed to resolve: use of undeclared crate or module `bluejay_parser`
[INFO] [stdout]    --> src/definition/schema_definition.rs:142:9
[INFO] [stdout]     |
[INFO] [stdout] 142 |     use bluejay_parser::ast::definition::{DefinitionDocument, SchemaDefinition};
[INFO] [stdout]     |         ^^^^^^^^^^^^^^ use of undeclared crate or module `bluejay_parser`
[INFO] [stdout]     |
[INFO] [stdout] help: there is a crate or module with a similar name
[INFO] [stdout]     |
[INFO] [stdout] 142 |     use bluejay_core::ast::definition::{DefinitionDocument, SchemaDefinition};
[INFO] [stdout]     |         ~~~~~~~~~~~~
[INFO] [stdout] 
[INFO] [stdout] 
[INFO] [stdout] error[E0433]: failed to resolve: use of undeclared crate or module `bluejay_parser`
[INFO] [stdout]   --> src/directive.rs:49:9
[INFO] [stdout]    |
[INFO] [stdout] 49 |     use bluejay_parser::ast::{Directives, Parse};
[INFO] [stdout]    |         ^^^^^^^^^^^^^^ use of undeclared crate or module `bluejay_parser`
[INFO] [stdout]    |
[INFO] [stdout] help: there is a crate or module with a similar name
[INFO] [stdout]    |
[INFO] [stdout] 49 |     use bluejay_core::ast::{Directives, Parse};
[INFO] [stdout]    |         ~~~~~~~~~~~~
[INFO] [stdout] 
[INFO] [stdout] 
[INFO] [stdout] error[E0433]: failed to resolve: use of undeclared crate or module `bluejay_parser`
[INFO] [stdout]   --> src/value.rs:63:9
[INFO] [stdout]    |
[INFO] [stdout] 63 |     use bluejay_parser::ast::{Parse, VariableValue};
[INFO] [stdout]    |         ^^^^^^^^^^^^^^ use of undeclared crate or module `bluejay_parser`
[INFO] [stdout]    |
[INFO] [stdout] help: there is a crate or module with a similar name
[INFO] [stdout]    |
[INFO] [stdout] 63 |     use bluejay_core::ast::{Parse, VariableValue};
[INFO] [stdout]    |         ~~~~~~~~~~~~
[INFO] [stdout] 
[INFO] [stdout] 
[INFO] [stderr] error: could not compile `bluejay-printer` (test "integration_test") due to 2 previous errors
[INFO] [stdout] error: aborting due to previous error
[INFO] [stdout] 
[INFO] [stdout] 
[INFO] [stderr] warning: build failed, waiting for other jobs to finish...
[INFO] [stdout] For more information about this error, try `rustc --explain E0433`.
[INFO] [stdout] 
[INFO] [stdout] warning: unused import: `bluejay_core::Value`
[INFO] [stdout]   --> src/value.rs:62:9
[INFO] [stdout]    |
[INFO] [stdout] 62 |     use bluejay_core::Value;
[INFO] [stdout]    |         ^^^^^^^^^^^^^^^^^^^
[INFO] [stdout]    |
[INFO] [stdout]    = note: `#[warn(unused_imports)]` on by default
[INFO] [stdout] 
[INFO] [stdout] 
[INFO] [stdout] error: aborting due to 4 previous errors; 1 warning emitted
[INFO] [stdout] 
[INFO] [stdout] 
[INFO] [stdout] For more information about this error, try `rustc --explain E0433`.
[INFO] [stdout] 
[INFO] [stderr] error: could not compile `bluejay-printer` (lib test) due to 5 previous errors; 1 warning emitted
[INFO] running `Command { std: "docker" "inspect" "18389f983f072ee87dbe8534e38528d856463c9a5cf5a58606bfb12a6ecfa31f", kill_on_drop: false }`
[INFO] running `Command { std: "docker" "rm" "-f" "18389f983f072ee87dbe8534e38528d856463c9a5cf5a58606bfb12a6ecfa31f", kill_on_drop: false }`
[INFO] [stdout] 18389f983f072ee87dbe8534e38528d856463c9a5cf5a58606bfb12a6ecfa31f
[INFO] testing bluejay-printer-0.1.0-alpha.5 against beta-2023-12-22 for beta-1.76-1
[INFO] extracting crate bluejay-printer 0.1.0-alpha.5 into /workspace/builds/worker-6-tc2/source
[INFO] validating manifest of crates.io crate bluejay-printer 0.1.0-alpha.5 on toolchain beta-2023-12-22
[INFO] running `Command { std: CARGO_HOME="/workspace/cargo-home" RUSTUP_HOME="/workspace/rustup-home" "/workspace/cargo-home/bin/cargo" "+beta-2023-12-22" "metadata" "--manifest-path" "Cargo.toml" "--no-deps", kill_on_drop: false }`
[INFO] started tweaking crates.io crate bluejay-printer 0.1.0-alpha.5
[INFO] finished tweaking crates.io crate bluejay-printer 0.1.0-alpha.5
[INFO] tweaked toml for crates.io crate bluejay-printer 0.1.0-alpha.5 written to /workspace/builds/worker-6-tc2/source/Cargo.toml
[INFO] running `Command { std: CARGO_HOME="/workspace/cargo-home" RUSTUP_HOME="/workspace/rustup-home" "/workspace/cargo-home/bin/cargo" "+beta-2023-12-22" "generate-lockfile" "--manifest-path" "Cargo.toml", kill_on_drop: false }`
[INFO] [stderr]     Updating crates.io index
[INFO] running `Command { std: CARGO_HOME="/workspace/cargo-home" RUSTUP_HOME="/workspace/rustup-home" "/workspace/cargo-home/bin/cargo" "+beta-2023-12-22" "fetch" "--manifest-path" "Cargo.toml", kill_on_drop: false }`
[INFO] running `Command { std: "docker" "create" "-v" "/var/lib/crater-agent-workspace/builds/worker-6-tc2/target:/opt/rustwide/target:rw,Z" "-v" "/var/lib/crater-agent-workspace/builds/worker-6-tc2/source:/opt/rustwide/workdir:ro,Z" "-v" "/var/lib/crater-agent-workspace/cargo-home:/opt/rustwide/cargo-home:ro,Z" "-v" "/var/lib/crater-agent-workspace/rustup-home:/opt/rustwide/rustup-home:ro,Z" "-e" "SOURCE_DIR=/opt/rustwide/workdir" "-e" "CARGO_TARGET_DIR=/opt/rustwide/target" "-e" "CARGO_HOME=/opt/rustwide/cargo-home" "-e" "RUSTUP_HOME=/opt/rustwide/rustup-home" "-w" "/opt/rustwide/workdir" "-m" "1610612736" "--user" "0:0" "--network" "none" "ghcr.io/rust-lang/crates-build-env/linux@sha256:2788e3201cd34a07e3172128adcd8b3090168a8e3bcc40d7c032b9dda1df7d1c" "/opt/rustwide/cargo-home/bin/cargo" "+beta-2023-12-22" "metadata" "--no-deps" "--format-version=1", kill_on_drop: false }`
[INFO] [stdout] f241e8d5bce6996694fc2b33792f5870f9d1da0dd664bc56dfb06e996ad5e959
[INFO] running `Command { std: "docker" "start" "-a" "f241e8d5bce6996694fc2b33792f5870f9d1da0dd664bc56dfb06e996ad5e959", kill_on_drop: false }`
[INFO] running `Command { std: "docker" "inspect" "f241e8d5bce6996694fc2b33792f5870f9d1da0dd664bc56dfb06e996ad5e959", kill_on_drop: false }`
[INFO] running `Command { std: "docker" "rm" "-f" "f241e8d5bce6996694fc2b33792f5870f9d1da0dd664bc56dfb06e996ad5e959", kill_on_drop: false }`
[INFO] [stdout] f241e8d5bce6996694fc2b33792f5870f9d1da0dd664bc56dfb06e996ad5e959
[INFO] running `Command { std: "docker" "create" "-v" "/var/lib/crater-agent-workspace/builds/worker-6-tc2/target:/opt/rustwide/target:rw,Z" "-v" "/var/lib/crater-agent-workspace/builds/worker-6-tc2/source:/opt/rustwide/workdir:ro,Z" "-v" "/var/lib/crater-agent-workspace/cargo-home:/opt/rustwide/cargo-home:ro,Z" "-v" "/var/lib/crater-agent-workspace/rustup-home:/opt/rustwide/rustup-home:ro,Z" "-e" "SOURCE_DIR=/opt/rustwide/workdir" "-e" "CARGO_TARGET_DIR=/opt/rustwide/target" "-e" "CARGO_INCREMENTAL=0" "-e" "RUST_BACKTRACE=full" "-e" "RUSTFLAGS=--cap-lints=warn" "-e" "RUSTDOCFLAGS=--cap-lints=warn" "-e" "CARGO_HOME=/opt/rustwide/cargo-home" "-e" "RUSTUP_HOME=/opt/rustwide/rustup-home" "-w" "/opt/rustwide/workdir" "-m" "1610612736" "--user" "0:0" "--network" "none" "ghcr.io/rust-lang/crates-build-env/linux@sha256:2788e3201cd34a07e3172128adcd8b3090168a8e3bcc40d7c032b9dda1df7d1c" "/opt/rustwide/cargo-home/bin/cargo" "+beta-2023-12-22" "build" "--frozen" "--message-format=json", kill_on_drop: false }`
[INFO] [stdout] 33eecacdfc361624d69ab558d9359d77fcb81bed9d7807c34b216f944feb6cf3
[INFO] running `Command { std: "docker" "start" "-a" "33eecacdfc361624d69ab558d9359d77fcb81bed9d7807c34b216f944feb6cf3", kill_on_drop: false }`
[INFO] [stderr]    Compiling syn v1.0.109
[INFO] [stderr]    Compiling paste v1.0.14
[INFO] [stderr]    Compiling strum_macros v0.24.3
[INFO] [stderr]    Compiling enum-as-inner v0.5.1
[INFO] [stderr]    Compiling strum v0.24.1
[INFO] [stderr]    Compiling bluejay-core v0.1.0-alpha.5
[INFO] [stderr]    Compiling bluejay-printer v0.1.0-alpha.5 (/opt/rustwide/workdir)
[INFO] [stderr]     Finished dev [unoptimized + debuginfo] target(s) in 4.15s
[INFO] running `Command { std: "docker" "inspect" "33eecacdfc361624d69ab558d9359d77fcb81bed9d7807c34b216f944feb6cf3", kill_on_drop: false }`
[INFO] running `Command { std: "docker" "rm" "-f" "33eecacdfc361624d69ab558d9359d77fcb81bed9d7807c34b216f944feb6cf3", kill_on_drop: false }`
[INFO] [stdout] 33eecacdfc361624d69ab558d9359d77fcb81bed9d7807c34b216f944feb6cf3
[INFO] running `Command { std: "docker" "create" "-v" "/var/lib/crater-agent-workspace/builds/worker-6-tc2/target:/opt/rustwide/target:rw,Z" "-v" "/var/lib/crater-agent-workspace/builds/worker-6-tc2/source:/opt/rustwide/workdir:ro,Z" "-v" "/var/lib/crater-agent-workspace/cargo-home:/opt/rustwide/cargo-home:ro,Z" "-v" "/var/lib/crater-agent-workspace/rustup-home:/opt/rustwide/rustup-home:ro,Z" "-e" "SOURCE_DIR=/opt/rustwide/workdir" "-e" "CARGO_TARGET_DIR=/opt/rustwide/target" "-e" "CARGO_INCREMENTAL=0" "-e" "RUST_BACKTRACE=full" "-e" "RUSTFLAGS=--cap-lints=warn" "-e" "RUSTDOCFLAGS=--cap-lints=warn" "-e" "CARGO_HOME=/opt/rustwide/cargo-home" "-e" "RUSTUP_HOME=/opt/rustwide/rustup-home" "-w" "/opt/rustwide/workdir" "-m" "1610612736" "--user" "0:0" "--network" "none" "ghcr.io/rust-lang/crates-build-env/linux@sha256:2788e3201cd34a07e3172128adcd8b3090168a8e3bcc40d7c032b9dda1df7d1c" "/opt/rustwide/cargo-home/bin/cargo" "+beta-2023-12-22" "test" "--frozen" "--no-run" "--message-format=json", kill_on_drop: false }`
[INFO] [stdout] 243f47b00cddaf792007d51bb5442b7f076d57433cacb1864e125db68ebcf271
[INFO] running `Command { std: "docker" "start" "-a" "243f47b00cddaf792007d51bb5442b7f076d57433cacb1864e125db68ebcf271", kill_on_drop: false }`
[INFO] [stderr]    Compiling memchr v2.7.1
[INFO] [stderr]    Compiling regex-automata v0.1.10
[INFO] [stderr]    Compiling unicode-segmentation v1.10.1
[INFO] [stderr]    Compiling regex-syntax v0.8.2
[INFO] [stderr]    Compiling console v0.15.7
[INFO] [stderr]    Compiling linked-hash-map v0.5.6
[INFO] [stderr]    Compiling same-file v1.0.6
[INFO] [stderr]    Compiling walkdir v2.4.0
[INFO] [stderr]    Compiling yaml-rust v0.4.5
[INFO] [stderr]    Compiling bstr v0.2.17
[INFO] [stderr]    Compiling aho-corasick v1.1.2
[INFO] [stderr]    Compiling bstr v1.9.0
[INFO] [stderr]    Compiling similar v2.4.0
[INFO] [stderr]    Compiling similar-asserts v1.5.0
[INFO] [stderr]    Compiling regex-automata v0.4.3
[INFO] [stderr]    Compiling globset v0.4.14
[INFO] [stderr]    Compiling insta v1.34.0
[INFO] [stderr]    Compiling bluejay-printer v0.1.0-alpha.5 (/opt/rustwide/workdir)
[INFO] [stdout] error[E0433]: failed to resolve: use of undeclared crate or module `bluejay_parser`
[INFO] [stdout]  --> tests/integration_test.rs:1:5
[INFO] [stdout]   |
[INFO] [stdout] 1 | use bluejay_parser::ast::definition::{DefinitionDocument, SchemaDefinition};
[INFO] [stdout]   |     ^^^^^^^^^^^^^^ use of undeclared crate or module `bluejay_parser`
[INFO] [stdout]   |
[INFO] [stdout] help: there is a crate or module with a similar name
[INFO] [stdout]   |
[INFO] [stdout] 1 | use bluejay_printer::ast::definition::{DefinitionDocument, SchemaDefinition};
[INFO] [stdout]   |     ~~~~~~~~~~~~~~~
[INFO] [stdout] 
[INFO] [stdout] 
[INFO] [stdout] error[E0433]: failed to resolve: use of undeclared crate or module `bluejay_parser`
[INFO] [stdout]   --> src/argument.rs:51:9
[INFO] [stdout]    |
[INFO] [stdout] 51 |     use bluejay_parser::ast::{Arguments, Parse};
[INFO] [stdout]    |         ^^^^^^^^^^^^^^ use of undeclared crate or module `bluejay_parser`
[INFO] [stdout]    |
[INFO] [stdout] help: there is a crate or module with a similar name
[INFO] [stdout]    |
[INFO] [stdout] 51 |     use bluejay_core::ast::{Arguments, Parse};
[INFO] [stdout]    |         ~~~~~~~~~~~~
[INFO] [stdout] 
[INFO] [stdout] 
[INFO] [stdout] error[E0433]: failed to resolve: use of undeclared crate or module `bluejay_parser`
[INFO] [stdout]    --> src/definition/schema_definition.rs:142:9
[INFO] [stdout]     |
[INFO] [stdout] 142 |     use bluejay_parser::ast::definition::{DefinitionDocument, SchemaDefinition};
[INFO] [stdout]     |         ^^^^^^^^^^^^^^ use of undeclared crate or module `bluejay_parser`
[INFO] [stdout]     |
[INFO] [stdout] help: there is a crate or module with a similar name
[INFO] [stdout]     |
[INFO] [stdout] 142 |     use bluejay_core::ast::definition::{DefinitionDocument, SchemaDefinition};
[INFO] [stdout]     |         ~~~~~~~~~~~~
[INFO] [stdout] 
[INFO] [stdout] 
[INFO] [stdout] error: aborting due to 1 previous error
[INFO] [stdout] 
[INFO] [stdout] 
[INFO] [stdout] error[E0433]: failed to resolve: use of undeclared crate or module `bluejay_parser`
[INFO] [stdout]   --> src/directive.rs:49:9
[INFO] [stdout]    |
[INFO] [stdout] 49 |     use bluejay_parser::ast::{Directives, Parse};
[INFO] [stdout]    |         ^^^^^^^^^^^^^^ use of undeclared crate or module `bluejay_parser`
[INFO] [stdout]    |
[INFO] [stdout] help: there is a crate or module with a similar name
[INFO] [stdout]    |
[INFO] [stdout] 49 |     use bluejay_core::ast::{Directives, Parse};
[INFO] [stdout]    |         ~~~~~~~~~~~~
[INFO] [stdout] 
[INFO] [stdout] 
[INFO] [stdout] error[E0433]: failed to resolve: use of undeclared crate or module `bluejay_parser`
[INFO] [stdout]   --> src/value.rs:63:9
[INFO] [stdout]    |
[INFO] [stdout] 63 |     use bluejay_parser::ast::{Parse, VariableValue};
[INFO] [stdout]    |         ^^^^^^^^^^^^^^ use of undeclared crate or module `bluejay_parser`
[INFO] [stdout]    |
[INFO] [stdout] help: there is a crate or module with a similar name
[INFO] [stdout]    |
[INFO] [stdout] 63 |     use bluejay_core::ast::{Parse, VariableValue};
[INFO] [stdout]    |         ~~~~~~~~~~~~
[INFO] [stdout] 
[INFO] [stdout] 
[INFO] [stdout] For more information about this error, try `rustc --explain E0433`.
[INFO] [stdout] 
[INFO] [stderr] error: could not compile `bluejay-printer` (test "integration_test") due to 2 previous errors
[INFO] [stderr] warning: build failed, waiting for other jobs to finish...
[INFO] [stdout] warning: unused import: `bluejay_core::Value`
[INFO] [stdout]   --> src/value.rs:62:9
[INFO] [stdout]    |
[INFO] [stdout] 62 |     use bluejay_core::Value;
[INFO] [stdout]    |         ^^^^^^^^^^^^^^^^^^^
[INFO] [stdout]    |
[INFO] [stdout]    = note: `#[warn(unused_imports)]` on by default
[INFO] [stdout] 
[INFO] [stdout] 
[INFO] [stdout] error: aborting due to 4 previous errors; 1 warning emitted
[INFO] [stdout] 
[INFO] [stdout] 
[INFO] [stdout] For more information about this error, try `rustc --explain E0433`.
[INFO] [stdout] 
[INFO] [stderr] error: could not compile `bluejay-printer` (lib test) due to 5 previous errors; 1 warning emitted
[INFO] running `Command { std: "docker" "inspect" "243f47b00cddaf792007d51bb5442b7f076d57433cacb1864e125db68ebcf271", kill_on_drop: false }`
[INFO] running `Command { std: "docker" "rm" "-f" "243f47b00cddaf792007d51bb5442b7f076d57433cacb1864e125db68ebcf271", kill_on_drop: false }`
[INFO] [stdout] 243f47b00cddaf792007d51bb5442b7f076d57433cacb1864e125db68ebcf271
