[INFO] fetching crate blockify 0.0.9...
[INFO] testing blockify-0.0.9 against 1.75.0 for beta-1.76-1
[INFO] extracting crate blockify 0.0.9 into /workspace/builds/worker-0-tc1/source
[INFO] validating manifest of crates.io crate blockify 0.0.9 on toolchain 1.75.0
[INFO] running `Command { std: CARGO_HOME="/workspace/cargo-home" RUSTUP_HOME="/workspace/rustup-home" "/workspace/cargo-home/bin/cargo" "+1.75.0" "metadata" "--manifest-path" "Cargo.toml" "--no-deps", kill_on_drop: false }`
[INFO] started tweaking crates.io crate blockify 0.0.9
[INFO] finished tweaking crates.io crate blockify 0.0.9
[INFO] tweaked toml for crates.io crate blockify 0.0.9 written to /workspace/builds/worker-0-tc1/source/Cargo.toml
[INFO] running `Command { std: CARGO_HOME="/workspace/cargo-home" RUSTUP_HOME="/workspace/rustup-home" "/workspace/cargo-home/bin/cargo" "+1.75.0" "generate-lockfile" "--manifest-path" "Cargo.toml", kill_on_drop: false }`
[INFO] [stderr]     Updating crates.io index
[INFO] running `Command { std: CARGO_HOME="/workspace/cargo-home" RUSTUP_HOME="/workspace/rustup-home" "/workspace/cargo-home/bin/cargo" "+1.75.0" "fetch" "--manifest-path" "Cargo.toml", kill_on_drop: false }`
[INFO] [stderr]  Downloading crates ...
[INFO] [stderr]   Downloaded diesel_table_macro_syntax v0.1.0
[INFO] [stderr]   Downloaded diesel_derives v2.1.2
[INFO] [stderr]   Downloaded diesel v2.1.4
[INFO] [stderr]   Downloaded libsqlite3-sys v0.26.0
[INFO] [stderr]   Downloaded record_derive v0.2.6
[INFO] running `Command { std: "docker" "create" "-v" "/var/lib/crater-agent-workspace/builds/worker-0-tc1/target:/opt/rustwide/target:rw,Z" "-v" "/var/lib/crater-agent-workspace/builds/worker-0-tc1/source:/opt/rustwide/workdir:ro,Z" "-v" "/var/lib/crater-agent-workspace/cargo-home:/opt/rustwide/cargo-home:ro,Z" "-v" "/var/lib/crater-agent-workspace/rustup-home:/opt/rustwide/rustup-home:ro,Z" "-e" "SOURCE_DIR=/opt/rustwide/workdir" "-e" "CARGO_TARGET_DIR=/opt/rustwide/target" "-e" "CARGO_HOME=/opt/rustwide/cargo-home" "-e" "RUSTUP_HOME=/opt/rustwide/rustup-home" "-w" "/opt/rustwide/workdir" "-m" "1610612736" "--user" "0:0" "--network" "none" "ghcr.io/rust-lang/crates-build-env/linux@sha256:2788e3201cd34a07e3172128adcd8b3090168a8e3bcc40d7c032b9dda1df7d1c" "/opt/rustwide/cargo-home/bin/cargo" "+1.75.0" "metadata" "--no-deps" "--format-version=1", kill_on_drop: false }`
[INFO] [stdout] d99c27103c5c07f8219e9e51053cd9db441a22b8129694410ec02f0b9c3858e4
[INFO] running `Command { std: "docker" "start" "-a" "d99c27103c5c07f8219e9e51053cd9db441a22b8129694410ec02f0b9c3858e4", kill_on_drop: false }`
[INFO] running `Command { std: "docker" "inspect" "d99c27103c5c07f8219e9e51053cd9db441a22b8129694410ec02f0b9c3858e4", kill_on_drop: false }`
[INFO] running `Command { std: "docker" "rm" "-f" "d99c27103c5c07f8219e9e51053cd9db441a22b8129694410ec02f0b9c3858e4", kill_on_drop: false }`
[INFO] [stdout] d99c27103c5c07f8219e9e51053cd9db441a22b8129694410ec02f0b9c3858e4
[INFO] running `Command { std: "docker" "create" "-v" "/var/lib/crater-agent-workspace/builds/worker-0-tc1/target:/opt/rustwide/target:rw,Z" "-v" "/var/lib/crater-agent-workspace/builds/worker-0-tc1/source:/opt/rustwide/workdir:ro,Z" "-v" "/var/lib/crater-agent-workspace/cargo-home:/opt/rustwide/cargo-home:ro,Z" "-v" "/var/lib/crater-agent-workspace/rustup-home:/opt/rustwide/rustup-home:ro,Z" "-e" "SOURCE_DIR=/opt/rustwide/workdir" "-e" "CARGO_TARGET_DIR=/opt/rustwide/target" "-e" "CARGO_INCREMENTAL=0" "-e" "RUST_BACKTRACE=full" "-e" "RUSTFLAGS=--cap-lints=warn" "-e" "RUSTDOCFLAGS=--cap-lints=warn" "-e" "CARGO_HOME=/opt/rustwide/cargo-home" "-e" "RUSTUP_HOME=/opt/rustwide/rustup-home" "-w" "/opt/rustwide/workdir" "-m" "1610612736" "--user" "0:0" "--network" "none" "ghcr.io/rust-lang/crates-build-env/linux@sha256:2788e3201cd34a07e3172128adcd8b3090168a8e3bcc40d7c032b9dda1df7d1c" "/opt/rustwide/cargo-home/bin/cargo" "+1.75.0" "build" "--frozen" "--message-format=json", kill_on_drop: false }`
[INFO] [stdout] 9964662e6a85ea9022f5280758b89b093749bdad487307a6e5bb2fbcf18db904
[INFO] running `Command { std: "docker" "start" "-a" "9964662e6a85ea9022f5280758b89b093749bdad487307a6e5bb2fbcf18db904", kill_on_drop: false }`
[INFO] [stderr]    Compiling typenum v1.17.0
[INFO] [stderr]    Compiling serde v1.0.194
[INFO] [stderr]    Compiling vcpkg v0.2.15
[INFO] [stderr]    Compiling pkg-config v0.3.28
[INFO] [stderr]    Compiling cpufeatures v0.2.12
[INFO] [stderr]    Compiling signature v1.6.4
[INFO] [stderr]    Compiling opaque-debug v0.3.0
[INFO] [stderr]    Compiling byteorder v1.5.0
[INFO] [stderr]    Compiling generic-array v0.14.7
[INFO] [stderr]    Compiling num-traits v0.2.17
[INFO] [stderr]    Compiling subtle v2.5.0
[INFO] [stderr]    Compiling once_cell v1.19.0
[INFO] [stderr]    Compiling cc v1.0.83
[INFO] [stderr]    Compiling getrandom v0.1.16
[INFO] [stderr]    Compiling syn v2.0.48
[INFO] [stderr]    Compiling spin v0.5.2
[INFO] [stderr]    Compiling untrusted v0.7.1
[INFO] [stderr]    Compiling iana-time-zone v0.1.59
[INFO] [stderr]    Compiling ed25519 v1.5.3
[INFO] [stderr]    Compiling hex v0.4.3
[INFO] [stderr]    Compiling untrusted v0.9.0
[INFO] [stderr]    Compiling rand_core v0.5.1
[INFO] [stderr]    Compiling rand_chacha v0.2.2
[INFO] [stderr]    Compiling rand v0.7.3
[INFO] [stderr]    Compiling libsqlite3-sys v0.26.0
[INFO] [stderr]    Compiling ring v0.16.20
[INFO] [stderr]    Compiling chrono v0.4.31
[INFO] [stderr]    Compiling digest v0.9.0
[INFO] [stderr]    Compiling block-buffer v0.9.0
[INFO] [stderr]    Compiling block-buffer v0.10.4
[INFO] [stderr]    Compiling crypto-common v0.1.6
[INFO] [stderr]    Compiling digest v0.10.7
[INFO] [stderr]    Compiling sha2 v0.9.9
[INFO] [stderr]    Compiling sha2 v0.10.8
[INFO] [stderr]    Compiling diesel_table_macro_syntax v0.1.0
[INFO] [stderr]    Compiling serde_derive v1.0.194
[INFO] [stderr]    Compiling zeroize_derive v1.4.2
[INFO] [stderr]    Compiling diesel_derives v2.1.2
[INFO] [stderr]    Compiling record_derive v0.2.6
[INFO] [stderr]    Compiling zeroize v1.3.0
[INFO] [stderr]    Compiling curve25519-dalek v3.2.1
[INFO] [stderr]    Compiling diesel v2.1.4
[INFO] [stderr]    Compiling serde_json v1.0.111
[INFO] [stderr]    Compiling bincode v1.3.3
[INFO] [stderr]    Compiling ed25519-dalek v1.0.1
[INFO] [stderr]    Compiling blockify v0.0.9 (/opt/rustwide/workdir)
[INFO] [stderr]     Finished dev [unoptimized + debuginfo] target(s) in 23.79s
[INFO] running `Command { std: "docker" "inspect" "9964662e6a85ea9022f5280758b89b093749bdad487307a6e5bb2fbcf18db904", kill_on_drop: false }`
[INFO] running `Command { std: "docker" "rm" "-f" "9964662e6a85ea9022f5280758b89b093749bdad487307a6e5bb2fbcf18db904", kill_on_drop: false }`
[INFO] [stdout] 9964662e6a85ea9022f5280758b89b093749bdad487307a6e5bb2fbcf18db904
[INFO] running `Command { std: "docker" "create" "-v" "/var/lib/crater-agent-workspace/builds/worker-0-tc1/target:/opt/rustwide/target:rw,Z" "-v" "/var/lib/crater-agent-workspace/builds/worker-0-tc1/source:/opt/rustwide/workdir:ro,Z" "-v" "/var/lib/crater-agent-workspace/cargo-home:/opt/rustwide/cargo-home:ro,Z" "-v" "/var/lib/crater-agent-workspace/rustup-home:/opt/rustwide/rustup-home:ro,Z" "-e" "SOURCE_DIR=/opt/rustwide/workdir" "-e" "CARGO_TARGET_DIR=/opt/rustwide/target" "-e" "CARGO_INCREMENTAL=0" "-e" "RUST_BACKTRACE=full" "-e" "RUSTFLAGS=--cap-lints=warn" "-e" "RUSTDOCFLAGS=--cap-lints=warn" "-e" "CARGO_HOME=/opt/rustwide/cargo-home" "-e" "RUSTUP_HOME=/opt/rustwide/rustup-home" "-w" "/opt/rustwide/workdir" "-m" "1610612736" "--user" "0:0" "--network" "none" "ghcr.io/rust-lang/crates-build-env/linux@sha256:2788e3201cd34a07e3172128adcd8b3090168a8e3bcc40d7c032b9dda1df7d1c" "/opt/rustwide/cargo-home/bin/cargo" "+1.75.0" "test" "--frozen" "--no-run" "--message-format=json", kill_on_drop: false }`
[INFO] [stdout] 2616fe3fb97ea66e640b7a90d5b7697d158f33026d3666d4e4134e8c08feebac
[INFO] running `Command { std: "docker" "start" "-a" "2616fe3fb97ea66e640b7a90d5b7697d158f33026d3666d4e4134e8c08feebac", kill_on_drop: false }`
[INFO] [stderr]    Compiling blockify v0.0.9 (/opt/rustwide/workdir)
[INFO] [stdout] error[E0599]: no variant or associated item named `SerdeError` found for enum `SigningError` in the current scope
[INFO] [stdout]   --> tests/block_test.rs:16:28
[INFO] [stdout]    |
[INFO] [stdout] 16 |     #[derive(Debug, Clone, Record, Serialize, Deserialize, PartialEq, Eq)]
[INFO] [stdout]    |                            ^^^^^^ variant or associated item not found in `SigningError`
[INFO] [stdout]    |
[INFO] [stdout]    = note: this error originates in the derive macro `Record` (in Nightly builds, run with -Z macro-backtrace for more info)
[INFO] [stdout] 
[INFO] [stdout] 
[INFO] [stdout] error[E0599]: no variant or associated item named `SerdeError` found for enum `SigningError` in the current scope
[INFO] [stdout]  --> tests/feature_tests.rs:9:45
[INFO] [stdout]   |
[INFO] [stdout] 9 |     #[derive(Clone, Serialize, Deserialize, Record)]
[INFO] [stdout]   |                                             ^^^^^^ variant or associated item not found in `SigningError`
[INFO] [stdout]   |
[INFO] [stdout]   = note: this error originates in the derive macro `Record` (in Nightly builds, run with -Z macro-backtrace for more info)
[INFO] [stdout] 
[INFO] [stdout] 
[INFO] [stdout] error[E0599]: no variant or associated item named `SerdeError` found for enum `SigningError` in the current scope
[INFO] [stdout]   --> tests/main_test.rs:18:28
[INFO] [stdout]    |
[INFO] [stdout] 18 |     #[derive(Debug, Clone, Record, Serialize, Deserialize, PartialEq, Eq)]
[INFO] [stdout]    |                            ^^^^^^ variant or associated item not found in `SigningError`
[INFO] [stdout]    |
[INFO] [stdout]    = note: this error originates in the derive macro `Record` (in Nightly builds, run with -Z macro-backtrace for more info)
[INFO] [stdout] 
[INFO] [stdout] 
[INFO] [stdout] error[E0618]: expected function, found `VerificationError`
[INFO] [stdout]  --> tests/feature_tests.rs:9:45
[INFO] [stdout]   |
[INFO] [stdout] 9 |     #[derive(Clone, Serialize, Deserialize, Record)]
[INFO] [stdout]   |                                             ^^^^^^ call expression requires function
[INFO] [stdout]   |
[INFO] [stdout]   = note: this error originates in the derive macro `Record` (in Nightly builds, run with -Z macro-backtrace for more info)
[INFO] [stdout] 
[INFO] [stdout] 
[INFO] [stdout] error[E0618]: expected function, found `VerificationError`
[INFO] [stdout]   --> tests/main_test.rs:18:28
[INFO] [stdout]    |
[INFO] [stdout] 18 |     #[derive(Debug, Clone, Record, Serialize, Deserialize, PartialEq, Eq)]
[INFO] [stdout]    |                            ^^^^^^ call expression requires function
[INFO] [stdout]    |
[INFO] [stdout]    = note: this error originates in the derive macro `Record` (in Nightly builds, run with -Z macro-backtrace for more info)
[INFO] [stdout] 
[INFO] [stdout] 
[INFO] [stdout] error[E0618]: expected function, found `VerificationError`
[INFO] [stdout]   --> tests/block_test.rs:16:28
[INFO] [stdout]    |
[INFO] [stdout] 16 |     #[derive(Debug, Clone, Record, Serialize, Deserialize, PartialEq, Eq)]
[INFO] [stdout]    |                            ^^^^^^ call expression requires function
[INFO] [stdout]    |
[INFO] [stdout]    = note: this error originates in the derive macro `Record` (in Nightly builds, run with -Z macro-backtrace for more info)
[INFO] [stdout] 
[INFO] [stdout] 
[INFO] [stdout] error[E0599]: no variant or associated item named `SerdeError` found for enum `SigningError` in the current scope
[INFO] [stdout]  --> tests/feature_tests.rs:9:45
[INFO] [stdout]   |
[INFO] [stdout] 9 |     #[derive(Clone, Serialize, Deserialize, Record)]
[INFO] [stdout]   |                                             ^^^^^^ variant or associated item not found in `SigningError`
[INFO] [stdout]   |
[INFO] [stdout]   = note: this error originates in the derive macro `Record` (in Nightly builds, run with -Z macro-backtrace for more info)
[INFO] [stdout] 
[INFO] [stdout] 
[INFO] [stdout] error[E0618]: expected function, found `VerificationError`
[INFO] [stdout]  --> tests/feature_tests.rs:9:45
[INFO] [stdout]   |
[INFO] [stdout] 9 |     #[derive(Clone, Serialize, Deserialize, Record)]
[INFO] [stdout]   |                                             ^^^^^^ call expression requires function
[INFO] [stdout]   |
[INFO] [stdout]   = note: this error originates in the derive macro `Record` (in Nightly builds, run with -Z macro-backtrace for more info)
[INFO] [stdout] 
[INFO] [stdout] 
[INFO] [stdout] error[E0599]: no variant or associated item named `SerdeError` found for enum `SigningError` in the current scope
[INFO] [stdout]   --> tests/block_test.rs:16:28
[INFO] [stdout]    |
[INFO] [stdout] 16 |     #[derive(Debug, Clone, Record, Serialize, Deserialize, PartialEq, Eq)]
[INFO] [stdout]    |                            ^^^^^^ variant or associated item not found in `SigningError`
[INFO] [stdout]    |
[INFO] [stdout]    = note: this error originates in the derive macro `Record` (in Nightly builds, run with -Z macro-backtrace for more info)
[INFO] [stdout] 
[INFO] [stdout] 
[INFO] [stdout] error[E0618]: expected function, found `VerificationError`
[INFO] [stdout]   --> tests/block_test.rs:16:28
[INFO] [stdout]    |
[INFO] [stdout] 16 |     #[derive(Debug, Clone, Record, Serialize, Deserialize, PartialEq, Eq)]
[INFO] [stdout]    |                            ^^^^^^ call expression requires function
[INFO] [stdout]    |
[INFO] [stdout]    = note: this error originates in the derive macro `Record` (in Nightly builds, run with -Z macro-backtrace for more info)
[INFO] [stdout] 
[INFO] [stdout] 
[INFO] [stdout] error: aborting due to 2 previous errors
[INFO] [stdout] 
[INFO] [stdout] 
[INFO] [stdout] Some errors have detailed explanations: E0599, E0618.
[INFO] [stdout] 
[INFO] [stdout] For more information about an error, try `rustc --explain E0599`.
[INFO] [stdout] 
[INFO] [stdout] error[E0599]: no variant or associated item named `SerdeError` found for enum `SigningError` in the current scope
[INFO] [stdout]   --> tests/main_test.rs:18:28
[INFO] [stdout]    |
[INFO] [stdout] 18 |     #[derive(Debug, Clone, Record, Serialize, Deserialize, PartialEq, Eq)]
[INFO] [stdout]    |                            ^^^^^^ variant or associated item not found in `SigningError`
[INFO] [stdout]    |
[INFO] [stdout]    = note: this error originates in the derive macro `Record` (in Nightly builds, run with -Z macro-backtrace for more info)
[INFO] [stdout] 
[INFO] [stdout] 
[INFO] [stdout] error[E0618]: expected function, found `VerificationError`
[INFO] [stdout]   --> tests/main_test.rs:18:28
[INFO] [stdout]    |
[INFO] [stdout] 18 |     #[derive(Debug, Clone, Record, Serialize, Deserialize, PartialEq, Eq)]
[INFO] [stdout]    |                            ^^^^^^ call expression requires function
[INFO] [stdout]    |
[INFO] [stdout]    = note: this error originates in the derive macro `Record` (in Nightly builds, run with -Z macro-backtrace for more info)
[INFO] [stdout] 
[INFO] [stdout] 
[INFO] [stdout] error: aborting due to 6 previous errors
[INFO] [stdout] 
[INFO] [stdout] 
[INFO] [stdout] Some errors have detailed explanations: E0599, E0618.
[INFO] [stdout] 
[INFO] [stderr] error: could not compile `blockify` (test "feature_tests") due to 3 previous errors
[INFO] [stdout] For more information about an error, try `rustc --explain E0599`.
[INFO] [stdout] 
[INFO] [stderr] warning: build failed, waiting for other jobs to finish...
[INFO] [stdout] error: aborting due to 2 previous errors
[INFO] [stdout] 
[INFO] [stdout] 
[INFO] [stdout] Some errors have detailed explanations: E0599, E0618.
[INFO] [stdout] 
[INFO] [stderr] error: could not compile `blockify` (test "mod") due to 7 previous errors
[INFO] [stdout] For more information about an error, try `rustc --explain E0599`.
[INFO] [stdout] 
[INFO] [stdout] error: aborting due to 2 previous errors
[INFO] [stdout] 
[INFO] [stdout] 
[INFO] [stdout] Some errors have detailed explanations: E0599, E0618.
[INFO] [stdout] 
[INFO] [stdout] For more information about an error, try `rustc --explain E0599`.
[INFO] [stdout] 
[INFO] [stderr] error: could not compile `blockify` (test "block_test") due to 3 previous errors
[INFO] [stderr] error: could not compile `blockify` (test "main_test") due to 3 previous errors
[INFO] [stdout] error[E0599]: no variant or associated item named `SerdeError` found for enum `crypto::SigningError` in the current scope
[INFO] [stdout]    --> src/trans/sqlite/sqlite_chain.rs:169:21
[INFO] [stdout]     |
[INFO] [stdout] 169 |     #[derive(Debug, Record, Clone, Serialize, Deserialize, PartialEq)]
[INFO] [stdout]     |                     ^^^^^^ variant or associated item not found in `SigningError`
[INFO] [stdout]     |
[INFO] [stdout]    ::: src/crypto/mod.rs:11:1
[INFO] [stdout]     |
[INFO] [stdout] 11  | pub enum SigningError {
[INFO] [stdout]     | --------------------- variant or associated item `SerdeError` not found for this enum
[INFO] [stdout]     |
[INFO] [stdout]     = note: this error originates in the derive macro `Record` (in Nightly builds, run with -Z macro-backtrace for more info)
[INFO] [stdout] 
[INFO] [stdout] 
[INFO] [stdout] error[E0618]: expected function, found `crypto::VerificationError`
[INFO] [stdout]    --> src/trans/sqlite/sqlite_chain.rs:169:21
[INFO] [stdout]     |
[INFO] [stdout] 169 |     #[derive(Debug, Record, Clone, Serialize, Deserialize, PartialEq)]
[INFO] [stdout]     |                     ^^^^^^ call expression requires function
[INFO] [stdout]     |
[INFO] [stdout]    ::: src/crypto/mod.rs:44:5
[INFO] [stdout]     |
[INFO] [stdout] 44  |     SerdeError,
[INFO] [stdout]     |     ---------- `crypto::VerificationError::SerdeError` defined here
[INFO] [stdout]     |
[INFO] [stdout]     = note: this error originates in the derive macro `Record` (in Nightly builds, run with -Z macro-backtrace for more info)
[INFO] [stdout] 
[INFO] [stdout] 
[INFO] [stdout] error: aborting due to 2 previous errors
[INFO] [stdout] 
[INFO] [stdout] 
[INFO] [stdout] Some errors have detailed explanations: E0599, E0618.
[INFO] [stdout] 
[INFO] [stdout] For more information about an error, try `rustc --explain E0599`.
[INFO] [stdout] 
[INFO] [stderr] error: could not compile `blockify` (lib test) due to 3 previous errors
[INFO] running `Command { std: "docker" "inspect" "2616fe3fb97ea66e640b7a90d5b7697d158f33026d3666d4e4134e8c08feebac", kill_on_drop: false }`
[INFO] running `Command { std: "docker" "rm" "-f" "2616fe3fb97ea66e640b7a90d5b7697d158f33026d3666d4e4134e8c08feebac", kill_on_drop: false }`
[INFO] [stdout] 2616fe3fb97ea66e640b7a90d5b7697d158f33026d3666d4e4134e8c08feebac
