[INFO] fetching crate blockfrost 0.2.1...
[INFO] testing blockfrost-0.2.1 against 1.75.0 for beta-1.76-1
[INFO] extracting crate blockfrost 0.2.1 into /workspace/builds/worker-3-tc1/source
[INFO] validating manifest of crates.io crate blockfrost 0.2.1 on toolchain 1.75.0
[INFO] running `Command { std: CARGO_HOME="/workspace/cargo-home" RUSTUP_HOME="/workspace/rustup-home" "/workspace/cargo-home/bin/cargo" "+1.75.0" "metadata" "--manifest-path" "Cargo.toml" "--no-deps", kill_on_drop: false }`
[INFO] started tweaking crates.io crate blockfrost 0.2.1
[INFO] finished tweaking crates.io crate blockfrost 0.2.1
[INFO] tweaked toml for crates.io crate blockfrost 0.2.1 written to /workspace/builds/worker-3-tc1/source/Cargo.toml
[INFO] crate crates.io crate blockfrost 0.2.1 already has a lockfile, it will not be regenerated
[INFO] running `Command { std: CARGO_HOME="/workspace/cargo-home" RUSTUP_HOME="/workspace/rustup-home" "/workspace/cargo-home/bin/cargo" "+1.75.0" "fetch" "--manifest-path" "Cargo.toml", kill_on_drop: false }`
[INFO] [stderr]  Downloading crates ...
[INFO] [stderr]   Downloaded futures-sink v0.3.25
[INFO] [stderr]   Downloaded futures-channel v0.3.25
[INFO] [stderr]   Downloaded futures-io v0.3.25
[INFO] [stderr]   Downloaded futures-macro v0.3.25
[INFO] [stderr]   Downloaded tokio-macros v1.8.0
[INFO] [stderr]   Downloaded futures-executor v0.3.25
[INFO] [stderr]   Downloaded slab v0.4.7
[INFO] [stderr]   Downloaded futures-task v0.3.25
[INFO] [stderr]   Downloaded num_cpus v1.14.0
[INFO] [stderr]   Downloaded paste v1.0.9
[INFO] [stderr]   Downloaded fastrand v1.8.0
[INFO] [stderr]   Downloaded bumpalo v3.11.1
[INFO] [stderr]   Downloaded futures-util v0.3.25
[INFO] [stderr]   Downloaded windows_x86_64_gnullvm v0.42.0
[INFO] [stderr]   Downloaded windows_i686_gnu v0.42.0
[INFO] [stderr]   Downloaded windows_i686_msvc v0.42.0
[INFO] [stderr]   Downloaded windows_x86_64_msvc v0.42.0
[INFO] [stderr]   Downloaded windows_aarch64_msvc v0.42.0
[INFO] [stderr]   Downloaded hyper v0.14.23
[INFO] [stderr]   Downloaded windows_x86_64_gnu v0.42.0
[INFO] [stderr]   Downloaded tokio v1.22.0
[INFO] [stderr]   Downloaded openssl v0.10.43
[INFO] [stderr]   Downloaded windows_aarch64_gnullvm v0.42.0
[INFO] [stderr]   Downloaded serde_json v1.0.89
[INFO] [stderr]   Downloaded h2 v0.3.15
[INFO] [stderr]   Downloaded reqwest v0.11.13
[INFO] [stderr]   Downloaded bytes v1.3.0
[INFO] [stderr]   Downloaded security-framework v2.7.0
[INFO] [stderr]   Downloaded cc v1.0.77
[INFO] [stderr]   Downloaded tokio-util v0.7.4
[INFO] [stderr]   Downloaded socket2 v0.4.7
[INFO] [stderr]   Downloaded openssl-sys v0.9.78
[INFO] [stderr]   Downloaded futures v0.3.25
[INFO] [stderr]   Downloaded http v0.2.8
[INFO] [stderr]   Downloaded futures-core v0.3.25
[INFO] [stderr]   Downloaded security-framework-sys v2.6.1
[INFO] [stderr]   Downloaded schannel v0.1.20
[INFO] [stderr]   Downloaded ipnet v2.5.1
[INFO] running `Command { std: "docker" "create" "-v" "/var/lib/crater-agent-workspace/builds/worker-3-tc1/target:/opt/rustwide/target:rw,Z" "-v" "/var/lib/crater-agent-workspace/builds/worker-3-tc1/source:/opt/rustwide/workdir:ro,Z" "-v" "/var/lib/crater-agent-workspace/cargo-home:/opt/rustwide/cargo-home:ro,Z" "-v" "/var/lib/crater-agent-workspace/rustup-home:/opt/rustwide/rustup-home:ro,Z" "-e" "SOURCE_DIR=/opt/rustwide/workdir" "-e" "CARGO_TARGET_DIR=/opt/rustwide/target" "-e" "CARGO_HOME=/opt/rustwide/cargo-home" "-e" "RUSTUP_HOME=/opt/rustwide/rustup-home" "-w" "/opt/rustwide/workdir" "-m" "1610612736" "--user" "0:0" "--network" "none" "ghcr.io/rust-lang/crates-build-env/linux@sha256:2788e3201cd34a07e3172128adcd8b3090168a8e3bcc40d7c032b9dda1df7d1c" "/opt/rustwide/cargo-home/bin/cargo" "+1.75.0" "metadata" "--no-deps" "--format-version=1", kill_on_drop: false }`
[INFO] [stdout] 558344b990f4c8887769397bfba8920685543c73de882caa705738c310f1cb01
[INFO] running `Command { std: "docker" "start" "-a" "558344b990f4c8887769397bfba8920685543c73de882caa705738c310f1cb01", kill_on_drop: false }`
[INFO] running `Command { std: "docker" "inspect" "558344b990f4c8887769397bfba8920685543c73de882caa705738c310f1cb01", kill_on_drop: false }`
[INFO] running `Command { std: "docker" "rm" "-f" "558344b990f4c8887769397bfba8920685543c73de882caa705738c310f1cb01", kill_on_drop: false }`
[INFO] [stdout] 558344b990f4c8887769397bfba8920685543c73de882caa705738c310f1cb01
[INFO] running `Command { std: "docker" "create" "-v" "/var/lib/crater-agent-workspace/builds/worker-3-tc1/target:/opt/rustwide/target:rw,Z" "-v" "/var/lib/crater-agent-workspace/builds/worker-3-tc1/source:/opt/rustwide/workdir:ro,Z" "-v" "/var/lib/crater-agent-workspace/cargo-home:/opt/rustwide/cargo-home:ro,Z" "-v" "/var/lib/crater-agent-workspace/rustup-home:/opt/rustwide/rustup-home:ro,Z" "-e" "SOURCE_DIR=/opt/rustwide/workdir" "-e" "CARGO_TARGET_DIR=/opt/rustwide/target" "-e" "CARGO_INCREMENTAL=0" "-e" "RUST_BACKTRACE=full" "-e" "RUSTFLAGS=--cap-lints=warn" "-e" "RUSTDOCFLAGS=--cap-lints=warn" "-e" "CARGO_HOME=/opt/rustwide/cargo-home" "-e" "RUSTUP_HOME=/opt/rustwide/rustup-home" "-w" "/opt/rustwide/workdir" "-m" "1610612736" "--user" "0:0" "--network" "none" "ghcr.io/rust-lang/crates-build-env/linux@sha256:2788e3201cd34a07e3172128adcd8b3090168a8e3bcc40d7c032b9dda1df7d1c" "/opt/rustwide/cargo-home/bin/cargo" "+1.75.0" "build" "--frozen" "--message-format=json", kill_on_drop: false }`
[INFO] [stdout] 657f24b96c491f8167a4be81c7c7e4af71cf039358938ec04bafc92ecc28d86c
[INFO] running `Command { std: "docker" "start" "-a" "657f24b96c491f8167a4be81c7c7e4af71cf039358938ec04bafc92ecc28d86c", kill_on_drop: false }`
[INFO] [stderr]    Compiling proc-macro2 v1.0.47
[INFO] [stderr]    Compiling quote v1.0.21
[INFO] [stderr]    Compiling unicode-ident v1.0.5
[INFO] [stderr]    Compiling syn v1.0.103
[INFO] [stderr]    Compiling libc v0.2.137
[INFO] [stderr]    Compiling memchr v2.5.0
[INFO] [stderr]    Compiling pin-project-lite v0.2.9
[INFO] [stderr]    Compiling log v0.4.17
[INFO] [stderr]    Compiling futures-core v0.3.25
[INFO] [stderr]    Compiling once_cell v1.16.0
[INFO] [stderr]    Compiling cc v1.0.77
[INFO] [stderr]    Compiling pkg-config v0.3.26
[INFO] [stderr]    Compiling slab v0.4.7
[INFO] [stderr]    Compiling futures-channel v0.3.25
[INFO] [stderr]    Compiling futures-sink v0.3.25
[INFO] [stderr]    Compiling bytes v1.3.0
[INFO] [stderr]    Compiling futures-task v0.3.25
[INFO] [stderr]    Compiling tokio v1.22.0
[INFO] [stderr]    Compiling itoa v1.0.4
[INFO] [stderr]    Compiling futures-util v0.3.25
[INFO] [stderr]    Compiling futures-io v0.3.25
[INFO] [stderr]    Compiling serde_derive v1.0.147
[INFO] [stderr]    Compiling unicase v2.6.0
[INFO] [stderr]    Compiling tracing-core v0.1.30
[INFO] [stderr]    Compiling indexmap v1.9.2
[INFO] [stderr]    Compiling serde v1.0.147
[INFO] [stderr]    Compiling openssl v0.10.43
[INFO] [stderr]    Compiling fnv v1.0.7
[INFO] [stderr]    Compiling foreign-types-shared v0.1.1
[INFO] [stderr]    Compiling http v0.2.8
[INFO] [stderr]    Compiling foreign-types v0.3.2
[INFO] [stderr]    Compiling tinyvec_macros v0.1.0
[INFO] [stderr]    Compiling native-tls v0.2.11
[INFO] [stderr]    Compiling httparse v1.8.0
[INFO] [stderr]    Compiling tinyvec v1.6.0
[INFO] [stderr]    Compiling percent-encoding v2.2.0
[INFO] [stderr]    Compiling try-lock v0.2.3
[INFO] [stderr]    Compiling openssl-probe v0.1.5
[INFO] [stderr]    Compiling want v0.3.0
[INFO] [stderr]    Compiling form_urlencoded v1.1.0
[INFO] [stderr]    Compiling tracing v0.1.37
[INFO] [stderr]    Compiling httpdate v1.0.2
[INFO] [stderr]    Compiling unicode-bidi v0.3.8
[INFO] [stderr]    Compiling ryu v1.0.11
[INFO] [stderr]    Compiling mime_guess v2.0.4
[INFO] [stderr]    Compiling encoding_rs v0.8.31
[INFO] [stderr]    Compiling socket2 v0.4.7
[INFO] [stderr]    Compiling mio v0.8.5
[INFO] [stderr]    Compiling tower-service v0.3.2
[INFO] [stderr]    Compiling mime v0.3.16
[INFO] [stderr]    Compiling serde_json v1.0.89
[INFO] [stderr]    Compiling base64 v0.13.1
[INFO] [stderr]    Compiling ipnet v2.5.1
[INFO] [stderr]    Compiling paste v1.0.9
[INFO] [stderr]    Compiling http-body v0.4.5
[INFO] [stderr]    Compiling openssl-sys v0.9.78
[INFO] [stderr]    Compiling unicode-normalization v0.1.22
[INFO] [stderr]    Compiling idna v0.3.0
[INFO] [stderr]    Compiling url v2.3.1
[INFO] [stderr]    Compiling futures-macro v0.3.25
[INFO] [stderr]    Compiling openssl-macros v0.1.0
[INFO] [stderr]    Compiling tokio-util v0.7.4
[INFO] [stderr]    Compiling tokio-native-tls v0.3.0
[INFO] [stderr]    Compiling h2 v0.3.15
[INFO] [stderr]    Compiling futures-executor v0.3.25
[INFO] [stderr]    Compiling futures v0.3.25
[INFO] [stderr]    Compiling serde_urlencoded v0.7.1
[INFO] [stderr]    Compiling toml v0.5.9
[INFO] [stderr]    Compiling hyper v0.14.23
[INFO] [stderr]    Compiling hyper-tls v0.5.0
[INFO] [stderr]    Compiling reqwest v0.11.13
[INFO] [stderr]    Compiling blockfrost v0.2.1 (/opt/rustwide/workdir)
[INFO] [stderr]     Finished dev [unoptimized + debuginfo] target(s) in 15.17s
[INFO] running `Command { std: "docker" "inspect" "657f24b96c491f8167a4be81c7c7e4af71cf039358938ec04bafc92ecc28d86c", kill_on_drop: false }`
[INFO] running `Command { std: "docker" "rm" "-f" "657f24b96c491f8167a4be81c7c7e4af71cf039358938ec04bafc92ecc28d86c", kill_on_drop: false }`
[INFO] [stdout] 657f24b96c491f8167a4be81c7c7e4af71cf039358938ec04bafc92ecc28d86c
[INFO] running `Command { std: "docker" "create" "-v" "/var/lib/crater-agent-workspace/builds/worker-3-tc1/target:/opt/rustwide/target:rw,Z" "-v" "/var/lib/crater-agent-workspace/builds/worker-3-tc1/source:/opt/rustwide/workdir:ro,Z" "-v" "/var/lib/crater-agent-workspace/cargo-home:/opt/rustwide/cargo-home:ro,Z" "-v" "/var/lib/crater-agent-workspace/rustup-home:/opt/rustwide/rustup-home:ro,Z" "-e" "SOURCE_DIR=/opt/rustwide/workdir" "-e" "CARGO_TARGET_DIR=/opt/rustwide/target" "-e" "CARGO_INCREMENTAL=0" "-e" "RUST_BACKTRACE=full" "-e" "RUSTFLAGS=--cap-lints=warn" "-e" "RUSTDOCFLAGS=--cap-lints=warn" "-e" "CARGO_HOME=/opt/rustwide/cargo-home" "-e" "RUSTUP_HOME=/opt/rustwide/rustup-home" "-w" "/opt/rustwide/workdir" "-m" "1610612736" "--user" "0:0" "--network" "none" "ghcr.io/rust-lang/crates-build-env/linux@sha256:2788e3201cd34a07e3172128adcd8b3090168a8e3bcc40d7c032b9dda1df7d1c" "/opt/rustwide/cargo-home/bin/cargo" "+1.75.0" "test" "--frozen" "--no-run" "--message-format=json", kill_on_drop: false }`
[INFO] [stdout] 83c8419f8a5eec73667d374e2736d2bd720809abf4b5deb66372c3819e704fb5
[INFO] running `Command { std: "docker" "start" "-a" "83c8419f8a5eec73667d374e2736d2bd720809abf4b5deb66372c3819e704fb5", kill_on_drop: false }`
[INFO] [stderr]    Compiling tokio v1.22.0
[INFO] [stderr]    Compiling num_cpus v1.14.0
[INFO] [stderr]    Compiling tokio-macros v1.8.0
[INFO] [stderr]    Compiling tokio-util v0.7.4
[INFO] [stderr]    Compiling tokio-native-tls v0.3.0
[INFO] [stderr]    Compiling h2 v0.3.15
[INFO] [stderr]    Compiling hyper v0.14.23
[INFO] [stderr]    Compiling hyper-tls v0.5.0
[INFO] [stderr]    Compiling reqwest v0.11.13
[INFO] [stderr]    Compiling blockfrost v0.2.1 (/opt/rustwide/workdir)
[INFO] [stderr] error: could not compile `blockfrost` (lib test)
[INFO] [stderr] 
[INFO] [stderr] Caused by:
[INFO] [stderr]   process didn't exit successfully: `/opt/rustwide/rustup-home/toolchains/1.75.0-x86_64-unknown-linux-gnu/bin/rustc --crate-name blockfrost --edition=2021 src/lib.rs --error-format=json --json=diagnostic-rendered-ansi,artifacts,future-incompat --emit=dep-info,link -C embed-bitcode=no -C debuginfo=2 --test -C metadata=dc9b719a90efb5d1 -C extra-filename=-dc9b719a90efb5d1 --out-dir /opt/rustwide/target/debug/deps -L dependency=/opt/rustwide/target/debug/deps --extern futures=/opt/rustwide/target/debug/deps/libfutures-30d3cd97d4f12483.rlib --extern paste=/opt/rustwide/target/debug/deps/libpaste-edd7ce28a2ea6208.so --extern reqwest=/opt/rustwide/target/debug/deps/libreqwest-432d39872d7a1242.rlib --extern serde=/opt/rustwide/target/debug/deps/libserde-271dd29faf0ee090.rlib --extern serde_json=/opt/rustwide/target/debug/deps/libserde_json-9b3dba812316d08a.rlib --extern tokio=/opt/rustwide/target/debug/deps/libtokio-51863451f38575a5.rlib --extern toml=/opt/rustwide/target/debug/deps/libtoml-f515a3f57c7126e9.rlib --cap-lints=warn` (signal: 9, SIGKILL: kill)
[INFO] [stderr] warning: build failed, waiting for other jobs to finish...
[INFO] [stdout] error: linking with `cc` failed: exit status: 1
[INFO] [stdout]   |
[INFO] [stdout]   = note: LC_ALL="C" PATH="/opt/rustwide/rustup-home/toolchains/1.75.0-x86_64-unknown-linux-gnu/lib/rustlib/x86_64-unknown-linux-gnu/bin:/opt/rustwide/cargo-home/bin:/usr/local/sbin:/usr/local/bin:/usr/sbin:/usr/bin:/sbin:/bin" VSLANG="1033" "cc" "-m64" "/tmp/rustc5PXMcj/symbols.o" "/opt/rustwide/target/debug/examples/submit_transaction-508ccb6fddaeba3b.submit_transaction.dc80f03620463067-cgu.0.rcgu.o" "/opt/rustwide/target/debug/examples/submit_transaction-508ccb6fddaeba3b.submit_transaction.dc80f03620463067-cgu.1.rcgu.o" "/opt/rustwide/target/debug/examples/submit_transaction-508ccb6fddaeba3b.10au7h89vdb45fs.rcgu.o" "-Wl,--as-needed" "-L" "/opt/rustwide/target/debug/deps" "-L" "/opt/rustwide/rustup-home/toolchains/1.75.0-x86_64-unknown-linux-gnu/lib/rustlib/x86_64-unknown-linux-gnu/lib" "-Wl,-Bstatic" "/opt/rustwide/target/debug/deps/libblockfrost-701c16c9a83946f8.rlib" "/opt/rustwide/target/debug/deps/libtoml-f515a3f57c7126e9.rlib" "/opt/rustwide/target/debug/deps/libfutures-30d3cd97d4f12483.rlib" "/opt/rustwide/target/debug/deps/libfutures_executor-3a8c721f10137d52.rlib" "/opt/rustwide/target/debug/deps/libserde_json-9b3dba812316d08a.rlib" "/opt/rustwide/target/debug/deps/libreqwest-432d39872d7a1242.rlib" "/opt/rustwide/target/debug/deps/libhyper_tls-8d333d25a39a8ce0.rlib" "/opt/rustwide/target/debug/deps/libserde_urlencoded-205112fa4dc6b306.rlib" "/opt/rustwide/target/debug/deps/libryu-80596ff4214e4d03.rlib" "/opt/rustwide/target/debug/deps/libipnet-1fbb296ad147f610.rlib" "/opt/rustwide/target/debug/deps/libtokio_native_tls-c3ede83b95082667.rlib" "/opt/rustwide/target/debug/deps/libencoding_rs-6ac919aaf73aa201.rlib" "/opt/rustwide/target/debug/deps/libbase64-b09bba5046b087ce.rlib" "/opt/rustwide/target/debug/deps/libmime_guess-fe24de94dd93fb48.rlib" "/opt/rustwide/target/debug/deps/libunicase-b17828595a2c57e7.rlib" "/opt/rustwide/target/debug/deps/libmime-450b243d21db2a61.rlib" "/opt/rustwide/target/debug/deps/libnative_tls-804aaf23c3e3f5ec.rlib" "/opt/rustwide/target/debug/deps/libopenssl_probe-d850575132083d7c.rlib" "/opt/rustwide/target/debug/deps/libopenssl-8c322d68af23e9e6.rlib" "/opt/rustwide/target/debug/deps/libbitflags-b7cee2ca4fb438d0.rlib" "/opt/rustwide/target/debug/deps/libforeign_types-c05743815e5b8a9d.rlib" "/opt/rustwide/target/debug/deps/libforeign_types_shared-d149f5491fde2862.rlib" "/opt/rustwide/target/debug/deps/libopenssl_sys-79bf1b81307c68f8.rlib" "/opt/rustwide/target/debug/deps/libhyper-779a77963dda408a.rlib" "/opt/rustwide/target/debug/deps/libwant-aba4c5639a11f28a.rlib" "/opt/rustwide/target/debug/deps/libtry_lock-6573df21d991c823.rlib" "/opt/rustwide/target/debug/deps/libhttparse-64f1ffbeda450424.rlib" "/opt/rustwide/target/debug/deps/libh2-feac0ba1504117e2.rlib" "/opt/rustwide/target/debug/deps/libindexmap-6a53f35a9491509c.rlib" "/opt/rustwide/target/debug/deps/libhashbrown-567986452cb9bc94.rlib" "/opt/rustwide/target/debug/deps/libtokio_util-5f054bc15b5fa3e2.rlib" "/opt/rustwide/target/debug/deps/libtower_service-104d6e83d5ce383d.rlib" "/opt/rustwide/target/debug/deps/libtracing-088aca5dfe9bbe16.rlib" "/opt/rustwide/target/debug/deps/libtracing_core-241d2437394ed42f.rlib" "/opt/rustwide/target/debug/deps/libonce_cell-0b3944a765abe985.rlib" "/opt/rustwide/target/debug/deps/libfutures_util-6a675da05f467096.rlib" "/opt/rustwide/target/debug/deps/libfutures_io-5062be024aa4c585.rlib" "/opt/rustwide/target/debug/deps/libslab-29fe6a49d400343d.rlib" "/opt/rustwide/target/debug/deps/libfutures_channel-dd13644f20ccc956.rlib" "/opt/rustwide/target/debug/deps/libfutures_sink-8ece13312afb8528.rlib" "/opt/rustwide/target/debug/deps/libfutures_task-8ee454208e29f22c.rlib" "/opt/rustwide/target/debug/deps/libpin_utils-741f7d9d160e4a16.rlib" "/opt/rustwide/target/debug/deps/libtokio-51863451f38575a5.rlib" "/opt/rustwide/target/debug/deps/libnum_cpus-6cf3f421a6c132be.rlib" "/opt/rustwide/target/debug/deps/libsocket2-632b13d6ad01b17e.rlib" "/opt/rustwide/target/debug/deps/libmemchr-4fdcfd9ddfba30cb.rlib" "/opt/rustwide/target/debug/deps/libmio-6098f1a11a06469e.rlib" "/opt/rustwide/target/debug/deps/liblibc-f9d552e263899c47.rlib" "/opt/rustwide/target/debug/deps/libhttp_body-eda17149522d71f7.rlib" "/opt/rustwide/target/debug/deps/libpin_project_lite-cead9f5d94689600.rlib" "/opt/rustwide/target/debug/deps/liblog-3ad322dff60a4fea.rlib" "/opt/rustwide/target/debug/deps/libcfg_if-61dc7a6799e72b18.rlib" "/opt/rustwide/target/debug/deps/libfutures_core-804d82575990b571.rlib" "/opt/rustwide/target/debug/deps/liburl-766f8fa2770c8650.rlib" "/opt/rustwide/target/debug/deps/libidna-c62e120fb9daafd7.rlib" "/opt/rustwide/target/debug/deps/libunicode_normalization-9a523c060fbda597.rlib" "/opt/rustwide/target/debug/deps/libtinyvec-e78be141da4aa4a4.rlib" "/opt/rustwide/target/debug/deps/libtinyvec_macros-bfeb7a087f0273ce.rlib" "/opt/rustwide/target/debug/deps/libunicode_bidi-6e4d9a1bf3170bfc.rlib" "/opt/rustwide/target/debug/deps/libform_urlencoded-e8c43e838ad28fa4.rlib" "/opt/rustwide/target/debug/deps/libpercent_encoding-c39f6500503dd269.rlib" "/opt/rustwide/target/debug/deps/libhttp-0989fe0ff3b83abf.rlib" "/opt/rustwide/target/debug/deps/libitoa-a8f958deca0e891c.rlib" "/opt/rustwide/target/debug/deps/libbytes-2f962337dbf30e11.rlib" "/opt/rustwide/target/debug/deps/libfnv-18bf5144d055e772.rlib" "/opt/rustwide/target/debug/deps/libserde-271dd29faf0ee090.rlib" "/opt/rustwide/rustup-home/toolchains/1.75.0-x86_64-unknown-linux-gnu/lib/rustlib/x86_64-unknown-linux-gnu/lib/libstd-90f6ddbf82de36ec.rlib" "/opt/rustwide/rustup-home/toolchains/1.75.0-x86_64-unknown-linux-gnu/lib/rustlib/x86_64-unknown-linux-gnu/lib/libpanic_unwind-480c41e9d4e1f677.rlib" "/opt/rustwide/rustup-home/toolchains/1.75.0-x86_64-unknown-linux-gnu/lib/rustlib/x86_64-unknown-linux-gnu/lib/libobject-db744c0ca03eed1d.rlib" "/opt/rustwide/rustup-home/toolchains/1.75.0-x86_64-unknown-linux-gnu/lib/rustlib/x86_64-unknown-linux-gnu/lib/libmemchr-8ba652dc7d4b285a.rlib" "/opt/rustwide/rustup-home/toolchains/1.75.0-x86_64-unknown-linux-gnu/lib/rustlib/x86_64-unknown-linux-gnu/lib/libaddr2line-d5f4520a9ebc0d58.rlib" "/opt/rustwide/rustup-home/toolchains/1.75.0-x86_64-unknown-linux-gnu/lib/rustlib/x86_64-unknown-linux-gnu/lib/libgimli-4ad84de58f0cb463.rlib" "/opt/rustwide/rustup-home/toolchains/1.75.0-x86_64-unknown-linux-gnu/lib/rustlib/x86_64-unknown-linux-gnu/lib/librustc_demangle-0d10aae2e0f38735.rlib" "/opt/rustwide/rustup-home/toolchains/1.75.0-x86_64-unknown-linux-gnu/lib/rustlib/x86_64-unknown-linux-gnu/lib/libstd_detect-0c17cff739e6745b.rlib" "/opt/rustwide/rustup-home/toolchains/1.75.0-x86_64-unknown-linux-gnu/lib/rustlib/x86_64-unknown-linux-gnu/lib/libhashbrown-b29e17139dde1aa8.rlib" "/opt/rustwide/rustup-home/toolchains/1.75.0-x86_64-unknown-linux-gnu/lib/rustlib/x86_64-unknown-linux-gnu/lib/librustc_std_workspace_alloc-1f975299829cc7bd.rlib" "/opt/rustwide/rustup-home/toolchains/1.75.0-x86_64-unknown-linux-gnu/lib/rustlib/x86_64-unknown-linux-gnu/lib/libminiz_oxide-86bae3bc3079f89b.rlib" "/opt/rustwide/rustup-home/toolchains/1.75.0-x86_64-unknown-linux-gnu/lib/rustlib/x86_64-unknown-linux-gnu/lib/libadler-321b82c30dffdf5f.rlib" "/opt/rustwide/rustup-home/toolchains/1.75.0-x86_64-unknown-linux-gnu/lib/rustlib/x86_64-unknown-linux-gnu/lib/libunwind-3dd8a6810a0bdfef.rlib" "/opt/rustwide/rustup-home/toolchains/1.75.0-x86_64-unknown-linux-gnu/lib/rustlib/x86_64-unknown-linux-gnu/lib/libcfg_if-eb39a61c0c879984.rlib" "/opt/rustwide/rustup-home/toolchains/1.75.0-x86_64-unknown-linux-gnu/lib/rustlib/x86_64-unknown-linux-gnu/lib/liblibc-aa769569f91c3548.rlib" "/opt/rustwide/rustup-home/toolchains/1.75.0-x86_64-unknown-linux-gnu/lib/rustlib/x86_64-unknown-linux-gnu/lib/liballoc-510a192a50a983ed.rlib" "/opt/rustwide/rustup-home/toolchains/1.75.0-x86_64-unknown-linux-gnu/lib/rustlib/x86_64-unknown-linux-gnu/lib/librustc_std_workspace_core-0577018320f99037.rlib" "/opt/rustwide/rustup-home/toolchains/1.75.0-x86_64-unknown-linux-gnu/lib/rustlib/x86_64-unknown-linux-gnu/lib/libcore-193cf992125ccd4c.rlib" "/opt/rustwide/rustup-home/toolchains/1.75.0-x86_64-unknown-linux-gnu/lib/rustlib/x86_64-unknown-linux-gnu/lib/libcompiler_builtins-8e138eaf26ebb4a8.rlib" "-Wl,-Bdynamic" "-lssl" "-lcrypto" "-lgcc_s" "-lutil" "-lrt" "-lpthread" "-lm" "-ldl" "-lc" "-Wl,--eh-frame-hdr" "-Wl,-z,noexecstack" "-L" "/opt/rustwide/rustup-home/toolchains/1.75.0-x86_64-unknown-linux-gnu/lib/rustlib/x86_64-unknown-linux-gnu/lib" "-o" "/opt/rustwide/target/debug/examples/submit_transaction-508ccb6fddaeba3b" "-Wl,--gc-sections" "-pie" "-Wl,-z,relro,-z,now" "-nodefaultlibs"
[INFO] [stdout]   = note: collect2: fatal error: ld terminated with signal 9 [Killed]
[INFO] [stdout]           compilation terminated.
[INFO] [stdout]           
[INFO] [stdout] 
[INFO] [stdout] 
[INFO] [stdout] error: aborting due to previous error
[INFO] [stdout] 
[INFO] [stdout] 
[INFO] [stderr] error: could not compile `blockfrost` (example "submit_transaction") due to 2 previous errors
[INFO] [stdout] error: linking with `cc` failed: exit status: 1
[INFO] [stdout]   |
[INFO] [stdout]   = note: LC_ALL="C" PATH="/opt/rustwide/rustup-home/toolchains/1.75.0-x86_64-unknown-linux-gnu/lib/rustlib/x86_64-unknown-linux-gnu/bin:/opt/rustwide/cargo-home/bin:/usr/local/sbin:/usr/local/bin:/usr/sbin:/usr/bin:/sbin:/bin" VSLANG="1033" "cc" "-m64" "/tmp/rustc7eFMIV/symbols.o" "/opt/rustwide/target/debug/examples/lister-e47148908c751a8b.lister.3e33db6336dd5df-cgu.0.rcgu.o" "/opt/rustwide/target/debug/examples/lister-e47148908c751a8b.lister.3e33db6336dd5df-cgu.1.rcgu.o" "/opt/rustwide/target/debug/examples/lister-e47148908c751a8b.lister.3e33db6336dd5df-cgu.2.rcgu.o" "/opt/rustwide/target/debug/examples/lister-e47148908c751a8b.lister.3e33db6336dd5df-cgu.3.rcgu.o" "/opt/rustwide/target/debug/examples/lister-e47148908c751a8b.2cpd53i4f01os1nk.rcgu.o" "-Wl,--as-needed" "-L" "/opt/rustwide/target/debug/deps" "-L" "/opt/rustwide/rustup-home/toolchains/1.75.0-x86_64-unknown-linux-gnu/lib/rustlib/x86_64-unknown-linux-gnu/lib" "-Wl,-Bstatic" "/opt/rustwide/target/debug/deps/libblockfrost-701c16c9a83946f8.rlib" "/opt/rustwide/target/debug/deps/libtoml-f515a3f57c7126e9.rlib" "/opt/rustwide/target/debug/deps/libfutures-30d3cd97d4f12483.rlib" "/opt/rustwide/target/debug/deps/libfutures_executor-3a8c721f10137d52.rlib" "/opt/rustwide/target/debug/deps/libserde_json-9b3dba812316d08a.rlib" "/opt/rustwide/target/debug/deps/libreqwest-432d39872d7a1242.rlib" "/opt/rustwide/target/debug/deps/libhyper_tls-8d333d25a39a8ce0.rlib" "/opt/rustwide/target/debug/deps/libserde_urlencoded-205112fa4dc6b306.rlib" "/opt/rustwide/target/debug/deps/libryu-80596ff4214e4d03.rlib" "/opt/rustwide/target/debug/deps/libipnet-1fbb296ad147f610.rlib" "/opt/rustwide/target/debug/deps/libtokio_native_tls-c3ede83b95082667.rlib" "/opt/rustwide/target/debug/deps/libencoding_rs-6ac919aaf73aa201.rlib" "/opt/rustwide/target/debug/deps/libbase64-b09bba5046b087ce.rlib" "/opt/rustwide/target/debug/deps/libmime_guess-fe24de94dd93fb48.rlib" "/opt/rustwide/target/debug/deps/libunicase-b17828595a2c57e7.rlib" "/opt/rustwide/target/debug/deps/libmime-450b243d21db2a61.rlib" "/opt/rustwide/target/debug/deps/libnative_tls-804aaf23c3e3f5ec.rlib" "/opt/rustwide/target/debug/deps/libopenssl_probe-d850575132083d7c.rlib" "/opt/rustwide/target/debug/deps/libopenssl-8c322d68af23e9e6.rlib" "/opt/rustwide/target/debug/deps/libbitflags-b7cee2ca4fb438d0.rlib" "/opt/rustwide/target/debug/deps/libforeign_types-c05743815e5b8a9d.rlib" "/opt/rustwide/target/debug/deps/libforeign_types_shared-d149f5491fde2862.rlib" "/opt/rustwide/target/debug/deps/libopenssl_sys-79bf1b81307c68f8.rlib" "/opt/rustwide/target/debug/deps/libhyper-779a77963dda408a.rlib" "/opt/rustwide/target/debug/deps/libwant-aba4c5639a11f28a.rlib" "/opt/rustwide/target/debug/deps/libtry_lock-6573df21d991c823.rlib" "/opt/rustwide/target/debug/deps/libhttparse-64f1ffbeda450424.rlib" "/opt/rustwide/target/debug/deps/libh2-feac0ba1504117e2.rlib" "/opt/rustwide/target/debug/deps/libindexmap-6a53f35a9491509c.rlib" "/opt/rustwide/target/debug/deps/libhashbrown-567986452cb9bc94.rlib" "/opt/rustwide/target/debug/deps/libtokio_util-5f054bc15b5fa3e2.rlib" "/opt/rustwide/target/debug/deps/libtower_service-104d6e83d5ce383d.rlib" "/opt/rustwide/target/debug/deps/libtracing-088aca5dfe9bbe16.rlib" "/opt/rustwide/target/debug/deps/libtracing_core-241d2437394ed42f.rlib" "/opt/rustwide/target/debug/deps/libonce_cell-0b3944a765abe985.rlib" "/opt/rustwide/target/debug/deps/libfutures_util-6a675da05f467096.rlib" "/opt/rustwide/target/debug/deps/libfutures_io-5062be024aa4c585.rlib" "/opt/rustwide/target/debug/deps/libslab-29fe6a49d400343d.rlib" "/opt/rustwide/target/debug/deps/libfutures_channel-dd13644f20ccc956.rlib" "/opt/rustwide/target/debug/deps/libfutures_sink-8ece13312afb8528.rlib" "/opt/rustwide/target/debug/deps/libfutures_task-8ee454208e29f22c.rlib" "/opt/rustwide/target/debug/deps/libpin_utils-741f7d9d160e4a16.rlib" "/opt/rustwide/target/debug/deps/libtokio-51863451f38575a5.rlib" "/opt/rustwide/target/debug/deps/libnum_cpus-6cf3f421a6c132be.rlib" "/opt/rustwide/target/debug/deps/libsocket2-632b13d6ad01b17e.rlib" "/opt/rustwide/target/debug/deps/libmemchr-4fdcfd9ddfba30cb.rlib" "/opt/rustwide/target/debug/deps/libmio-6098f1a11a06469e.rlib" "/opt/rustwide/target/debug/deps/liblibc-f9d552e263899c47.rlib" "/opt/rustwide/target/debug/deps/libhttp_body-eda17149522d71f7.rlib" "/opt/rustwide/target/debug/deps/libpin_project_lite-cead9f5d94689600.rlib" "/opt/rustwide/target/debug/deps/liblog-3ad322dff60a4fea.rlib" "/opt/rustwide/target/debug/deps/libcfg_if-61dc7a6799e72b18.rlib" "/opt/rustwide/target/debug/deps/libfutures_core-804d82575990b571.rlib" "/opt/rustwide/target/debug/deps/liburl-766f8fa2770c8650.rlib" "/opt/rustwide/target/debug/deps/libidna-c62e120fb9daafd7.rlib" "/opt/rustwide/target/debug/deps/libunicode_normalization-9a523c060fbda597.rlib" "/opt/rustwide/target/debug/deps/libtinyvec-e78be141da4aa4a4.rlib" "/opt/rustwide/target/debug/deps/libtinyvec_macros-bfeb7a087f0273ce.rlib" "/opt/rustwide/target/debug/deps/libunicode_bidi-6e4d9a1bf3170bfc.rlib" "/opt/rustwide/target/debug/deps/libform_urlencoded-e8c43e838ad28fa4.rlib" "/opt/rustwide/target/debug/deps/libpercent_encoding-c39f6500503dd269.rlib" "/opt/rustwide/target/debug/deps/libhttp-0989fe0ff3b83abf.rlib" "/opt/rustwide/target/debug/deps/libitoa-a8f958deca0e891c.rlib" "/opt/rustwide/target/debug/deps/libbytes-2f962337dbf30e11.rlib" "/opt/rustwide/target/debug/deps/libfnv-18bf5144d055e772.rlib" "/opt/rustwide/target/debug/deps/libserde-271dd29faf0ee090.rlib" "/opt/rustwide/rustup-home/toolchains/1.75.0-x86_64-unknown-linux-gnu/lib/rustlib/x86_64-unknown-linux-gnu/lib/libstd-90f6ddbf82de36ec.rlib" "/opt/rustwide/rustup-home/toolchains/1.75.0-x86_64-unknown-linux-gnu/lib/rustlib/x86_64-unknown-linux-gnu/lib/libpanic_unwind-480c41e9d4e1f677.rlib" "/opt/rustwide/rustup-home/toolchains/1.75.0-x86_64-unknown-linux-gnu/lib/rustlib/x86_64-unknown-linux-gnu/lib/libobject-db744c0ca03eed1d.rlib" "/opt/rustwide/rustup-home/toolchains/1.75.0-x86_64-unknown-linux-gnu/lib/rustlib/x86_64-unknown-linux-gnu/lib/libmemchr-8ba652dc7d4b285a.rlib" "/opt/rustwide/rustup-home/toolchains/1.75.0-x86_64-unknown-linux-gnu/lib/rustlib/x86_64-unknown-linux-gnu/lib/libaddr2line-d5f4520a9ebc0d58.rlib" "/opt/rustwide/rustup-home/toolchains/1.75.0-x86_64-unknown-linux-gnu/lib/rustlib/x86_64-unknown-linux-gnu/lib/libgimli-4ad84de58f0cb463.rlib" "/opt/rustwide/rustup-home/toolchains/1.75.0-x86_64-unknown-linux-gnu/lib/rustlib/x86_64-unknown-linux-gnu/lib/librustc_demangle-0d10aae2e0f38735.rlib" "/opt/rustwide/rustup-home/toolchains/1.75.0-x86_64-unknown-linux-gnu/lib/rustlib/x86_64-unknown-linux-gnu/lib/libstd_detect-0c17cff739e6745b.rlib" "/opt/rustwide/rustup-home/toolchains/1.75.0-x86_64-unknown-linux-gnu/lib/rustlib/x86_64-unknown-linux-gnu/lib/libhashbrown-b29e17139dde1aa8.rlib" "/opt/rustwide/rustup-home/toolchains/1.75.0-x86_64-unknown-linux-gnu/lib/rustlib/x86_64-unknown-linux-gnu/lib/librustc_std_workspace_alloc-1f975299829cc7bd.rlib" "/opt/rustwide/rustup-home/toolchains/1.75.0-x86_64-unknown-linux-gnu/lib/rustlib/x86_64-unknown-linux-gnu/lib/libminiz_oxide-86bae3bc3079f89b.rlib" "/opt/rustwide/rustup-home/toolchains/1.75.0-x86_64-unknown-linux-gnu/lib/rustlib/x86_64-unknown-linux-gnu/lib/libadler-321b82c30dffdf5f.rlib" "/opt/rustwide/rustup-home/toolchains/1.75.0-x86_64-unknown-linux-gnu/lib/rustlib/x86_64-unknown-linux-gnu/lib/libunwind-3dd8a6810a0bdfef.rlib" "/opt/rustwide/rustup-home/toolchains/1.75.0-x86_64-unknown-linux-gnu/lib/rustlib/x86_64-unknown-linux-gnu/lib/libcfg_if-eb39a61c0c879984.rlib" "/opt/rustwide/rustup-home/toolchains/1.75.0-x86_64-unknown-linux-gnu/lib/rustlib/x86_64-unknown-linux-gnu/lib/liblibc-aa769569f91c3548.rlib" "/opt/rustwide/rustup-home/toolchains/1.75.0-x86_64-unknown-linux-gnu/lib/rustlib/x86_64-unknown-linux-gnu/lib/liballoc-510a192a50a983ed.rlib" "/opt/rustwide/rustup-home/toolchains/1.75.0-x86_64-unknown-linux-gnu/lib/rustlib/x86_64-unknown-linux-gnu/lib/librustc_std_workspace_core-0577018320f99037.rlib" "/opt/rustwide/rustup-home/toolchains/1.75.0-x86_64-unknown-linux-gnu/lib/rustlib/x86_64-unknown-linux-gnu/lib/libcore-193cf992125ccd4c.rlib" "/opt/rustwide/rustup-home/toolchains/1.75.0-x86_64-unknown-linux-gnu/lib/rustlib/x86_64-unknown-linux-gnu/lib/libcompiler_builtins-8e138eaf26ebb4a8.rlib" "-Wl,-Bdynamic" "-lssl" "-lcrypto" "-lgcc_s" "-lutil" "-lrt" "-lpthread" "-lm" "-ldl" "-lc" "-Wl,--eh-frame-hdr" "-Wl,-z,noexecstack" "-L" "/opt/rustwide/rustup-home/toolchains/1.75.0-x86_64-unknown-linux-gnu/lib/rustlib/x86_64-unknown-linux-gnu/lib" "-o" "/opt/rustwide/target/debug/examples/lister-e47148908c751a8b" "-Wl,--gc-sections" "-pie" "-Wl,-z,relro,-z,now" "-nodefaultlibs"
[INFO] [stdout]   = note: collect2: fatal error: ld terminated with signal 9 [Killed]
[INFO] [stdout]           compilation terminated.
[INFO] [stdout]           
[INFO] [stdout] 
[INFO] [stdout] 
[INFO] [stdout] error: aborting due to previous error
[INFO] [stdout] 
[INFO] [stdout] 
[INFO] [stderr] error: could not compile `blockfrost` (example "lister") due to 2 previous errors
[INFO] [stdout] error: linking with `cc` failed: exit status: 1
[INFO] [stdout]   |
[INFO] [stdout]   = note: LC_ALL="C" PATH="/opt/rustwide/rustup-home/toolchains/1.75.0-x86_64-unknown-linux-gnu/lib/rustlib/x86_64-unknown-linux-gnu/bin:/opt/rustwide/cargo-home/bin:/usr/local/sbin:/usr/local/bin:/usr/sbin:/usr/bin:/sbin:/bin" VSLANG="1033" "cc" "-m64" "/tmp/rustciHvz9E/symbols.o" "/opt/rustwide/target/debug/examples/all_requests-346fbb0d233cc83f.all_requests.ea1f078d03bb6857-cgu.00.rcgu.o" "/opt/rustwide/target/debug/examples/all_requests-346fbb0d233cc83f.all_requests.ea1f078d03bb6857-cgu.01.rcgu.o" "/opt/rustwide/target/debug/examples/all_requests-346fbb0d233cc83f.all_requests.ea1f078d03bb6857-cgu.02.rcgu.o" "/opt/rustwide/target/debug/examples/all_requests-346fbb0d233cc83f.all_requests.ea1f078d03bb6857-cgu.03.rcgu.o" "/opt/rustwide/target/debug/examples/all_requests-346fbb0d233cc83f.all_requests.ea1f078d03bb6857-cgu.04.rcgu.o" "/opt/rustwide/target/debug/examples/all_requests-346fbb0d233cc83f.all_requests.ea1f078d03bb6857-cgu.05.rcgu.o" "/opt/rustwide/target/debug/examples/all_requests-346fbb0d233cc83f.all_requests.ea1f078d03bb6857-cgu.06.rcgu.o" "/opt/rustwide/target/debug/examples/all_requests-346fbb0d233cc83f.all_requests.ea1f078d03bb6857-cgu.07.rcgu.o" "/opt/rustwide/target/debug/examples/all_requests-346fbb0d233cc83f.all_requests.ea1f078d03bb6857-cgu.08.rcgu.o" "/opt/rustwide/target/debug/examples/all_requests-346fbb0d233cc83f.all_requests.ea1f078d03bb6857-cgu.09.rcgu.o" "/opt/rustwide/target/debug/examples/all_requests-346fbb0d233cc83f.all_requests.ea1f078d03bb6857-cgu.10.rcgu.o" "/opt/rustwide/target/debug/examples/all_requests-346fbb0d233cc83f.all_requests.ea1f078d03bb6857-cgu.11.rcgu.o" "/opt/rustwide/target/debug/examples/all_requests-346fbb0d233cc83f.all_requests.ea1f078d03bb6857-cgu.12.rcgu.o" "/opt/rustwide/target/debug/examples/all_requests-346fbb0d233cc83f.all_requests.ea1f078d03bb6857-cgu.13.rcgu.o" "/opt/rustwide/target/debug/examples/all_requests-346fbb0d233cc83f.all_requests.ea1f078d03bb6857-cgu.14.rcgu.o" "/opt/rustwide/target/debug/examples/all_requests-346fbb0d233cc83f.all_requests.ea1f078d03bb6857-cgu.15.rcgu.o" "/opt/rustwide/target/debug/examples/all_requests-346fbb0d233cc83f.3nrtjprn6qzejq1a.rcgu.o" "-Wl,--as-needed" "-L" "/opt/rustwide/target/debug/deps" "-L" "/opt/rustwide/rustup-home/toolchains/1.75.0-x86_64-unknown-linux-gnu/lib/rustlib/x86_64-unknown-linux-gnu/lib" "-Wl,-Bstatic" "/opt/rustwide/target/debug/deps/libblockfrost-701c16c9a83946f8.rlib" "/opt/rustwide/target/debug/deps/libtoml-f515a3f57c7126e9.rlib" "/opt/rustwide/target/debug/deps/libfutures-30d3cd97d4f12483.rlib" "/opt/rustwide/target/debug/deps/libfutures_executor-3a8c721f10137d52.rlib" "/opt/rustwide/target/debug/deps/libserde_json-9b3dba812316d08a.rlib" "/opt/rustwide/target/debug/deps/libreqwest-432d39872d7a1242.rlib" "/opt/rustwide/target/debug/deps/libhyper_tls-8d333d25a39a8ce0.rlib" "/opt/rustwide/target/debug/deps/libserde_urlencoded-205112fa4dc6b306.rlib" "/opt/rustwide/target/debug/deps/libryu-80596ff4214e4d03.rlib" "/opt/rustwide/target/debug/deps/libipnet-1fbb296ad147f610.rlib" "/opt/rustwide/target/debug/deps/libtokio_native_tls-c3ede83b95082667.rlib" "/opt/rustwide/target/debug/deps/libencoding_rs-6ac919aaf73aa201.rlib" "/opt/rustwide/target/debug/deps/libbase64-b09bba5046b087ce.rlib" "/opt/rustwide/target/debug/deps/libmime_guess-fe24de94dd93fb48.rlib" "/opt/rustwide/target/debug/deps/libunicase-b17828595a2c57e7.rlib" "/opt/rustwide/target/debug/deps/libmime-450b243d21db2a61.rlib" "/opt/rustwide/target/debug/deps/libnative_tls-804aaf23c3e3f5ec.rlib" "/opt/rustwide/target/debug/deps/libopenssl_probe-d850575132083d7c.rlib" "/opt/rustwide/target/debug/deps/libopenssl-8c322d68af23e9e6.rlib" "/opt/rustwide/target/debug/deps/libbitflags-b7cee2ca4fb438d0.rlib" "/opt/rustwide/target/debug/deps/libforeign_types-c05743815e5b8a9d.rlib" "/opt/rustwide/target/debug/deps/libforeign_types_shared-d149f5491fde2862.rlib" "/opt/rustwide/target/debug/deps/libopenssl_sys-79bf1b81307c68f8.rlib" "/opt/rustwide/target/debug/deps/libhyper-779a77963dda408a.rlib" "/opt/rustwide/target/debug/deps/libwant-aba4c5639a11f28a.rlib" "/opt/rustwide/target/debug/deps/libtry_lock-6573df21d991c823.rlib" "/opt/rustwide/target/debug/deps/libhttparse-64f1ffbeda450424.rlib" "/opt/rustwide/target/debug/deps/libh2-feac0ba1504117e2.rlib" "/opt/rustwide/target/debug/deps/libindexmap-6a53f35a9491509c.rlib" "/opt/rustwide/target/debug/deps/libhashbrown-567986452cb9bc94.rlib" "/opt/rustwide/target/debug/deps/libtokio_util-5f054bc15b5fa3e2.rlib" "/opt/rustwide/target/debug/deps/libtower_service-104d6e83d5ce383d.rlib" "/opt/rustwide/target/debug/deps/libtracing-088aca5dfe9bbe16.rlib" "/opt/rustwide/target/debug/deps/libtracing_core-241d2437394ed42f.rlib" "/opt/rustwide/target/debug/deps/libonce_cell-0b3944a765abe985.rlib" "/opt/rustwide/target/debug/deps/libfutures_util-6a675da05f467096.rlib" "/opt/rustwide/target/debug/deps/libfutures_io-5062be024aa4c585.rlib" "/opt/rustwide/target/debug/deps/libslab-29fe6a49d400343d.rlib" "/opt/rustwide/target/debug/deps/libfutures_channel-dd13644f20ccc956.rlib" "/opt/rustwide/target/debug/deps/libfutures_sink-8ece13312afb8528.rlib" "/opt/rustwide/target/debug/deps/libfutures_task-8ee454208e29f22c.rlib" "/opt/rustwide/target/debug/deps/libpin_utils-741f7d9d160e4a16.rlib" "/opt/rustwide/target/debug/deps/libtokio-51863451f38575a5.rlib" "/opt/rustwide/target/debug/deps/libnum_cpus-6cf3f421a6c132be.rlib" "/opt/rustwide/target/debug/deps/libsocket2-632b13d6ad01b17e.rlib" "/opt/rustwide/target/debug/deps/libmemchr-4fdcfd9ddfba30cb.rlib" "/opt/rustwide/target/debug/deps/libmio-6098f1a11a06469e.rlib" "/opt/rustwide/target/debug/deps/liblibc-f9d552e263899c47.rlib" "/opt/rustwide/target/debug/deps/libhttp_body-eda17149522d71f7.rlib" "/opt/rustwide/target/debug/deps/libpin_project_lite-cead9f5d94689600.rlib" "/opt/rustwide/target/debug/deps/liblog-3ad322dff60a4fea.rlib" "/opt/rustwide/target/debug/deps/libcfg_if-61dc7a6799e72b18.rlib" "/opt/rustwide/target/debug/deps/libfutures_core-804d82575990b571.rlib" "/opt/rustwide/target/debug/deps/liburl-766f8fa2770c8650.rlib" "/opt/rustwide/target/debug/deps/libidna-c62e120fb9daafd7.rlib" "/opt/rustwide/target/debug/deps/libunicode_normalization-9a523c060fbda597.rlib" "/opt/rustwide/target/debug/deps/libtinyvec-e78be141da4aa4a4.rlib" "/opt/rustwide/target/debug/deps/libtinyvec_macros-bfeb7a087f0273ce.rlib" "/opt/rustwide/target/debug/deps/libunicode_bidi-6e4d9a1bf3170bfc.rlib" "/opt/rustwide/target/debug/deps/libform_urlencoded-e8c43e838ad28fa4.rlib" "/opt/rustwide/target/debug/deps/libpercent_encoding-c39f6500503dd269.rlib" "/opt/rustwide/target/debug/deps/libhttp-0989fe0ff3b83abf.rlib" "/opt/rustwide/target/debug/deps/libitoa-a8f958deca0e891c.rlib" "/opt/rustwide/target/debug/deps/libbytes-2f962337dbf30e11.rlib" "/opt/rustwide/target/debug/deps/libfnv-18bf5144d055e772.rlib" "/opt/rustwide/target/debug/deps/libserde-271dd29faf0ee090.rlib" "/opt/rustwide/rustup-home/toolchains/1.75.0-x86_64-unknown-linux-gnu/lib/rustlib/x86_64-unknown-linux-gnu/lib/libstd-90f6ddbf82de36ec.rlib" "/opt/rustwide/rustup-home/toolchains/1.75.0-x86_64-unknown-linux-gnu/lib/rustlib/x86_64-unknown-linux-gnu/lib/libpanic_unwind-480c41e9d4e1f677.rlib" "/opt/rustwide/rustup-home/toolchains/1.75.0-x86_64-unknown-linux-gnu/lib/rustlib/x86_64-unknown-linux-gnu/lib/libobject-db744c0ca03eed1d.rlib" "/opt/rustwide/rustup-home/toolchains/1.75.0-x86_64-unknown-linux-gnu/lib/rustlib/x86_64-unknown-linux-gnu/lib/libmemchr-8ba652dc7d4b285a.rlib" "/opt/rustwide/rustup-home/toolchains/1.75.0-x86_64-unknown-linux-gnu/lib/rustlib/x86_64-unknown-linux-gnu/lib/libaddr2line-d5f4520a9ebc0d58.rlib" "/opt/rustwide/rustup-home/toolchains/1.75.0-x86_64-unknown-linux-gnu/lib/rustlib/x86_64-unknown-linux-gnu/lib/libgimli-4ad84de58f0cb463.rlib" "/opt/rustwide/rustup-home/toolchains/1.75.0-x86_64-unknown-linux-gnu/lib/rustlib/x86_64-unknown-linux-gnu/lib/librustc_demangle-0d10aae2e0f38735.rlib" "/opt/rustwide/rustup-home/toolchains/1.75.0-x86_64-unknown-linux-gnu/lib/rustlib/x86_64-unknown-linux-gnu/lib/libstd_detect-0c17cff739e6745b.rlib" "/opt/rustwide/rustup-home/toolchains/1.75.0-x86_64-unknown-linux-gnu/lib/rustlib/x86_64-unknown-linux-gnu/lib/libhashbrown-b29e17139dde1aa8.rlib" "/opt/rustwide/rustup-home/toolchains/1.75.0-x86_64-unknown-linux-gnu/lib/rustlib/x86_64-unknown-linux-gnu/lib/librustc_std_workspace_alloc-1f975299829cc7bd.rlib" "/opt/rustwide/rustup-home/toolchains/1.75.0-x86_64-unknown-linux-gnu/lib/rustlib/x86_64-unknown-linux-gnu/lib/libminiz_oxide-86bae3bc3079f89b.rlib" "/opt/rustwide/rustup-home/toolchains/1.75.0-x86_64-unknown-linux-gnu/lib/rustlib/x86_64-unknown-linux-gnu/lib/libadler-321b82c30dffdf5f.rlib" "/opt/rustwide/rustup-home/toolchains/1.75.0-x86_64-unknown-linux-gnu/lib/rustlib/x86_64-unknown-linux-gnu/lib/libunwind-3dd8a6810a0bdfef.rlib" "/opt/rustwide/rustup-home/toolchains/1.75.0-x86_64-unknown-linux-gnu/lib/rustlib/x86_64-unknown-linux-gnu/lib/libcfg_if-eb39a61c0c879984.rlib" "/opt/rustwide/rustup-home/toolchains/1.75.0-x86_64-unknown-linux-gnu/lib/rustlib/x86_64-unknown-linux-gnu/lib/liblibc-aa769569f91c3548.rlib" "/opt/rustwide/rustup-home/toolchains/1.75.0-x86_64-unknown-linux-gnu/lib/rustlib/x86_64-unknown-linux-gnu/lib/liballoc-510a192a50a983ed.rlib" "/opt/rustwide/rustup-home/toolchains/1.75.0-x86_64-unknown-linux-gnu/lib/rustlib/x86_64-unknown-linux-gnu/lib/librustc_std_workspace_core-0577018320f99037.rlib" "/opt/rustwide/rustup-home/toolchains/1.75.0-x86_64-unknown-linux-gnu/lib/rustlib/x86_64-unknown-linux-gnu/lib/libcore-193cf992125ccd4c.rlib" "/opt/rustwide/rustup-home/toolchains/1.75.0-x86_64-unknown-linux-gnu/lib/rustlib/x86_64-unknown-linux-gnu/lib/libcompiler_builtins-8e138eaf26ebb4a8.rlib" "-Wl,-Bdynamic" "-lssl" "-lcrypto" "-lgcc_s" "-lutil" "-lrt" "-lpthread" "-lm" "-ldl" "-lc" "-Wl,--eh-frame-hdr" "-Wl,-z,noexecstack" "-L" "/opt/rustwide/rustup-home/toolchains/1.75.0-x86_64-unknown-linux-gnu/lib/rustlib/x86_64-unknown-linux-gnu/lib" "-o" "/opt/rustwide/target/debug/examples/all_requests-346fbb0d233cc83f" "-Wl,--gc-sections" "-pie" "-Wl,-z,relro,-z,now" "-nodefaultlibs"
[INFO] [stdout]   = note: collect2: fatal error: ld terminated with signal 9 [Killed]
[INFO] [stdout]           compilation terminated.
[INFO] [stdout]           
[INFO] [stdout] 
[INFO] [stdout] 
[INFO] [stdout] error: aborting due to previous error
[INFO] [stdout] 
[INFO] [stdout] 
[INFO] [stderr] error: could not compile `blockfrost` (example "all_requests") due to 2 previous errors
[INFO] running `Command { std: "docker" "inspect" "83c8419f8a5eec73667d374e2736d2bd720809abf4b5deb66372c3819e704fb5", kill_on_drop: false }`
[INFO] running `Command { std: "docker" "rm" "-f" "83c8419f8a5eec73667d374e2736d2bd720809abf4b5deb66372c3819e704fb5", kill_on_drop: false }`
[INFO] [stdout] 83c8419f8a5eec73667d374e2736d2bd720809abf4b5deb66372c3819e704fb5
[INFO] testing blockfrost-0.2.1 against beta-2023-12-22 for beta-1.76-1
[INFO] extracting crate blockfrost 0.2.1 into /workspace/builds/worker-3-tc2/source
[INFO] validating manifest of crates.io crate blockfrost 0.2.1 on toolchain beta-2023-12-22
[INFO] running `Command { std: CARGO_HOME="/workspace/cargo-home" RUSTUP_HOME="/workspace/rustup-home" "/workspace/cargo-home/bin/cargo" "+beta-2023-12-22" "metadata" "--manifest-path" "Cargo.toml" "--no-deps", kill_on_drop: false }`
[INFO] started tweaking crates.io crate blockfrost 0.2.1
[INFO] finished tweaking crates.io crate blockfrost 0.2.1
[INFO] tweaked toml for crates.io crate blockfrost 0.2.1 written to /workspace/builds/worker-3-tc2/source/Cargo.toml
[INFO] crate crates.io crate blockfrost 0.2.1 already has a lockfile, it will not be regenerated
[INFO] running `Command { std: CARGO_HOME="/workspace/cargo-home" RUSTUP_HOME="/workspace/rustup-home" "/workspace/cargo-home/bin/cargo" "+beta-2023-12-22" "fetch" "--manifest-path" "Cargo.toml", kill_on_drop: false }`
[INFO] running `Command { std: "docker" "create" "-v" "/var/lib/crater-agent-workspace/builds/worker-3-tc2/target:/opt/rustwide/target:rw,Z" "-v" "/var/lib/crater-agent-workspace/builds/worker-3-tc2/source:/opt/rustwide/workdir:ro,Z" "-v" "/var/lib/crater-agent-workspace/cargo-home:/opt/rustwide/cargo-home:ro,Z" "-v" "/var/lib/crater-agent-workspace/rustup-home:/opt/rustwide/rustup-home:ro,Z" "-e" "SOURCE_DIR=/opt/rustwide/workdir" "-e" "CARGO_TARGET_DIR=/opt/rustwide/target" "-e" "CARGO_HOME=/opt/rustwide/cargo-home" "-e" "RUSTUP_HOME=/opt/rustwide/rustup-home" "-w" "/opt/rustwide/workdir" "-m" "1610612736" "--user" "0:0" "--network" "none" "ghcr.io/rust-lang/crates-build-env/linux@sha256:2788e3201cd34a07e3172128adcd8b3090168a8e3bcc40d7c032b9dda1df7d1c" "/opt/rustwide/cargo-home/bin/cargo" "+beta-2023-12-22" "metadata" "--no-deps" "--format-version=1", kill_on_drop: false }`
[INFO] [stdout] 322a13fc91c8b4d0a2f16298af12d5402ac813e5e7801b19254070740abd541d
[INFO] running `Command { std: "docker" "start" "-a" "322a13fc91c8b4d0a2f16298af12d5402ac813e5e7801b19254070740abd541d", kill_on_drop: false }`
[INFO] running `Command { std: "docker" "inspect" "322a13fc91c8b4d0a2f16298af12d5402ac813e5e7801b19254070740abd541d", kill_on_drop: false }`
[INFO] running `Command { std: "docker" "rm" "-f" "322a13fc91c8b4d0a2f16298af12d5402ac813e5e7801b19254070740abd541d", kill_on_drop: false }`
[INFO] [stdout] 322a13fc91c8b4d0a2f16298af12d5402ac813e5e7801b19254070740abd541d
[INFO] running `Command { std: "docker" "create" "-v" "/var/lib/crater-agent-workspace/builds/worker-3-tc2/target:/opt/rustwide/target:rw,Z" "-v" "/var/lib/crater-agent-workspace/builds/worker-3-tc2/source:/opt/rustwide/workdir:ro,Z" "-v" "/var/lib/crater-agent-workspace/cargo-home:/opt/rustwide/cargo-home:ro,Z" "-v" "/var/lib/crater-agent-workspace/rustup-home:/opt/rustwide/rustup-home:ro,Z" "-e" "SOURCE_DIR=/opt/rustwide/workdir" "-e" "CARGO_TARGET_DIR=/opt/rustwide/target" "-e" "CARGO_INCREMENTAL=0" "-e" "RUST_BACKTRACE=full" "-e" "RUSTFLAGS=--cap-lints=warn" "-e" "RUSTDOCFLAGS=--cap-lints=warn" "-e" "CARGO_HOME=/opt/rustwide/cargo-home" "-e" "RUSTUP_HOME=/opt/rustwide/rustup-home" "-w" "/opt/rustwide/workdir" "-m" "1610612736" "--user" "0:0" "--network" "none" "ghcr.io/rust-lang/crates-build-env/linux@sha256:2788e3201cd34a07e3172128adcd8b3090168a8e3bcc40d7c032b9dda1df7d1c" "/opt/rustwide/cargo-home/bin/cargo" "+beta-2023-12-22" "build" "--frozen" "--message-format=json", kill_on_drop: false }`
[INFO] [stdout] 9156f01072226f8390cf57ef0fdcd3ebed9b9253e4b64eb7f6a26f1ecca6a9d4
[INFO] running `Command { std: "docker" "start" "-a" "9156f01072226f8390cf57ef0fdcd3ebed9b9253e4b64eb7f6a26f1ecca6a9d4", kill_on_drop: false }`
[INFO] [stderr]    Compiling proc-macro2 v1.0.47
[INFO] [stderr]    Compiling unicode-ident v1.0.5
[INFO] [stderr]    Compiling quote v1.0.21
[INFO] [stderr]    Compiling syn v1.0.103
[INFO] [stderr]    Compiling libc v0.2.137
[INFO] [stderr]    Compiling log v0.4.17
[INFO] [stderr]    Compiling memchr v2.5.0
[INFO] [stderr]    Compiling pin-project-lite v0.2.9
[INFO] [stderr]    Compiling futures-core v0.3.25
[INFO] [stderr]    Compiling pkg-config v0.3.26
[INFO] [stderr]    Compiling once_cell v1.16.0
[INFO] [stderr]    Compiling cc v1.0.77
[INFO] [stderr]    Compiling slab v0.4.7
[INFO] [stderr]    Compiling futures-channel v0.3.25
[INFO] [stderr]    Compiling futures-task v0.3.25
[INFO] [stderr]    Compiling futures-sink v0.3.25
[INFO] [stderr]    Compiling bytes v1.3.0
[INFO] [stderr]    Compiling tokio v1.22.0
[INFO] [stderr]    Compiling futures-util v0.3.25
[INFO] [stderr]    Compiling itoa v1.0.4
[INFO] [stderr]    Compiling futures-io v0.3.25
[INFO] [stderr]    Compiling serde_derive v1.0.147
[INFO] [stderr]    Compiling unicase v2.6.0
[INFO] [stderr]    Compiling tracing-core v0.1.30
[INFO] [stderr]    Compiling indexmap v1.9.2
[INFO] [stderr]    Compiling foreign-types-shared v0.1.1
[INFO] [stderr]    Compiling serde v1.0.147
[INFO] [stderr]    Compiling openssl v0.10.43
[INFO] [stderr]    Compiling http v0.2.8
[INFO] [stderr]    Compiling foreign-types v0.3.2
[INFO] [stderr]    Compiling native-tls v0.2.11
[INFO] [stderr]    Compiling httparse v1.8.0
[INFO] [stderr]    Compiling tinyvec_macros v0.1.0
[INFO] [stderr]    Compiling tinyvec v1.6.0
[INFO] [stderr]    Compiling percent-encoding v2.2.0
[INFO] [stderr]    Compiling try-lock v0.2.3
[INFO] [stderr]    Compiling openssl-probe v0.1.5
[INFO] [stderr]    Compiling want v0.3.0
[INFO] [stderr]    Compiling form_urlencoded v1.1.0
[INFO] [stderr]    Compiling tower-service v0.3.2
[INFO] [stderr]    Compiling encoding_rs v0.8.31
[INFO] [stderr]    Compiling ryu v1.0.11
[INFO] [stderr]    Compiling tracing v0.1.37
[INFO] [stderr]    Compiling mime_guess v2.0.4
[INFO] [stderr]    Compiling httpdate v1.0.2
[INFO] [stderr]    Compiling mio v0.8.5
[INFO] [stderr]    Compiling socket2 v0.4.7
[INFO] [stderr]    Compiling unicode-bidi v0.3.8
[INFO] [stderr]    Compiling mime v0.3.16
[INFO] [stderr]    Compiling serde_json v1.0.89
[INFO] [stderr]    Compiling ipnet v2.5.1
[INFO] [stderr]    Compiling paste v1.0.9
[INFO] [stderr]    Compiling openssl-sys v0.9.78
[INFO] [stderr]    Compiling http-body v0.4.5
[INFO] [stderr]    Compiling unicode-normalization v0.1.22
[INFO] [stderr]    Compiling idna v0.3.0
[INFO] [stderr]    Compiling url v2.3.1
[INFO] [stderr]    Compiling futures-macro v0.3.25
[INFO] [stderr]    Compiling openssl-macros v0.1.0
[INFO] [stderr]    Compiling tokio-util v0.7.4
[INFO] [stderr]    Compiling tokio-native-tls v0.3.0
[INFO] [stderr]    Compiling h2 v0.3.15
[INFO] [stderr]    Compiling futures-executor v0.3.25
[INFO] [stderr]    Compiling futures v0.3.25
[INFO] [stderr]    Compiling serde_urlencoded v0.7.1
[INFO] [stderr]    Compiling toml v0.5.9
[INFO] [stderr]    Compiling hyper v0.14.23
[INFO] [stderr]    Compiling hyper-tls v0.5.0
[INFO] [stderr]    Compiling reqwest v0.11.13
[INFO] [stderr]    Compiling blockfrost v0.2.1 (/opt/rustwide/workdir)
[INFO] [stderr]     Finished dev [unoptimized + debuginfo] target(s) in 21.75s
[INFO] running `Command { std: "docker" "inspect" "9156f01072226f8390cf57ef0fdcd3ebed9b9253e4b64eb7f6a26f1ecca6a9d4", kill_on_drop: false }`
[INFO] running `Command { std: "docker" "rm" "-f" "9156f01072226f8390cf57ef0fdcd3ebed9b9253e4b64eb7f6a26f1ecca6a9d4", kill_on_drop: false }`
[INFO] [stdout] 9156f01072226f8390cf57ef0fdcd3ebed9b9253e4b64eb7f6a26f1ecca6a9d4
[INFO] running `Command { std: "docker" "create" "-v" "/var/lib/crater-agent-workspace/builds/worker-3-tc2/target:/opt/rustwide/target:rw,Z" "-v" "/var/lib/crater-agent-workspace/builds/worker-3-tc2/source:/opt/rustwide/workdir:ro,Z" "-v" "/var/lib/crater-agent-workspace/cargo-home:/opt/rustwide/cargo-home:ro,Z" "-v" "/var/lib/crater-agent-workspace/rustup-home:/opt/rustwide/rustup-home:ro,Z" "-e" "SOURCE_DIR=/opt/rustwide/workdir" "-e" "CARGO_TARGET_DIR=/opt/rustwide/target" "-e" "CARGO_INCREMENTAL=0" "-e" "RUST_BACKTRACE=full" "-e" "RUSTFLAGS=--cap-lints=warn" "-e" "RUSTDOCFLAGS=--cap-lints=warn" "-e" "CARGO_HOME=/opt/rustwide/cargo-home" "-e" "RUSTUP_HOME=/opt/rustwide/rustup-home" "-w" "/opt/rustwide/workdir" "-m" "1610612736" "--user" "0:0" "--network" "none" "ghcr.io/rust-lang/crates-build-env/linux@sha256:2788e3201cd34a07e3172128adcd8b3090168a8e3bcc40d7c032b9dda1df7d1c" "/opt/rustwide/cargo-home/bin/cargo" "+beta-2023-12-22" "test" "--frozen" "--no-run" "--message-format=json", kill_on_drop: false }`
[INFO] [stdout] e0a372ff92eee493ac42e8557eb312bf0827b1b67304793e199c09a56e3afea9
[INFO] running `Command { std: "docker" "start" "-a" "e0a372ff92eee493ac42e8557eb312bf0827b1b67304793e199c09a56e3afea9", kill_on_drop: false }`
[INFO] [stderr]    Compiling tokio v1.22.0
[INFO] [stderr]    Compiling num_cpus v1.14.0
[INFO] [stderr]    Compiling tokio-macros v1.8.0
[INFO] [stderr]    Compiling tokio-util v0.7.4
[INFO] [stderr]    Compiling tokio-native-tls v0.3.0
[INFO] [stderr]    Compiling h2 v0.3.15
[INFO] [stderr]    Compiling hyper v0.14.23
[INFO] [stderr]    Compiling hyper-tls v0.5.0
[INFO] [stderr]    Compiling reqwest v0.11.13
[INFO] [stderr]    Compiling blockfrost v0.2.1 (/opt/rustwide/workdir)
[INFO] [stderr] error: could not compile `blockfrost` (example "all_requests")
[INFO] [stderr] 
[INFO] [stderr] Caused by:
[INFO] [stderr]   process didn't exit successfully: `/opt/rustwide/rustup-home/toolchains/beta-2023-12-22-x86_64-unknown-linux-gnu/bin/rustc --crate-name all_requests --edition=2021 examples/all_requests.rs --error-format=json --json=diagnostic-rendered-ansi,artifacts,future-incompat --crate-type bin --emit=dep-info,link -C embed-bitcode=no -C debuginfo=2 -C metadata=ce44a2dada5c17fc -C extra-filename=-ce44a2dada5c17fc --out-dir /opt/rustwide/target/debug/examples -L dependency=/opt/rustwide/target/debug/deps --extern blockfrost=/opt/rustwide/target/debug/deps/libblockfrost-915c7f1a657df6a4.rlib --extern futures=/opt/rustwide/target/debug/deps/libfutures-7d40ff8cd5dc4e8b.rlib --extern paste=/opt/rustwide/target/debug/deps/libpaste-0b016d4b4a21b866.so --extern reqwest=/opt/rustwide/target/debug/deps/libreqwest-ada60e25645b930c.rlib --extern serde=/opt/rustwide/target/debug/deps/libserde-8f8019788ff70b5d.rlib --extern serde_json=/opt/rustwide/target/debug/deps/libserde_json-30ac564e12f7c813.rlib --extern tokio=/opt/rustwide/target/debug/deps/libtokio-924f26586162a25d.rlib --extern toml=/opt/rustwide/target/debug/deps/libtoml-c78ded5537748837.rlib --cap-lints=warn` (signal: 9, SIGKILL: kill)
[INFO] [stderr] warning: build failed, waiting for other jobs to finish...
[INFO] [stderr] error: could not compile `blockfrost` (lib test)
[INFO] [stderr] 
[INFO] [stderr] Caused by:
[INFO] [stderr]   process didn't exit successfully: `/opt/rustwide/rustup-home/toolchains/beta-2023-12-22-x86_64-unknown-linux-gnu/bin/rustc --crate-name blockfrost --edition=2021 src/lib.rs --error-format=json --json=diagnostic-rendered-ansi,artifacts,future-incompat --emit=dep-info,link -C embed-bitcode=no -C debuginfo=2 --test -C metadata=b35aadb185262b43 -C extra-filename=-b35aadb185262b43 --out-dir /opt/rustwide/target/debug/deps -L dependency=/opt/rustwide/target/debug/deps --extern futures=/opt/rustwide/target/debug/deps/libfutures-7d40ff8cd5dc4e8b.rlib --extern paste=/opt/rustwide/target/debug/deps/libpaste-0b016d4b4a21b866.so --extern reqwest=/opt/rustwide/target/debug/deps/libreqwest-ada60e25645b930c.rlib --extern serde=/opt/rustwide/target/debug/deps/libserde-8f8019788ff70b5d.rlib --extern serde_json=/opt/rustwide/target/debug/deps/libserde_json-30ac564e12f7c813.rlib --extern tokio=/opt/rustwide/target/debug/deps/libtokio-924f26586162a25d.rlib --extern toml=/opt/rustwide/target/debug/deps/libtoml-c78ded5537748837.rlib --cap-lints=warn` (signal: 9, SIGKILL: kill)
[INFO] [stdout] error: linking with `cc` failed: exit status: 1
[INFO] [stdout]   |
[INFO] [stdout]   = note: LC_ALL="C" PATH="/opt/rustwide/rustup-home/toolchains/beta-2023-12-22-x86_64-unknown-linux-gnu/lib/rustlib/x86_64-unknown-linux-gnu/bin:/opt/rustwide/cargo-home/bin:/usr/local/sbin:/usr/local/bin:/usr/sbin:/usr/bin:/sbin:/bin" VSLANG="1033" "cc" "-m64" "/tmp/rustcUSTzAO/symbols.o" "/opt/rustwide/target/debug/examples/lister-2630415d3152a5bb.lister.6f130790412ec337-cgu.0.rcgu.o" "/opt/rustwide/target/debug/examples/lister-2630415d3152a5bb.lister.6f130790412ec337-cgu.1.rcgu.o" "/opt/rustwide/target/debug/examples/lister-2630415d3152a5bb.lister.6f130790412ec337-cgu.2.rcgu.o" "/opt/rustwide/target/debug/examples/lister-2630415d3152a5bb.lister.6f130790412ec337-cgu.3.rcgu.o" "/opt/rustwide/target/debug/examples/lister-2630415d3152a5bb.36o1d7nugqz7r6su.rcgu.o" "-Wl,--as-needed" "-L" "/opt/rustwide/target/debug/deps" "-L" "/opt/rustwide/rustup-home/toolchains/beta-2023-12-22-x86_64-unknown-linux-gnu/lib/rustlib/x86_64-unknown-linux-gnu/lib" "-Wl,-Bstatic" "/opt/rustwide/target/debug/deps/libblockfrost-915c7f1a657df6a4.rlib" "/opt/rustwide/target/debug/deps/libtoml-c78ded5537748837.rlib" "/opt/rustwide/target/debug/deps/libfutures-7d40ff8cd5dc4e8b.rlib" "/opt/rustwide/target/debug/deps/libfutures_executor-506f71d9956c1bf3.rlib" "/opt/rustwide/target/debug/deps/libserde_json-30ac564e12f7c813.rlib" "/opt/rustwide/target/debug/deps/libreqwest-ada60e25645b930c.rlib" "/opt/rustwide/target/debug/deps/libhyper_tls-da4c64ae2fc23522.rlib" "/opt/rustwide/target/debug/deps/libserde_urlencoded-6836d3dc46f689aa.rlib" "/opt/rustwide/target/debug/deps/libryu-71a7e639e7459b62.rlib" "/opt/rustwide/target/debug/deps/libipnet-b2dabcc92a3d9a49.rlib" "/opt/rustwide/target/debug/deps/libtokio_native_tls-d0110aff24b6403f.rlib" "/opt/rustwide/target/debug/deps/libencoding_rs-11de2cfd99d9044d.rlib" "/opt/rustwide/target/debug/deps/libbase64-fca76a9e376e88b4.rlib" "/opt/rustwide/target/debug/deps/libmime_guess-3f05eef85d519576.rlib" "/opt/rustwide/target/debug/deps/libunicase-8b66e21d9debb85f.rlib" "/opt/rustwide/target/debug/deps/libmime-d5b83fc07afe1071.rlib" "/opt/rustwide/target/debug/deps/libnative_tls-65b6a4cc72a1259b.rlib" "/opt/rustwide/target/debug/deps/libopenssl_probe-01da96bec2dfd166.rlib" "/opt/rustwide/target/debug/deps/libopenssl-20722dc25d195a5f.rlib" "/opt/rustwide/target/debug/deps/libbitflags-85e13ed1e0c6d910.rlib" "/opt/rustwide/target/debug/deps/libforeign_types-34162016ad32c65c.rlib" "/opt/rustwide/target/debug/deps/libforeign_types_shared-6c481fa47d8ef87b.rlib" "/opt/rustwide/target/debug/deps/libopenssl_sys-f0ec609419cda900.rlib" "/opt/rustwide/target/debug/deps/libhyper-1d9b64656e40278e.rlib" "/opt/rustwide/target/debug/deps/libwant-3e72820aea60aeab.rlib" "/opt/rustwide/target/debug/deps/libtry_lock-da79cbb67b0e5d22.rlib" "/opt/rustwide/target/debug/deps/libhttparse-2dbc320ca65411a3.rlib" "/opt/rustwide/target/debug/deps/libh2-a295acf87c520784.rlib" "/opt/rustwide/target/debug/deps/libindexmap-d71c326424e9d2fa.rlib" "/opt/rustwide/target/debug/deps/libhashbrown-e273ba0f8cdcbe5b.rlib" "/opt/rustwide/target/debug/deps/libtokio_util-6873f5823569c030.rlib" "/opt/rustwide/target/debug/deps/libtower_service-92bbc7b5a1dd8782.rlib" "/opt/rustwide/target/debug/deps/libtracing-293a9d55633b757b.rlib" "/opt/rustwide/target/debug/deps/libtracing_core-bd8d97dcd41b02fd.rlib" "/opt/rustwide/target/debug/deps/libonce_cell-ef1409d54228c1c0.rlib" "/opt/rustwide/target/debug/deps/libfutures_util-a25c6f8d44553dd9.rlib" "/opt/rustwide/target/debug/deps/libfutures_io-71cd5128c90d7d08.rlib" "/opt/rustwide/target/debug/deps/libslab-ce952e4d8ebf26c9.rlib" "/opt/rustwide/target/debug/deps/libfutures_channel-6c3524a8837d8269.rlib" "/opt/rustwide/target/debug/deps/libfutures_sink-623c2952ee7aa955.rlib" "/opt/rustwide/target/debug/deps/libfutures_task-a89347c5f688dfaa.rlib" "/opt/rustwide/target/debug/deps/libpin_utils-9c5dcf17efb91bff.rlib" "/opt/rustwide/target/debug/deps/libtokio-924f26586162a25d.rlib" "/opt/rustwide/target/debug/deps/libnum_cpus-599fbd22d5e30b4e.rlib" "/opt/rustwide/target/debug/deps/libsocket2-829a88469f3c099d.rlib" "/opt/rustwide/target/debug/deps/libmemchr-33d05ae5bba76030.rlib" "/opt/rustwide/target/debug/deps/libmio-4b73f7e9a1a5657c.rlib" "/opt/rustwide/target/debug/deps/liblibc-0d89f30447149ec8.rlib" "/opt/rustwide/target/debug/deps/libhttp_body-da275b89db6d0fd1.rlib" "/opt/rustwide/target/debug/deps/libpin_project_lite-e8b15c1d45637ce8.rlib" "/opt/rustwide/target/debug/deps/liblog-c50132996933641a.rlib" "/opt/rustwide/target/debug/deps/libcfg_if-e7002d307f97bc56.rlib" "/opt/rustwide/target/debug/deps/libfutures_core-33f184b6951e8fbf.rlib" "/opt/rustwide/target/debug/deps/liburl-c27420e289672182.rlib" "/opt/rustwide/target/debug/deps/libidna-f5ec19a924db9307.rlib" "/opt/rustwide/target/debug/deps/libunicode_normalization-d46a9be84e5a96bd.rlib" "/opt/rustwide/target/debug/deps/libtinyvec-e7dc63e82263080a.rlib" "/opt/rustwide/target/debug/deps/libtinyvec_macros-2b90caf71be257df.rlib" "/opt/rustwide/target/debug/deps/libunicode_bidi-dff3380632f62c6d.rlib" "/opt/rustwide/target/debug/deps/libform_urlencoded-2e6be29729763aa6.rlib" "/opt/rustwide/target/debug/deps/libpercent_encoding-52ba3d834e28489d.rlib" "/opt/rustwide/target/debug/deps/libhttp-07b3defcd9f96bb3.rlib" "/opt/rustwide/target/debug/deps/libitoa-d2276dfc04de0749.rlib" "/opt/rustwide/target/debug/deps/libbytes-34a79b63f509580e.rlib" "/opt/rustwide/target/debug/deps/libfnv-953831fe314029b4.rlib" "/opt/rustwide/target/debug/deps/libserde-8f8019788ff70b5d.rlib" "/opt/rustwide/rustup-home/toolchains/beta-2023-12-22-x86_64-unknown-linux-gnu/lib/rustlib/x86_64-unknown-linux-gnu/lib/libstd-0672489a78b613de.rlib" "/opt/rustwide/rustup-home/toolchains/beta-2023-12-22-x86_64-unknown-linux-gnu/lib/rustlib/x86_64-unknown-linux-gnu/lib/libpanic_unwind-7eb3ffc34a49f675.rlib" "/opt/rustwide/rustup-home/toolchains/beta-2023-12-22-x86_64-unknown-linux-gnu/lib/rustlib/x86_64-unknown-linux-gnu/lib/libobject-6478a9daa4bee8e2.rlib" "/opt/rustwide/rustup-home/toolchains/beta-2023-12-22-x86_64-unknown-linux-gnu/lib/rustlib/x86_64-unknown-linux-gnu/lib/libmemchr-0c75d871a5c3923d.rlib" "/opt/rustwide/rustup-home/toolchains/beta-2023-12-22-x86_64-unknown-linux-gnu/lib/rustlib/x86_64-unknown-linux-gnu/lib/libaddr2line-d163ef63ad37bb71.rlib" "/opt/rustwide/rustup-home/toolchains/beta-2023-12-22-x86_64-unknown-linux-gnu/lib/rustlib/x86_64-unknown-linux-gnu/lib/libgimli-8a3fd810a85b9f4c.rlib" "/opt/rustwide/rustup-home/toolchains/beta-2023-12-22-x86_64-unknown-linux-gnu/lib/rustlib/x86_64-unknown-linux-gnu/lib/librustc_demangle-462a2cde8c5dfc10.rlib" "/opt/rustwide/rustup-home/toolchains/beta-2023-12-22-x86_64-unknown-linux-gnu/lib/rustlib/x86_64-unknown-linux-gnu/lib/libstd_detect-cb06ac9f54713f71.rlib" "/opt/rustwide/rustup-home/toolchains/beta-2023-12-22-x86_64-unknown-linux-gnu/lib/rustlib/x86_64-unknown-linux-gnu/lib/libhashbrown-f20bfd1f8e59b393.rlib" "/opt/rustwide/rustup-home/toolchains/beta-2023-12-22-x86_64-unknown-linux-gnu/lib/rustlib/x86_64-unknown-linux-gnu/lib/librustc_std_workspace_alloc-1ef460949b49da4b.rlib" "/opt/rustwide/rustup-home/toolchains/beta-2023-12-22-x86_64-unknown-linux-gnu/lib/rustlib/x86_64-unknown-linux-gnu/lib/libminiz_oxide-2cb0c0ffe4f87514.rlib" "/opt/rustwide/rustup-home/toolchains/beta-2023-12-22-x86_64-unknown-linux-gnu/lib/rustlib/x86_64-unknown-linux-gnu/lib/libadler-58d841eb322a11a2.rlib" "/opt/rustwide/rustup-home/toolchains/beta-2023-12-22-x86_64-unknown-linux-gnu/lib/rustlib/x86_64-unknown-linux-gnu/lib/libunwind-aa2ae0b0a9d11533.rlib" "/opt/rustwide/rustup-home/toolchains/beta-2023-12-22-x86_64-unknown-linux-gnu/lib/rustlib/x86_64-unknown-linux-gnu/lib/libcfg_if-23874e15830ed336.rlib" "/opt/rustwide/rustup-home/toolchains/beta-2023-12-22-x86_64-unknown-linux-gnu/lib/rustlib/x86_64-unknown-linux-gnu/lib/liblibc-e47cddc003bce885.rlib" "/opt/rustwide/rustup-home/toolchains/beta-2023-12-22-x86_64-unknown-linux-gnu/lib/rustlib/x86_64-unknown-linux-gnu/lib/liballoc-c22b13b48a8f128e.rlib" "/opt/rustwide/rustup-home/toolchains/beta-2023-12-22-x86_64-unknown-linux-gnu/lib/rustlib/x86_64-unknown-linux-gnu/lib/librustc_std_workspace_core-e46bc3da6d7c462f.rlib" "/opt/rustwide/rustup-home/toolchains/beta-2023-12-22-x86_64-unknown-linux-gnu/lib/rustlib/x86_64-unknown-linux-gnu/lib/libcore-8d1ac131d3cb2645.rlib" "/opt/rustwide/rustup-home/toolchains/beta-2023-12-22-x86_64-unknown-linux-gnu/lib/rustlib/x86_64-unknown-linux-gnu/lib/libcompiler_builtins-a1b43df8c6899c1f.rlib" "-Wl,-Bdynamic" "-lssl" "-lcrypto" "-lgcc_s" "-lutil" "-lrt" "-lpthread" "-lm" "-ldl" "-lc" "-Wl,--eh-frame-hdr" "-Wl,-z,noexecstack" "-L" "/opt/rustwide/rustup-home/toolchains/beta-2023-12-22-x86_64-unknown-linux-gnu/lib/rustlib/x86_64-unknown-linux-gnu/lib" "-o" "/opt/rustwide/target/debug/examples/lister-2630415d3152a5bb" "-Wl,--gc-sections" "-pie" "-Wl,-z,relro,-z,now" "-nodefaultlibs"
[INFO] [stdout]   = note: collect2: fatal error: ld terminated with signal 9 [Killed]
[INFO] [stdout]           compilation terminated.
[INFO] [stdout]           
[INFO] [stdout] 
[INFO] [stdout] 
[INFO] [stdout] error: aborting due to 1 previous error
[INFO] [stdout] 
[INFO] [stdout] 
[INFO] [stderr] error: could not compile `blockfrost` (example "lister") due to 2 previous errors
[INFO] running `Command { std: "docker" "inspect" "e0a372ff92eee493ac42e8557eb312bf0827b1b67304793e199c09a56e3afea9", kill_on_drop: false }`
[INFO] running `Command { std: "docker" "rm" "-f" "e0a372ff92eee493ac42e8557eb312bf0827b1b67304793e199c09a56e3afea9", kill_on_drop: false }`
[INFO] [stdout] e0a372ff92eee493ac42e8557eb312bf0827b1b67304793e199c09a56e3afea9
