[INFO] fetching crate bitcoin-cash-ecc 1.0.0-beta.0...
[INFO] testing bitcoin-cash-ecc-1.0.0-beta.0 against 1.75.0 for beta-1.76-1
[INFO] extracting crate bitcoin-cash-ecc 1.0.0-beta.0 into /workspace/builds/worker-0-tc1/source
[INFO] validating manifest of crates.io crate bitcoin-cash-ecc 1.0.0-beta.0 on toolchain 1.75.0
[INFO] running `Command { std: CARGO_HOME="/workspace/cargo-home" RUSTUP_HOME="/workspace/rustup-home" "/workspace/cargo-home/bin/cargo" "+1.75.0" "metadata" "--manifest-path" "Cargo.toml" "--no-deps", kill_on_drop: false }`
[INFO] started tweaking crates.io crate bitcoin-cash-ecc 1.0.0-beta.0
[INFO] finished tweaking crates.io crate bitcoin-cash-ecc 1.0.0-beta.0
[INFO] tweaked toml for crates.io crate bitcoin-cash-ecc 1.0.0-beta.0 written to /workspace/builds/worker-0-tc1/source/Cargo.toml
[INFO] running `Command { std: CARGO_HOME="/workspace/cargo-home" RUSTUP_HOME="/workspace/rustup-home" "/workspace/cargo-home/bin/cargo" "+1.75.0" "generate-lockfile" "--manifest-path" "Cargo.toml", kill_on_drop: false }`
[INFO] [stderr]     Blocking waiting for file lock on package cache
[INFO] [stderr]     Updating crates.io index
[INFO] running `Command { std: CARGO_HOME="/workspace/cargo-home" RUSTUP_HOME="/workspace/rustup-home" "/workspace/cargo-home/bin/cargo" "+1.75.0" "fetch" "--manifest-path" "Cargo.toml", kill_on_drop: false }`
[INFO] [stderr]  Downloading crates ...
[INFO] [stderr]   Downloaded hmac v0.7.1
[INFO] [stderr]   Downloaded crypto-mac v0.7.0
[INFO] [stderr]   Downloaded sha2 v0.8.2
[INFO] [stderr]   Downloaded subtle v1.0.0
[INFO] [stderr]   Downloaded hmac-drbg v0.2.0
[INFO] [stderr]   Downloaded secp256k1 v0.19.0
[INFO] [stderr]   Downloaded bitcoin-cash v1.0.0-beta.0
[INFO] [stderr]   Downloaded secp256k1-sys v0.3.0
[INFO] [stderr]   Downloaded libsecp256k1 v0.3.5
[INFO] running `Command { std: "docker" "create" "-v" "/var/lib/crater-agent-workspace/builds/worker-0-tc1/target:/opt/rustwide/target:rw,Z" "-v" "/var/lib/crater-agent-workspace/builds/worker-0-tc1/source:/opt/rustwide/workdir:ro,Z" "-v" "/var/lib/crater-agent-workspace/cargo-home:/opt/rustwide/cargo-home:ro,Z" "-v" "/var/lib/crater-agent-workspace/rustup-home:/opt/rustwide/rustup-home:ro,Z" "-e" "SOURCE_DIR=/opt/rustwide/workdir" "-e" "CARGO_TARGET_DIR=/opt/rustwide/target" "-e" "CARGO_HOME=/opt/rustwide/cargo-home" "-e" "RUSTUP_HOME=/opt/rustwide/rustup-home" "-w" "/opt/rustwide/workdir" "-m" "1610612736" "--user" "0:0" "--network" "none" "ghcr.io/rust-lang/crates-build-env/linux@sha256:2788e3201cd34a07e3172128adcd8b3090168a8e3bcc40d7c032b9dda1df7d1c" "/opt/rustwide/cargo-home/bin/cargo" "+1.75.0" "metadata" "--no-deps" "--format-version=1", kill_on_drop: false }`
[INFO] [stdout] f440ceaa612411f9605e7cafcbd284de37ac63828c85a45e54063e581fb42d16
[INFO] running `Command { std: "docker" "start" "-a" "f440ceaa612411f9605e7cafcbd284de37ac63828c85a45e54063e581fb42d16", kill_on_drop: false }`
[INFO] running `Command { std: "docker" "inspect" "f440ceaa612411f9605e7cafcbd284de37ac63828c85a45e54063e581fb42d16", kill_on_drop: false }`
[INFO] running `Command { std: "docker" "rm" "-f" "f440ceaa612411f9605e7cafcbd284de37ac63828c85a45e54063e581fb42d16", kill_on_drop: false }`
[INFO] [stdout] f440ceaa612411f9605e7cafcbd284de37ac63828c85a45e54063e581fb42d16
[INFO] running `Command { std: "docker" "create" "-v" "/var/lib/crater-agent-workspace/builds/worker-0-tc1/target:/opt/rustwide/target:rw,Z" "-v" "/var/lib/crater-agent-workspace/builds/worker-0-tc1/source:/opt/rustwide/workdir:ro,Z" "-v" "/var/lib/crater-agent-workspace/cargo-home:/opt/rustwide/cargo-home:ro,Z" "-v" "/var/lib/crater-agent-workspace/rustup-home:/opt/rustwide/rustup-home:ro,Z" "-e" "SOURCE_DIR=/opt/rustwide/workdir" "-e" "CARGO_TARGET_DIR=/opt/rustwide/target" "-e" "CARGO_INCREMENTAL=0" "-e" "RUST_BACKTRACE=full" "-e" "RUSTFLAGS=--cap-lints=warn" "-e" "RUSTDOCFLAGS=--cap-lints=warn" "-e" "CARGO_HOME=/opt/rustwide/cargo-home" "-e" "RUSTUP_HOME=/opt/rustwide/rustup-home" "-w" "/opt/rustwide/workdir" "-m" "1610612736" "--user" "0:0" "--network" "none" "ghcr.io/rust-lang/crates-build-env/linux@sha256:2788e3201cd34a07e3172128adcd8b3090168a8e3bcc40d7c032b9dda1df7d1c" "/opt/rustwide/cargo-home/bin/cargo" "+1.75.0" "build" "--frozen" "--message-format=json", kill_on_drop: false }`
[INFO] [stdout] c6696b8e0ee0dce33e14da2e4c8d6e4972999a8f7f17a86d875b41d04762a8f0
[INFO] running `Command { std: "docker" "start" "-a" "c6696b8e0ee0dce33e14da2e4c8d6e4972999a8f7f17a86d875b41d04762a8f0", kill_on_drop: false }`
[INFO] [stderr]    Compiling num-traits v0.2.17
[INFO] [stderr]    Compiling libc v0.2.151
[INFO] [stderr]    Compiling num-integer v0.1.45
[INFO] [stderr]    Compiling syn v1.0.109
[INFO] [stderr]    Compiling generic-array v0.14.7
[INFO] [stderr]    Compiling num-bigint v0.3.3
[INFO] [stderr]    Compiling num-rational v0.3.2
[INFO] [stderr]    Compiling num-iter v0.1.43
[INFO] [stderr]    Compiling serde v1.0.194
[INFO] [stderr]    Compiling unicode-segmentation v1.10.1
[INFO] [stderr]    Compiling rustix v0.38.28
[INFO] [stderr]    Compiling same-file v1.0.6
[INFO] [stderr]    Compiling bitflags v2.4.1
[INFO] [stderr]    Compiling semver-parser v0.7.0
[INFO] [stderr]    Compiling opaque-debug v0.3.0
[INFO] [stderr]    Compiling serde_derive v1.0.194
[INFO] [stderr]    Compiling linux-raw-sys v0.4.12
[INFO] [stderr]    Compiling walkdir v2.4.0
[INFO] [stderr]    Compiling semver v0.9.0
[INFO] [stderr]    Compiling serde_json v1.0.111
[INFO] [stderr]    Compiling byteorder v1.5.0
[INFO] [stderr]    Compiling fastrand v2.0.1
[INFO] [stderr]    Compiling strum v0.20.0
[INFO] [stderr]    Compiling heck v0.3.3
[INFO] [stderr]    Compiling bimap v0.5.3
[INFO] [stderr]    Compiling hex-literal v0.3.4
[INFO] [stderr]    Compiling digest v0.9.0
[INFO] [stderr]    Compiling block-buffer v0.9.0
[INFO] [stderr]    Compiling sha2 v0.9.9
[INFO] [stderr]    Compiling sha-1 v0.9.8
[INFO] [stderr]    Compiling ripemd160 v0.9.1
[INFO] [stderr]    Compiling num-complex v0.3.1
[INFO] [stderr]    Compiling cc v1.0.83
[INFO] [stderr]    Compiling dirs v1.0.5
[INFO] [stderr]    Compiling toolchain_find v0.1.4
[INFO] [stderr]    Compiling tempfile v3.9.0
[INFO] [stderr]    Compiling secp256k1-sys v0.3.0
[INFO] [stderr]    Compiling num v0.3.1
[INFO] [stderr]    Compiling secp256k1 v0.19.0
[INFO] [stderr]    Compiling num-derive v0.3.3
[INFO] [stderr]    Compiling strum_macros v0.20.1
[INFO] [stderr]    Compiling bitcoin-cash-code v1.0.0-beta.0
[INFO] [stderr]    Compiling bitcoin-cash-base v1.0.0-beta.0
[INFO] [stderr]    Compiling bitcoin-cash-script-macro v1.0.0-beta.0
[INFO] [stderr]    Compiling bitcoin-cash v1.0.0-beta.0
[INFO] [stdout] error: No rustfmt could be found.
[INFO] [stdout]   --> /opt/rustwide/cargo-home/registry/src/index.crates.io-6f17d22bba15001f/bitcoin-cash-1.0.0-beta.0/src/scripts.rs:18:5
[INFO] [stdout]    |
[INFO] [stdout] 18 | pub fn p2pkh_script(params: ParamsAddress<'_>, sig: ByteArray, pubkey: ByteArray) {
[INFO] [stdout]    |     ^^
[INFO] [stdout] 
[INFO] [stdout] 
[INFO] [stdout] error: No rustfmt could be found.
[INFO] [stdout]   --> /opt/rustwide/cargo-home/registry/src/index.crates.io-6f17d22bba15001f/bitcoin-cash-1.0.0-beta.0/src/scripts.rs:27:5
[INFO] [stdout]    |
[INFO] [stdout] 27 | pub fn p2sh_script(params: ParamsAddress<'_>, redeem_script: ByteArray) {
[INFO] [stdout]    |     ^^
[INFO] [stdout] 
[INFO] [stdout] 
[INFO] [stdout] error[E0412]: cannot find type `P2PKHInputs` in this scope
[INFO] [stdout]   --> /opt/rustwide/cargo-home/registry/src/index.crates.io-6f17d22bba15001f/bitcoin-cash-1.0.0-beta.0/src/scripts.rs:52:55
[INFO] [stdout]    |
[INFO] [stdout] 52 |     pub fn p2pkh_script(&self) -> Result<TaggedScript<P2PKHInputs>> {
[INFO] [stdout]    |                                                       ^^^^^^^^^^^ not found in this scope
[INFO] [stdout]    |
[INFO] [stdout] help: you might be missing a type parameter
[INFO] [stdout]    |
[INFO] [stdout] 51 | impl<P2PKHInputs> Address<'_> {
[INFO] [stdout]    |     +++++++++++++
[INFO] [stdout] 
[INFO] [stdout] 
[INFO] [stdout] error[E0412]: cannot find type `P2PKHInputs` in this scope
[INFO] [stdout]   --> /opt/rustwide/cargo-home/registry/src/index.crates.io-6f17d22bba15001f/bitcoin-cash-1.0.0-beta.0/src/scripts.rs:61:19
[INFO] [stdout]    |
[INFO] [stdout] 61 |     type Script = P2PKHInputs;
[INFO] [stdout]    |                   ^^^^^^^^^^^ not found in this scope
[INFO] [stdout] 
[INFO] [stdout] 
[INFO] [stdout] error[E0422]: cannot find struct, variant or union type `P2PKHInputs` in this scope
[INFO] [stdout]   --> /opt/rustwide/cargo-home/registry/src/index.crates.io-6f17d22bba15001f/bitcoin-cash-1.0.0-beta.0/src/scripts.rs:78:9
[INFO] [stdout]    |
[INFO] [stdout] 78 |         P2PKHInputs {
[INFO] [stdout]    |         ^^^^^^^^^^^ not found in this scope
[INFO] [stdout] 
[INFO] [stdout] 
[INFO] [stdout] error: aborting due to 5 previous errors
[INFO] [stdout] 
[INFO] [stdout] 
[INFO] [stdout] Some errors have detailed explanations: E0412, E0422.
[INFO] [stdout] 
[INFO] [stdout] For more information about an error, try `rustc --explain E0412`.
[INFO] [stdout] 
[INFO] [stderr] error: could not compile `bitcoin-cash` (lib) due to 6 previous errors
[INFO] running `Command { std: "docker" "inspect" "c6696b8e0ee0dce33e14da2e4c8d6e4972999a8f7f17a86d875b41d04762a8f0", kill_on_drop: false }`
[INFO] running `Command { std: "docker" "rm" "-f" "c6696b8e0ee0dce33e14da2e4c8d6e4972999a8f7f17a86d875b41d04762a8f0", kill_on_drop: false }`
[INFO] [stdout] c6696b8e0ee0dce33e14da2e4c8d6e4972999a8f7f17a86d875b41d04762a8f0
[INFO] testing bitcoin-cash-ecc-1.0.0-beta.0 against beta-2023-12-22 for beta-1.76-1
[INFO] extracting crate bitcoin-cash-ecc 1.0.0-beta.0 into /workspace/builds/worker-0-tc2/source
[INFO] validating manifest of crates.io crate bitcoin-cash-ecc 1.0.0-beta.0 on toolchain beta-2023-12-22
[INFO] running `Command { std: CARGO_HOME="/workspace/cargo-home" RUSTUP_HOME="/workspace/rustup-home" "/workspace/cargo-home/bin/cargo" "+beta-2023-12-22" "metadata" "--manifest-path" "Cargo.toml" "--no-deps", kill_on_drop: false }`
[INFO] started tweaking crates.io crate bitcoin-cash-ecc 1.0.0-beta.0
[INFO] finished tweaking crates.io crate bitcoin-cash-ecc 1.0.0-beta.0
[INFO] tweaked toml for crates.io crate bitcoin-cash-ecc 1.0.0-beta.0 written to /workspace/builds/worker-0-tc2/source/Cargo.toml
[INFO] running `Command { std: CARGO_HOME="/workspace/cargo-home" RUSTUP_HOME="/workspace/rustup-home" "/workspace/cargo-home/bin/cargo" "+beta-2023-12-22" "generate-lockfile" "--manifest-path" "Cargo.toml", kill_on_drop: false }`
[INFO] [stderr]     Blocking waiting for file lock on package cache
[INFO] [stderr]     Updating crates.io index
[INFO] running `Command { std: CARGO_HOME="/workspace/cargo-home" RUSTUP_HOME="/workspace/rustup-home" "/workspace/cargo-home/bin/cargo" "+beta-2023-12-22" "fetch" "--manifest-path" "Cargo.toml", kill_on_drop: false }`
[INFO] [stderr]     Blocking waiting for file lock on package cache
[INFO] running `Command { std: "docker" "create" "-v" "/var/lib/crater-agent-workspace/builds/worker-0-tc2/target:/opt/rustwide/target:rw,Z" "-v" "/var/lib/crater-agent-workspace/builds/worker-0-tc2/source:/opt/rustwide/workdir:ro,Z" "-v" "/var/lib/crater-agent-workspace/cargo-home:/opt/rustwide/cargo-home:ro,Z" "-v" "/var/lib/crater-agent-workspace/rustup-home:/opt/rustwide/rustup-home:ro,Z" "-e" "SOURCE_DIR=/opt/rustwide/workdir" "-e" "CARGO_TARGET_DIR=/opt/rustwide/target" "-e" "CARGO_HOME=/opt/rustwide/cargo-home" "-e" "RUSTUP_HOME=/opt/rustwide/rustup-home" "-w" "/opt/rustwide/workdir" "-m" "1610612736" "--user" "0:0" "--network" "none" "ghcr.io/rust-lang/crates-build-env/linux@sha256:2788e3201cd34a07e3172128adcd8b3090168a8e3bcc40d7c032b9dda1df7d1c" "/opt/rustwide/cargo-home/bin/cargo" "+beta-2023-12-22" "metadata" "--no-deps" "--format-version=1", kill_on_drop: false }`
[INFO] [stdout] 3857a74cc8f3b552d2f856914e9d51130e443e24e3a85a6895581b068d0010ee
[INFO] running `Command { std: "docker" "start" "-a" "3857a74cc8f3b552d2f856914e9d51130e443e24e3a85a6895581b068d0010ee", kill_on_drop: false }`
[INFO] running `Command { std: "docker" "inspect" "3857a74cc8f3b552d2f856914e9d51130e443e24e3a85a6895581b068d0010ee", kill_on_drop: false }`
[INFO] running `Command { std: "docker" "rm" "-f" "3857a74cc8f3b552d2f856914e9d51130e443e24e3a85a6895581b068d0010ee", kill_on_drop: false }`
[INFO] [stdout] 3857a74cc8f3b552d2f856914e9d51130e443e24e3a85a6895581b068d0010ee
[INFO] running `Command { std: "docker" "create" "-v" "/var/lib/crater-agent-workspace/builds/worker-0-tc2/target:/opt/rustwide/target:rw,Z" "-v" "/var/lib/crater-agent-workspace/builds/worker-0-tc2/source:/opt/rustwide/workdir:ro,Z" "-v" "/var/lib/crater-agent-workspace/cargo-home:/opt/rustwide/cargo-home:ro,Z" "-v" "/var/lib/crater-agent-workspace/rustup-home:/opt/rustwide/rustup-home:ro,Z" "-e" "SOURCE_DIR=/opt/rustwide/workdir" "-e" "CARGO_TARGET_DIR=/opt/rustwide/target" "-e" "CARGO_INCREMENTAL=0" "-e" "RUST_BACKTRACE=full" "-e" "RUSTFLAGS=--cap-lints=warn" "-e" "RUSTDOCFLAGS=--cap-lints=warn" "-e" "CARGO_HOME=/opt/rustwide/cargo-home" "-e" "RUSTUP_HOME=/opt/rustwide/rustup-home" "-w" "/opt/rustwide/workdir" "-m" "1610612736" "--user" "0:0" "--network" "none" "ghcr.io/rust-lang/crates-build-env/linux@sha256:2788e3201cd34a07e3172128adcd8b3090168a8e3bcc40d7c032b9dda1df7d1c" "/opt/rustwide/cargo-home/bin/cargo" "+beta-2023-12-22" "build" "--frozen" "--message-format=json", kill_on_drop: false }`
[INFO] [stdout] 65aaeb86ce19ad5600950f8bd19b04e18def6077fae8f2631a03241a79d1f592
[INFO] running `Command { std: "docker" "start" "-a" "65aaeb86ce19ad5600950f8bd19b04e18def6077fae8f2631a03241a79d1f592", kill_on_drop: false }`
[INFO] [stderr]    Compiling num-traits v0.2.17
[INFO] [stderr]    Compiling libc v0.2.151
[INFO] [stderr]    Compiling num-integer v0.1.45
[INFO] [stderr]    Compiling syn v1.0.109
[INFO] [stderr]    Compiling num-bigint v0.3.3
[INFO] [stderr]    Compiling num-iter v0.1.43
[INFO] [stderr]    Compiling num-rational v0.3.2
[INFO] [stderr]    Compiling serde v1.0.194
[INFO] [stderr]    Compiling rustix v0.38.28
[INFO] [stderr]    Compiling unicode-segmentation v1.10.1
[INFO] [stderr]    Compiling generic-array v0.14.7
[INFO] [stderr]    Compiling opaque-debug v0.3.0
[INFO] [stderr]    Compiling linux-raw-sys v0.4.12
[INFO] [stderr]    Compiling bitflags v2.4.1
[INFO] [stderr]    Compiling same-file v1.0.6
[INFO] [stderr]    Compiling serde_derive v1.0.194
[INFO] [stderr]    Compiling semver-parser v0.7.0
[INFO] [stderr]    Compiling walkdir v2.4.0
[INFO] [stderr]    Compiling byteorder v1.5.0
[INFO] [stderr]    Compiling strum v0.20.0
[INFO] [stderr]    Compiling semver v0.9.0
[INFO] [stderr]    Compiling fastrand v2.0.1
[INFO] [stderr]    Compiling serde_json v1.0.111
[INFO] [stderr]    Compiling bimap v0.5.3
[INFO] [stderr]    Compiling base64 v0.13.1
[INFO] [stderr]    Compiling hex-literal v0.3.4
[INFO] [stderr]    Compiling heck v0.3.3
[INFO] [stderr]    Compiling digest v0.9.0
[INFO] [stderr]    Compiling block-buffer v0.9.0
[INFO] [stderr]    Compiling ripemd160 v0.9.1
[INFO] [stderr]    Compiling sha2 v0.9.9
[INFO] [stderr]    Compiling sha-1 v0.9.8
[INFO] [stderr]    Compiling cc v1.0.83
[INFO] [stderr]    Compiling dirs v1.0.5
[INFO] [stderr]    Compiling num-complex v0.3.1
[INFO] [stderr]    Compiling toolchain_find v0.1.4
[INFO] [stderr]    Compiling tempfile v3.9.0
[INFO] [stderr]    Compiling secp256k1-sys v0.3.0
[INFO] [stderr]    Compiling num v0.3.1
[INFO] [stderr]    Compiling secp256k1 v0.19.0
[INFO] [stderr]    Compiling num-derive v0.3.3
[INFO] [stderr]    Compiling strum_macros v0.20.1
[INFO] [stderr]    Compiling bitcoin-cash-code v1.0.0-beta.0
[INFO] [stderr]    Compiling bitcoin-cash-base v1.0.0-beta.0
[INFO] [stderr]    Compiling bitcoin-cash-script-macro v1.0.0-beta.0
[INFO] [stderr]    Compiling bitcoin-cash v1.0.0-beta.0
[INFO] [stdout] error: No rustfmt could be found.
[INFO] [stdout]   --> /opt/rustwide/cargo-home/registry/src/index.crates.io-6f17d22bba15001f/bitcoin-cash-1.0.0-beta.0/src/scripts.rs:18:5
[INFO] [stdout]    |
[INFO] [stdout] 18 | pub fn p2pkh_script(params: ParamsAddress<'_>, sig: ByteArray, pubkey: ByteArray) {
[INFO] [stdout]    |     ^^
[INFO] [stdout] 
[INFO] [stdout] 
[INFO] [stdout] error: No rustfmt could be found.
[INFO] [stdout]   --> /opt/rustwide/cargo-home/registry/src/index.crates.io-6f17d22bba15001f/bitcoin-cash-1.0.0-beta.0/src/scripts.rs:27:5
[INFO] [stdout]    |
[INFO] [stdout] 27 | pub fn p2sh_script(params: ParamsAddress<'_>, redeem_script: ByteArray) {
[INFO] [stdout]    |     ^^
[INFO] [stdout] 
[INFO] [stdout] 
[INFO] [stdout] error[E0412]: cannot find type `P2PKHInputs` in this scope
[INFO] [stdout]   --> /opt/rustwide/cargo-home/registry/src/index.crates.io-6f17d22bba15001f/bitcoin-cash-1.0.0-beta.0/src/scripts.rs:52:55
[INFO] [stdout]    |
[INFO] [stdout] 52 |     pub fn p2pkh_script(&self) -> Result<TaggedScript<P2PKHInputs>> {
[INFO] [stdout]    |                                                       ^^^^^^^^^^^ not found in this scope
[INFO] [stdout]    |
[INFO] [stdout] help: you might be missing a type parameter
[INFO] [stdout]    |
[INFO] [stdout] 51 | impl<P2PKHInputs> Address<'_> {
[INFO] [stdout]    |     +++++++++++++
[INFO] [stdout] 
[INFO] [stdout] 
[INFO] [stdout] error[E0412]: cannot find type `P2PKHInputs` in this scope
[INFO] [stdout]   --> /opt/rustwide/cargo-home/registry/src/index.crates.io-6f17d22bba15001f/bitcoin-cash-1.0.0-beta.0/src/scripts.rs:61:19
[INFO] [stdout]    |
[INFO] [stdout] 61 |     type Script = P2PKHInputs;
[INFO] [stdout]    |                   ^^^^^^^^^^^ not found in this scope
[INFO] [stdout] 
[INFO] [stdout] 
[INFO] [stdout] error[E0422]: cannot find struct, variant or union type `P2PKHInputs` in this scope
[INFO] [stdout]   --> /opt/rustwide/cargo-home/registry/src/index.crates.io-6f17d22bba15001f/bitcoin-cash-1.0.0-beta.0/src/scripts.rs:78:9
[INFO] [stdout]    |
[INFO] [stdout] 78 |         P2PKHInputs {
[INFO] [stdout]    |         ^^^^^^^^^^^ not found in this scope
[INFO] [stdout] 
[INFO] [stdout] 
[INFO] [stdout] error: aborting due to 5 previous errors
[INFO] [stdout] 
[INFO] [stdout] 
[INFO] [stdout] Some errors have detailed explanations: E0412, E0422.
[INFO] [stdout] 
[INFO] [stdout] For more information about an error, try `rustc --explain E0412`.
[INFO] [stdout] 
[INFO] [stderr] error: could not compile `bitcoin-cash` (lib) due to 6 previous errors
[INFO] running `Command { std: "docker" "inspect" "65aaeb86ce19ad5600950f8bd19b04e18def6077fae8f2631a03241a79d1f592", kill_on_drop: false }`
[INFO] running `Command { std: "docker" "rm" "-f" "65aaeb86ce19ad5600950f8bd19b04e18def6077fae8f2631a03241a79d1f592", kill_on_drop: false }`
[INFO] [stdout] 65aaeb86ce19ad5600950f8bd19b04e18def6077fae8f2631a03241a79d1f592
