[INFO] fetching crate biome_json_analyze 0.3.1...
[INFO] testing biome_json_analyze-0.3.1 against 1.75.0 for beta-1.76-1
[INFO] extracting crate biome_json_analyze 0.3.1 into /workspace/builds/worker-6-tc1/source
[INFO] validating manifest of crates.io crate biome_json_analyze 0.3.1 on toolchain 1.75.0
[INFO] running `Command { std: CARGO_HOME="/workspace/cargo-home" RUSTUP_HOME="/workspace/rustup-home" "/workspace/cargo-home/bin/cargo" "+1.75.0" "metadata" "--manifest-path" "Cargo.toml" "--no-deps", kill_on_drop: false }`
[INFO] started tweaking crates.io crate biome_json_analyze 0.3.1
[INFO] finished tweaking crates.io crate biome_json_analyze 0.3.1
[INFO] tweaked toml for crates.io crate biome_json_analyze 0.3.1 written to /workspace/builds/worker-6-tc1/source/Cargo.toml
[INFO] running `Command { std: CARGO_HOME="/workspace/cargo-home" RUSTUP_HOME="/workspace/rustup-home" "/workspace/cargo-home/bin/cargo" "+1.75.0" "generate-lockfile" "--manifest-path" "Cargo.toml", kill_on_drop: false }`
[INFO] [stderr]     Updating crates.io index
[INFO] running `Command { std: CARGO_HOME="/workspace/cargo-home" RUSTUP_HOME="/workspace/rustup-home" "/workspace/cargo-home/bin/cargo" "+1.75.0" "fetch" "--manifest-path" "Cargo.toml", kill_on_drop: false }`
[INFO] [stderr]  Downloading crates ...
[INFO] [stderr]   Downloaded biome_markup v0.3.1
[INFO] [stderr]   Downloaded biome_diagnostics_categories v0.3.1
[INFO] [stderr]   Downloaded biome_text_size v0.3.1
[INFO] [stderr]   Downloaded biome_text_edit v0.3.1
[INFO] [stderr]   Downloaded biome_diagnostics_macros v0.3.1
[INFO] [stderr]   Downloaded biome_console v0.3.1
[INFO] [stderr]   Downloaded biome_json_syntax v0.3.1
[INFO] [stderr]   Downloaded biome_diagnostics v0.3.1
[INFO] [stderr]   Downloaded biome_rowan v0.3.1
[INFO] [stderr]   Downloaded insta v1.34.0
[INFO] [stderr]   Downloaded bstr v0.2.17
[INFO] [stderr]   Downloaded biome_analyze v0.3.1
[INFO] [stderr]   Downloaded countme v3.0.1
[INFO] [stderr]   Downloaded bpaf v0.9.8
[INFO] [stderr]   Downloaded bpaf_derive v0.5.7
[INFO] running `Command { std: "docker" "create" "-v" "/var/lib/crater-agent-workspace/builds/worker-6-tc1/target:/opt/rustwide/target:rw,Z" "-v" "/var/lib/crater-agent-workspace/builds/worker-6-tc1/source:/opt/rustwide/workdir:ro,Z" "-v" "/var/lib/crater-agent-workspace/cargo-home:/opt/rustwide/cargo-home:ro,Z" "-v" "/var/lib/crater-agent-workspace/rustup-home:/opt/rustwide/rustup-home:ro,Z" "-e" "SOURCE_DIR=/opt/rustwide/workdir" "-e" "CARGO_TARGET_DIR=/opt/rustwide/target" "-e" "CARGO_HOME=/opt/rustwide/cargo-home" "-e" "RUSTUP_HOME=/opt/rustwide/rustup-home" "-w" "/opt/rustwide/workdir" "-m" "1610612736" "--user" "0:0" "--network" "none" "ghcr.io/rust-lang/crates-build-env/linux@sha256:2788e3201cd34a07e3172128adcd8b3090168a8e3bcc40d7c032b9dda1df7d1c" "/opt/rustwide/cargo-home/bin/cargo" "+1.75.0" "metadata" "--no-deps" "--format-version=1", kill_on_drop: false }`
[INFO] [stdout] 906a7333a90193481c1fdd2b77bbfe798806191c11e0e3084ec960c029a485fb
[INFO] running `Command { std: "docker" "start" "-a" "906a7333a90193481c1fdd2b77bbfe798806191c11e0e3084ec960c029a485fb", kill_on_drop: false }`
[INFO] running `Command { std: "docker" "inspect" "906a7333a90193481c1fdd2b77bbfe798806191c11e0e3084ec960c029a485fb", kill_on_drop: false }`
[INFO] running `Command { std: "docker" "rm" "-f" "906a7333a90193481c1fdd2b77bbfe798806191c11e0e3084ec960c029a485fb", kill_on_drop: false }`
[INFO] [stdout] 906a7333a90193481c1fdd2b77bbfe798806191c11e0e3084ec960c029a485fb
[INFO] running `Command { std: "docker" "create" "-v" "/var/lib/crater-agent-workspace/builds/worker-6-tc1/target:/opt/rustwide/target:rw,Z" "-v" "/var/lib/crater-agent-workspace/builds/worker-6-tc1/source:/opt/rustwide/workdir:ro,Z" "-v" "/var/lib/crater-agent-workspace/cargo-home:/opt/rustwide/cargo-home:ro,Z" "-v" "/var/lib/crater-agent-workspace/rustup-home:/opt/rustwide/rustup-home:ro,Z" "-e" "SOURCE_DIR=/opt/rustwide/workdir" "-e" "CARGO_TARGET_DIR=/opt/rustwide/target" "-e" "CARGO_INCREMENTAL=0" "-e" "RUST_BACKTRACE=full" "-e" "RUSTFLAGS=--cap-lints=warn" "-e" "RUSTDOCFLAGS=--cap-lints=warn" "-e" "CARGO_HOME=/opt/rustwide/cargo-home" "-e" "RUSTUP_HOME=/opt/rustwide/rustup-home" "-w" "/opt/rustwide/workdir" "-m" "1610612736" "--user" "0:0" "--network" "none" "ghcr.io/rust-lang/crates-build-env/linux@sha256:2788e3201cd34a07e3172128adcd8b3090168a8e3bcc40d7c032b9dda1df7d1c" "/opt/rustwide/cargo-home/bin/cargo" "+1.75.0" "build" "--frozen" "--message-format=json", kill_on_drop: false }`
[INFO] [stdout] 479510dbcbf01cc2500f2e150700fe7a275c9bb8881d4c37916f4713a7d24a41
[INFO] running `Command { std: "docker" "start" "-a" "479510dbcbf01cc2500f2e150700fe7a275c9bb8881d4c37916f4713a7d24a41", kill_on_drop: false }`
[INFO] [stderr]    Compiling syn v1.0.109
[INFO] [stderr]    Compiling memchr v2.7.1
[INFO] [stderr]    Compiling libc v0.2.151
[INFO] [stderr]    Compiling proc-macro-error-attr v1.0.4
[INFO] [stderr]    Compiling proc-macro-error v1.0.4
[INFO] [stderr]    Compiling unicode-segmentation v1.10.1
[INFO] [stderr]    Compiling regex-automata v0.1.10
[INFO] [stderr]    Compiling syn v2.0.48
[INFO] [stderr]    Compiling memoffset v0.8.0
[INFO] [stderr]    Compiling serde_json v1.0.111
[INFO] [stderr]    Compiling schemars v0.8.16
[INFO] [stderr]    Compiling bstr v0.2.17
[INFO] [stderr]    Compiling tracing v0.1.40
[INFO] [stderr]    Compiling biome_diagnostics_categories v0.3.1
[INFO] [stderr]    Compiling countme v3.0.1
[INFO] [stderr]    Compiling similar v2.4.0
[INFO] [stderr]    Compiling hashbrown v0.12.3
[INFO] [stderr]    Compiling cc v1.0.83
[INFO] [stderr]    Compiling dyn-clone v1.0.16
[INFO] [stderr]    Compiling gimli v0.28.1
[INFO] [stderr]    Compiling biome_markup v0.3.1
[INFO] [stderr]    Compiling miniz_oxide v0.7.1
[INFO] [stderr]    Compiling object v0.32.2
[INFO] [stderr]    Compiling rustc-demangle v0.1.23
[INFO] [stderr]    Compiling bitflags v2.4.1
[INFO] [stderr]    Compiling backtrace v0.3.69
[INFO] [stderr]    Compiling serde_derive_internals v0.26.0
[INFO] [stderr]    Compiling schemars_derive v0.8.16
[INFO] [stderr]    Compiling biome_diagnostics_macros v0.3.1
[INFO] [stderr]    Compiling addr2line v0.21.0
[INFO] [stderr]    Compiling serde_derive v1.0.194
[INFO] [stderr]    Compiling bpaf_derive v0.5.7
[INFO] [stderr]    Compiling bpaf v0.9.8
[INFO] [stderr]    Compiling serde v1.0.194
[INFO] [stderr]    Compiling biome_text_size v0.3.1
[INFO] [stderr]    Compiling biome_text_edit v0.3.1
[INFO] [stderr]    Compiling biome_rowan v0.3.1
[INFO] [stderr]    Compiling biome_json_syntax v0.3.1
[INFO] [stderr]    Compiling biome_console v0.3.1
[INFO] [stderr]    Compiling biome_diagnostics v0.3.1
[INFO] [stderr]    Compiling biome_analyze v0.3.1
[INFO] [stderr]    Compiling biome_json_analyze v0.3.1 (/opt/rustwide/workdir)
[INFO] [stderr]     Finished dev [unoptimized + debuginfo] target(s) in 45.33s
[INFO] running `Command { std: "docker" "inspect" "479510dbcbf01cc2500f2e150700fe7a275c9bb8881d4c37916f4713a7d24a41", kill_on_drop: false }`
[INFO] running `Command { std: "docker" "rm" "-f" "479510dbcbf01cc2500f2e150700fe7a275c9bb8881d4c37916f4713a7d24a41", kill_on_drop: false }`
[INFO] [stdout] 479510dbcbf01cc2500f2e150700fe7a275c9bb8881d4c37916f4713a7d24a41
[INFO] running `Command { std: "docker" "create" "-v" "/var/lib/crater-agent-workspace/builds/worker-6-tc1/target:/opt/rustwide/target:rw,Z" "-v" "/var/lib/crater-agent-workspace/builds/worker-6-tc1/source:/opt/rustwide/workdir:ro,Z" "-v" "/var/lib/crater-agent-workspace/cargo-home:/opt/rustwide/cargo-home:ro,Z" "-v" "/var/lib/crater-agent-workspace/rustup-home:/opt/rustwide/rustup-home:ro,Z" "-e" "SOURCE_DIR=/opt/rustwide/workdir" "-e" "CARGO_TARGET_DIR=/opt/rustwide/target" "-e" "CARGO_INCREMENTAL=0" "-e" "RUST_BACKTRACE=full" "-e" "RUSTFLAGS=--cap-lints=warn" "-e" "RUSTDOCFLAGS=--cap-lints=warn" "-e" "CARGO_HOME=/opt/rustwide/cargo-home" "-e" "RUSTUP_HOME=/opt/rustwide/rustup-home" "-w" "/opt/rustwide/workdir" "-m" "1610612736" "--user" "0:0" "--network" "none" "ghcr.io/rust-lang/crates-build-env/linux@sha256:2788e3201cd34a07e3172128adcd8b3090168a8e3bcc40d7c032b9dda1df7d1c" "/opt/rustwide/cargo-home/bin/cargo" "+1.75.0" "test" "--frozen" "--no-run" "--message-format=json", kill_on_drop: false }`
[INFO] [stdout] d22f6811c7ebf7dd2357f4831ce7c28f440fee07025f322eb204a4c89a17d167
[INFO] running `Command { std: "docker" "start" "-a" "d22f6811c7ebf7dd2357f4831ce7c28f440fee07025f322eb204a4c89a17d167", kill_on_drop: false }`
[INFO] [stderr]    Compiling memchr v2.7.1
[INFO] [stderr]    Compiling libc v0.2.151
[INFO] [stderr]    Compiling regex-syntax v0.8.2
[INFO] [stderr]    Compiling linked-hash-map v0.5.6
[INFO] [stderr]    Compiling same-file v1.0.6
[INFO] [stderr]    Compiling console v0.15.7
[INFO] [stderr]    Compiling walkdir v2.4.0
[INFO] [stderr]    Compiling yaml-rust v0.4.5
[INFO] [stderr]    Compiling bstr v0.2.17
[INFO] [stderr]    Compiling object v0.32.2
[INFO] [stderr]    Compiling aho-corasick v1.1.2
[INFO] [stderr]    Compiling bstr v1.9.0
[INFO] [stderr]    Compiling similar v2.4.0
[INFO] [stderr]    Compiling cc v1.0.83
[INFO] [stderr]    Compiling biome_text_edit v0.3.1
[INFO] [stderr]    Compiling biome_rowan v0.3.1
[INFO] [stderr]    Compiling regex-automata v0.4.3
[INFO] [stderr]    Compiling backtrace v0.3.69
[INFO] [stderr]    Compiling biome_json_syntax v0.3.1
[INFO] [stderr]    Compiling biome_diagnostics v0.3.1
[INFO] [stderr]    Compiling globset v0.4.14
[INFO] [stderr]    Compiling insta v1.34.0
[INFO] [stderr]    Compiling biome_analyze v0.3.1
[INFO] [stderr]    Compiling biome_json_analyze v0.3.1 (/opt/rustwide/workdir)
[INFO] [stdout] error[E0432]: unresolved import `biome_json_parser`
[INFO] [stdout]    --> src/lib.rs:106:9
[INFO] [stdout]     |
[INFO] [stdout] 106 |     use biome_json_parser::{parse_json, JsonParserOptions};
[INFO] [stdout]     |         ^^^^^^^^^^^^^^^^^ use of undeclared crate or module `biome_json_parser`
[INFO] [stdout] 
[INFO] [stdout] 
[INFO] [stdout] error[E0432]: unresolved import `biome_json_parser`
[INFO] [stdout]  --> tests/spec_tests.rs:4:5
[INFO] [stdout]   |
[INFO] [stdout] 4 | use biome_json_parser::{parse_json, JsonParserOptions};
[INFO] [stdout]   |     ^^^^^^^^^^^^^^^^^ use of undeclared crate or module `biome_json_parser`
[INFO] [stdout] 
[INFO] [stdout] 
[INFO] [stdout] error[E0432]: unresolved import `biome_test_utils`
[INFO] [stdout]  --> tests/spec_tests.rs:7:5
[INFO] [stdout]   |
[INFO] [stdout] 7 | use biome_test_utils::{
[INFO] [stdout]   |     ^^^^^^^^^^^^^^^^ use of undeclared crate or module `biome_test_utils`
[INFO] [stdout] 
[INFO] [stdout] 
[INFO] [stdout] error[E0433]: failed to resolve: use of undeclared crate or module `tests_macros`
[INFO] [stdout]   --> tests/spec_tests.rs:14:1
[INFO] [stdout]    |
[INFO] [stdout] 14 | tests_macros::gen_tests! {"tests/specs/**/*.{json}", crate::run_test, "module"}
[INFO] [stdout]    | ^^^^^^^^^^^^ use of undeclared crate or module `tests_macros`
[INFO] [stdout] 
[INFO] [stdout] 
[INFO] [stdout] error: aborting due to previous error
[INFO] [stdout] 
[INFO] [stdout] 
[INFO] [stdout] For more information about this error, try `rustc --explain E0432`.
[INFO] [stdout] 
[INFO] [stderr] error: could not compile `biome_json_analyze` (lib test) due to 2 previous errors
[INFO] [stderr] warning: build failed, waiting for other jobs to finish...
[INFO] [stdout] warning: unused import: `biome_rowan::AstNode`
[INFO] [stdout]  --> tests/spec_tests.rs:6:5
[INFO] [stdout]   |
[INFO] [stdout] 6 | use biome_rowan::AstNode;
[INFO] [stdout]   |     ^^^^^^^^^^^^^^^^^^^^
[INFO] [stdout]   |
[INFO] [stdout]   = note: `#[warn(unused_imports)]` on by default
[INFO] [stdout] 
[INFO] [stdout] 
[INFO] [stdout] error: aborting due to 3 previous errors; 1 warning emitted
[INFO] [stdout] 
[INFO] [stdout] 
[INFO] [stdout] Some errors have detailed explanations: E0432, E0433.
[INFO] [stdout] 
[INFO] [stdout] For more information about an error, try `rustc --explain E0432`.
[INFO] [stdout] 
[INFO] [stderr] error: could not compile `biome_json_analyze` (test "spec_tests") due to 4 previous errors; 1 warning emitted
[INFO] running `Command { std: "docker" "inspect" "d22f6811c7ebf7dd2357f4831ce7c28f440fee07025f322eb204a4c89a17d167", kill_on_drop: false }`
[INFO] running `Command { std: "docker" "rm" "-f" "d22f6811c7ebf7dd2357f4831ce7c28f440fee07025f322eb204a4c89a17d167", kill_on_drop: false }`
[INFO] [stdout] d22f6811c7ebf7dd2357f4831ce7c28f440fee07025f322eb204a4c89a17d167
