[INFO] fetching crate biome_js_transform 0.3.1...
[INFO] testing biome_js_transform-0.3.1 against 1.75.0 for beta-1.76-1
[INFO] extracting crate biome_js_transform 0.3.1 into /workspace/builds/worker-4-tc1/source
[INFO] validating manifest of crates.io crate biome_js_transform 0.3.1 on toolchain 1.75.0
[INFO] running `Command { std: CARGO_HOME="/workspace/cargo-home" RUSTUP_HOME="/workspace/rustup-home" "/workspace/cargo-home/bin/cargo" "+1.75.0" "metadata" "--manifest-path" "Cargo.toml" "--no-deps", kill_on_drop: false }`
[INFO] started tweaking crates.io crate biome_js_transform 0.3.1
[INFO] finished tweaking crates.io crate biome_js_transform 0.3.1
[INFO] tweaked toml for crates.io crate biome_js_transform 0.3.1 written to /workspace/builds/worker-4-tc1/source/Cargo.toml
[INFO] running `Command { std: CARGO_HOME="/workspace/cargo-home" RUSTUP_HOME="/workspace/rustup-home" "/workspace/cargo-home/bin/cargo" "+1.75.0" "generate-lockfile" "--manifest-path" "Cargo.toml", kill_on_drop: false }`
[INFO] [stderr]     Updating crates.io index
[INFO] running `Command { std: CARGO_HOME="/workspace/cargo-home" RUSTUP_HOME="/workspace/rustup-home" "/workspace/cargo-home/bin/cargo" "+1.75.0" "fetch" "--manifest-path" "Cargo.toml", kill_on_drop: false }`
[INFO] [stderr]  Downloading crates ...
[INFO] [stderr]   Downloaded biome_diagnostics_macros v0.3.1
[INFO] [stderr]   Downloaded biome_diagnostics_categories v0.3.1
[INFO] [stderr]   Downloaded biome_text_edit v0.3.1
[INFO] [stderr]   Downloaded biome_console v0.3.1
[INFO] [stderr]   Downloaded bpaf_derive v0.5.7
[INFO] [stderr]   Downloaded biome_markup v0.3.1
[INFO] [stderr]   Downloaded biome_rowan v0.3.1
[INFO] [stderr]   Downloaded similar v2.4.0
[INFO] [stderr]   Downloaded biome_js_syntax v0.3.1
[INFO] [stderr]   Downloaded bpaf v0.9.8
[INFO] [stderr]   Downloaded biome_diagnostics v0.3.1
[INFO] [stderr]   Downloaded biome_text_size v0.3.1
[INFO] [stderr]   Downloaded insta v1.34.0
[INFO] [stderr]   Downloaded countme v3.0.1
[INFO] [stderr]   Downloaded console v0.15.7
[INFO] [stderr]   Downloaded biome_analyze v0.3.1
[INFO] [stderr]   Downloaded biome_js_factory v0.3.1
[INFO] running `Command { std: "docker" "create" "-v" "/var/lib/crater-agent-workspace/builds/worker-4-tc1/target:/opt/rustwide/target:rw,Z" "-v" "/var/lib/crater-agent-workspace/builds/worker-4-tc1/source:/opt/rustwide/workdir:ro,Z" "-v" "/var/lib/crater-agent-workspace/cargo-home:/opt/rustwide/cargo-home:ro,Z" "-v" "/var/lib/crater-agent-workspace/rustup-home:/opt/rustwide/rustup-home:ro,Z" "-e" "SOURCE_DIR=/opt/rustwide/workdir" "-e" "CARGO_TARGET_DIR=/opt/rustwide/target" "-e" "CARGO_HOME=/opt/rustwide/cargo-home" "-e" "RUSTUP_HOME=/opt/rustwide/rustup-home" "-w" "/opt/rustwide/workdir" "-m" "1610612736" "--user" "0:0" "--network" "none" "ghcr.io/rust-lang/crates-build-env/linux@sha256:2788e3201cd34a07e3172128adcd8b3090168a8e3bcc40d7c032b9dda1df7d1c" "/opt/rustwide/cargo-home/bin/cargo" "+1.75.0" "metadata" "--no-deps" "--format-version=1", kill_on_drop: false }`
[INFO] [stdout] 032e3b88be1add2bcb7ced49f10fa4487ae427768027a79217ebc020037f2339
[INFO] running `Command { std: "docker" "start" "-a" "032e3b88be1add2bcb7ced49f10fa4487ae427768027a79217ebc020037f2339", kill_on_drop: false }`
[INFO] running `Command { std: "docker" "inspect" "032e3b88be1add2bcb7ced49f10fa4487ae427768027a79217ebc020037f2339", kill_on_drop: false }`
[INFO] running `Command { std: "docker" "rm" "-f" "032e3b88be1add2bcb7ced49f10fa4487ae427768027a79217ebc020037f2339", kill_on_drop: false }`
[INFO] [stdout] 032e3b88be1add2bcb7ced49f10fa4487ae427768027a79217ebc020037f2339
[INFO] running `Command { std: "docker" "create" "-v" "/var/lib/crater-agent-workspace/builds/worker-4-tc1/target:/opt/rustwide/target:rw,Z" "-v" "/var/lib/crater-agent-workspace/builds/worker-4-tc1/source:/opt/rustwide/workdir:ro,Z" "-v" "/var/lib/crater-agent-workspace/cargo-home:/opt/rustwide/cargo-home:ro,Z" "-v" "/var/lib/crater-agent-workspace/rustup-home:/opt/rustwide/rustup-home:ro,Z" "-e" "SOURCE_DIR=/opt/rustwide/workdir" "-e" "CARGO_TARGET_DIR=/opt/rustwide/target" "-e" "CARGO_INCREMENTAL=0" "-e" "RUST_BACKTRACE=full" "-e" "RUSTFLAGS=--cap-lints=warn" "-e" "RUSTDOCFLAGS=--cap-lints=warn" "-e" "CARGO_HOME=/opt/rustwide/cargo-home" "-e" "RUSTUP_HOME=/opt/rustwide/rustup-home" "-w" "/opt/rustwide/workdir" "-m" "1610612736" "--user" "0:0" "--network" "none" "ghcr.io/rust-lang/crates-build-env/linux@sha256:2788e3201cd34a07e3172128adcd8b3090168a8e3bcc40d7c032b9dda1df7d1c" "/opt/rustwide/cargo-home/bin/cargo" "+1.75.0" "build" "--frozen" "--message-format=json", kill_on_drop: false }`
[INFO] [stdout] 0ed6327fd6186f6b33b389b1c02ff95355e3d9ac124f265db1f406fec3a31807
[INFO] running `Command { std: "docker" "start" "-a" "0ed6327fd6186f6b33b389b1c02ff95355e3d9ac124f265db1f406fec3a31807", kill_on_drop: false }`
[INFO] [stderr]    Compiling memchr v2.7.1
[INFO] [stderr]    Compiling libc v0.2.151
[INFO] [stderr]    Compiling proc-macro-error v1.0.4
[INFO] [stderr]    Compiling regex-automata v0.1.10
[INFO] [stderr]    Compiling syn v2.0.48
[INFO] [stderr]    Compiling proc-macro-error-attr v1.0.4
[INFO] [stderr]    Compiling unicode-segmentation v1.10.1
[INFO] [stderr]    Compiling serde_derive_internals v0.26.0
[INFO] [stderr]    Compiling memoffset v0.8.0
[INFO] [stderr]    Compiling schemars v0.8.16
[INFO] [stderr]    Compiling biome_diagnostics_categories v0.3.1
[INFO] [stderr]    Compiling bstr v0.2.17
[INFO] [stderr]    Compiling cc v1.0.83
[INFO] [stderr]    Compiling dyn-clone v1.0.16
[INFO] [stderr]    Compiling gimli v0.28.1
[INFO] [stderr]    Compiling miniz_oxide v0.7.1
[INFO] [stderr]    Compiling biome_markup v0.3.1
[INFO] [stderr]    Compiling similar v2.4.0
[INFO] [stderr]    Compiling schemars_derive v0.8.16
[INFO] [stderr]    Compiling object v0.32.2
[INFO] [stderr]    Compiling rustc-demangle v0.1.23
[INFO] [stderr]    Compiling countme v3.0.1
[INFO] [stderr]    Compiling hashbrown v0.12.3
[INFO] [stderr]    Compiling biome_diagnostics_macros v0.3.1
[INFO] [stderr]    Compiling backtrace v0.3.69
[INFO] [stderr]    Compiling addr2line v0.21.0
[INFO] [stderr]    Compiling serde_derive v1.0.194
[INFO] [stderr]    Compiling bpaf_derive v0.5.7
[INFO] [stderr]    Compiling bpaf v0.9.8
[INFO] [stderr]    Compiling serde v1.0.194
[INFO] [stderr]    Compiling biome_text_size v0.3.1
[INFO] [stderr]    Compiling serde_json v1.0.111
[INFO] [stderr]    Compiling biome_text_edit v0.3.1
[INFO] [stderr]    Compiling biome_rowan v0.3.1
[INFO] [stderr]    Compiling biome_console v0.3.1
[INFO] [stderr]    Compiling biome_diagnostics v0.3.1
[INFO] [stderr]    Compiling biome_js_syntax v0.3.1
[INFO] [stderr]    Compiling biome_analyze v0.3.1
[INFO] [stderr]    Compiling biome_js_factory v0.3.1
[INFO] [stderr]    Compiling biome_js_transform v0.3.1 (/opt/rustwide/workdir)
[INFO] [stderr]     Finished dev [unoptimized + debuginfo] target(s) in 33.65s
[INFO] running `Command { std: "docker" "inspect" "0ed6327fd6186f6b33b389b1c02ff95355e3d9ac124f265db1f406fec3a31807", kill_on_drop: false }`
[INFO] running `Command { std: "docker" "rm" "-f" "0ed6327fd6186f6b33b389b1c02ff95355e3d9ac124f265db1f406fec3a31807", kill_on_drop: false }`
[INFO] [stdout] 0ed6327fd6186f6b33b389b1c02ff95355e3d9ac124f265db1f406fec3a31807
[INFO] running `Command { std: "docker" "create" "-v" "/var/lib/crater-agent-workspace/builds/worker-4-tc1/target:/opt/rustwide/target:rw,Z" "-v" "/var/lib/crater-agent-workspace/builds/worker-4-tc1/source:/opt/rustwide/workdir:ro,Z" "-v" "/var/lib/crater-agent-workspace/cargo-home:/opt/rustwide/cargo-home:ro,Z" "-v" "/var/lib/crater-agent-workspace/rustup-home:/opt/rustwide/rustup-home:ro,Z" "-e" "SOURCE_DIR=/opt/rustwide/workdir" "-e" "CARGO_TARGET_DIR=/opt/rustwide/target" "-e" "CARGO_INCREMENTAL=0" "-e" "RUST_BACKTRACE=full" "-e" "RUSTFLAGS=--cap-lints=warn" "-e" "RUSTDOCFLAGS=--cap-lints=warn" "-e" "CARGO_HOME=/opt/rustwide/cargo-home" "-e" "RUSTUP_HOME=/opt/rustwide/rustup-home" "-w" "/opt/rustwide/workdir" "-m" "1610612736" "--user" "0:0" "--network" "none" "ghcr.io/rust-lang/crates-build-env/linux@sha256:2788e3201cd34a07e3172128adcd8b3090168a8e3bcc40d7c032b9dda1df7d1c" "/opt/rustwide/cargo-home/bin/cargo" "+1.75.0" "test" "--frozen" "--no-run" "--message-format=json", kill_on_drop: false }`
[INFO] [stdout] 8766526f46fd735c478f1075d87242659030aa2b01258d7a877333cbacdd56d4
[INFO] running `Command { std: "docker" "start" "-a" "8766526f46fd735c478f1075d87242659030aa2b01258d7a877333cbacdd56d4", kill_on_drop: false }`
[INFO] [stderr]    Compiling similar v2.4.0
[INFO] [stderr]    Compiling backtrace v0.3.69
[INFO] [stderr]    Compiling linked-hash-map v0.5.6
[INFO] [stderr]    Compiling console v0.15.7
[INFO] [stderr]    Compiling yaml-rust v0.4.5
[INFO] [stderr]    Compiling biome_text_edit v0.3.1
[INFO] [stderr]    Compiling insta v1.34.0
[INFO] [stderr]    Compiling biome_rowan v0.3.1
[INFO] [stderr]    Compiling biome_diagnostics v0.3.1
[INFO] [stderr]    Compiling biome_js_syntax v0.3.1
[INFO] [stderr]    Compiling biome_analyze v0.3.1
[INFO] [stderr]    Compiling biome_js_factory v0.3.1
[INFO] [stderr]    Compiling biome_js_transform v0.3.1 (/opt/rustwide/workdir)
[INFO] [stdout] error[E0432]: unresolved import `biome_js_parser`
[INFO] [stdout]    --> src/lib.rs:103:9
[INFO] [stdout]     |
[INFO] [stdout] 103 |     use biome_js_parser::{parse, JsParserOptions};
[INFO] [stdout]     |         ^^^^^^^^^^^^^^^ use of undeclared crate or module `biome_js_parser`
[INFO] [stdout]     |
[INFO] [stdout] help: there is a crate or module with a similar name
[INFO] [stdout]     |
[INFO] [stdout] 103 |     use biome_js_factory::{parse, JsParserOptions};
[INFO] [stdout]     |         ~~~~~~~~~~~~~~~~
[INFO] [stdout] 
[INFO] [stdout] 
[INFO] [stdout] error[E0433]: failed to resolve: use of undeclared crate or module `biome_js_formatter`
[INFO] [stdout]  --> tests/spec_tests.rs:2:5
[INFO] [stdout]   |
[INFO] [stdout] 2 | use biome_js_formatter::context::JsFormatOptions;
[INFO] [stdout]   |     ^^^^^^^^^^^^^^^^^^ use of undeclared crate or module `biome_js_formatter`
[INFO] [stdout]   |
[INFO] [stdout] help: there is a crate or module with a similar name
[INFO] [stdout]   |
[INFO] [stdout] 2 | use biome_js_factory::context::JsFormatOptions;
[INFO] [stdout]   |     ~~~~~~~~~~~~~~~~
[INFO] [stdout] 
[INFO] [stdout] 
[INFO] [stdout] error[E0432]: unresolved import `biome_js_formatter`
[INFO] [stdout]  --> tests/spec_tests.rs:3:5
[INFO] [stdout]   |
[INFO] [stdout] 3 | use biome_js_formatter::format_node;
[INFO] [stdout]   |     ^^^^^^^^^^^^^^^^^^ use of undeclared crate or module `biome_js_formatter`
[INFO] [stdout]   |
[INFO] [stdout] help: there is a crate or module with a similar name
[INFO] [stdout]   |
[INFO] [stdout] 3 | use biome_js_factory::format_node;
[INFO] [stdout]   |     ~~~~~~~~~~~~~~~~
[INFO] [stdout] 
[INFO] [stdout] 
[INFO] [stdout] error[E0432]: unresolved import `biome_js_parser`
[INFO] [stdout]  --> tests/spec_tests.rs:4:5
[INFO] [stdout]   |
[INFO] [stdout] 4 | use biome_js_parser::{parse, JsParserOptions};
[INFO] [stdout]   |     ^^^^^^^^^^^^^^^ use of undeclared crate or module `biome_js_parser`
[INFO] [stdout]   |
[INFO] [stdout] help: there is a crate or module with a similar name
[INFO] [stdout]   |
[INFO] [stdout] 4 | use biome_js_factory::{parse, JsParserOptions};
[INFO] [stdout]   |     ~~~~~~~~~~~~~~~~
[INFO] [stdout] 
[INFO] [stdout] 
[INFO] [stdout] error[E0432]: unresolved import `biome_test_utils`
[INFO] [stdout]  --> tests/spec_tests.rs:7:5
[INFO] [stdout]   |
[INFO] [stdout] 7 | use biome_test_utils::{
[INFO] [stdout]   |     ^^^^^^^^^^^^^^^^ use of undeclared crate or module `biome_test_utils`
[INFO] [stdout] 
[INFO] [stdout] 
[INFO] [stdout] error[E0433]: failed to resolve: use of undeclared crate or module `tests_macros`
[INFO] [stdout]   --> tests/spec_tests.rs:15:1
[INFO] [stdout]    |
[INFO] [stdout] 15 | tests_macros::gen_tests! {"tests/specs/**/*.{cjs,js,jsx,tsx,ts,json,jsonc}", crate::run_test, "module"}
[INFO] [stdout]    | ^^^^^^^^^^^^ use of undeclared crate or module `tests_macros`
[INFO] [stdout] 
[INFO] [stdout] 
[INFO] [stdout] error: aborting due to previous error
[INFO] [stdout] 
[INFO] [stdout] 
[INFO] [stdout] For more information about this error, try `rustc --explain E0432`.
[INFO] [stdout] 
[INFO] [stderr] error: could not compile `biome_js_transform` (lib test) due to 2 previous errors
[INFO] [stderr] warning: build failed, waiting for other jobs to finish...
[INFO] [stdout] error[E0277]: the size for values of type `str` cannot be known at compilation time
[INFO] [stdout]   --> tests/spec_tests.rs:48:13
[INFO] [stdout]    |
[INFO] [stdout] 48 |         for script in scripts {
[INFO] [stdout]    |             ^^^^^^ doesn't have a size known at compile-time
[INFO] [stdout]    |
[INFO] [stdout]    = help: the trait `Sized` is not implemented for `str`
[INFO] [stdout]    = note: all local variables must have a statically known size
[INFO] [stdout]    = help: unsized locals are gated as an unstable feature
[INFO] [stdout] 
[INFO] [stdout] 
[INFO] [stdout] error[E0277]: the size for values of type `str` cannot be known at compilation time
[INFO] [stdout]   --> tests/spec_tests.rs:48:23
[INFO] [stdout]    |
[INFO] [stdout] 48 |         for script in scripts {
[INFO] [stdout]    |                       ^^^^^^^ doesn't have a size known at compile-time
[INFO] [stdout]    |
[INFO] [stdout]    = help: the trait `Sized` is not implemented for `str`
[INFO] [stdout] note: required by a bound in `Option`
[INFO] [stdout]   --> /rustc/82e1608dfa6e0b5569232559e3d385fea5a93112/library/core/src/option.rs:569:1
[INFO] [stdout] 
[INFO] [stdout] 
[INFO] [stdout] error[E0277]: the size for values of type `str` cannot be known at compilation time
[INFO] [stdout]   --> tests/spec_tests.rs:48:9
[INFO] [stdout]    |
[INFO] [stdout] 48 | /         for script in scripts {
[INFO] [stdout] 49 | |             analyze_and_snap(
[INFO] [stdout] 50 | |                 &mut snapshot,
[INFO] [stdout] 51 | |                 &script,
[INFO] [stdout] ...  |
[INFO] [stdout] 57 | |             );
[INFO] [stdout] 58 | |         }
[INFO] [stdout]    | |_________^ doesn't have a size known at compile-time
[INFO] [stdout]    |
[INFO] [stdout]    = help: the trait `Sized` is not implemented for `str`
[INFO] [stdout] note: required by a bound in `std::prelude::v1::None`
[INFO] [stdout]   --> /rustc/82e1608dfa6e0b5569232559e3d385fea5a93112/library/core/src/option.rs:573:5
[INFO] [stdout] 
[INFO] [stdout] 
[INFO] [stdout] warning: unused import: `biome_rowan::AstNode`
[INFO] [stdout]  --> tests/spec_tests.rs:6:5
[INFO] [stdout]   |
[INFO] [stdout] 6 | use biome_rowan::AstNode;
[INFO] [stdout]   |     ^^^^^^^^^^^^^^^^^^^^
[INFO] [stdout]   |
[INFO] [stdout]   = note: `#[warn(unused_imports)]` on by default
[INFO] [stdout] 
[INFO] [stdout] 
[INFO] [stdout] error: aborting due to 8 previous errors; 1 warning emitted
[INFO] [stdout] 
[INFO] [stdout] 
[INFO] [stdout] Some errors have detailed explanations: E0277, E0432, E0433.
[INFO] [stdout] 
[INFO] [stdout] For more information about an error, try `rustc --explain E0277`.
[INFO] [stdout] 
[INFO] [stderr] error: could not compile `biome_js_transform` (test "spec_tests") due to 9 previous errors; 1 warning emitted
[INFO] running `Command { std: "docker" "inspect" "8766526f46fd735c478f1075d87242659030aa2b01258d7a877333cbacdd56d4", kill_on_drop: false }`
[INFO] running `Command { std: "docker" "rm" "-f" "8766526f46fd735c478f1075d87242659030aa2b01258d7a877333cbacdd56d4", kill_on_drop: false }`
[INFO] [stdout] 8766526f46fd735c478f1075d87242659030aa2b01258d7a877333cbacdd56d4
[INFO] testing biome_js_transform-0.3.1 against beta-2023-12-22 for beta-1.76-1
[INFO] extracting crate biome_js_transform 0.3.1 into /workspace/builds/worker-4-tc2/source
[INFO] validating manifest of crates.io crate biome_js_transform 0.3.1 on toolchain beta-2023-12-22
[INFO] running `Command { std: CARGO_HOME="/workspace/cargo-home" RUSTUP_HOME="/workspace/rustup-home" "/workspace/cargo-home/bin/cargo" "+beta-2023-12-22" "metadata" "--manifest-path" "Cargo.toml" "--no-deps", kill_on_drop: false }`
[INFO] started tweaking crates.io crate biome_js_transform 0.3.1
[INFO] finished tweaking crates.io crate biome_js_transform 0.3.1
[INFO] tweaked toml for crates.io crate biome_js_transform 0.3.1 written to /workspace/builds/worker-4-tc2/source/Cargo.toml
[INFO] running `Command { std: CARGO_HOME="/workspace/cargo-home" RUSTUP_HOME="/workspace/rustup-home" "/workspace/cargo-home/bin/cargo" "+beta-2023-12-22" "generate-lockfile" "--manifest-path" "Cargo.toml", kill_on_drop: false }`
[INFO] [stderr]     Updating crates.io index
[INFO] running `Command { std: CARGO_HOME="/workspace/cargo-home" RUSTUP_HOME="/workspace/rustup-home" "/workspace/cargo-home/bin/cargo" "+beta-2023-12-22" "fetch" "--manifest-path" "Cargo.toml", kill_on_drop: false }`
[INFO] running `Command { std: "docker" "create" "-v" "/var/lib/crater-agent-workspace/builds/worker-4-tc2/target:/opt/rustwide/target:rw,Z" "-v" "/var/lib/crater-agent-workspace/builds/worker-4-tc2/source:/opt/rustwide/workdir:ro,Z" "-v" "/var/lib/crater-agent-workspace/cargo-home:/opt/rustwide/cargo-home:ro,Z" "-v" "/var/lib/crater-agent-workspace/rustup-home:/opt/rustwide/rustup-home:ro,Z" "-e" "SOURCE_DIR=/opt/rustwide/workdir" "-e" "CARGO_TARGET_DIR=/opt/rustwide/target" "-e" "CARGO_HOME=/opt/rustwide/cargo-home" "-e" "RUSTUP_HOME=/opt/rustwide/rustup-home" "-w" "/opt/rustwide/workdir" "-m" "1610612736" "--user" "0:0" "--network" "none" "ghcr.io/rust-lang/crates-build-env/linux@sha256:2788e3201cd34a07e3172128adcd8b3090168a8e3bcc40d7c032b9dda1df7d1c" "/opt/rustwide/cargo-home/bin/cargo" "+beta-2023-12-22" "metadata" "--no-deps" "--format-version=1", kill_on_drop: false }`
[INFO] [stdout] 35aaf36a2630a01795bec923eb1986e20da4d48df58c008558237f78ca5c7a0c
[INFO] running `Command { std: "docker" "start" "-a" "35aaf36a2630a01795bec923eb1986e20da4d48df58c008558237f78ca5c7a0c", kill_on_drop: false }`
[INFO] running `Command { std: "docker" "inspect" "35aaf36a2630a01795bec923eb1986e20da4d48df58c008558237f78ca5c7a0c", kill_on_drop: false }`
[INFO] running `Command { std: "docker" "rm" "-f" "35aaf36a2630a01795bec923eb1986e20da4d48df58c008558237f78ca5c7a0c", kill_on_drop: false }`
[INFO] [stdout] 35aaf36a2630a01795bec923eb1986e20da4d48df58c008558237f78ca5c7a0c
[INFO] running `Command { std: "docker" "create" "-v" "/var/lib/crater-agent-workspace/builds/worker-4-tc2/target:/opt/rustwide/target:rw,Z" "-v" "/var/lib/crater-agent-workspace/builds/worker-4-tc2/source:/opt/rustwide/workdir:ro,Z" "-v" "/var/lib/crater-agent-workspace/cargo-home:/opt/rustwide/cargo-home:ro,Z" "-v" "/var/lib/crater-agent-workspace/rustup-home:/opt/rustwide/rustup-home:ro,Z" "-e" "SOURCE_DIR=/opt/rustwide/workdir" "-e" "CARGO_TARGET_DIR=/opt/rustwide/target" "-e" "CARGO_INCREMENTAL=0" "-e" "RUST_BACKTRACE=full" "-e" "RUSTFLAGS=--cap-lints=warn" "-e" "RUSTDOCFLAGS=--cap-lints=warn" "-e" "CARGO_HOME=/opt/rustwide/cargo-home" "-e" "RUSTUP_HOME=/opt/rustwide/rustup-home" "-w" "/opt/rustwide/workdir" "-m" "1610612736" "--user" "0:0" "--network" "none" "ghcr.io/rust-lang/crates-build-env/linux@sha256:2788e3201cd34a07e3172128adcd8b3090168a8e3bcc40d7c032b9dda1df7d1c" "/opt/rustwide/cargo-home/bin/cargo" "+beta-2023-12-22" "build" "--frozen" "--message-format=json", kill_on_drop: false }`
[INFO] [stdout] e5b15b53c2ae6ea421a3917a469b876529809d9fe319197d1814071af0e79490
[INFO] running `Command { std: "docker" "start" "-a" "e5b15b53c2ae6ea421a3917a469b876529809d9fe319197d1814071af0e79490", kill_on_drop: false }`
[INFO] [stderr]    Compiling memchr v2.7.1
[INFO] [stderr]    Compiling libc v0.2.151
[INFO] [stderr]    Compiling proc-macro-error v1.0.4
[INFO] [stderr]    Compiling regex-automata v0.1.10
[INFO] [stderr]    Compiling unicode-segmentation v1.10.1
[INFO] [stderr]    Compiling syn v2.0.48
[INFO] [stderr]    Compiling proc-macro-error-attr v1.0.4
[INFO] [stderr]    Compiling serde_derive_internals v0.26.0
[INFO] [stderr]    Compiling memoffset v0.8.0
[INFO] [stderr]    Compiling schemars v0.8.16
[INFO] [stderr]    Compiling biome_diagnostics_categories v0.3.1
[INFO] [stderr]    Compiling bstr v0.2.17
[INFO] [stderr]    Compiling dyn-clone v1.0.16
[INFO] [stderr]    Compiling gimli v0.28.1
[INFO] [stderr]    Compiling miniz_oxide v0.7.1
[INFO] [stderr]    Compiling cc v1.0.83
[INFO] [stderr]    Compiling similar v2.4.0
[INFO] [stderr]    Compiling biome_markup v0.3.1
[INFO] [stderr]    Compiling object v0.32.2
[INFO] [stderr]    Compiling schemars_derive v0.8.16
[INFO] [stderr]    Compiling rustc-demangle v0.1.23
[INFO] [stderr]    Compiling hashbrown v0.12.3
[INFO] [stderr]    Compiling countme v3.0.1
[INFO] [stderr]    Compiling biome_diagnostics_macros v0.3.1
[INFO] [stderr]    Compiling backtrace v0.3.69
[INFO] [stderr]    Compiling addr2line v0.21.0
[INFO] [stderr]    Compiling serde_derive v1.0.194
[INFO] [stderr]    Compiling bpaf_derive v0.5.7
[INFO] [stderr]    Compiling bpaf v0.9.8
[INFO] [stderr]    Compiling serde v1.0.194
[INFO] [stderr]    Compiling biome_text_size v0.3.1
[INFO] [stderr]    Compiling serde_json v1.0.111
[INFO] [stderr]    Compiling biome_text_edit v0.3.1
[INFO] [stderr]    Compiling biome_rowan v0.3.1
[INFO] [stderr]    Compiling biome_console v0.3.1
[INFO] [stderr]    Compiling biome_diagnostics v0.3.1
[INFO] [stderr]    Compiling biome_js_syntax v0.3.1
[INFO] [stderr]    Compiling biome_analyze v0.3.1
[INFO] [stderr]    Compiling biome_js_factory v0.3.1
[INFO] [stderr]    Compiling biome_js_transform v0.3.1 (/opt/rustwide/workdir)
[INFO] [stderr]     Finished dev [unoptimized + debuginfo] target(s) in 38.24s
[INFO] running `Command { std: "docker" "inspect" "e5b15b53c2ae6ea421a3917a469b876529809d9fe319197d1814071af0e79490", kill_on_drop: false }`
[INFO] running `Command { std: "docker" "rm" "-f" "e5b15b53c2ae6ea421a3917a469b876529809d9fe319197d1814071af0e79490", kill_on_drop: false }`
[INFO] [stdout] e5b15b53c2ae6ea421a3917a469b876529809d9fe319197d1814071af0e79490
[INFO] running `Command { std: "docker" "create" "-v" "/var/lib/crater-agent-workspace/builds/worker-4-tc2/target:/opt/rustwide/target:rw,Z" "-v" "/var/lib/crater-agent-workspace/builds/worker-4-tc2/source:/opt/rustwide/workdir:ro,Z" "-v" "/var/lib/crater-agent-workspace/cargo-home:/opt/rustwide/cargo-home:ro,Z" "-v" "/var/lib/crater-agent-workspace/rustup-home:/opt/rustwide/rustup-home:ro,Z" "-e" "SOURCE_DIR=/opt/rustwide/workdir" "-e" "CARGO_TARGET_DIR=/opt/rustwide/target" "-e" "CARGO_INCREMENTAL=0" "-e" "RUST_BACKTRACE=full" "-e" "RUSTFLAGS=--cap-lints=warn" "-e" "RUSTDOCFLAGS=--cap-lints=warn" "-e" "CARGO_HOME=/opt/rustwide/cargo-home" "-e" "RUSTUP_HOME=/opt/rustwide/rustup-home" "-w" "/opt/rustwide/workdir" "-m" "1610612736" "--user" "0:0" "--network" "none" "ghcr.io/rust-lang/crates-build-env/linux@sha256:2788e3201cd34a07e3172128adcd8b3090168a8e3bcc40d7c032b9dda1df7d1c" "/opt/rustwide/cargo-home/bin/cargo" "+beta-2023-12-22" "test" "--frozen" "--no-run" "--message-format=json", kill_on_drop: false }`
[INFO] [stdout] 5c00972968d465a507ea3828df15d194ff2812d230cc224de4cd2d674095aa63
[INFO] running `Command { std: "docker" "start" "-a" "5c00972968d465a507ea3828df15d194ff2812d230cc224de4cd2d674095aa63", kill_on_drop: false }`
[INFO] [stderr]    Compiling similar v2.4.0
[INFO] [stderr]    Compiling backtrace v0.3.69
[INFO] [stderr]    Compiling linked-hash-map v0.5.6
[INFO] [stderr]    Compiling console v0.15.7
[INFO] [stderr]    Compiling yaml-rust v0.4.5
[INFO] [stderr]    Compiling biome_text_edit v0.3.1
[INFO] [stderr]    Compiling insta v1.34.0
[INFO] [stderr]    Compiling biome_rowan v0.3.1
[INFO] [stderr]    Compiling biome_diagnostics v0.3.1
[INFO] [stderr]    Compiling biome_js_syntax v0.3.1
[INFO] [stderr]    Compiling biome_analyze v0.3.1
[INFO] [stderr]    Compiling biome_js_factory v0.3.1
[INFO] [stderr]    Compiling biome_js_transform v0.3.1 (/opt/rustwide/workdir)
[INFO] [stdout] error[E0432]: unresolved import `biome_js_parser`
[INFO] [stdout]    --> src/lib.rs:103:9
[INFO] [stdout]     |
[INFO] [stdout] 103 |     use biome_js_parser::{parse, JsParserOptions};
[INFO] [stdout]     |         ^^^^^^^^^^^^^^^ use of undeclared crate or module `biome_js_parser`
[INFO] [stdout]     |
[INFO] [stdout] help: there is a crate or module with a similar name
[INFO] [stdout]     |
[INFO] [stdout] 103 |     use biome_js_factory::{parse, JsParserOptions};
[INFO] [stdout]     |         ~~~~~~~~~~~~~~~~
[INFO] [stdout] 
[INFO] [stdout] 
[INFO] [stdout] error[E0433]: failed to resolve: use of undeclared crate or module `biome_js_formatter`
[INFO] [stdout]  --> tests/spec_tests.rs:2:5
[INFO] [stdout]   |
[INFO] [stdout] 2 | use biome_js_formatter::context::JsFormatOptions;
[INFO] [stdout]   |     ^^^^^^^^^^^^^^^^^^ use of undeclared crate or module `biome_js_formatter`
[INFO] [stdout]   |
[INFO] [stdout] help: there is a crate or module with a similar name
[INFO] [stdout]   |
[INFO] [stdout] 2 | use biome_js_factory::context::JsFormatOptions;
[INFO] [stdout]   |     ~~~~~~~~~~~~~~~~
[INFO] [stdout] 
[INFO] [stdout] 
[INFO] [stdout] error[E0432]: unresolved import `biome_js_formatter`
[INFO] [stdout]  --> tests/spec_tests.rs:3:5
[INFO] [stdout]   |
[INFO] [stdout] 3 | use biome_js_formatter::format_node;
[INFO] [stdout]   |     ^^^^^^^^^^^^^^^^^^ use of undeclared crate or module `biome_js_formatter`
[INFO] [stdout]   |
[INFO] [stdout] help: there is a crate or module with a similar name
[INFO] [stdout]   |
[INFO] [stdout] 3 | use biome_js_factory::format_node;
[INFO] [stdout]   |     ~~~~~~~~~~~~~~~~
[INFO] [stdout] 
[INFO] [stdout] 
[INFO] [stdout] error[E0432]: unresolved import `biome_js_parser`
[INFO] [stdout]  --> tests/spec_tests.rs:4:5
[INFO] [stdout]   |
[INFO] [stdout] 4 | use biome_js_parser::{parse, JsParserOptions};
[INFO] [stdout]   |     ^^^^^^^^^^^^^^^ use of undeclared crate or module `biome_js_parser`
[INFO] [stdout]   |
[INFO] [stdout] help: there is a crate or module with a similar name
[INFO] [stdout]   |
[INFO] [stdout] 4 | use biome_js_factory::{parse, JsParserOptions};
[INFO] [stdout]   |     ~~~~~~~~~~~~~~~~
[INFO] [stdout] 
[INFO] [stdout] 
[INFO] [stdout] error[E0432]: unresolved import `biome_test_utils`
[INFO] [stdout]  --> tests/spec_tests.rs:7:5
[INFO] [stdout]   |
[INFO] [stdout] 7 | use biome_test_utils::{
[INFO] [stdout]   |     ^^^^^^^^^^^^^^^^ use of undeclared crate or module `biome_test_utils`
[INFO] [stdout] 
[INFO] [stdout] 
[INFO] [stdout] error[E0433]: failed to resolve: use of undeclared crate or module `tests_macros`
[INFO] [stdout]   --> tests/spec_tests.rs:15:1
[INFO] [stdout]    |
[INFO] [stdout] 15 | tests_macros::gen_tests! {"tests/specs/**/*.{cjs,js,jsx,tsx,ts,json,jsonc}", crate::run_test, "module"}
[INFO] [stdout]    | ^^^^^^^^^^^^ use of undeclared crate or module `tests_macros`
[INFO] [stdout] 
[INFO] [stdout] 
[INFO] [stdout] error: aborting due to 1 previous error
[INFO] [stdout] 
[INFO] [stdout] 
[INFO] [stdout] For more information about this error, try `rustc --explain E0432`.
[INFO] [stdout] 
[INFO] [stdout] error[E0277]: the size for values of type `str` cannot be known at compilation time
[INFO] [stdout]   --> tests/spec_tests.rs:48:13
[INFO] [stdout]    |
[INFO] [stdout] 48 |         for script in scripts {
[INFO] [stdout]    |             ^^^^^^ doesn't have a size known at compile-time
[INFO] [stdout]    |
[INFO] [stdout]    = help: the trait `Sized` is not implemented for `str`
[INFO] [stdout]    = note: all local variables must have a statically known size
[INFO] [stdout]    = help: unsized locals are gated as an unstable feature
[INFO] [stdout] 
[INFO] [stdout] 
[INFO] [stdout] error[E0277]: the size for values of type `str` cannot be known at compilation time
[INFO] [stdout]   --> tests/spec_tests.rs:48:23
[INFO] [stdout]    |
[INFO] [stdout] 48 |         for script in scripts {
[INFO] [stdout]    |                       ^^^^^^^ doesn't have a size known at compile-time
[INFO] [stdout]    |
[INFO] [stdout]    = help: the trait `Sized` is not implemented for `str`
[INFO] [stdout] note: required by a bound in `Option`
[INFO] [stdout]   --> /rustc/0e09125c6c3c2fd70d7de961bcf0e51575235fad/library/core/src/option.rs:570:1
[INFO] [stdout] 
[INFO] [stdout] 
[INFO] [stdout] error[E0277]: the size for values of type `str` cannot be known at compilation time
[INFO] [stdout]   --> tests/spec_tests.rs:48:9
[INFO] [stdout]    |
[INFO] [stdout] 48 | /         for script in scripts {
[INFO] [stdout] 49 | |             analyze_and_snap(
[INFO] [stdout] 50 | |                 &mut snapshot,
[INFO] [stdout] 51 | |                 &script,
[INFO] [stdout] ...  |
[INFO] [stdout] 57 | |             );
[INFO] [stdout] 58 | |         }
[INFO] [stdout]    | |_________^ doesn't have a size known at compile-time
[INFO] [stdout]    |
[INFO] [stdout]    = help: the trait `Sized` is not implemented for `str`
[INFO] [stdout] note: required by a bound in `std::prelude::v1::None`
[INFO] [stdout]   --> /rustc/0e09125c6c3c2fd70d7de961bcf0e51575235fad/library/core/src/option.rs:574:5
[INFO] [stdout] 
[INFO] [stdout] 
[INFO] [stderr] error: could not compile `biome_js_transform` (lib test) due to 2 previous errors
[INFO] [stderr] warning: build failed, waiting for other jobs to finish...
[INFO] [stdout] warning: unused import: `biome_rowan::AstNode`
[INFO] [stdout]  --> tests/spec_tests.rs:6:5
[INFO] [stdout]   |
[INFO] [stdout] 6 | use biome_rowan::AstNode;
[INFO] [stdout]   |     ^^^^^^^^^^^^^^^^^^^^
[INFO] [stdout]   |
[INFO] [stdout]   = note: `#[warn(unused_imports)]` on by default
[INFO] [stdout] 
[INFO] [stdout] 
[INFO] [stdout] error: aborting due to 8 previous errors; 1 warning emitted
[INFO] [stdout] 
[INFO] [stdout] 
[INFO] [stdout] Some errors have detailed explanations: E0277, E0432, E0433.
[INFO] [stdout] 
[INFO] [stdout] For more information about an error, try `rustc --explain E0277`.
[INFO] [stdout] 
[INFO] [stderr] error: could not compile `biome_js_transform` (test "spec_tests") due to 9 previous errors; 1 warning emitted
[INFO] running `Command { std: "docker" "inspect" "5c00972968d465a507ea3828df15d194ff2812d230cc224de4cd2d674095aa63", kill_on_drop: false }`
[INFO] running `Command { std: "docker" "rm" "-f" "5c00972968d465a507ea3828df15d194ff2812d230cc224de4cd2d674095aa63", kill_on_drop: false }`
[INFO] [stdout] 5c00972968d465a507ea3828df15d194ff2812d230cc224de4cd2d674095aa63
