[INFO] fetching crate biome_js_semantic 0.3.1...
[INFO] testing biome_js_semantic-0.3.1 against 1.75.0 for beta-1.76-1
[INFO] extracting crate biome_js_semantic 0.3.1 into /workspace/builds/worker-0-tc1/source
[INFO] validating manifest of crates.io crate biome_js_semantic 0.3.1 on toolchain 1.75.0
[INFO] running `Command { std: CARGO_HOME="/workspace/cargo-home" RUSTUP_HOME="/workspace/rustup-home" "/workspace/cargo-home/bin/cargo" "+1.75.0" "metadata" "--manifest-path" "Cargo.toml" "--no-deps", kill_on_drop: false }`
[INFO] started tweaking crates.io crate biome_js_semantic 0.3.1
[INFO] finished tweaking crates.io crate biome_js_semantic 0.3.1
[INFO] tweaked toml for crates.io crate biome_js_semantic 0.3.1 written to /workspace/builds/worker-0-tc1/source/Cargo.toml
[INFO] running `Command { std: CARGO_HOME="/workspace/cargo-home" RUSTUP_HOME="/workspace/rustup-home" "/workspace/cargo-home/bin/cargo" "+1.75.0" "generate-lockfile" "--manifest-path" "Cargo.toml", kill_on_drop: false }`
[INFO] [stderr]     Updating crates.io index
[INFO] running `Command { std: CARGO_HOME="/workspace/cargo-home" RUSTUP_HOME="/workspace/rustup-home" "/workspace/cargo-home/bin/cargo" "+1.75.0" "fetch" "--manifest-path" "Cargo.toml", kill_on_drop: false }`
[INFO] [stderr]  Downloading crates ...
[INFO] [stderr]   Downloaded countme v3.0.1
[INFO] [stderr]   Downloaded bpaf_derive v0.5.7
[INFO] [stderr]   Downloaded rust-lapper v1.1.0
[INFO] [stderr]   Downloaded bpaf v0.9.8
[INFO] [stderr]   Downloaded biome_diagnostics_macros v0.3.1
[INFO] [stderr]   Downloaded biome_text_size v0.3.1
[INFO] [stderr]   Downloaded biome_diagnostics_categories v0.3.1
[INFO] [stderr]   Downloaded biome_text_edit v0.3.1
[INFO] [stderr]   Downloaded biome_console v0.3.1
[INFO] [stderr]   Downloaded biome_diagnostics v0.3.1
[INFO] [stderr]   Downloaded biome_markup v0.3.1
[INFO] [stderr]   Downloaded biome_js_syntax v0.3.1
[INFO] [stderr]   Downloaded biome_rowan v0.3.1
[INFO] running `Command { std: "docker" "create" "-v" "/var/lib/crater-agent-workspace/builds/worker-0-tc1/target:/opt/rustwide/target:rw,Z" "-v" "/var/lib/crater-agent-workspace/builds/worker-0-tc1/source:/opt/rustwide/workdir:ro,Z" "-v" "/var/lib/crater-agent-workspace/cargo-home:/opt/rustwide/cargo-home:ro,Z" "-v" "/var/lib/crater-agent-workspace/rustup-home:/opt/rustwide/rustup-home:ro,Z" "-e" "SOURCE_DIR=/opt/rustwide/workdir" "-e" "CARGO_TARGET_DIR=/opt/rustwide/target" "-e" "CARGO_HOME=/opt/rustwide/cargo-home" "-e" "RUSTUP_HOME=/opt/rustwide/rustup-home" "-w" "/opt/rustwide/workdir" "-m" "1610612736" "--user" "0:0" "--network" "none" "ghcr.io/rust-lang/crates-build-env/linux@sha256:2788e3201cd34a07e3172128adcd8b3090168a8e3bcc40d7c032b9dda1df7d1c" "/opt/rustwide/cargo-home/bin/cargo" "+1.75.0" "metadata" "--no-deps" "--format-version=1", kill_on_drop: false }`
[INFO] [stdout] 37fca526d71c5866096bd8e930b3f761c1c96c93f0da19840a68f78ee0b58a61
[INFO] running `Command { std: "docker" "start" "-a" "37fca526d71c5866096bd8e930b3f761c1c96c93f0da19840a68f78ee0b58a61", kill_on_drop: false }`
[INFO] running `Command { std: "docker" "inspect" "37fca526d71c5866096bd8e930b3f761c1c96c93f0da19840a68f78ee0b58a61", kill_on_drop: false }`
[INFO] running `Command { std: "docker" "rm" "-f" "37fca526d71c5866096bd8e930b3f761c1c96c93f0da19840a68f78ee0b58a61", kill_on_drop: false }`
[INFO] [stdout] 37fca526d71c5866096bd8e930b3f761c1c96c93f0da19840a68f78ee0b58a61
[INFO] running `Command { std: "docker" "create" "-v" "/var/lib/crater-agent-workspace/builds/worker-0-tc1/target:/opt/rustwide/target:rw,Z" "-v" "/var/lib/crater-agent-workspace/builds/worker-0-tc1/source:/opt/rustwide/workdir:ro,Z" "-v" "/var/lib/crater-agent-workspace/cargo-home:/opt/rustwide/cargo-home:ro,Z" "-v" "/var/lib/crater-agent-workspace/rustup-home:/opt/rustwide/rustup-home:ro,Z" "-e" "SOURCE_DIR=/opt/rustwide/workdir" "-e" "CARGO_TARGET_DIR=/opt/rustwide/target" "-e" "CARGO_INCREMENTAL=0" "-e" "RUST_BACKTRACE=full" "-e" "RUSTFLAGS=--cap-lints=warn" "-e" "RUSTDOCFLAGS=--cap-lints=warn" "-e" "CARGO_HOME=/opt/rustwide/cargo-home" "-e" "RUSTUP_HOME=/opt/rustwide/rustup-home" "-w" "/opt/rustwide/workdir" "-m" "1610612736" "--user" "0:0" "--network" "none" "ghcr.io/rust-lang/crates-build-env/linux@sha256:2788e3201cd34a07e3172128adcd8b3090168a8e3bcc40d7c032b9dda1df7d1c" "/opt/rustwide/cargo-home/bin/cargo" "+1.75.0" "build" "--frozen" "--message-format=json", kill_on_drop: false }`
[INFO] [stdout] 98540e379b4096a6e7850e9074f7dcda3e396b81f7c20e1283c1b726acc52e90
[INFO] running `Command { std: "docker" "start" "-a" "98540e379b4096a6e7850e9074f7dcda3e396b81f7c20e1283c1b726acc52e90", kill_on_drop: false }`
[INFO] [stderr]    Compiling syn v1.0.109
[INFO] [stderr]    Compiling regex-automata v0.1.10
[INFO] [stderr]    Compiling unicode-segmentation v1.10.1
[INFO] [stderr]    Compiling schemars v0.8.16
[INFO] [stderr]    Compiling proc-macro-error-attr v1.0.4
[INFO] [stderr]    Compiling proc-macro-error v1.0.4
[INFO] [stderr]    Compiling memoffset v0.8.0
[INFO] [stderr]    Compiling gimli v0.28.1
[INFO] [stderr]    Compiling miniz_oxide v0.7.1
[INFO] [stderr]    Compiling object v0.32.2
[INFO] [stderr]    Compiling countme v3.0.1
[INFO] [stderr]    Compiling syn v2.0.48
[INFO] [stderr]    Compiling cc v1.0.83
[INFO] [stderr]    Compiling biome_diagnostics_categories v0.3.1
[INFO] [stderr]    Compiling rustc-demangle v0.1.23
[INFO] [stderr]    Compiling hashbrown v0.12.3
[INFO] [stderr]    Compiling bstr v0.2.17
[INFO] [stderr]    Compiling rust-lapper v1.1.0
[INFO] [stderr]    Compiling similar v2.4.0
[INFO] [stderr]    Compiling backtrace v0.3.69
[INFO] [stderr]    Compiling biome_markup v0.3.1
[INFO] [stderr]    Compiling serde_derive_internals v0.26.0
[INFO] [stderr]    Compiling addr2line v0.21.0
[INFO] [stderr]    Compiling biome_diagnostics_macros v0.3.1
[INFO] [stderr]    Compiling schemars_derive v0.8.16
[INFO] [stderr]    Compiling serde_derive v1.0.194
[INFO] [stderr]    Compiling bpaf_derive v0.5.7
[INFO] [stderr]    Compiling bpaf v0.9.8
[INFO] [stderr]    Compiling serde v1.0.194
[INFO] [stderr]    Compiling biome_text_size v0.3.1
[INFO] [stderr]    Compiling serde_json v1.0.111
[INFO] [stderr]    Compiling biome_text_edit v0.3.1
[INFO] [stderr]    Compiling biome_rowan v0.3.1
[INFO] [stderr]    Compiling biome_console v0.3.1
[INFO] [stderr]    Compiling biome_diagnostics v0.3.1
[INFO] [stderr]    Compiling biome_js_syntax v0.3.1
[INFO] [stderr]    Compiling biome_js_semantic v0.3.1 (/opt/rustwide/workdir)
[INFO] [stdout] warning: unused import: `builder::*`
[INFO] [stdout]   --> src/semantic_model.rs:32:9
[INFO] [stdout]    |
[INFO] [stdout] 32 | pub use builder::*;
[INFO] [stdout]    |         ^^^^^^^^^^
[INFO] [stdout]    |
[INFO] [stdout]    = note: `#[warn(unused_imports)]` on by default
[INFO] [stdout] 
[INFO] [stdout] 
[INFO] [stdout] warning: 1 warning emitted
[INFO] [stdout] 
[INFO] [stdout] 
[INFO] [stderr]     Finished dev [unoptimized + debuginfo] target(s) in 24.42s
[INFO] running `Command { std: "docker" "inspect" "98540e379b4096a6e7850e9074f7dcda3e396b81f7c20e1283c1b726acc52e90", kill_on_drop: false }`
[INFO] running `Command { std: "docker" "rm" "-f" "98540e379b4096a6e7850e9074f7dcda3e396b81f7c20e1283c1b726acc52e90", kill_on_drop: false }`
[INFO] [stdout] 98540e379b4096a6e7850e9074f7dcda3e396b81f7c20e1283c1b726acc52e90
[INFO] running `Command { std: "docker" "create" "-v" "/var/lib/crater-agent-workspace/builds/worker-0-tc1/target:/opt/rustwide/target:rw,Z" "-v" "/var/lib/crater-agent-workspace/builds/worker-0-tc1/source:/opt/rustwide/workdir:ro,Z" "-v" "/var/lib/crater-agent-workspace/cargo-home:/opt/rustwide/cargo-home:ro,Z" "-v" "/var/lib/crater-agent-workspace/rustup-home:/opt/rustwide/rustup-home:ro,Z" "-e" "SOURCE_DIR=/opt/rustwide/workdir" "-e" "CARGO_TARGET_DIR=/opt/rustwide/target" "-e" "CARGO_INCREMENTAL=0" "-e" "RUST_BACKTRACE=full" "-e" "RUSTFLAGS=--cap-lints=warn" "-e" "RUSTDOCFLAGS=--cap-lints=warn" "-e" "CARGO_HOME=/opt/rustwide/cargo-home" "-e" "RUSTUP_HOME=/opt/rustwide/rustup-home" "-w" "/opt/rustwide/workdir" "-m" "1610612736" "--user" "0:0" "--network" "none" "ghcr.io/rust-lang/crates-build-env/linux@sha256:2788e3201cd34a07e3172128adcd8b3090168a8e3bcc40d7c032b9dda1df7d1c" "/opt/rustwide/cargo-home/bin/cargo" "+1.75.0" "test" "--frozen" "--no-run" "--message-format=json", kill_on_drop: false }`
[INFO] [stdout] 4e2f1d38de1322cc9911af84e1c395d84e4a80ea9777180d3b6deadff84b2eb4
[INFO] running `Command { std: "docker" "start" "-a" "4e2f1d38de1322cc9911af84e1c395d84e4a80ea9777180d3b6deadff84b2eb4", kill_on_drop: false }`
[INFO] [stdout] warning: unused import: `builder::*`
[INFO] [stdout]   --> src/semantic_model.rs:32:9
[INFO] [stdout]    |
[INFO] [stdout] 32 | pub use builder::*;
[INFO] [stdout]    |         ^^^^^^^^^^
[INFO] [stdout]    |
[INFO] [stdout]    = note: `#[warn(unused_imports)]` on by default
[INFO] [stdout] 
[INFO] [stdout] 
[INFO] [stdout] warning: 1 warning emitted
[INFO] [stdout] 
[INFO] [stdout] 
[INFO] [stderr]    Compiling biome_js_semantic v0.3.1 (/opt/rustwide/workdir)
[INFO] [stdout] error[E0432]: unresolved import `biome_js_parser`
[INFO] [stdout]    --> src/semantic_model/closure.rs:356:9
[INFO] [stdout]     |
[INFO] [stdout] 356 |     use biome_js_parser::JsParserOptions;
[INFO] [stdout]     |         ^^^^^^^^^^^^^^^ use of undeclared crate or module `biome_js_parser`
[INFO] [stdout] 
[INFO] [stdout] 
[INFO] [stdout] error[E0432]: unresolved import `biome_js_parser`
[INFO] [stdout]   --> src/semantic_model/is_constant.rs:15:9
[INFO] [stdout]    |
[INFO] [stdout] 15 |     use biome_js_parser::JsParserOptions;
[INFO] [stdout]    |         ^^^^^^^^^^^^^^^ use of undeclared crate or module `biome_js_parser`
[INFO] [stdout] 
[INFO] [stdout] 
[INFO] [stdout] error[E0432]: unresolved import `biome_js_parser`
[INFO] [stdout]  --> src/semantic_model/tests.rs:7:9
[INFO] [stdout]   |
[INFO] [stdout] 7 |     use biome_js_parser::JsParserOptions;
[INFO] [stdout]   |         ^^^^^^^^^^^^^^^ use of undeclared crate or module `biome_js_parser`
[INFO] [stdout] 
[INFO] [stdout] 
[INFO] [stdout] error[E0433]: failed to resolve: use of undeclared crate or module `biome_diagnostics`
[INFO] [stdout]  --> src/tests/assertions.rs:3:5
[INFO] [stdout]   |
[INFO] [stdout] 3 | use biome_diagnostics::location::AsSpan;
[INFO] [stdout]   |     ^^^^^^^^^^^^^^^^^ use of undeclared crate or module `biome_diagnostics`
[INFO] [stdout] 
[INFO] [stdout] 
[INFO] [stdout] error[E0432]: unresolved import `biome_console`
[INFO] [stdout]  --> src/tests/assertions.rs:2:5
[INFO] [stdout]   |
[INFO] [stdout] 2 | use biome_console::{markup, ConsoleExt, EnvConsole};
[INFO] [stdout]   |     ^^^^^^^^^^^^^ use of undeclared crate or module `biome_console`
[INFO] [stdout] 
[INFO] [stdout] 
[INFO] [stdout] error[E0432]: unresolved import `biome_diagnostics`
[INFO] [stdout]  --> src/tests/assertions.rs:4:5
[INFO] [stdout]   |
[INFO] [stdout] 4 | use biome_diagnostics::{
[INFO] [stdout]   |     ^^^^^^^^^^^^^^^^^ use of undeclared crate or module `biome_diagnostics`
[INFO] [stdout] 
[INFO] [stdout] 
[INFO] [stdout] error[E0432]: unresolved import `biome_js_parser`
[INFO] [stdout]  --> src/tests/assertions.rs:7:5
[INFO] [stdout]   |
[INFO] [stdout] 7 | use biome_js_parser::JsParserOptions;
[INFO] [stdout]   |     ^^^^^^^^^^^^^^^ use of undeclared crate or module `biome_js_parser`
[INFO] [stdout] 
[INFO] [stdout] 
[INFO] [stdout] error: cannot determine resolution for the macro `markup`
[INFO] [stdout]    --> src/tests/assertions.rs:117:25
[INFO] [stdout]     |
[INFO] [stdout] 117 |             console.log(markup! {
[INFO] [stdout]     |                         ^^^^^^
[INFO] [stdout]     |
[INFO] [stdout]     = note: import resolution is stuck, try simplifying macro imports
[INFO] [stdout] 
[INFO] [stdout] 
[INFO] [stdout] error: cannot determine resolution for the derive macro `Diagnostic`
[INFO] [stdout]    --> src/tests/assertions.rs:149:17
[INFO] [stdout]     |
[INFO] [stdout] 149 | #[derive(Debug, Diagnostic)]
[INFO] [stdout]     |                 ^^^^^^^^^^
[INFO] [stdout]     |
[INFO] [stdout]     = note: import resolution is stuck, try simplifying macro imports
[INFO] [stdout] 
[INFO] [stdout] 
[INFO] [stdout] error: cannot find attribute `diagnostic` in this scope
[INFO] [stdout]    --> src/tests/assertions.rs:150:3
[INFO] [stdout]     |
[INFO] [stdout] 150 | #[diagnostic(category = "semanticTests")]
[INFO] [stdout]     |   ^^^^^^^^^^
[INFO] [stdout] 
[INFO] [stdout] 
[INFO] [stdout] error: cannot find attribute `message` in this scope
[INFO] [stdout]    --> src/tests/assertions.rs:152:7
[INFO] [stdout]     |
[INFO] [stdout] 152 |     #[message]
[INFO] [stdout]     |       ^^^^^^^
[INFO] [stdout] 
[INFO] [stdout] 
[INFO] [stdout] error: cannot find attribute `description` in this scope
[INFO] [stdout]    --> src/tests/assertions.rs:153:7
[INFO] [stdout]     |
[INFO] [stdout] 153 |     #[description]
[INFO] [stdout]     |       ^^^^^^^^^^^
[INFO] [stdout] 
[INFO] [stdout] 
[INFO] [stdout] error: cannot find attribute `location` in this scope
[INFO] [stdout]    --> src/tests/assertions.rs:156:7
[INFO] [stdout]     |
[INFO] [stdout] 156 |     #[location(span)]
[INFO] [stdout]     |       ^^^^^^^^
[INFO] [stdout] 
[INFO] [stdout] 
[INFO] [stdout] error: cannot find attribute `advice` in this scope
[INFO] [stdout]    --> src/tests/assertions.rs:159:7
[INFO] [stdout]     |
[INFO] [stdout] 159 |     #[advice]
[INFO] [stdout]     |       ^^^^^^
[INFO] [stdout] 
[INFO] [stdout] 
[INFO] [stdout] error: cannot determine resolution for the macro `markup`
[INFO] [stdout]    --> src/tests/assertions.rs:819:17
[INFO] [stdout]     |
[INFO] [stdout] 819 |     console.log(markup! {
[INFO] [stdout]     |                 ^^^^^^
[INFO] [stdout]     |
[INFO] [stdout]     = note: import resolution is stuck, try simplifying macro imports
[INFO] [stdout] 
[INFO] [stdout] 
[INFO] [stdout] error: cannot determine resolution for the macro `markup`
[INFO] [stdout]    --> src/tests/assertions.rs:877:21
[INFO] [stdout]     |
[INFO] [stdout] 877 |         console.log(markup! {
[INFO] [stdout]     |                     ^^^^^^
[INFO] [stdout]     |
[INFO] [stdout]     = note: import resolution is stuck, try simplifying macro imports
[INFO] [stdout] 
[INFO] [stdout] 
[INFO] [stdout] error: cannot determine resolution for the macro `markup`
[INFO] [stdout]    --> src/tests/assertions.rs:897:17
[INFO] [stdout]     |
[INFO] [stdout] 897 |     console.log(markup! {
[INFO] [stdout]     |                 ^^^^^^
[INFO] [stdout]     |
[INFO] [stdout]     = note: import resolution is stuck, try simplifying macro imports
[INFO] [stdout] 
[INFO] [stdout] 
[INFO] [stdout] error: cannot determine resolution for the macro `markup`
[INFO] [stdout]    --> src/tests/assertions.rs:923:17
[INFO] [stdout]     |
[INFO] [stdout] 923 |     console.log(markup! {
[INFO] [stdout]     |                 ^^^^^^
[INFO] [stdout]     |
[INFO] [stdout]     = note: import resolution is stuck, try simplifying macro imports
[INFO] [stdout] 
[INFO] [stdout] 
[INFO] [stdout] error: cannot determine resolution for the macro `markup`
[INFO] [stdout]    --> src/tests/assertions.rs:946:17
[INFO] [stdout]     |
[INFO] [stdout] 946 |     console.log(markup! {
[INFO] [stdout]     |                 ^^^^^^
[INFO] [stdout]     |
[INFO] [stdout]     = note: import resolution is stuck, try simplifying macro imports
[INFO] [stdout] 
[INFO] [stdout] 
[INFO] [stdout] error: cannot determine resolution for the macro `markup`
[INFO] [stdout]    --> src/tests/assertions.rs:970:17
[INFO] [stdout]     |
[INFO] [stdout] 970 |     console.log(markup! {
[INFO] [stdout]     |                 ^^^^^^
[INFO] [stdout]     |
[INFO] [stdout]     = note: import resolution is stuck, try simplifying macro imports
[INFO] [stdout] 
[INFO] [stdout] 
[INFO] [stdout] warning: unused import: `builder::*`
[INFO] [stdout]   --> src/semantic_model.rs:32:9
[INFO] [stdout]    |
[INFO] [stdout] 32 | pub use builder::*;
[INFO] [stdout]    |         ^^^^^^^^^^
[INFO] [stdout]    |
[INFO] [stdout]    = note: `#[warn(unused_imports)]` on by default
[INFO] [stdout] 
[INFO] [stdout] 
[INFO] [stdout] error[E0433]: failed to resolve: use of undeclared crate or module `biome_js_parser`
[INFO] [stdout]    --> src/semantic_model/closure.rs:361:17
[INFO] [stdout]     |
[INFO] [stdout] 361 |         let r = biome_js_parser::parse(code, JsFileSource::tsx(), JsParserOptions::default());
[INFO] [stdout]     |                 ^^^^^^^^^^^^^^^ use of undeclared crate or module `biome_js_parser`
[INFO] [stdout] 
[INFO] [stdout] 
[INFO] [stdout] error[E0433]: failed to resolve: use of undeclared crate or module `biome_js_parser`
[INFO] [stdout]    --> src/semantic_model/closure.rs:404:17
[INFO] [stdout]     |
[INFO] [stdout] 404 |         let r = biome_js_parser::parse(code, JsFileSource::tsx(), JsParserOptions::default());
[INFO] [stdout]     |                 ^^^^^^^^^^^^^^^ use of undeclared crate or module `biome_js_parser`
[INFO] [stdout] 
[INFO] [stdout] 
[INFO] [stdout] error[E0433]: failed to resolve: use of undeclared crate or module `biome_js_parser`
[INFO] [stdout]   --> src/semantic_model/is_constant.rs:23:17
[INFO] [stdout]    |
[INFO] [stdout] 23 |         let r = biome_js_parser::parse(code, JsFileSource::js_module(), JsParserOptions::default());
[INFO] [stdout]    |                 ^^^^^^^^^^^^^^^ use of undeclared crate or module `biome_js_parser`
[INFO] [stdout] 
[INFO] [stdout] 
[INFO] [stdout] error[E0433]: failed to resolve: use of undeclared crate or module `biome_js_parser`
[INFO] [stdout]   --> src/semantic_model/tests.rs:16:17
[INFO] [stdout]    |
[INFO] [stdout] 16 |         let r = biome_js_parser::parse(
[INFO] [stdout]    |                 ^^^^^^^^^^^^^^^ use of undeclared crate or module `biome_js_parser`
[INFO] [stdout] 
[INFO] [stdout] 
[INFO] [stdout] error[E0433]: failed to resolve: use of undeclared crate or module `biome_js_parser`
[INFO] [stdout]    --> src/semantic_model/tests.rs:120:17
[INFO] [stdout]     |
[INFO] [stdout] 120 |         let r = biome_js_parser::parse(
[INFO] [stdout]     |                 ^^^^^^^^^^^^^^^ use of undeclared crate or module `biome_js_parser`
[INFO] [stdout] 
[INFO] [stdout] 
[INFO] [stdout] error[E0433]: failed to resolve: use of undeclared crate or module `biome_js_parser`
[INFO] [stdout]    --> src/semantic_model/tests.rs:162:17
[INFO] [stdout]     |
[INFO] [stdout] 162 |         let r = biome_js_parser::parse(code, JsFileSource::tsx(), JsParserOptions::default());
[INFO] [stdout]     |                 ^^^^^^^^^^^^^^^ use of undeclared crate or module `biome_js_parser`
[INFO] [stdout] 
[INFO] [stdout] 
[INFO] [stdout] error[E0433]: failed to resolve: use of undeclared crate or module `biome_js_parser`
[INFO] [stdout]    --> src/semantic_model/tests.rs:274:17
[INFO] [stdout]     |
[INFO] [stdout] 274 |         let r = biome_js_parser::parse(
[INFO] [stdout]     |                 ^^^^^^^^^^^^^^^ use of undeclared crate or module `biome_js_parser`
[INFO] [stdout] 
[INFO] [stdout] 
[INFO] [stdout] error[E0433]: failed to resolve: use of undeclared crate or module `biome_js_parser`
[INFO] [stdout]    --> src/tests/assertions.rs:109:13
[INFO] [stdout]     |
[INFO] [stdout] 109 |     let r = biome_js_parser::parse(code, JsFileSource::tsx(), JsParserOptions::default());
[INFO] [stdout]     |             ^^^^^^^^^^^^^^^ use of undeclared crate or module `biome_js_parser`
[INFO] [stdout] 
[INFO] [stdout] 
[INFO] [stdout] error: aborting due to 28 previous errors; 1 warning emitted
[INFO] [stdout] 
[INFO] [stdout] 
[INFO] [stdout] Some errors have detailed explanations: E0432, E0433.
[INFO] [stdout] 
[INFO] [stdout] For more information about an error, try `rustc --explain E0432`.
[INFO] [stdout] 
[INFO] [stderr] error: could not compile `biome_js_semantic` (lib test) due to 29 previous errors; 1 warning emitted
[INFO] running `Command { std: "docker" "inspect" "4e2f1d38de1322cc9911af84e1c395d84e4a80ea9777180d3b6deadff84b2eb4", kill_on_drop: false }`
[INFO] running `Command { std: "docker" "rm" "-f" "4e2f1d38de1322cc9911af84e1c395d84e4a80ea9777180d3b6deadff84b2eb4", kill_on_drop: false }`
[INFO] [stdout] 4e2f1d38de1322cc9911af84e1c395d84e4a80ea9777180d3b6deadff84b2eb4
[INFO] testing biome_js_semantic-0.3.1 against beta-2023-12-22 for beta-1.76-1
[INFO] extracting crate biome_js_semantic 0.3.1 into /workspace/builds/worker-0-tc2/source
[INFO] validating manifest of crates.io crate biome_js_semantic 0.3.1 on toolchain beta-2023-12-22
[INFO] running `Command { std: CARGO_HOME="/workspace/cargo-home" RUSTUP_HOME="/workspace/rustup-home" "/workspace/cargo-home/bin/cargo" "+beta-2023-12-22" "metadata" "--manifest-path" "Cargo.toml" "--no-deps", kill_on_drop: false }`
[INFO] started tweaking crates.io crate biome_js_semantic 0.3.1
[INFO] finished tweaking crates.io crate biome_js_semantic 0.3.1
[INFO] tweaked toml for crates.io crate biome_js_semantic 0.3.1 written to /workspace/builds/worker-0-tc2/source/Cargo.toml
[INFO] running `Command { std: CARGO_HOME="/workspace/cargo-home" RUSTUP_HOME="/workspace/rustup-home" "/workspace/cargo-home/bin/cargo" "+beta-2023-12-22" "generate-lockfile" "--manifest-path" "Cargo.toml", kill_on_drop: false }`
[INFO] [stderr]     Blocking waiting for file lock on package cache
[INFO] [stderr]     Updating crates.io index
[INFO] running `Command { std: CARGO_HOME="/workspace/cargo-home" RUSTUP_HOME="/workspace/rustup-home" "/workspace/cargo-home/bin/cargo" "+beta-2023-12-22" "fetch" "--manifest-path" "Cargo.toml", kill_on_drop: false }`
[INFO] [stderr]     Blocking waiting for file lock on package cache
[INFO] running `Command { std: "docker" "create" "-v" "/var/lib/crater-agent-workspace/builds/worker-0-tc2/target:/opt/rustwide/target:rw,Z" "-v" "/var/lib/crater-agent-workspace/builds/worker-0-tc2/source:/opt/rustwide/workdir:ro,Z" "-v" "/var/lib/crater-agent-workspace/cargo-home:/opt/rustwide/cargo-home:ro,Z" "-v" "/var/lib/crater-agent-workspace/rustup-home:/opt/rustwide/rustup-home:ro,Z" "-e" "SOURCE_DIR=/opt/rustwide/workdir" "-e" "CARGO_TARGET_DIR=/opt/rustwide/target" "-e" "CARGO_HOME=/opt/rustwide/cargo-home" "-e" "RUSTUP_HOME=/opt/rustwide/rustup-home" "-w" "/opt/rustwide/workdir" "-m" "1610612736" "--user" "0:0" "--network" "none" "ghcr.io/rust-lang/crates-build-env/linux@sha256:2788e3201cd34a07e3172128adcd8b3090168a8e3bcc40d7c032b9dda1df7d1c" "/opt/rustwide/cargo-home/bin/cargo" "+beta-2023-12-22" "metadata" "--no-deps" "--format-version=1", kill_on_drop: false }`
[INFO] [stdout] 80521943d66efdb3bb1fd2da733dfdc0eaa311b68718f5c0676e437c6abe9407
[INFO] running `Command { std: "docker" "start" "-a" "80521943d66efdb3bb1fd2da733dfdc0eaa311b68718f5c0676e437c6abe9407", kill_on_drop: false }`
[INFO] running `Command { std: "docker" "inspect" "80521943d66efdb3bb1fd2da733dfdc0eaa311b68718f5c0676e437c6abe9407", kill_on_drop: false }`
[INFO] running `Command { std: "docker" "rm" "-f" "80521943d66efdb3bb1fd2da733dfdc0eaa311b68718f5c0676e437c6abe9407", kill_on_drop: false }`
[INFO] [stdout] 80521943d66efdb3bb1fd2da733dfdc0eaa311b68718f5c0676e437c6abe9407
[INFO] running `Command { std: "docker" "create" "-v" "/var/lib/crater-agent-workspace/builds/worker-0-tc2/target:/opt/rustwide/target:rw,Z" "-v" "/var/lib/crater-agent-workspace/builds/worker-0-tc2/source:/opt/rustwide/workdir:ro,Z" "-v" "/var/lib/crater-agent-workspace/cargo-home:/opt/rustwide/cargo-home:ro,Z" "-v" "/var/lib/crater-agent-workspace/rustup-home:/opt/rustwide/rustup-home:ro,Z" "-e" "SOURCE_DIR=/opt/rustwide/workdir" "-e" "CARGO_TARGET_DIR=/opt/rustwide/target" "-e" "CARGO_INCREMENTAL=0" "-e" "RUST_BACKTRACE=full" "-e" "RUSTFLAGS=--cap-lints=warn" "-e" "RUSTDOCFLAGS=--cap-lints=warn" "-e" "CARGO_HOME=/opt/rustwide/cargo-home" "-e" "RUSTUP_HOME=/opt/rustwide/rustup-home" "-w" "/opt/rustwide/workdir" "-m" "1610612736" "--user" "0:0" "--network" "none" "ghcr.io/rust-lang/crates-build-env/linux@sha256:2788e3201cd34a07e3172128adcd8b3090168a8e3bcc40d7c032b9dda1df7d1c" "/opt/rustwide/cargo-home/bin/cargo" "+beta-2023-12-22" "build" "--frozen" "--message-format=json", kill_on_drop: false }`
[INFO] [stdout] 596f4ecc2f308a9ed91581fb089d58bfbce92141e39fa67518b3111b5b2b59c4
[INFO] running `Command { std: "docker" "start" "-a" "596f4ecc2f308a9ed91581fb089d58bfbce92141e39fa67518b3111b5b2b59c4", kill_on_drop: false }`
[INFO] [stderr]    Compiling syn v1.0.109
[INFO] [stderr]    Compiling unicode-segmentation v1.10.1
[INFO] [stderr]    Compiling regex-automata v0.1.10
[INFO] [stderr]    Compiling schemars v0.8.16
[INFO] [stderr]    Compiling proc-macro-error-attr v1.0.4
[INFO] [stderr]    Compiling proc-macro-error v1.0.4
[INFO] [stderr]    Compiling memoffset v0.8.0
[INFO] [stderr]    Compiling gimli v0.28.1
[INFO] [stderr]    Compiling miniz_oxide v0.7.1
[INFO] [stderr]    Compiling object v0.32.2
[INFO] [stderr]    Compiling countme v3.0.1
[INFO] [stderr]    Compiling syn v2.0.48
[INFO] [stderr]    Compiling cc v1.0.83
[INFO] [stderr]    Compiling biome_diagnostics_categories v0.3.1
[INFO] [stderr]    Compiling hashbrown v0.12.3
[INFO] [stderr]    Compiling rustc-demangle v0.1.23
[INFO] [stderr]    Compiling rust-lapper v1.1.0
[INFO] [stderr]    Compiling bstr v0.2.17
[INFO] [stderr]    Compiling similar v2.4.0
[INFO] [stderr]    Compiling backtrace v0.3.69
[INFO] [stderr]    Compiling biome_markup v0.3.1
[INFO] [stderr]    Compiling serde_derive_internals v0.26.0
[INFO] [stderr]    Compiling addr2line v0.21.0
[INFO] [stderr]    Compiling biome_diagnostics_macros v0.3.1
[INFO] [stderr]    Compiling schemars_derive v0.8.16
[INFO] [stderr]    Compiling serde_derive v1.0.194
[INFO] [stderr]    Compiling bpaf_derive v0.5.7
[INFO] [stderr]    Compiling bpaf v0.9.8
[INFO] [stderr]    Compiling serde v1.0.194
[INFO] [stderr]    Compiling biome_text_size v0.3.1
[INFO] [stderr]    Compiling serde_json v1.0.111
[INFO] [stderr]    Compiling biome_text_edit v0.3.1
[INFO] [stderr]    Compiling biome_rowan v0.3.1
[INFO] [stderr]    Compiling biome_console v0.3.1
[INFO] [stderr]    Compiling biome_diagnostics v0.3.1
[INFO] [stderr]    Compiling biome_js_syntax v0.3.1
[INFO] [stderr]    Compiling biome_js_semantic v0.3.1 (/opt/rustwide/workdir)
[INFO] [stdout] warning: unused import: `builder::*`
[INFO] [stdout]   --> src/semantic_model.rs:32:9
[INFO] [stdout]    |
[INFO] [stdout] 32 | pub use builder::*;
[INFO] [stdout]    |         ^^^^^^^^^^
[INFO] [stdout]    |
[INFO] [stdout]    = note: `#[warn(unused_imports)]` on by default
[INFO] [stdout] 
[INFO] [stdout] 
[INFO] [stdout] warning: 1 warning emitted
[INFO] [stdout] 
[INFO] [stdout] 
[INFO] [stderr]     Finished dev [unoptimized + debuginfo] target(s) in 26.04s
[INFO] running `Command { std: "docker" "inspect" "596f4ecc2f308a9ed91581fb089d58bfbce92141e39fa67518b3111b5b2b59c4", kill_on_drop: false }`
[INFO] running `Command { std: "docker" "rm" "-f" "596f4ecc2f308a9ed91581fb089d58bfbce92141e39fa67518b3111b5b2b59c4", kill_on_drop: false }`
[INFO] [stdout] 596f4ecc2f308a9ed91581fb089d58bfbce92141e39fa67518b3111b5b2b59c4
[INFO] running `Command { std: "docker" "create" "-v" "/var/lib/crater-agent-workspace/builds/worker-0-tc2/target:/opt/rustwide/target:rw,Z" "-v" "/var/lib/crater-agent-workspace/builds/worker-0-tc2/source:/opt/rustwide/workdir:ro,Z" "-v" "/var/lib/crater-agent-workspace/cargo-home:/opt/rustwide/cargo-home:ro,Z" "-v" "/var/lib/crater-agent-workspace/rustup-home:/opt/rustwide/rustup-home:ro,Z" "-e" "SOURCE_DIR=/opt/rustwide/workdir" "-e" "CARGO_TARGET_DIR=/opt/rustwide/target" "-e" "CARGO_INCREMENTAL=0" "-e" "RUST_BACKTRACE=full" "-e" "RUSTFLAGS=--cap-lints=warn" "-e" "RUSTDOCFLAGS=--cap-lints=warn" "-e" "CARGO_HOME=/opt/rustwide/cargo-home" "-e" "RUSTUP_HOME=/opt/rustwide/rustup-home" "-w" "/opt/rustwide/workdir" "-m" "1610612736" "--user" "0:0" "--network" "none" "ghcr.io/rust-lang/crates-build-env/linux@sha256:2788e3201cd34a07e3172128adcd8b3090168a8e3bcc40d7c032b9dda1df7d1c" "/opt/rustwide/cargo-home/bin/cargo" "+beta-2023-12-22" "test" "--frozen" "--no-run" "--message-format=json", kill_on_drop: false }`
[INFO] [stdout] 1f4923a9b97f80552ee69ef873892af541ff19454ce77bc6d5611f8fd3dff17d
[INFO] running `Command { std: "docker" "start" "-a" "1f4923a9b97f80552ee69ef873892af541ff19454ce77bc6d5611f8fd3dff17d", kill_on_drop: false }`
[INFO] [stderr]    Compiling biome_js_semantic v0.3.1 (/opt/rustwide/workdir)
[INFO] [stdout] warning: unused import: `builder::*`
[INFO] [stdout]   --> src/semantic_model.rs:32:9
[INFO] [stdout]    |
[INFO] [stdout] 32 | pub use builder::*;
[INFO] [stdout]    |         ^^^^^^^^^^
[INFO] [stdout]    |
[INFO] [stdout]    = note: `#[warn(unused_imports)]` on by default
[INFO] [stdout] 
[INFO] [stdout] 
[INFO] [stdout] warning: 1 warning emitted
[INFO] [stdout] 
[INFO] [stdout] 
[INFO] [stdout] error[E0432]: unresolved import `biome_js_parser`
[INFO] [stdout]    --> src/semantic_model/closure.rs:356:9
[INFO] [stdout]     |
[INFO] [stdout] 356 |     use biome_js_parser::JsParserOptions;
[INFO] [stdout]     |         ^^^^^^^^^^^^^^^ use of undeclared crate or module `biome_js_parser`
[INFO] [stdout] 
[INFO] [stdout] 
[INFO] [stdout] error[E0432]: unresolved import `biome_js_parser`
[INFO] [stdout]   --> src/semantic_model/is_constant.rs:15:9
[INFO] [stdout]    |
[INFO] [stdout] 15 |     use biome_js_parser::JsParserOptions;
[INFO] [stdout]    |         ^^^^^^^^^^^^^^^ use of undeclared crate or module `biome_js_parser`
[INFO] [stdout] 
[INFO] [stdout] 
[INFO] [stdout] error[E0432]: unresolved import `biome_js_parser`
[INFO] [stdout]  --> src/semantic_model/tests.rs:7:9
[INFO] [stdout]   |
[INFO] [stdout] 7 |     use biome_js_parser::JsParserOptions;
[INFO] [stdout]   |         ^^^^^^^^^^^^^^^ use of undeclared crate or module `biome_js_parser`
[INFO] [stdout] 
[INFO] [stdout] 
[INFO] [stdout] error[E0433]: failed to resolve: use of undeclared crate or module `biome_diagnostics`
[INFO] [stdout]  --> src/tests/assertions.rs:3:5
[INFO] [stdout]   |
[INFO] [stdout] 3 | use biome_diagnostics::location::AsSpan;
[INFO] [stdout]   |     ^^^^^^^^^^^^^^^^^ use of undeclared crate or module `biome_diagnostics`
[INFO] [stdout] 
[INFO] [stdout] 
[INFO] [stdout] error[E0432]: unresolved import `biome_console`
[INFO] [stdout]  --> src/tests/assertions.rs:2:5
[INFO] [stdout]   |
[INFO] [stdout] 2 | use biome_console::{markup, ConsoleExt, EnvConsole};
[INFO] [stdout]   |     ^^^^^^^^^^^^^ use of undeclared crate or module `biome_console`
[INFO] [stdout] 
[INFO] [stdout] 
[INFO] [stdout] error[E0432]: unresolved import `biome_diagnostics`
[INFO] [stdout]  --> src/tests/assertions.rs:4:5
[INFO] [stdout]   |
[INFO] [stdout] 4 | use biome_diagnostics::{
[INFO] [stdout]   |     ^^^^^^^^^^^^^^^^^ use of undeclared crate or module `biome_diagnostics`
[INFO] [stdout] 
[INFO] [stdout] 
[INFO] [stdout] error[E0432]: unresolved import `biome_js_parser`
[INFO] [stdout]  --> src/tests/assertions.rs:7:5
[INFO] [stdout]   |
[INFO] [stdout] 7 | use biome_js_parser::JsParserOptions;
[INFO] [stdout]   |     ^^^^^^^^^^^^^^^ use of undeclared crate or module `biome_js_parser`
[INFO] [stdout] 
[INFO] [stdout] 
[INFO] [stdout] error: cannot determine resolution for the macro `markup`
[INFO] [stdout]    --> src/tests/assertions.rs:117:25
[INFO] [stdout]     |
[INFO] [stdout] 117 |             console.log(markup! {
[INFO] [stdout]     |                         ^^^^^^
[INFO] [stdout]     |
[INFO] [stdout]     = note: import resolution is stuck, try simplifying macro imports
[INFO] [stdout] 
[INFO] [stdout] 
[INFO] [stdout] error: cannot determine resolution for the derive macro `Diagnostic`
[INFO] [stdout]    --> src/tests/assertions.rs:149:17
[INFO] [stdout]     |
[INFO] [stdout] 149 | #[derive(Debug, Diagnostic)]
[INFO] [stdout]     |                 ^^^^^^^^^^
[INFO] [stdout]     |
[INFO] [stdout]     = note: import resolution is stuck, try simplifying macro imports
[INFO] [stdout] 
[INFO] [stdout] 
[INFO] [stdout] error: cannot find attribute `diagnostic` in this scope
[INFO] [stdout]    --> src/tests/assertions.rs:150:3
[INFO] [stdout]     |
[INFO] [stdout] 150 | #[diagnostic(category = "semanticTests")]
[INFO] [stdout]     |   ^^^^^^^^^^
[INFO] [stdout] 
[INFO] [stdout] 
[INFO] [stdout] error: cannot find attribute `message` in this scope
[INFO] [stdout]    --> src/tests/assertions.rs:152:7
[INFO] [stdout]     |
[INFO] [stdout] 152 |     #[message]
[INFO] [stdout]     |       ^^^^^^^
[INFO] [stdout] 
[INFO] [stdout] 
[INFO] [stdout] error: cannot find attribute `description` in this scope
[INFO] [stdout]    --> src/tests/assertions.rs:153:7
[INFO] [stdout]     |
[INFO] [stdout] 153 |     #[description]
[INFO] [stdout]     |       ^^^^^^^^^^^
[INFO] [stdout] 
[INFO] [stdout] 
[INFO] [stdout] error: cannot find attribute `location` in this scope
[INFO] [stdout]    --> src/tests/assertions.rs:156:7
[INFO] [stdout]     |
[INFO] [stdout] 156 |     #[location(span)]
[INFO] [stdout]     |       ^^^^^^^^
[INFO] [stdout] 
[INFO] [stdout] 
[INFO] [stdout] error: cannot find attribute `advice` in this scope
[INFO] [stdout]    --> src/tests/assertions.rs:159:7
[INFO] [stdout]     |
[INFO] [stdout] 159 |     #[advice]
[INFO] [stdout]     |       ^^^^^^
[INFO] [stdout] 
[INFO] [stdout] 
[INFO] [stdout] error: cannot determine resolution for the macro `markup`
[INFO] [stdout]    --> src/tests/assertions.rs:819:17
[INFO] [stdout]     |
[INFO] [stdout] 819 |     console.log(markup! {
[INFO] [stdout]     |                 ^^^^^^
[INFO] [stdout]     |
[INFO] [stdout]     = note: import resolution is stuck, try simplifying macro imports
[INFO] [stdout] 
[INFO] [stdout] 
[INFO] [stdout] error: cannot determine resolution for the macro `markup`
[INFO] [stdout]    --> src/tests/assertions.rs:877:21
[INFO] [stdout]     |
[INFO] [stdout] 877 |         console.log(markup! {
[INFO] [stdout]     |                     ^^^^^^
[INFO] [stdout]     |
[INFO] [stdout]     = note: import resolution is stuck, try simplifying macro imports
[INFO] [stdout] 
[INFO] [stdout] 
[INFO] [stdout] error: cannot determine resolution for the macro `markup`
[INFO] [stdout]    --> src/tests/assertions.rs:897:17
[INFO] [stdout]     |
[INFO] [stdout] 897 |     console.log(markup! {
[INFO] [stdout]     |                 ^^^^^^
[INFO] [stdout]     |
[INFO] [stdout]     = note: import resolution is stuck, try simplifying macro imports
[INFO] [stdout] 
[INFO] [stdout] 
[INFO] [stdout] error: cannot determine resolution for the macro `markup`
[INFO] [stdout]    --> src/tests/assertions.rs:923:17
[INFO] [stdout]     |
[INFO] [stdout] 923 |     console.log(markup! {
[INFO] [stdout]     |                 ^^^^^^
[INFO] [stdout]     |
[INFO] [stdout]     = note: import resolution is stuck, try simplifying macro imports
[INFO] [stdout] 
[INFO] [stdout] 
[INFO] [stdout] error: cannot determine resolution for the macro `markup`
[INFO] [stdout]    --> src/tests/assertions.rs:946:17
[INFO] [stdout]     |
[INFO] [stdout] 946 |     console.log(markup! {
[INFO] [stdout]     |                 ^^^^^^
[INFO] [stdout]     |
[INFO] [stdout]     = note: import resolution is stuck, try simplifying macro imports
[INFO] [stdout] 
[INFO] [stdout] 
[INFO] [stdout] error: cannot determine resolution for the macro `markup`
[INFO] [stdout]    --> src/tests/assertions.rs:970:17
[INFO] [stdout]     |
[INFO] [stdout] 970 |     console.log(markup! {
[INFO] [stdout]     |                 ^^^^^^
[INFO] [stdout]     |
[INFO] [stdout]     = note: import resolution is stuck, try simplifying macro imports
[INFO] [stdout] 
[INFO] [stdout] 
[INFO] [stdout] warning: unused import: `builder::*`
[INFO] [stdout]   --> src/semantic_model.rs:32:9
[INFO] [stdout]    |
[INFO] [stdout] 32 | pub use builder::*;
[INFO] [stdout]    |         ^^^^^^^^^^
[INFO] [stdout]    |
[INFO] [stdout]    = note: `#[warn(unused_imports)]` on by default
[INFO] [stdout] 
[INFO] [stdout] 
[INFO] [stdout] error[E0433]: failed to resolve: use of undeclared crate or module `biome_js_parser`
[INFO] [stdout]    --> src/semantic_model/closure.rs:361:17
[INFO] [stdout]     |
[INFO] [stdout] 361 |         let r = biome_js_parser::parse(code, JsFileSource::tsx(), JsParserOptions::default());
[INFO] [stdout]     |                 ^^^^^^^^^^^^^^^ use of undeclared crate or module `biome_js_parser`
[INFO] [stdout] 
[INFO] [stdout] 
[INFO] [stdout] error[E0433]: failed to resolve: use of undeclared crate or module `biome_js_parser`
[INFO] [stdout]    --> src/semantic_model/closure.rs:404:17
[INFO] [stdout]     |
[INFO] [stdout] 404 |         let r = biome_js_parser::parse(code, JsFileSource::tsx(), JsParserOptions::default());
[INFO] [stdout]     |                 ^^^^^^^^^^^^^^^ use of undeclared crate or module `biome_js_parser`
[INFO] [stdout] 
[INFO] [stdout] 
[INFO] [stdout] error[E0433]: failed to resolve: use of undeclared crate or module `biome_js_parser`
[INFO] [stdout]   --> src/semantic_model/is_constant.rs:23:17
[INFO] [stdout]    |
[INFO] [stdout] 23 |         let r = biome_js_parser::parse(code, JsFileSource::js_module(), JsParserOptions::default());
[INFO] [stdout]    |                 ^^^^^^^^^^^^^^^ use of undeclared crate or module `biome_js_parser`
[INFO] [stdout] 
[INFO] [stdout] 
[INFO] [stdout] error[E0433]: failed to resolve: use of undeclared crate or module `biome_js_parser`
[INFO] [stdout]   --> src/semantic_model/tests.rs:16:17
[INFO] [stdout]    |
[INFO] [stdout] 16 |         let r = biome_js_parser::parse(
[INFO] [stdout]    |                 ^^^^^^^^^^^^^^^ use of undeclared crate or module `biome_js_parser`
[INFO] [stdout] 
[INFO] [stdout] 
[INFO] [stdout] error[E0433]: failed to resolve: use of undeclared crate or module `biome_js_parser`
[INFO] [stdout]    --> src/semantic_model/tests.rs:120:17
[INFO] [stdout]     |
[INFO] [stdout] 120 |         let r = biome_js_parser::parse(
[INFO] [stdout]     |                 ^^^^^^^^^^^^^^^ use of undeclared crate or module `biome_js_parser`
[INFO] [stdout] 
[INFO] [stdout] 
[INFO] [stdout] error[E0433]: failed to resolve: use of undeclared crate or module `biome_js_parser`
[INFO] [stdout]    --> src/semantic_model/tests.rs:162:17
[INFO] [stdout]     |
[INFO] [stdout] 162 |         let r = biome_js_parser::parse(code, JsFileSource::tsx(), JsParserOptions::default());
[INFO] [stdout]     |                 ^^^^^^^^^^^^^^^ use of undeclared crate or module `biome_js_parser`
[INFO] [stdout] 
[INFO] [stdout] 
[INFO] [stdout] error[E0433]: failed to resolve: use of undeclared crate or module `biome_js_parser`
[INFO] [stdout]    --> src/semantic_model/tests.rs:274:17
[INFO] [stdout]     |
[INFO] [stdout] 274 |         let r = biome_js_parser::parse(
[INFO] [stdout]     |                 ^^^^^^^^^^^^^^^ use of undeclared crate or module `biome_js_parser`
[INFO] [stdout] 
[INFO] [stdout] 
[INFO] [stdout] error[E0433]: failed to resolve: use of undeclared crate or module `biome_js_parser`
[INFO] [stdout]    --> src/tests/assertions.rs:109:13
[INFO] [stdout]     |
[INFO] [stdout] 109 |     let r = biome_js_parser::parse(code, JsFileSource::tsx(), JsParserOptions::default());
[INFO] [stdout]     |             ^^^^^^^^^^^^^^^ use of undeclared crate or module `biome_js_parser`
[INFO] [stdout] 
[INFO] [stdout] 
[INFO] [stdout] error: aborting due to 28 previous errors; 1 warning emitted
[INFO] [stdout] 
[INFO] [stdout] 
[INFO] [stdout] Some errors have detailed explanations: E0432, E0433.
[INFO] [stdout] 
[INFO] [stdout] For more information about an error, try `rustc --explain E0432`.
[INFO] [stdout] 
[INFO] [stderr] error: could not compile `biome_js_semantic` (lib test) due to 29 previous errors; 1 warning emitted
[INFO] running `Command { std: "docker" "inspect" "1f4923a9b97f80552ee69ef873892af541ff19454ce77bc6d5611f8fd3dff17d", kill_on_drop: false }`
[INFO] running `Command { std: "docker" "rm" "-f" "1f4923a9b97f80552ee69ef873892af541ff19454ce77bc6d5611f8fd3dff17d", kill_on_drop: false }`
[INFO] [stdout] 1f4923a9b97f80552ee69ef873892af541ff19454ce77bc6d5611f8fd3dff17d
