[INFO] fetching crate biome_js_parser 0.3.1...
[INFO] testing biome_js_parser-0.3.1 against 1.75.0 for beta-1.76-1
[INFO] extracting crate biome_js_parser 0.3.1 into /workspace/builds/worker-5-tc1/source
[INFO] validating manifest of crates.io crate biome_js_parser 0.3.1 on toolchain 1.75.0
[INFO] running `Command { std: CARGO_HOME="/workspace/cargo-home" RUSTUP_HOME="/workspace/rustup-home" "/workspace/cargo-home/bin/cargo" "+1.75.0" "metadata" "--manifest-path" "Cargo.toml" "--no-deps", kill_on_drop: false }`
[INFO] started tweaking crates.io crate biome_js_parser 0.3.1
[INFO] finished tweaking crates.io crate biome_js_parser 0.3.1
[INFO] tweaked toml for crates.io crate biome_js_parser 0.3.1 written to /workspace/builds/worker-5-tc1/source/Cargo.toml
[INFO] running `Command { std: CARGO_HOME="/workspace/cargo-home" RUSTUP_HOME="/workspace/rustup-home" "/workspace/cargo-home/bin/cargo" "+1.75.0" "generate-lockfile" "--manifest-path" "Cargo.toml", kill_on_drop: false }`
[INFO] [stderr]     Updating crates.io index
[INFO] running `Command { std: CARGO_HOME="/workspace/cargo-home" RUSTUP_HOME="/workspace/rustup-home" "/workspace/cargo-home/bin/cargo" "+1.75.0" "fetch" "--manifest-path" "Cargo.toml", kill_on_drop: false }`
[INFO] [stderr]  Downloading crates ...
[INFO] [stderr]   Downloaded dissimilar v1.0.7
[INFO] [stderr]   Downloaded biome_js_factory v0.3.1
[INFO] [stderr]   Downloaded expect-test v1.4.1
[INFO] [stderr]   Downloaded biome_js_syntax v0.3.1
[INFO] running `Command { std: "docker" "create" "-v" "/var/lib/crater-agent-workspace/builds/worker-5-tc1/target:/opt/rustwide/target:rw,Z" "-v" "/var/lib/crater-agent-workspace/builds/worker-5-tc1/source:/opt/rustwide/workdir:ro,Z" "-v" "/var/lib/crater-agent-workspace/cargo-home:/opt/rustwide/cargo-home:ro,Z" "-v" "/var/lib/crater-agent-workspace/rustup-home:/opt/rustwide/rustup-home:ro,Z" "-e" "SOURCE_DIR=/opt/rustwide/workdir" "-e" "CARGO_TARGET_DIR=/opt/rustwide/target" "-e" "CARGO_HOME=/opt/rustwide/cargo-home" "-e" "RUSTUP_HOME=/opt/rustwide/rustup-home" "-w" "/opt/rustwide/workdir" "-m" "1610612736" "--user" "0:0" "--network" "none" "ghcr.io/rust-lang/crates-build-env/linux@sha256:2788e3201cd34a07e3172128adcd8b3090168a8e3bcc40d7c032b9dda1df7d1c" "/opt/rustwide/cargo-home/bin/cargo" "+1.75.0" "metadata" "--no-deps" "--format-version=1", kill_on_drop: false }`
[INFO] [stdout] 9693e9c4ff3345be1153f1912cb9d88c6d65eb97142b671aeb282755ec2a4e14
[INFO] running `Command { std: "docker" "start" "-a" "9693e9c4ff3345be1153f1912cb9d88c6d65eb97142b671aeb282755ec2a4e14", kill_on_drop: false }`
[INFO] running `Command { std: "docker" "inspect" "9693e9c4ff3345be1153f1912cb9d88c6d65eb97142b671aeb282755ec2a4e14", kill_on_drop: false }`
[INFO] running `Command { std: "docker" "rm" "-f" "9693e9c4ff3345be1153f1912cb9d88c6d65eb97142b671aeb282755ec2a4e14", kill_on_drop: false }`
[INFO] [stdout] 9693e9c4ff3345be1153f1912cb9d88c6d65eb97142b671aeb282755ec2a4e14
[INFO] running `Command { std: "docker" "create" "-v" "/var/lib/crater-agent-workspace/builds/worker-5-tc1/target:/opt/rustwide/target:rw,Z" "-v" "/var/lib/crater-agent-workspace/builds/worker-5-tc1/source:/opt/rustwide/workdir:ro,Z" "-v" "/var/lib/crater-agent-workspace/cargo-home:/opt/rustwide/cargo-home:ro,Z" "-v" "/var/lib/crater-agent-workspace/rustup-home:/opt/rustwide/rustup-home:ro,Z" "-e" "SOURCE_DIR=/opt/rustwide/workdir" "-e" "CARGO_TARGET_DIR=/opt/rustwide/target" "-e" "CARGO_INCREMENTAL=0" "-e" "RUST_BACKTRACE=full" "-e" "RUSTFLAGS=--cap-lints=warn" "-e" "RUSTDOCFLAGS=--cap-lints=warn" "-e" "CARGO_HOME=/opt/rustwide/cargo-home" "-e" "RUSTUP_HOME=/opt/rustwide/rustup-home" "-w" "/opt/rustwide/workdir" "-m" "1610612736" "--user" "0:0" "--network" "none" "ghcr.io/rust-lang/crates-build-env/linux@sha256:2788e3201cd34a07e3172128adcd8b3090168a8e3bcc40d7c032b9dda1df7d1c" "/opt/rustwide/cargo-home/bin/cargo" "+1.75.0" "build" "--frozen" "--message-format=json", kill_on_drop: false }`
[INFO] [stdout] f2b10e13129774b42f1973ca6f73525dbcb27c48b0f276b4f3a028ed4ce3cb42
[INFO] running `Command { std: "docker" "start" "-a" "f2b10e13129774b42f1973ca6f73525dbcb27c48b0f276b4f3a028ed4ce3cb42", kill_on_drop: false }`
[INFO] [stderr]    Compiling proc-macro2 v1.0.75
[INFO] [stderr]    Compiling unicode-ident v1.0.12
[INFO] [stderr]    Compiling serde v1.0.194
[INFO] [stderr]    Compiling version_check v0.9.4
[INFO] [stderr]    Compiling syn v1.0.109
[INFO] [stderr]    Compiling autocfg v1.1.0
[INFO] [stderr]    Compiling libc v0.2.151
[INFO] [stderr]    Compiling memchr v2.7.1
[INFO] [stderr]    Compiling unicode-segmentation v1.10.1
[INFO] [stderr]    Compiling serde_json v1.0.111
[INFO] [stderr]    Compiling regex-automata v0.1.10
[INFO] [stderr]    Compiling itoa v1.0.10
[INFO] [stderr]    Compiling schemars v0.8.16
[INFO] [stderr]    Compiling ryu v1.0.16
[INFO] [stderr]    Compiling once_cell v1.19.0
[INFO] [stderr]    Compiling dyn-clone v1.0.16
[INFO] [stderr]    Compiling hashbrown v0.12.3
[INFO] [stderr]    Compiling gimli v0.28.1
[INFO] [stderr]    Compiling adler v1.0.2
[INFO] [stderr]    Compiling tracing-core v0.1.32
[INFO] [stderr]    Compiling pin-project-lite v0.2.13
[INFO] [stderr]    Compiling miniz_oxide v0.7.1
[INFO] [stderr]    Compiling unicode-width v0.1.11
[INFO] [stderr]    Compiling rustc-hash v1.1.0
[INFO] [stderr]    Compiling cfg-if v1.0.0
[INFO] [stderr]    Compiling rustc-demangle v0.1.23
[INFO] [stderr]    Compiling memoffset v0.8.0
[INFO] [stderr]    Compiling countme v3.0.1
[INFO] [stderr]    Compiling proc-macro-error-attr v1.0.4
[INFO] [stderr]    Compiling proc-macro-error v1.0.4
[INFO] [stderr]    Compiling termcolor v1.4.0
[INFO] [stderr]    Compiling bitflags v2.4.1
[INFO] [stderr]    Compiling indexmap v1.9.3
[INFO] [stderr]    Compiling drop_bomb v0.1.5
[INFO] [stderr]    Compiling unicode-bom v2.0.3
[INFO] [stderr]    Compiling smallvec v1.11.2
[INFO] [stderr]    Compiling bstr v0.2.17
[INFO] [stderr]    Compiling object v0.32.2
[INFO] [stderr]    Compiling biome_js_unicode_table v0.3.1
[INFO] [stderr]    Compiling tracing v0.1.40
[INFO] [stderr]    Compiling quote v1.0.35
[INFO] [stderr]    Compiling syn v2.0.48
[INFO] [stderr]    Compiling similar v2.4.0
[INFO] [stderr]    Compiling biome_diagnostics_categories v0.3.1
[INFO] [stderr]    Compiling cc v1.0.83
[INFO] [stderr]    Compiling biome_markup v0.3.1
[INFO] [stderr]    Compiling backtrace v0.3.69
[INFO] [stderr]    Compiling addr2line v0.21.0
[INFO] [stderr]    Compiling serde_derive_internals v0.26.0
[INFO] [stderr]    Compiling biome_diagnostics_macros v0.3.1
[INFO] [stderr]    Compiling schemars_derive v0.8.16
[INFO] [stderr]    Compiling serde_derive v1.0.194
[INFO] [stderr]    Compiling bpaf_derive v0.5.7
[INFO] [stderr]    Compiling bpaf v0.9.8
[INFO] [stderr]    Compiling biome_text_size v0.3.1
[INFO] [stderr]    Compiling biome_text_edit v0.3.1
[INFO] [stderr]    Compiling biome_rowan v0.3.1
[INFO] [stderr]    Compiling biome_console v0.3.1
[INFO] [stderr]    Compiling biome_diagnostics v0.3.1
[INFO] [stderr]    Compiling biome_js_syntax v0.3.1
[INFO] [stderr]    Compiling biome_parser v0.3.1
[INFO] [stderr]    Compiling biome_js_factory v0.3.1
[INFO] [stderr]    Compiling biome_js_parser v0.3.1 (/opt/rustwide/workdir)
[INFO] [stderr]     Finished dev [unoptimized + debuginfo] target(s) in 39.12s
[INFO] running `Command { std: "docker" "inspect" "f2b10e13129774b42f1973ca6f73525dbcb27c48b0f276b4f3a028ed4ce3cb42", kill_on_drop: false }`
[INFO] running `Command { std: "docker" "rm" "-f" "f2b10e13129774b42f1973ca6f73525dbcb27c48b0f276b4f3a028ed4ce3cb42", kill_on_drop: false }`
[INFO] [stdout] f2b10e13129774b42f1973ca6f73525dbcb27c48b0f276b4f3a028ed4ce3cb42
[INFO] running `Command { std: "docker" "create" "-v" "/var/lib/crater-agent-workspace/builds/worker-5-tc1/target:/opt/rustwide/target:rw,Z" "-v" "/var/lib/crater-agent-workspace/builds/worker-5-tc1/source:/opt/rustwide/workdir:ro,Z" "-v" "/var/lib/crater-agent-workspace/cargo-home:/opt/rustwide/cargo-home:ro,Z" "-v" "/var/lib/crater-agent-workspace/rustup-home:/opt/rustwide/rustup-home:ro,Z" "-e" "SOURCE_DIR=/opt/rustwide/workdir" "-e" "CARGO_TARGET_DIR=/opt/rustwide/target" "-e" "CARGO_INCREMENTAL=0" "-e" "RUST_BACKTRACE=full" "-e" "RUSTFLAGS=--cap-lints=warn" "-e" "RUSTDOCFLAGS=--cap-lints=warn" "-e" "CARGO_HOME=/opt/rustwide/cargo-home" "-e" "RUSTUP_HOME=/opt/rustwide/rustup-home" "-w" "/opt/rustwide/workdir" "-m" "1610612736" "--user" "0:0" "--network" "none" "ghcr.io/rust-lang/crates-build-env/linux@sha256:2788e3201cd34a07e3172128adcd8b3090168a8e3bcc40d7c032b9dda1df7d1c" "/opt/rustwide/cargo-home/bin/cargo" "+1.75.0" "test" "--frozen" "--no-run" "--message-format=json", kill_on_drop: false }`
[INFO] [stdout] 4f38def45b803310eabf9d1e6a6d74d65a5d3f67e6a72945160a99f501d1f991
[INFO] running `Command { std: "docker" "start" "-a" "4f38def45b803310eabf9d1e6a6d74d65a5d3f67e6a72945160a99f501d1f991", kill_on_drop: false }`
[INFO] [stderr]    Compiling syn v1.0.109
[INFO] [stderr]    Compiling bstr v0.2.17
[INFO] [stderr]    Compiling object v0.32.2
[INFO] [stderr]    Compiling regex-syntax v0.8.2
[INFO] [stderr]    Compiling getrandom v0.2.11
[INFO] [stderr]    Compiling log v0.4.20
[INFO] [stderr]    Compiling dissimilar v1.0.7
[INFO] [stderr]    Compiling rand_core v0.6.4
[INFO] [stderr]    Compiling rand v0.8.5
[INFO] [stderr]    Compiling expect-test v1.4.1
[INFO] [stderr]    Compiling similar v2.4.0
[INFO] [stderr]    Compiling biome_text_edit v0.3.1
[INFO] [stderr]    Compiling biome_rowan v0.3.1
[INFO] [stderr]    Compiling regex-automata v0.4.3
[INFO] [stderr]    Compiling backtrace v0.3.69
[INFO] [stderr]    Compiling serde_derive_internals v0.26.0
[INFO] [stderr]    Compiling regex v1.10.2
[INFO] [stderr]    Compiling env_logger v0.8.4
[INFO] [stderr]    Compiling schemars_derive v0.8.16
[INFO] [stderr]    Compiling biome_diagnostics_macros v0.3.1
[INFO] [stderr]    Compiling quickcheck_macros v1.0.0
[INFO] [stderr]    Compiling quickcheck v1.0.3
[INFO] [stderr]    Compiling schemars v0.8.16
[INFO] [stderr]    Compiling biome_console v0.3.1
[INFO] [stderr]    Compiling biome_diagnostics v0.3.1
[INFO] [stderr]    Compiling biome_js_syntax v0.3.1
[INFO] [stderr]    Compiling biome_parser v0.3.1
[INFO] [stderr]    Compiling biome_js_factory v0.3.1
[INFO] [stderr]    Compiling biome_js_parser v0.3.1 (/opt/rustwide/workdir)
[INFO] [stdout] error[E0433]: failed to resolve: use of undeclared crate or module `tests_macros`
[INFO] [stdout]    --> src/tests.rs:161:9
[INFO] [stdout]     |
[INFO] [stdout] 161 |         tests_macros::gen_tests! {"test_data/inline/ok/**/*.{js,ts,jsx,tsx}", crate::tests::run_and_expect_no_errors, ""}
[INFO] [stdout]     |         ^^^^^^^^^^^^ use of undeclared crate or module `tests_macros`
[INFO] [stdout] 
[INFO] [stdout] 
[INFO] [stdout] error[E0433]: failed to resolve: use of undeclared crate or module `tests_macros`
[INFO] [stdout]    --> src/tests.rs:164:9
[INFO] [stdout]     |
[INFO] [stdout] 164 |         tests_macros::gen_tests! {"test_data/inline/err/**/*.{js,ts,jsx,tsx}", crate::tests::run_and_expect_errors, ""}
[INFO] [stdout]     |         ^^^^^^^^^^^^ use of undeclared crate or module `tests_macros`
[INFO] [stdout] 
[INFO] [stdout] 
[INFO] [stdout] error: aborting due to 2 previous errors
[INFO] [stdout] 
[INFO] [stdout] 
[INFO] [stdout] For more information about this error, try `rustc --explain E0433`.
[INFO] [stdout] 
[INFO] [stderr] error: could not compile `biome_js_parser` (lib test) due to 3 previous errors
[INFO] running `Command { std: "docker" "inspect" "4f38def45b803310eabf9d1e6a6d74d65a5d3f67e6a72945160a99f501d1f991", kill_on_drop: false }`
[INFO] running `Command { std: "docker" "rm" "-f" "4f38def45b803310eabf9d1e6a6d74d65a5d3f67e6a72945160a99f501d1f991", kill_on_drop: false }`
[INFO] [stdout] 4f38def45b803310eabf9d1e6a6d74d65a5d3f67e6a72945160a99f501d1f991
[INFO] testing biome_js_parser-0.3.1 against beta-2023-12-22 for beta-1.76-1
[INFO] extracting crate biome_js_parser 0.3.1 into /workspace/builds/worker-5-tc2/source
[INFO] validating manifest of crates.io crate biome_js_parser 0.3.1 on toolchain beta-2023-12-22
[INFO] running `Command { std: CARGO_HOME="/workspace/cargo-home" RUSTUP_HOME="/workspace/rustup-home" "/workspace/cargo-home/bin/cargo" "+beta-2023-12-22" "metadata" "--manifest-path" "Cargo.toml" "--no-deps", kill_on_drop: false }`
[INFO] started tweaking crates.io crate biome_js_parser 0.3.1
[INFO] finished tweaking crates.io crate biome_js_parser 0.3.1
[INFO] tweaked toml for crates.io crate biome_js_parser 0.3.1 written to /workspace/builds/worker-5-tc2/source/Cargo.toml
[INFO] running `Command { std: CARGO_HOME="/workspace/cargo-home" RUSTUP_HOME="/workspace/rustup-home" "/workspace/cargo-home/bin/cargo" "+beta-2023-12-22" "generate-lockfile" "--manifest-path" "Cargo.toml", kill_on_drop: false }`
[INFO] [stderr]     Updating crates.io index
[INFO] running `Command { std: CARGO_HOME="/workspace/cargo-home" RUSTUP_HOME="/workspace/rustup-home" "/workspace/cargo-home/bin/cargo" "+beta-2023-12-22" "fetch" "--manifest-path" "Cargo.toml", kill_on_drop: false }`
[INFO] running `Command { std: "docker" "create" "-v" "/var/lib/crater-agent-workspace/builds/worker-5-tc2/target:/opt/rustwide/target:rw,Z" "-v" "/var/lib/crater-agent-workspace/builds/worker-5-tc2/source:/opt/rustwide/workdir:ro,Z" "-v" "/var/lib/crater-agent-workspace/cargo-home:/opt/rustwide/cargo-home:ro,Z" "-v" "/var/lib/crater-agent-workspace/rustup-home:/opt/rustwide/rustup-home:ro,Z" "-e" "SOURCE_DIR=/opt/rustwide/workdir" "-e" "CARGO_TARGET_DIR=/opt/rustwide/target" "-e" "CARGO_HOME=/opt/rustwide/cargo-home" "-e" "RUSTUP_HOME=/opt/rustwide/rustup-home" "-w" "/opt/rustwide/workdir" "-m" "1610612736" "--user" "0:0" "--network" "none" "ghcr.io/rust-lang/crates-build-env/linux@sha256:2788e3201cd34a07e3172128adcd8b3090168a8e3bcc40d7c032b9dda1df7d1c" "/opt/rustwide/cargo-home/bin/cargo" "+beta-2023-12-22" "metadata" "--no-deps" "--format-version=1", kill_on_drop: false }`
[INFO] [stdout] 214bf2128917415fecbbf12de7f21d44a688e6ef04fc8365793ee84ee2d35cf5
[INFO] running `Command { std: "docker" "start" "-a" "214bf2128917415fecbbf12de7f21d44a688e6ef04fc8365793ee84ee2d35cf5", kill_on_drop: false }`
[INFO] running `Command { std: "docker" "inspect" "214bf2128917415fecbbf12de7f21d44a688e6ef04fc8365793ee84ee2d35cf5", kill_on_drop: false }`
[INFO] running `Command { std: "docker" "rm" "-f" "214bf2128917415fecbbf12de7f21d44a688e6ef04fc8365793ee84ee2d35cf5", kill_on_drop: false }`
[INFO] [stdout] 214bf2128917415fecbbf12de7f21d44a688e6ef04fc8365793ee84ee2d35cf5
[INFO] running `Command { std: "docker" "create" "-v" "/var/lib/crater-agent-workspace/builds/worker-5-tc2/target:/opt/rustwide/target:rw,Z" "-v" "/var/lib/crater-agent-workspace/builds/worker-5-tc2/source:/opt/rustwide/workdir:ro,Z" "-v" "/var/lib/crater-agent-workspace/cargo-home:/opt/rustwide/cargo-home:ro,Z" "-v" "/var/lib/crater-agent-workspace/rustup-home:/opt/rustwide/rustup-home:ro,Z" "-e" "SOURCE_DIR=/opt/rustwide/workdir" "-e" "CARGO_TARGET_DIR=/opt/rustwide/target" "-e" "CARGO_INCREMENTAL=0" "-e" "RUST_BACKTRACE=full" "-e" "RUSTFLAGS=--cap-lints=warn" "-e" "RUSTDOCFLAGS=--cap-lints=warn" "-e" "CARGO_HOME=/opt/rustwide/cargo-home" "-e" "RUSTUP_HOME=/opt/rustwide/rustup-home" "-w" "/opt/rustwide/workdir" "-m" "1610612736" "--user" "0:0" "--network" "none" "ghcr.io/rust-lang/crates-build-env/linux@sha256:2788e3201cd34a07e3172128adcd8b3090168a8e3bcc40d7c032b9dda1df7d1c" "/opt/rustwide/cargo-home/bin/cargo" "+beta-2023-12-22" "build" "--frozen" "--message-format=json", kill_on_drop: false }`
[INFO] [stdout] cb6dc6a5a482ad6ee74fe87041224b7f86632cc3cbbd410fe6af736d465e1f46
[INFO] running `Command { std: "docker" "start" "-a" "cb6dc6a5a482ad6ee74fe87041224b7f86632cc3cbbd410fe6af736d465e1f46", kill_on_drop: false }`
[INFO] [stderr]    Compiling proc-macro2 v1.0.75
[INFO] [stderr]    Compiling unicode-ident v1.0.12
[INFO] [stderr]    Compiling version_check v0.9.4
[INFO] [stderr]    Compiling serde v1.0.194
[INFO] [stderr]    Compiling autocfg v1.1.0
[INFO] [stderr]    Compiling syn v1.0.109
[INFO] [stderr]    Compiling memchr v2.7.1
[INFO] [stderr]    Compiling libc v0.2.151
[INFO] [stderr]    Compiling serde_json v1.0.111
[INFO] [stderr]    Compiling regex-automata v0.1.10
[INFO] [stderr]    Compiling unicode-segmentation v1.10.1
[INFO] [stderr]    Compiling itoa v1.0.10
[INFO] [stderr]    Compiling ryu v1.0.16
[INFO] [stderr]    Compiling once_cell v1.19.0
[INFO] [stderr]    Compiling schemars v0.8.16
[INFO] [stderr]    Compiling adler v1.0.2
[INFO] [stderr]    Compiling gimli v0.28.1
[INFO] [stderr]    Compiling hashbrown v0.12.3
[INFO] [stderr]    Compiling dyn-clone v1.0.16
[INFO] [stderr]    Compiling pin-project-lite v0.2.13
[INFO] [stderr]    Compiling miniz_oxide v0.7.1
[INFO] [stderr]    Compiling countme v3.0.1
[INFO] [stderr]    Compiling unicode-width v0.1.11
[INFO] [stderr]    Compiling tracing-core v0.1.32
[INFO] [stderr]    Compiling memoffset v0.8.0
[INFO] [stderr]    Compiling rustc-hash v1.1.0
[INFO] [stderr]    Compiling termcolor v1.4.0
[INFO] [stderr]    Compiling cfg-if v1.0.0
[INFO] [stderr]    Compiling rustc-demangle v0.1.23
[INFO] [stderr]    Compiling bitflags v2.4.1
[INFO] [stderr]    Compiling indexmap v1.9.3
[INFO] [stderr]    Compiling drop_bomb v0.1.5
[INFO] [stderr]    Compiling proc-macro-error-attr v1.0.4
[INFO] [stderr]    Compiling proc-macro-error v1.0.4
[INFO] [stderr]    Compiling biome_js_unicode_table v0.3.1
[INFO] [stderr]    Compiling unicode-bom v2.0.3
[INFO] [stderr]    Compiling bstr v0.2.17
[INFO] [stderr]    Compiling object v0.32.2
[INFO] [stderr]    Compiling smallvec v1.11.2
[INFO] [stderr]    Compiling tracing v0.1.40
[INFO] [stderr]    Compiling quote v1.0.35
[INFO] [stderr]    Compiling similar v2.4.0
[INFO] [stderr]    Compiling syn v2.0.48
[INFO] [stderr]    Compiling biome_diagnostics_categories v0.3.1
[INFO] [stderr]    Compiling cc v1.0.83
[INFO] [stderr]    Compiling biome_markup v0.3.1
[INFO] [stderr]    Compiling backtrace v0.3.69
[INFO] [stderr]    Compiling addr2line v0.21.0
[INFO] [stderr]    Compiling serde_derive_internals v0.26.0
[INFO] [stderr]    Compiling schemars_derive v0.8.16
[INFO] [stderr]    Compiling biome_diagnostics_macros v0.3.1
[INFO] [stderr]    Compiling serde_derive v1.0.194
[INFO] [stderr]    Compiling bpaf_derive v0.5.7
[INFO] [stderr]    Compiling bpaf v0.9.8
[INFO] [stderr]    Compiling biome_text_size v0.3.1
[INFO] [stderr]    Compiling biome_text_edit v0.3.1
[INFO] [stderr]    Compiling biome_rowan v0.3.1
[INFO] [stderr]    Compiling biome_console v0.3.1
[INFO] [stderr]    Compiling biome_diagnostics v0.3.1
[INFO] [stderr]    Compiling biome_js_syntax v0.3.1
[INFO] [stderr]    Compiling biome_parser v0.3.1
[INFO] [stderr]    Compiling biome_js_factory v0.3.1
[INFO] [stderr]    Compiling biome_js_parser v0.3.1 (/opt/rustwide/workdir)
[INFO] [stderr]     Finished dev [unoptimized + debuginfo] target(s) in 42.89s
[INFO] running `Command { std: "docker" "inspect" "cb6dc6a5a482ad6ee74fe87041224b7f86632cc3cbbd410fe6af736d465e1f46", kill_on_drop: false }`
[INFO] running `Command { std: "docker" "rm" "-f" "cb6dc6a5a482ad6ee74fe87041224b7f86632cc3cbbd410fe6af736d465e1f46", kill_on_drop: false }`
[INFO] [stdout] cb6dc6a5a482ad6ee74fe87041224b7f86632cc3cbbd410fe6af736d465e1f46
[INFO] running `Command { std: "docker" "create" "-v" "/var/lib/crater-agent-workspace/builds/worker-5-tc2/target:/opt/rustwide/target:rw,Z" "-v" "/var/lib/crater-agent-workspace/builds/worker-5-tc2/source:/opt/rustwide/workdir:ro,Z" "-v" "/var/lib/crater-agent-workspace/cargo-home:/opt/rustwide/cargo-home:ro,Z" "-v" "/var/lib/crater-agent-workspace/rustup-home:/opt/rustwide/rustup-home:ro,Z" "-e" "SOURCE_DIR=/opt/rustwide/workdir" "-e" "CARGO_TARGET_DIR=/opt/rustwide/target" "-e" "CARGO_INCREMENTAL=0" "-e" "RUST_BACKTRACE=full" "-e" "RUSTFLAGS=--cap-lints=warn" "-e" "RUSTDOCFLAGS=--cap-lints=warn" "-e" "CARGO_HOME=/opt/rustwide/cargo-home" "-e" "RUSTUP_HOME=/opt/rustwide/rustup-home" "-w" "/opt/rustwide/workdir" "-m" "1610612736" "--user" "0:0" "--network" "none" "ghcr.io/rust-lang/crates-build-env/linux@sha256:2788e3201cd34a07e3172128adcd8b3090168a8e3bcc40d7c032b9dda1df7d1c" "/opt/rustwide/cargo-home/bin/cargo" "+beta-2023-12-22" "test" "--frozen" "--no-run" "--message-format=json", kill_on_drop: false }`
[INFO] [stdout] f713e2387074e6ea125fcf62d492cc964b164b63e744bf24cf0e9d486ba7430b
[INFO] running `Command { std: "docker" "start" "-a" "f713e2387074e6ea125fcf62d492cc964b164b63e744bf24cf0e9d486ba7430b", kill_on_drop: false }`
[INFO] [stderr]    Compiling syn v1.0.109
[INFO] [stderr]    Compiling bstr v0.2.17
[INFO] [stderr]    Compiling object v0.32.2
[INFO] [stderr]    Compiling regex-syntax v0.8.2
[INFO] [stderr]    Compiling getrandom v0.2.11
[INFO] [stderr]    Compiling log v0.4.20
[INFO] [stderr]    Compiling dissimilar v1.0.7
[INFO] [stderr]    Compiling rand_core v0.6.4
[INFO] [stderr]    Compiling expect-test v1.4.1
[INFO] [stderr]    Compiling similar v2.4.0
[INFO] [stderr]    Compiling rand v0.8.5
[INFO] [stderr]    Compiling biome_text_edit v0.3.1
[INFO] [stderr]    Compiling biome_rowan v0.3.1
[INFO] [stderr]    Compiling regex-automata v0.4.3
[INFO] [stderr]    Compiling backtrace v0.3.69
[INFO] [stderr]    Compiling serde_derive_internals v0.26.0
[INFO] [stderr]    Compiling regex v1.10.2
[INFO] [stderr]    Compiling schemars_derive v0.8.16
[INFO] [stderr]    Compiling biome_diagnostics_macros v0.3.1
[INFO] [stderr]    Compiling quickcheck_macros v1.0.0
[INFO] [stderr]    Compiling env_logger v0.8.4
[INFO] [stderr]    Compiling quickcheck v1.0.3
[INFO] [stderr]    Compiling schemars v0.8.16
[INFO] [stderr]    Compiling biome_console v0.3.1
[INFO] [stderr]    Compiling biome_diagnostics v0.3.1
[INFO] [stderr]    Compiling biome_js_syntax v0.3.1
[INFO] [stderr]    Compiling biome_parser v0.3.1
[INFO] [stderr]    Compiling biome_js_factory v0.3.1
[INFO] [stderr]    Compiling biome_js_parser v0.3.1 (/opt/rustwide/workdir)
[INFO] [stdout] error[E0433]: failed to resolve: use of undeclared crate or module `tests_macros`
[INFO] [stdout]    --> src/tests.rs:161:9
[INFO] [stdout]     |
[INFO] [stdout] 161 |         tests_macros::gen_tests! {"test_data/inline/ok/**/*.{js,ts,jsx,tsx}", crate::tests::run_and_expect_no_errors, ""}
[INFO] [stdout]     |         ^^^^^^^^^^^^ use of undeclared crate or module `tests_macros`
[INFO] [stdout] 
[INFO] [stdout] 
[INFO] [stdout] error[E0433]: failed to resolve: use of undeclared crate or module `tests_macros`
[INFO] [stdout]    --> src/tests.rs:164:9
[INFO] [stdout]     |
[INFO] [stdout] 164 |         tests_macros::gen_tests! {"test_data/inline/err/**/*.{js,ts,jsx,tsx}", crate::tests::run_and_expect_errors, ""}
[INFO] [stdout]     |         ^^^^^^^^^^^^ use of undeclared crate or module `tests_macros`
[INFO] [stdout] 
[INFO] [stdout] 
[INFO] [stdout] error: aborting due to 2 previous errors
[INFO] [stdout] 
[INFO] [stdout] 
[INFO] [stdout] For more information about this error, try `rustc --explain E0433`.
[INFO] [stdout] 
[INFO] [stderr] error: could not compile `biome_js_parser` (lib test) due to 3 previous errors
[INFO] running `Command { std: "docker" "inspect" "f713e2387074e6ea125fcf62d492cc964b164b63e744bf24cf0e9d486ba7430b", kill_on_drop: false }`
[INFO] running `Command { std: "docker" "rm" "-f" "f713e2387074e6ea125fcf62d492cc964b164b63e744bf24cf0e9d486ba7430b", kill_on_drop: false }`
[INFO] [stdout] f713e2387074e6ea125fcf62d492cc964b164b63e744bf24cf0e9d486ba7430b
