[INFO] fetching crate biome_css_parser 0.3.1...
[INFO] testing biome_css_parser-0.3.1 against 1.75.0 for beta-1.76-1
[INFO] extracting crate biome_css_parser 0.3.1 into /workspace/builds/worker-0-tc1/source
[INFO] validating manifest of crates.io crate biome_css_parser 0.3.1 on toolchain 1.75.0
[INFO] running `Command { std: CARGO_HOME="/workspace/cargo-home" RUSTUP_HOME="/workspace/rustup-home" "/workspace/cargo-home/bin/cargo" "+1.75.0" "metadata" "--manifest-path" "Cargo.toml" "--no-deps", kill_on_drop: false }`
[INFO] started tweaking crates.io crate biome_css_parser 0.3.1
[INFO] finished tweaking crates.io crate biome_css_parser 0.3.1
[INFO] tweaked toml for crates.io crate biome_css_parser 0.3.1 written to /workspace/builds/worker-0-tc1/source/Cargo.toml
[INFO] running `Command { std: CARGO_HOME="/workspace/cargo-home" RUSTUP_HOME="/workspace/rustup-home" "/workspace/cargo-home/bin/cargo" "+1.75.0" "generate-lockfile" "--manifest-path" "Cargo.toml", kill_on_drop: false }`
[INFO] [stderr]     Updating crates.io index
[INFO] running `Command { std: CARGO_HOME="/workspace/cargo-home" RUSTUP_HOME="/workspace/rustup-home" "/workspace/cargo-home/bin/cargo" "+1.75.0" "fetch" "--manifest-path" "Cargo.toml", kill_on_drop: false }`
[INFO] [stderr]  Downloading crates ...
[INFO] [stderr]   Downloaded unicode-bom v2.0.3
[INFO] [stderr]   Downloaded biome_text_size v0.3.1
[INFO] [stderr]   Downloaded schemars v0.8.16
[INFO] [stderr]   Downloaded biome_console v0.3.1
[INFO] [stderr]   Downloaded biome_rowan v0.3.1
[INFO] [stderr]   Downloaded bpaf_derive v0.5.7
[INFO] [stderr]   Downloaded drop_bomb v0.1.5
[INFO] [stderr]   Downloaded biome_css_factory v0.3.1
[INFO] [stderr]   Downloaded biome_css_syntax v0.3.1
[INFO] [stderr]   Downloaded biome_markup v0.3.1
[INFO] [stderr]   Downloaded biome_diagnostics_categories v0.3.1
[INFO] [stderr]   Downloaded bpaf v0.9.8
[INFO] [stderr]   Downloaded schemars_derive v0.8.16
[INFO] [stderr]   Downloaded biome_diagnostics v0.3.1
[INFO] [stderr]   Downloaded biome_diagnostics_macros v0.3.1
[INFO] [stderr]   Downloaded biome_text_edit v0.3.1
[INFO] [stderr]   Downloaded biome_js_unicode_table v0.3.1
[INFO] [stderr]   Downloaded biome_parser v0.3.1
[INFO] running `Command { std: "docker" "create" "-v" "/var/lib/crater-agent-workspace/builds/worker-0-tc1/target:/opt/rustwide/target:rw,Z" "-v" "/var/lib/crater-agent-workspace/builds/worker-0-tc1/source:/opt/rustwide/workdir:ro,Z" "-v" "/var/lib/crater-agent-workspace/cargo-home:/opt/rustwide/cargo-home:ro,Z" "-v" "/var/lib/crater-agent-workspace/rustup-home:/opt/rustwide/rustup-home:ro,Z" "-e" "SOURCE_DIR=/opt/rustwide/workdir" "-e" "CARGO_TARGET_DIR=/opt/rustwide/target" "-e" "CARGO_HOME=/opt/rustwide/cargo-home" "-e" "RUSTUP_HOME=/opt/rustwide/rustup-home" "-w" "/opt/rustwide/workdir" "-m" "1610612736" "--user" "0:0" "--network" "none" "ghcr.io/rust-lang/crates-build-env/linux@sha256:2788e3201cd34a07e3172128adcd8b3090168a8e3bcc40d7c032b9dda1df7d1c" "/opt/rustwide/cargo-home/bin/cargo" "+1.75.0" "metadata" "--no-deps" "--format-version=1", kill_on_drop: false }`
[INFO] [stdout] ab5008a95932817324db3963375fd8667687e81b705e95654ddc45180b3e655f
[INFO] running `Command { std: "docker" "start" "-a" "ab5008a95932817324db3963375fd8667687e81b705e95654ddc45180b3e655f", kill_on_drop: false }`
[INFO] running `Command { std: "docker" "inspect" "ab5008a95932817324db3963375fd8667687e81b705e95654ddc45180b3e655f", kill_on_drop: false }`
[INFO] running `Command { std: "docker" "rm" "-f" "ab5008a95932817324db3963375fd8667687e81b705e95654ddc45180b3e655f", kill_on_drop: false }`
[INFO] [stdout] ab5008a95932817324db3963375fd8667687e81b705e95654ddc45180b3e655f
[INFO] running `Command { std: "docker" "create" "-v" "/var/lib/crater-agent-workspace/builds/worker-0-tc1/target:/opt/rustwide/target:rw,Z" "-v" "/var/lib/crater-agent-workspace/builds/worker-0-tc1/source:/opt/rustwide/workdir:ro,Z" "-v" "/var/lib/crater-agent-workspace/cargo-home:/opt/rustwide/cargo-home:ro,Z" "-v" "/var/lib/crater-agent-workspace/rustup-home:/opt/rustwide/rustup-home:ro,Z" "-e" "SOURCE_DIR=/opt/rustwide/workdir" "-e" "CARGO_TARGET_DIR=/opt/rustwide/target" "-e" "CARGO_INCREMENTAL=0" "-e" "RUST_BACKTRACE=full" "-e" "RUSTFLAGS=--cap-lints=warn" "-e" "RUSTDOCFLAGS=--cap-lints=warn" "-e" "CARGO_HOME=/opt/rustwide/cargo-home" "-e" "RUSTUP_HOME=/opt/rustwide/rustup-home" "-w" "/opt/rustwide/workdir" "-m" "1610612736" "--user" "0:0" "--network" "none" "ghcr.io/rust-lang/crates-build-env/linux@sha256:2788e3201cd34a07e3172128adcd8b3090168a8e3bcc40d7c032b9dda1df7d1c" "/opt/rustwide/cargo-home/bin/cargo" "+1.75.0" "build" "--frozen" "--message-format=json", kill_on_drop: false }`
[INFO] [stdout] 915c13e6c256486fc69d925d5424bec7b39f95b7a2cf1bc8e08dc87634fd92e3
[INFO] running `Command { std: "docker" "start" "-a" "915c13e6c256486fc69d925d5424bec7b39f95b7a2cf1bc8e08dc87634fd92e3", kill_on_drop: false }`
[INFO] [stderr]    Compiling memchr v2.7.1
[INFO] [stderr]    Compiling regex-automata v0.1.10
[INFO] [stderr]    Compiling unicode-segmentation v1.10.1
[INFO] [stderr]    Compiling serde_json v1.0.111
[INFO] [stderr]    Compiling countme v3.0.1
[INFO] [stderr]    Compiling schemars v0.8.16
[INFO] [stderr]    Compiling proc-macro-error-attr v1.0.4
[INFO] [stderr]    Compiling proc-macro-error v1.0.4
[INFO] [stderr]    Compiling memoffset v0.8.0
[INFO] [stderr]    Compiling hashbrown v0.12.3
[INFO] [stderr]    Compiling syn v2.0.48
[INFO] [stderr]    Compiling tracing v0.1.40
[INFO] [stderr]    Compiling biome_diagnostics_categories v0.3.1
[INFO] [stderr]    Compiling cc v1.0.83
[INFO] [stderr]    Compiling serde_derive_internals v0.26.0
[INFO] [stderr]    Compiling gimli v0.28.1
[INFO] [stderr]    Compiling dyn-clone v1.0.16
[INFO] [stderr]    Compiling miniz_oxide v0.7.1
[INFO] [stderr]    Compiling termcolor v1.4.0
[INFO] [stderr]    Compiling unicode-width v0.1.11
[INFO] [stderr]    Compiling rustc-demangle v0.1.23
[INFO] [stderr]    Compiling drop_bomb v0.1.5
[INFO] [stderr]    Compiling unicode-bom v2.0.3
[INFO] [stderr]    Compiling biome_js_unicode_table v0.3.1
[INFO] [stderr]    Compiling bstr v0.2.17
[INFO] [stderr]    Compiling object v0.32.2
[INFO] [stderr]    Compiling schemars_derive v0.8.16
[INFO] [stderr]    Compiling biome_markup v0.3.1
[INFO] [stderr]    Compiling biome_diagnostics_macros v0.3.1
[INFO] [stderr]    Compiling similar v2.4.0
[INFO] [stderr]    Compiling backtrace v0.3.69
[INFO] [stderr]    Compiling addr2line v0.21.0
[INFO] [stderr]    Compiling serde_derive v1.0.194
[INFO] [stderr]    Compiling bpaf_derive v0.5.7
[INFO] [stderr]    Compiling bpaf v0.9.8
[INFO] [stderr]    Compiling serde v1.0.194
[INFO] [stderr]    Compiling biome_text_size v0.3.1
[INFO] [stderr]    Compiling biome_text_edit v0.3.1
[INFO] [stderr]    Compiling biome_rowan v0.3.1
[INFO] [stderr]    Compiling biome_css_syntax v0.3.1
[INFO] [stderr]    Compiling biome_console v0.3.1
[INFO] [stderr]    Compiling biome_diagnostics v0.3.1
[INFO] [stderr]    Compiling biome_css_factory v0.3.1
[INFO] [stderr]    Compiling biome_parser v0.3.1
[INFO] [stderr]    Compiling biome_css_parser v0.3.1 (/opt/rustwide/workdir)
[INFO] [stdout] warning: unused import: `biome_css_syntax::T`
[INFO] [stdout]  --> src/prelude.rs:1:9
[INFO] [stdout]   |
[INFO] [stdout] 1 | pub use biome_css_syntax::T;
[INFO] [stdout]   |         ^^^^^^^^^^^^^^^^^^^
[INFO] [stdout]   |
[INFO] [stdout]   = note: `#[warn(unused_imports)]` on by default
[INFO] [stdout] 
[INFO] [stdout] 
[INFO] [stdout] warning: unused import: `biome_parser::prelude::*`
[INFO] [stdout]  --> src/prelude.rs:2:9
[INFO] [stdout]   |
[INFO] [stdout] 2 | pub use biome_parser::prelude::*;
[INFO] [stdout]   |         ^^^^^^^^^^^^^^^^^^^^^^^^
[INFO] [stdout] 
[INFO] [stdout] 
[INFO] [stdout] warning: 2 warnings emitted
[INFO] [stdout] 
[INFO] [stdout] 
[INFO] [stderr]     Finished dev [unoptimized + debuginfo] target(s) in 24.88s
[INFO] running `Command { std: "docker" "inspect" "915c13e6c256486fc69d925d5424bec7b39f95b7a2cf1bc8e08dc87634fd92e3", kill_on_drop: false }`
[INFO] running `Command { std: "docker" "rm" "-f" "915c13e6c256486fc69d925d5424bec7b39f95b7a2cf1bc8e08dc87634fd92e3", kill_on_drop: false }`
[INFO] [stdout] 915c13e6c256486fc69d925d5424bec7b39f95b7a2cf1bc8e08dc87634fd92e3
[INFO] running `Command { std: "docker" "create" "-v" "/var/lib/crater-agent-workspace/builds/worker-0-tc1/target:/opt/rustwide/target:rw,Z" "-v" "/var/lib/crater-agent-workspace/builds/worker-0-tc1/source:/opt/rustwide/workdir:ro,Z" "-v" "/var/lib/crater-agent-workspace/cargo-home:/opt/rustwide/cargo-home:ro,Z" "-v" "/var/lib/crater-agent-workspace/rustup-home:/opt/rustwide/rustup-home:ro,Z" "-e" "SOURCE_DIR=/opt/rustwide/workdir" "-e" "CARGO_TARGET_DIR=/opt/rustwide/target" "-e" "CARGO_INCREMENTAL=0" "-e" "RUST_BACKTRACE=full" "-e" "RUSTFLAGS=--cap-lints=warn" "-e" "RUSTDOCFLAGS=--cap-lints=warn" "-e" "CARGO_HOME=/opt/rustwide/cargo-home" "-e" "RUSTUP_HOME=/opt/rustwide/rustup-home" "-w" "/opt/rustwide/workdir" "-m" "1610612736" "--user" "0:0" "--network" "none" "ghcr.io/rust-lang/crates-build-env/linux@sha256:2788e3201cd34a07e3172128adcd8b3090168a8e3bcc40d7c032b9dda1df7d1c" "/opt/rustwide/cargo-home/bin/cargo" "+1.75.0" "test" "--frozen" "--no-run" "--message-format=json", kill_on_drop: false }`
[INFO] [stdout] 90c1f313a2fe4f478253e7a90e585ad067dad1ad5aa925fc3b278129d9c2015d
[INFO] running `Command { std: "docker" "start" "-a" "90c1f313a2fe4f478253e7a90e585ad067dad1ad5aa925fc3b278129d9c2015d", kill_on_drop: false }`
[INFO] [stderr]    Compiling syn v1.0.109
[INFO] [stderr]    Compiling bstr v0.2.17
[INFO] [stderr]    Compiling libc v0.2.151
[INFO] [stderr]    Compiling object v0.32.2
[INFO] [stderr]    Compiling regex-syntax v0.8.2
[INFO] [stderr]    Compiling getrandom v0.2.11
[INFO] [stderr]    Compiling linked-hash-map v0.5.6
[INFO] [stderr]    Compiling console v0.15.7
[INFO] [stderr]    Compiling rand_core v0.6.4
[INFO] [stderr]    Compiling yaml-rust v0.4.5
[INFO] [stderr]    Compiling rand v0.8.5
[INFO] [stderr]    Compiling similar v2.4.0
[INFO] [stderr]    Compiling cc v1.0.83
[INFO] [stderr]    Compiling biome_text_edit v0.3.1
[INFO] [stderr]    Compiling insta v1.34.0
[INFO] [stderr]    Compiling backtrace v0.3.69
[INFO] [stderr]    Compiling biome_rowan v0.3.1
[INFO] [stderr]    Compiling regex-automata v0.4.3
[INFO] [stderr]    Compiling biome_css_syntax v0.3.1
[INFO] [stderr]    Compiling biome_css_factory v0.3.1
[INFO] [stderr]    Compiling serde_derive_internals v0.26.0
[INFO] [stderr]    Compiling regex v1.10.2
[INFO] [stderr]    Compiling env_logger v0.8.4
[INFO] [stderr]    Compiling schemars_derive v0.8.16
[INFO] [stderr]    Compiling biome_diagnostics_macros v0.3.1
[INFO] [stderr]    Compiling quickcheck_macros v1.0.0
[INFO] [stderr]    Compiling quickcheck v1.0.3
[INFO] [stderr]    Compiling schemars v0.8.16
[INFO] [stderr]    Compiling biome_console v0.3.1
[INFO] [stderr]    Compiling biome_diagnostics v0.3.1
[INFO] [stderr]    Compiling biome_parser v0.3.1
[INFO] [stderr]    Compiling biome_css_parser v0.3.1 (/opt/rustwide/workdir)
[INFO] [stdout] warning: unused import: `biome_css_syntax::T`
[INFO] [stdout]  --> src/prelude.rs:1:9
[INFO] [stdout]   |
[INFO] [stdout] 1 | pub use biome_css_syntax::T;
[INFO] [stdout]   |         ^^^^^^^^^^^^^^^^^^^
[INFO] [stdout]   |
[INFO] [stdout]   = note: `#[warn(unused_imports)]` on by default
[INFO] [stdout] 
[INFO] [stdout] 
[INFO] [stdout] warning: unused import: `biome_parser::prelude::*`
[INFO] [stdout]  --> src/prelude.rs:2:9
[INFO] [stdout]   |
[INFO] [stdout] 2 | pub use biome_parser::prelude::*;
[INFO] [stdout]   |         ^^^^^^^^^^^^^^^^^^^^^^^^
[INFO] [stdout] 
[INFO] [stdout] 
[INFO] [stdout] warning: unused import: `biome_css_syntax::T`
[INFO] [stdout]  --> src/prelude.rs:1:9
[INFO] [stdout]   |
[INFO] [stdout] 1 | pub use biome_css_syntax::T;
[INFO] [stdout]   |         ^^^^^^^^^^^^^^^^^^^
[INFO] [stdout]   |
[INFO] [stdout]   = note: `#[warn(unused_imports)]` on by default
[INFO] [stdout] 
[INFO] [stdout] 
[INFO] [stdout] warning: unused import: `biome_parser::prelude::*`
[INFO] [stdout]  --> src/prelude.rs:2:9
[INFO] [stdout]   |
[INFO] [stdout] 2 | pub use biome_parser::prelude::*;
[INFO] [stdout]   |         ^^^^^^^^^^^^^^^^^^^^^^^^
[INFO] [stdout] 
[INFO] [stdout] 
[INFO] [stdout] warning: 2 warnings emitted
[INFO] [stdout] 
[INFO] [stdout] 
[INFO] [stdout] error[E0432]: unresolved import `biome_test_utils`
[INFO] [stdout]  --> tests/spec_test.rs:8:5
[INFO] [stdout]   |
[INFO] [stdout] 8 | use biome_test_utils::has_bogus_nodes_or_empty_slots;
[INFO] [stdout]   |     ^^^^^^^^^^^^^^^^ use of undeclared crate or module `biome_test_utils`
[INFO] [stdout] 
[INFO] [stdout] 
[INFO] [stdout] error[E0433]: failed to resolve: use of undeclared crate or module `tests_macros`
[INFO] [stdout]  --> tests/spec_tests.rs:6:5
[INFO] [stdout]   |
[INFO] [stdout] 6 |     tests_macros::gen_tests! {"tests/css_test_suite/ok/**/*.css", crate::spec_test::run, "ok"}
[INFO] [stdout]   |     ^^^^^^^^^^^^ use of undeclared crate or module `tests_macros`
[INFO] [stdout] 
[INFO] [stdout] 
[INFO] [stdout] error[E0433]: failed to resolve: use of undeclared crate or module `tests_macros`
[INFO] [stdout]  --> tests/spec_tests.rs:7:5
[INFO] [stdout]   |
[INFO] [stdout] 7 |     tests_macros::gen_tests! {"tests/css_test_suite/error/**/*.css", crate::spec_test::run, "error"}
[INFO] [stdout]   |     ^^^^^^^^^^^^ use of undeclared crate or module `tests_macros`
[INFO] [stdout] 
[INFO] [stdout] 
[INFO] [stdout] error[E0432]: unresolved import `biome_test_utils`
[INFO] [stdout]  --> tests/spec_test.rs:8:5
[INFO] [stdout]   |
[INFO] [stdout] 8 | use biome_test_utils::has_bogus_nodes_or_empty_slots;
[INFO] [stdout]   |     ^^^^^^^^^^^^^^^^ use of undeclared crate or module `biome_test_utils`
[INFO] [stdout] 
[INFO] [stdout] 
[INFO] [stdout] error: aborting due to previous error
[INFO] [stdout] 
[INFO] [stdout] 
[INFO] [stdout] error: aborting due to 3 previous errors
[INFO] [stdout] 
[INFO] [stdout] 
[INFO] [stdout] For more information about this error, try `rustc --explain E0432`.
[INFO] [stdout] 
[INFO] [stderr] error: could not compile `biome_css_parser` (test "spec_test") due to 2 previous errors
[INFO] [stdout] Some errors have detailed explanations: E0432, E0433.
[INFO] [stdout] 
[INFO] [stderr] warning: build failed, waiting for other jobs to finish...
[INFO] [stdout] For more information about an error, try `rustc --explain E0432`.
[INFO] [stdout] 
[INFO] [stderr] error: could not compile `biome_css_parser` (test "spec_tests") due to 4 previous errors
[INFO] [stdout] warning: 2 warnings emitted
[INFO] [stdout] 
[INFO] [stdout] 
[INFO] running `Command { std: "docker" "inspect" "90c1f313a2fe4f478253e7a90e585ad067dad1ad5aa925fc3b278129d9c2015d", kill_on_drop: false }`
[INFO] running `Command { std: "docker" "rm" "-f" "90c1f313a2fe4f478253e7a90e585ad067dad1ad5aa925fc3b278129d9c2015d", kill_on_drop: false }`
[INFO] [stdout] 90c1f313a2fe4f478253e7a90e585ad067dad1ad5aa925fc3b278129d9c2015d
