[INFO] fetching crate binhoc_macros 0.2.13...
[INFO] testing binhoc_macros-0.2.13 against 1.75.0 for beta-1.76-1
[INFO] extracting crate binhoc_macros 0.2.13 into /workspace/builds/worker-7-tc1/source
[INFO] validating manifest of crates.io crate binhoc_macros 0.2.13 on toolchain 1.75.0
[INFO] running `Command { std: CARGO_HOME="/workspace/cargo-home" RUSTUP_HOME="/workspace/rustup-home" "/workspace/cargo-home/bin/cargo" "+1.75.0" "metadata" "--manifest-path" "Cargo.toml" "--no-deps", kill_on_drop: false }`
[INFO] started tweaking crates.io crate binhoc_macros 0.2.13
[INFO] finished tweaking crates.io crate binhoc_macros 0.2.13
[INFO] tweaked toml for crates.io crate binhoc_macros 0.2.13 written to /workspace/builds/worker-7-tc1/source/Cargo.toml
[INFO] running `Command { std: CARGO_HOME="/workspace/cargo-home" RUSTUP_HOME="/workspace/rustup-home" "/workspace/cargo-home/bin/cargo" "+1.75.0" "generate-lockfile" "--manifest-path" "Cargo.toml", kill_on_drop: false }`
[INFO] [stderr]     Updating crates.io index
[INFO] running `Command { std: CARGO_HOME="/workspace/cargo-home" RUSTUP_HOME="/workspace/rustup-home" "/workspace/cargo-home/bin/cargo" "+1.75.0" "fetch" "--manifest-path" "Cargo.toml", kill_on_drop: false }`
[INFO] [stderr]  Downloading crates ...
[INFO] [stderr]   Downloaded headers-core v0.2.0
[INFO] [stderr]   Downloaded headers v0.3.9
[INFO] [stderr]   Downloaded serde_path_to_error v0.1.15
[INFO] [stderr]   Downloaded bincode v2.0.0-rc.3
[INFO] [stderr]   Downloaded virtue v0.0.13
[INFO] [stderr]   Downloaded bincode_derive v2.0.0-rc.3
[INFO] running `Command { std: "docker" "create" "-v" "/var/lib/crater-agent-workspace/builds/worker-7-tc1/target:/opt/rustwide/target:rw,Z" "-v" "/var/lib/crater-agent-workspace/builds/worker-7-tc1/source:/opt/rustwide/workdir:ro,Z" "-v" "/var/lib/crater-agent-workspace/cargo-home:/opt/rustwide/cargo-home:ro,Z" "-v" "/var/lib/crater-agent-workspace/rustup-home:/opt/rustwide/rustup-home:ro,Z" "-e" "SOURCE_DIR=/opt/rustwide/workdir" "-e" "CARGO_TARGET_DIR=/opt/rustwide/target" "-e" "CARGO_HOME=/opt/rustwide/cargo-home" "-e" "RUSTUP_HOME=/opt/rustwide/rustup-home" "-w" "/opt/rustwide/workdir" "-m" "1610612736" "--user" "0:0" "--network" "none" "ghcr.io/rust-lang/crates-build-env/linux@sha256:2788e3201cd34a07e3172128adcd8b3090168a8e3bcc40d7c032b9dda1df7d1c" "/opt/rustwide/cargo-home/bin/cargo" "+1.75.0" "metadata" "--no-deps" "--format-version=1", kill_on_drop: false }`
[INFO] [stdout] cd25584338f586a75dc146ba4b12bc10bc86b4c83ca70a22a5a0fcc7ae7f206d
[INFO] running `Command { std: "docker" "start" "-a" "cd25584338f586a75dc146ba4b12bc10bc86b4c83ca70a22a5a0fcc7ae7f206d", kill_on_drop: false }`
[INFO] running `Command { std: "docker" "inspect" "cd25584338f586a75dc146ba4b12bc10bc86b4c83ca70a22a5a0fcc7ae7f206d", kill_on_drop: false }`
[INFO] running `Command { std: "docker" "rm" "-f" "cd25584338f586a75dc146ba4b12bc10bc86b4c83ca70a22a5a0fcc7ae7f206d", kill_on_drop: false }`
[INFO] [stdout] cd25584338f586a75dc146ba4b12bc10bc86b4c83ca70a22a5a0fcc7ae7f206d
[INFO] running `Command { std: "docker" "create" "-v" "/var/lib/crater-agent-workspace/builds/worker-7-tc1/target:/opt/rustwide/target:rw,Z" "-v" "/var/lib/crater-agent-workspace/builds/worker-7-tc1/source:/opt/rustwide/workdir:ro,Z" "-v" "/var/lib/crater-agent-workspace/cargo-home:/opt/rustwide/cargo-home:ro,Z" "-v" "/var/lib/crater-agent-workspace/rustup-home:/opt/rustwide/rustup-home:ro,Z" "-e" "SOURCE_DIR=/opt/rustwide/workdir" "-e" "CARGO_TARGET_DIR=/opt/rustwide/target" "-e" "CARGO_INCREMENTAL=0" "-e" "RUST_BACKTRACE=full" "-e" "RUSTFLAGS=--cap-lints=warn" "-e" "RUSTDOCFLAGS=--cap-lints=warn" "-e" "CARGO_HOME=/opt/rustwide/cargo-home" "-e" "RUSTUP_HOME=/opt/rustwide/rustup-home" "-w" "/opt/rustwide/workdir" "-m" "1610612736" "--user" "0:0" "--network" "none" "ghcr.io/rust-lang/crates-build-env/linux@sha256:2788e3201cd34a07e3172128adcd8b3090168a8e3bcc40d7c032b9dda1df7d1c" "/opt/rustwide/cargo-home/bin/cargo" "+1.75.0" "build" "--frozen" "--message-format=json", kill_on_drop: false }`
[INFO] [stdout] f90adc1420ec91ee9e451e998e4e5bf2e085dd37f24988932c47683f9a83daaf
[INFO] running `Command { std: "docker" "start" "-a" "f90adc1420ec91ee9e451e998e4e5bf2e085dd37f24988932c47683f9a83daaf", kill_on_drop: false }`
[INFO] [stderr]    Compiling proc-macro2 v1.0.75
[INFO] [stderr]    Compiling syn v1.0.109
[INFO] [stderr]    Compiling quote v1.0.35
[INFO] [stderr]    Compiling binhoc_macros v0.2.13 (/opt/rustwide/workdir)
[INFO] [stdout] warning: unused imports: `Expr`, `LitStr`, `PatLit`, `PatType`, `PathSegment`, `ReturnType`, `parse_macro_input`
[INFO] [stdout]  --> src/adhoc_reqwest_fn.rs:4:26
[INFO] [stdout]   |
[INFO] [stdout] 4 | ...s, Expr, FnArg, GenericArgument, Ident, ItemFn, Lit, LitStr, NestedMeta, parse_macro_input, Pat, PathArguments, PathSegment, PatLit, PatType, ReturnType, T...
[INFO] [stdout]   |       ^^^^                                              ^^^^^^              ^^^^^^^^^^^^^^^^^                      ^^^^^^^^^^^  ^^^^^^  ^^^^^^^  ^^^^^^^^^^
[INFO] [stdout]   |
[INFO] [stdout]   = note: `#[warn(unused_imports)]` on by default
[INFO] [stdout] 
[INFO] [stdout] 
[INFO] [stdout] warning: unused imports: `IntoPairs`, `Pair`, `Pairs`
[INFO] [stdout]  --> src/adhoc_reqwest_fn.rs:6:23
[INFO] [stdout]   |
[INFO] [stdout] 6 | use syn::punctuated::{IntoPairs, Pair, Pairs};
[INFO] [stdout]   |                       ^^^^^^^^^  ^^^^  ^^^^^
[INFO] [stdout] 
[INFO] [stdout] 
[INFO] [stdout] warning: unused import: `syn::token::Comma`
[INFO] [stdout]  --> src/adhoc_reqwest_fn.rs:7:5
[INFO] [stdout]   |
[INFO] [stdout] 7 | use syn::token::Comma;
[INFO] [stdout]   |     ^^^^^^^^^^^^^^^^^
[INFO] [stdout] 
[INFO] [stdout] 
[INFO] [stdout] warning: using `.clone()` on a double reference, which returns `&FnArg` instead of cloning the inner type
[INFO] [stdout]   --> src/adhoc_reqwest_fn.rs:45:31
[INFO] [stdout]    |
[INFO] [stdout] 45 |             match pair.value().clone() {
[INFO] [stdout]    |                               ^^^^^^^^
[INFO] [stdout]    |
[INFO] [stdout]    = note: `#[warn(suspicious_double_ref_op)]` on by default
[INFO] [stdout] 
[INFO] [stdout] 
[INFO] [stdout] warning: 4 warnings emitted
[INFO] [stdout] 
[INFO] [stdout] 
[INFO] [stderr]     Finished dev [unoptimized + debuginfo] target(s) in 7.71s
[INFO] running `Command { std: "docker" "inspect" "f90adc1420ec91ee9e451e998e4e5bf2e085dd37f24988932c47683f9a83daaf", kill_on_drop: false }`
[INFO] running `Command { std: "docker" "rm" "-f" "f90adc1420ec91ee9e451e998e4e5bf2e085dd37f24988932c47683f9a83daaf", kill_on_drop: false }`
[INFO] [stdout] f90adc1420ec91ee9e451e998e4e5bf2e085dd37f24988932c47683f9a83daaf
[INFO] running `Command { std: "docker" "create" "-v" "/var/lib/crater-agent-workspace/builds/worker-7-tc1/target:/opt/rustwide/target:rw,Z" "-v" "/var/lib/crater-agent-workspace/builds/worker-7-tc1/source:/opt/rustwide/workdir:ro,Z" "-v" "/var/lib/crater-agent-workspace/cargo-home:/opt/rustwide/cargo-home:ro,Z" "-v" "/var/lib/crater-agent-workspace/rustup-home:/opt/rustwide/rustup-home:ro,Z" "-e" "SOURCE_DIR=/opt/rustwide/workdir" "-e" "CARGO_TARGET_DIR=/opt/rustwide/target" "-e" "CARGO_INCREMENTAL=0" "-e" "RUST_BACKTRACE=full" "-e" "RUSTFLAGS=--cap-lints=warn" "-e" "RUSTDOCFLAGS=--cap-lints=warn" "-e" "CARGO_HOME=/opt/rustwide/cargo-home" "-e" "RUSTUP_HOME=/opt/rustwide/rustup-home" "-w" "/opt/rustwide/workdir" "-m" "1610612736" "--user" "0:0" "--network" "none" "ghcr.io/rust-lang/crates-build-env/linux@sha256:2788e3201cd34a07e3172128adcd8b3090168a8e3bcc40d7c032b9dda1df7d1c" "/opt/rustwide/cargo-home/bin/cargo" "+1.75.0" "test" "--frozen" "--no-run" "--message-format=json", kill_on_drop: false }`
[INFO] [stdout] 5546224362d332c485b9c92944f5fec3ff282c347ee513277eef7e7106fdcd3d
[INFO] running `Command { std: "docker" "start" "-a" "5546224362d332c485b9c92944f5fec3ff282c347ee513277eef7e7106fdcd3d", kill_on_drop: false }`
[INFO] [stderr]    Compiling unicode-ident v1.0.12
[INFO] [stderr]    Compiling bytes v1.5.0
[INFO] [stderr]    Compiling itoa v1.0.10
[INFO] [stderr]    Compiling pin-project-lite v0.2.13
[INFO] [stderr]    Compiling lock_api v0.4.11
[INFO] [stderr]    Compiling once_cell v1.19.0
[INFO] [stderr]    Compiling parking_lot_core v0.9.9
[INFO] [stderr]    Compiling scopeguard v1.2.0
[INFO] [stderr]    Compiling smallvec v1.11.2
[INFO] [stderr]    Compiling cc v1.0.83
[INFO] [stderr]    Compiling proc-macro2 v1.0.75
[INFO] [stderr]    Compiling fnv v1.0.7
[INFO] [stderr]    Compiling log v0.4.20
[INFO] [stderr]    Compiling pkg-config v0.3.28
[INFO] [stderr]    Compiling futures-core v0.3.30
[INFO] [stderr]    Compiling vcpkg v0.2.15
[INFO] [stderr]    Compiling socket2 v0.5.5
[INFO] [stderr]    Compiling quote v1.0.35
[INFO] [stderr]    Compiling parking_lot v0.12.1
[INFO] [stderr]    Compiling syn v2.0.48
[INFO] [stderr]    Compiling http v0.2.11
[INFO] [stderr]    Compiling mio v0.8.10
[INFO] [stderr]    Compiling signal-hook-registry v1.4.1
[INFO] [stderr]    Compiling serde v1.0.194
[INFO] [stderr]    Compiling tracing-core v0.1.32
[INFO] [stderr]    Compiling futures-task v0.3.30
[INFO] [stderr]    Compiling rustversion v1.0.14
[INFO] [stderr]    Compiling pin-utils v0.1.0
[INFO] [stderr]    Compiling openssl-sys v0.9.98
[INFO] [stderr]    Compiling futures-util v0.3.30
[INFO] [stderr]    Compiling tracing v0.1.40
[INFO] [stderr]    Compiling slab v0.4.9
[INFO] [stderr]    Compiling futures-sink v0.3.30
[INFO] [stderr]    Compiling hashbrown v0.14.3
[INFO] [stderr]    Compiling equivalent v1.0.1
[INFO] [stderr]    Compiling httparse v1.8.0
[INFO] [stderr]    Compiling tower-service v0.3.2
[INFO] [stderr]    Compiling foreign-types-shared v0.1.1
[INFO] [stderr]    Compiling openssl v0.10.62
[INFO] [stderr]    Compiling foreign-types v0.3.2
[INFO] [stderr]    Compiling http-body v0.4.6
[INFO] [stderr]    Compiling bitflags v2.4.1
[INFO] [stderr]    Compiling indexmap v2.1.0
[INFO] [stderr]    Compiling tinyvec_macros v0.1.1
[INFO] [stderr]    Compiling httpdate v1.0.3
[INFO] [stderr]    Compiling percent-encoding v2.3.1
[INFO] [stderr]    Compiling native-tls v0.2.11
[INFO] [stderr]    Compiling try-lock v0.2.5
[INFO] [stderr]    Compiling form_urlencoded v1.2.1
[INFO] [stderr]    Compiling want v0.3.1
[INFO] [stderr]    Compiling tinyvec v1.6.0
[INFO] [stderr]    Compiling futures-channel v0.3.30
[INFO] [stderr]    Compiling mime v0.3.17
[INFO] [stderr]    Compiling ryu v1.0.16
[INFO] [stderr]    Compiling async-trait v0.1.77
[INFO] [stderr]    Compiling openssl-probe v0.1.5
[INFO] [stderr]    Compiling syn v1.0.109
[INFO] [stderr]    Compiling axum-core v0.3.4
[INFO] [stderr]    Compiling serde_json v1.0.111
[INFO] [stderr]    Compiling unicode-bidi v0.3.14
[INFO] [stderr]    Compiling tower-layer v0.3.2
[INFO] [stderr]    Compiling unicode-normalization v0.1.22
[INFO] [stderr]    Compiling base64 v0.21.5
[INFO] [stderr]    Compiling sha1 v0.10.6
[INFO] [stderr]    Compiling axum v0.6.20
[INFO] [stderr]    Compiling headers-core v0.2.0
[INFO] [stderr]    Compiling virtue v0.0.13
[INFO] [stderr]    Compiling anyhow v1.0.79
[INFO] [stderr]    Compiling headers v0.3.9
[INFO] [stderr]    Compiling idna v0.5.0
[INFO] [stderr]    Compiling getrandom v0.2.11
[INFO] [stderr]    Compiling bincode_derive v2.0.0-rc.3
[INFO] [stderr]    Compiling encoding_rs v0.8.33
[INFO] [stderr]    Compiling memchr v2.7.1
[INFO] [stderr]    Compiling serde_urlencoded v0.7.1
[INFO] [stderr]    Compiling serde_path_to_error v0.1.15
[INFO] [stderr]    Compiling url v2.5.0
[INFO] [stderr]    Compiling ipnet v2.9.0
[INFO] [stderr]    Compiling matchit v0.7.3
[INFO] [stderr]    Compiling sync_wrapper v0.1.2
[INFO] [stderr]    Compiling bincode v2.0.0-rc.3
[INFO] [stderr]    Compiling uuid v1.6.1
[INFO] [stderr]    Compiling tokio-macros v2.2.0
[INFO] [stderr]    Compiling openssl-macros v0.1.1
[INFO] [stderr]    Compiling pin-project-internal v1.1.3
[INFO] [stderr]    Compiling tokio v1.35.1
[INFO] [stderr]    Compiling pin-project v1.1.3
[INFO] [stderr]    Compiling binhoc_macros v0.2.13 (/opt/rustwide/workdir)
[INFO] [stdout] warning: unused imports: `Expr`, `LitStr`, `PatLit`, `PatType`, `PathSegment`, `ReturnType`, `parse_macro_input`
[INFO] [stdout]  --> src/adhoc_reqwest_fn.rs:4:26
[INFO] [stdout]   |
[INFO] [stdout] 4 | ...s, Expr, FnArg, GenericArgument, Ident, ItemFn, Lit, LitStr, NestedMeta, parse_macro_input, Pat, PathArguments, PathSegment, PatLit, PatType, ReturnType, T...
[INFO] [stdout]   |       ^^^^                                              ^^^^^^              ^^^^^^^^^^^^^^^^^                      ^^^^^^^^^^^  ^^^^^^  ^^^^^^^  ^^^^^^^^^^
[INFO] [stdout]   |
[INFO] [stdout]   = note: `#[warn(unused_imports)]` on by default
[INFO] [stdout] 
[INFO] [stdout] 
[INFO] [stdout] warning: unused imports: `IntoPairs`, `Pair`, `Pairs`
[INFO] [stdout]  --> src/adhoc_reqwest_fn.rs:6:23
[INFO] [stdout]   |
[INFO] [stdout] 6 | use syn::punctuated::{IntoPairs, Pair, Pairs};
[INFO] [stdout]   |                       ^^^^^^^^^  ^^^^  ^^^^^
[INFO] [stdout] 
[INFO] [stdout] 
[INFO] [stdout] warning: unused import: `syn::token::Comma`
[INFO] [stdout]  --> src/adhoc_reqwest_fn.rs:7:5
[INFO] [stdout]   |
[INFO] [stdout] 7 | use syn::token::Comma;
[INFO] [stdout]   |     ^^^^^^^^^^^^^^^^^
[INFO] [stdout] 
[INFO] [stdout] 
[INFO] [stdout] warning: using `.clone()` on a double reference, which returns `&FnArg` instead of cloning the inner type
[INFO] [stdout]   --> src/adhoc_reqwest_fn.rs:45:31
[INFO] [stdout]    |
[INFO] [stdout] 45 |             match pair.value().clone() {
[INFO] [stdout]    |                               ^^^^^^^^
[INFO] [stdout]    |
[INFO] [stdout]    = note: `#[warn(suspicious_double_ref_op)]` on by default
[INFO] [stdout] 
[INFO] [stdout] 
[INFO] [stdout] warning: 4 warnings emitted
[INFO] [stdout] 
[INFO] [stdout] 
[INFO] [stderr]    Compiling tokio-util v0.7.10
[INFO] [stderr]    Compiling tokio-native-tls v0.3.1
[INFO] [stderr]    Compiling tower v0.4.13
[INFO] [stderr]    Compiling h2 v0.3.22
[INFO] [stderr]    Compiling hyper v0.14.28
[INFO] [stderr]    Compiling hyper-tls v0.5.0
[INFO] [stderr]    Compiling reqwest v0.11.23
[INFO] [stdout] warning: unused imports: `Expr`, `LitStr`, `PatLit`, `PatType`, `PathSegment`, `ReturnType`, `parse_macro_input`
[INFO] [stdout]  --> src/adhoc_reqwest_fn.rs:4:26
[INFO] [stdout]   |
[INFO] [stdout] 4 | ...s, Expr, FnArg, GenericArgument, Ident, ItemFn, Lit, LitStr, NestedMeta, parse_macro_input, Pat, PathArguments, PathSegment, PatLit, PatType, ReturnType, T...
[INFO] [stdout]   |       ^^^^                                              ^^^^^^              ^^^^^^^^^^^^^^^^^                      ^^^^^^^^^^^  ^^^^^^  ^^^^^^^  ^^^^^^^^^^
[INFO] [stdout]   |
[INFO] [stdout]   = note: `#[warn(unused_imports)]` on by default
[INFO] [stdout] 
[INFO] [stdout] 
[INFO] [stdout] warning: unused imports: `IntoPairs`, `Pair`, `Pairs`
[INFO] [stdout]  --> src/adhoc_reqwest_fn.rs:6:23
[INFO] [stdout]   |
[INFO] [stdout] 6 | use syn::punctuated::{IntoPairs, Pair, Pairs};
[INFO] [stdout]   |                       ^^^^^^^^^  ^^^^  ^^^^^
[INFO] [stdout] 
[INFO] [stdout] 
[INFO] [stdout] warning: unused import: `syn::token::Comma`
[INFO] [stdout]  --> src/adhoc_reqwest_fn.rs:7:5
[INFO] [stdout]   |
[INFO] [stdout] 7 | use syn::token::Comma;
[INFO] [stdout]   |     ^^^^^^^^^^^^^^^^^
[INFO] [stdout] 
[INFO] [stdout] 
[INFO] [stdout] error[E0432]: unresolved import `binhoc`
[INFO] [stdout]   --> tests/test.rs:10:5
[INFO] [stdout]    |
[INFO] [stdout] 10 | use binhoc::{BinHoc1, BinHoc3};
[INFO] [stdout]    |     ^^^^^^ use of undeclared crate or module `binhoc`
[INFO] [stdout] 
[INFO] [stdout] 
[INFO] [stdout] warning: unused import: `axum::body::HttpBody`
[INFO] [stdout]  --> tests/test.rs:2:5
[INFO] [stdout]   |
[INFO] [stdout] 2 | use axum::body::HttpBody;
[INFO] [stdout]   |     ^^^^^^^^^^^^^^^^^^^^
[INFO] [stdout]   |
[INFO] [stdout]   = note: `#[warn(unused_imports)]` on by default
[INFO] [stdout] 
[INFO] [stdout] 
[INFO] [stdout] warning: unused import: `FromRequest`
[INFO] [stdout]  --> tests/test.rs:3:21
[INFO] [stdout]   |
[INFO] [stdout] 3 | use axum::extract::{FromRequest, State};
[INFO] [stdout]   |                     ^^^^^^^^^^^
[INFO] [stdout] 
[INFO] [stdout] 
[INFO] [stdout] warning: unused import: `axum::routing::get`
[INFO] [stdout]  --> tests/test.rs:5:5
[INFO] [stdout]   |
[INFO] [stdout] 5 | use axum::routing::get;
[INFO] [stdout]   |     ^^^^^^^^^^^^^^^^^^
[INFO] [stdout] 
[INFO] [stdout] 
[INFO] [stdout] warning: unused imports: `HeaderMap`, `Request`
[INFO] [stdout]  --> tests/test.rs:7:12
[INFO] [stdout]   |
[INFO] [stdout] 7 | use http::{HeaderMap, HeaderValue, Request, StatusCode};
[INFO] [stdout]   |            ^^^^^^^^^               ^^^^^^^
[INFO] [stdout] 
[INFO] [stdout] 
[INFO] [stdout] warning: unused import: `crate::AdhocTestState`
[INFO] [stdout]    --> tests/test.rs:144:9
[INFO] [stdout]     |
[INFO] [stdout] 144 |     use crate::AdhocTestState;
[INFO] [stdout]     |         ^^^^^^^^^^^^^^^^^^^^^
[INFO] [stdout] 
[INFO] [stdout] 
[INFO] [stdout] warning: unused import: `crate::AdhocTestState`
[INFO] [stdout]    --> tests/test.rs:181:9
[INFO] [stdout]     |
[INFO] [stdout] 181 |     use crate::AdhocTestState;
[INFO] [stdout]     |         ^^^^^^^^^^^^^^^^^^^^^
[INFO] [stdout] 
[INFO] [stdout] 
[INFO] [stdout] warning: using `.clone()` on a double reference, which returns `&FnArg` instead of cloning the inner type
[INFO] [stdout]   --> src/adhoc_reqwest_fn.rs:45:31
[INFO] [stdout]    |
[INFO] [stdout] 45 |             match pair.value().clone() {
[INFO] [stdout]    |                               ^^^^^^^^
[INFO] [stdout]    |
[INFO] [stdout]    = note: `#[warn(suspicious_double_ref_op)]` on by default
[INFO] [stdout] 
[INFO] [stdout] 
[INFO] [stdout] warning: 4 warnings emitted
[INFO] [stdout] 
[INFO] [stdout] 
[INFO] [stdout] error[E0277]: the trait bound `fn({type error}) -> impl std::future::Future<Output = StatusCode> {adhoc}: Handler<_, _, _>` is not satisfied
[INFO] [stdout]    --> tests/test.rs:24:31
[INFO] [stdout]     |
[INFO] [stdout] 24  |         .route("/adhoc", post(adhoc));
[INFO] [stdout]     |                          ---- ^^^^^ the trait `Handler<_, _, _>` is not implemented for fn item `fn({type error}) -> impl std::future::Future<Output = StatusCode> {adhoc}`
[INFO] [stdout]     |                          |
[INFO] [stdout]     |                          required by a bound introduced by this call
[INFO] [stdout]     |
[INFO] [stdout]     = help: the following other types implement trait `Handler<T, S, B>`:
[INFO] [stdout]               <Layered<L, H, T, S, B, B2> as Handler<T, S, B2>>
[INFO] [stdout]               <MethodRouter<S, B> as Handler<(), S, B>>
[INFO] [stdout] note: required by a bound in `post`
[INFO] [stdout]    --> /opt/rustwide/cargo-home/registry/src/index.crates.io-6f17d22bba15001f/axum-0.6.20/src/routing/method_routing.rs:407:1
[INFO] [stdout]     |
[INFO] [stdout] 407 | top_level_handler_fn!(post, POST);
[INFO] [stdout]     | ^^^^^^^^^^^^^^^^^^^^^^----^^^^^^^
[INFO] [stdout]     | |                     |
[INFO] [stdout]     | |                     required by a bound in this function
[INFO] [stdout]     | required by this bound in `post`
[INFO] [stdout]     = note: this error originates in the macro `top_level_handler_fn` (in Nightly builds, run with -Z macro-backtrace for more info)
[INFO] [stdout] 
[INFO] [stdout] 
[INFO] [stdout] error[E0277]: the trait bound `fn({type error}) -> impl std::future::Future<Output = StatusCode> {adhoc_sad_route}: Handler<_, _, _>` is not satisfied
[INFO] [stdout]    --> tests/test.rs:61:21
[INFO] [stdout]     |
[INFO] [stdout] 61  |                post(adhoc_sad_route));
[INFO] [stdout]     |                ---- ^^^^^^^^^^^^^^^ the trait `Handler<_, _, _>` is not implemented for fn item `fn({type error}) -> impl std::future::Future<Output = StatusCode> {adhoc_sad_route}`
[INFO] [stdout]     |                |
[INFO] [stdout]     |                required by a bound introduced by this call
[INFO] [stdout]     |
[INFO] [stdout]     = help: the following other types implement trait `Handler<T, S, B>`:
[INFO] [stdout]               <Layered<L, H, T, S, B, B2> as Handler<T, S, B2>>
[INFO] [stdout]               <MethodRouter<S, B> as Handler<(), S, B>>
[INFO] [stdout] note: required by a bound in `post`
[INFO] [stdout]    --> /opt/rustwide/cargo-home/registry/src/index.crates.io-6f17d22bba15001f/axum-0.6.20/src/routing/method_routing.rs:407:1
[INFO] [stdout]     |
[INFO] [stdout] 407 | top_level_handler_fn!(post, POST);
[INFO] [stdout]     | ^^^^^^^^^^^^^^^^^^^^^^----^^^^^^^
[INFO] [stdout]     | |                     |
[INFO] [stdout]     | |                     required by a bound in this function
[INFO] [stdout]     | required by this bound in `post`
[INFO] [stdout]     = note: this error originates in the macro `top_level_handler_fn` (in Nightly builds, run with -Z macro-backtrace for more info)
[INFO] [stdout] 
[INFO] [stdout] 
[INFO] [stdout] error[E0061]: this function takes 2 arguments but 1 argument was supplied
[INFO] [stdout]    --> tests/test.rs:103:18
[INFO] [stdout]     |
[INFO] [stdout] 103 |       let router = Router::with_state(AdhocTestState(
[INFO] [stdout]     |  __________________^^^^^^^^^^^^^^^^^^_-
[INFO] [stdout] 104 | |         String::from("email"),
[INFO] [stdout] 105 | |         String::from("pass"),
[INFO] [stdout] 106 | |         32
[INFO] [stdout] 107 | |     )).route("/", post(adhoc_body_is_state));
[INFO] [stdout]     | |_____- an argument of type `Router<_, _>` is missing
[INFO] [stdout]     |
[INFO] [stdout] note: method defined here
[INFO] [stdout]    --> /opt/rustwide/cargo-home/registry/src/index.crates.io-6f17d22bba15001f/axum-0.6.20/src/routing/mod.rs:301:12
[INFO] [stdout]     |
[INFO] [stdout] 301 |     pub fn with_state<S2>(self, state: S) -> Router<S2, B> {
[INFO] [stdout]     |            ^^^^^^^^^^
[INFO] [stdout] help: provide the argument
[INFO] [stdout]     |
[INFO] [stdout] 103 ~     let router = Router::with_state(/* value */, AdhocTestState(
[INFO] [stdout] 104 +         String::from("email"),
[INFO] [stdout] 105 +         String::from("pass"),
[INFO] [stdout] 106 +         32
[INFO] [stdout] 107 ~     )).route("/", post(adhoc_body_is_state));
[INFO] [stdout]     |
[INFO] [stdout] 
[INFO] [stdout] 
[INFO] [stdout] error[E0277]: the trait bound `fn(State<AdhocTestState>, {type error}) -> impl std::future::Future<Output = StatusCode> {adhoc_body_is_state}: Handler<_, _, _>` is not satisfied
[INFO] [stdout]    --> tests/test.rs:107:24
[INFO] [stdout]     |
[INFO] [stdout] 107 |     )).route("/", post(adhoc_body_is_state));
[INFO] [stdout]     |                   ---- ^^^^^^^^^^^^^^^^^^^ the trait `Handler<_, _, _>` is not implemented for fn item `fn(State<AdhocTestState>, {type error}) -> impl std::future::Future<Output = StatusCode> {adhoc_body_is_state}`
[INFO] [stdout]     |                   |
[INFO] [stdout]     |                   required by a bound introduced by this call
[INFO] [stdout]     |
[INFO] [stdout]     = help: the following other types implement trait `Handler<T, S, B>`:
[INFO] [stdout]               <Layered<L, H, T, S, B, B2> as Handler<T, S, B2>>
[INFO] [stdout]               <MethodRouter<S, B> as Handler<(), S, B>>
[INFO] [stdout] note: required by a bound in `post`
[INFO] [stdout]    --> /opt/rustwide/cargo-home/registry/src/index.crates.io-6f17d22bba15001f/axum-0.6.20/src/routing/method_routing.rs:407:1
[INFO] [stdout]     |
[INFO] [stdout] 407 | top_level_handler_fn!(post, POST);
[INFO] [stdout]     | ^^^^^^^^^^^^^^^^^^^^^^----^^^^^^^
[INFO] [stdout]     | |                     |
[INFO] [stdout]     | |                     required by a bound in this function
[INFO] [stdout]     | required by this bound in `post`
[INFO] [stdout]     = note: this error originates in the macro `top_level_handler_fn` (in Nightly builds, run with -Z macro-backtrace for more info)
[INFO] [stdout] 
[INFO] [stdout] 
[INFO] [stdout] error[E0277]: the trait bound `fn({type error}) -> impl std::future::Future<Output = StatusCode> {adhoc_optional_arg}: Handler<_, _, _>` is not satisfied
[INFO] [stdout]    --> tests/test.rs:146:26
[INFO] [stdout]     |
[INFO] [stdout] 146 |         .route("/", post(adhoc_optional_arg));
[INFO] [stdout]     |                     ---- ^^^^^^^^^^^^^^^^^^ the trait `Handler<_, _, _>` is not implemented for fn item `fn({type error}) -> impl std::future::Future<Output = StatusCode> {adhoc_optional_arg}`
[INFO] [stdout]     |                     |
[INFO] [stdout]     |                     required by a bound introduced by this call
[INFO] [stdout]     |
[INFO] [stdout]     = help: the following other types implement trait `Handler<T, S, B>`:
[INFO] [stdout]               <Layered<L, H, T, S, B, B2> as Handler<T, S, B2>>
[INFO] [stdout]               <MethodRouter<S, B> as Handler<(), S, B>>
[INFO] [stdout] note: required by a bound in `post`
[INFO] [stdout]    --> /opt/rustwide/cargo-home/registry/src/index.crates.io-6f17d22bba15001f/axum-0.6.20/src/routing/method_routing.rs:407:1
[INFO] [stdout]     |
[INFO] [stdout] 407 | top_level_handler_fn!(post, POST);
[INFO] [stdout]     | ^^^^^^^^^^^^^^^^^^^^^^----^^^^^^^
[INFO] [stdout]     | |                     |
[INFO] [stdout]     | |                     required by a bound in this function
[INFO] [stdout]     | required by this bound in `post`
[INFO] [stdout]     = note: this error originates in the macro `top_level_handler_fn` (in Nightly builds, run with -Z macro-backtrace for more info)
[INFO] [stdout] 
[INFO] [stdout] 
[INFO] [stdout] error[E0277]: the trait bound `fn({type error}) -> impl std::future::Future<Output = StatusCode> {adhoc_optional_arg_2}: Handler<_, _, _>` is not satisfied
[INFO] [stdout]    --> tests/test.rs:183:26
[INFO] [stdout]     |
[INFO] [stdout] 183 |         .route("/", post(adhoc_optional_arg_2));
[INFO] [stdout]     |                     ---- ^^^^^^^^^^^^^^^^^^^^ the trait `Handler<_, _, _>` is not implemented for fn item `fn({type error}) -> impl std::future::Future<Output = StatusCode> {adhoc_optional_arg_2}`
[INFO] [stdout]     |                     |
[INFO] [stdout]     |                     required by a bound introduced by this call
[INFO] [stdout]     |
[INFO] [stdout]     = help: the following other types implement trait `Handler<T, S, B>`:
[INFO] [stdout]               <Layered<L, H, T, S, B, B2> as Handler<T, S, B2>>
[INFO] [stdout]               <MethodRouter<S, B> as Handler<(), S, B>>
[INFO] [stdout] note: required by a bound in `post`
[INFO] [stdout]    --> /opt/rustwide/cargo-home/registry/src/index.crates.io-6f17d22bba15001f/axum-0.6.20/src/routing/method_routing.rs:407:1
[INFO] [stdout]     |
[INFO] [stdout] 407 | top_level_handler_fn!(post, POST);
[INFO] [stdout]     | ^^^^^^^^^^^^^^^^^^^^^^----^^^^^^^
[INFO] [stdout]     | |                     |
[INFO] [stdout]     | |                     required by a bound in this function
[INFO] [stdout]     | required by this bound in `post`
[INFO] [stdout]     = note: this error originates in the macro `top_level_handler_fn` (in Nightly builds, run with -Z macro-backtrace for more info)
[INFO] [stdout] 
[INFO] [stdout] 
[INFO] [stdout] error[E0277]: the trait bound `fn({type error}) -> impl std::future::Future<Output = StatusCode> {adhoc_with_struct}: Handler<_, _, _>` is not satisfied
[INFO] [stdout]    --> tests/test.rs:227:26
[INFO] [stdout]     |
[INFO] [stdout] 227 |         .route("/", post(adhoc_with_struct));
[INFO] [stdout]     |                     ---- ^^^^^^^^^^^^^^^^^ the trait `Handler<_, _, _>` is not implemented for fn item `fn({type error}) -> impl std::future::Future<Output = StatusCode> {adhoc_with_struct}`
[INFO] [stdout]     |                     |
[INFO] [stdout]     |                     required by a bound introduced by this call
[INFO] [stdout]     |
[INFO] [stdout]     = help: the following other types implement trait `Handler<T, S, B>`:
[INFO] [stdout]               <Layered<L, H, T, S, B, B2> as Handler<T, S, B2>>
[INFO] [stdout]               <MethodRouter<S, B> as Handler<(), S, B>>
[INFO] [stdout] note: required by a bound in `post`
[INFO] [stdout]    --> /opt/rustwide/cargo-home/registry/src/index.crates.io-6f17d22bba15001f/axum-0.6.20/src/routing/method_routing.rs:407:1
[INFO] [stdout]     |
[INFO] [stdout] 407 | top_level_handler_fn!(post, POST);
[INFO] [stdout]     | ^^^^^^^^^^^^^^^^^^^^^^----^^^^^^^
[INFO] [stdout]     | |                     |
[INFO] [stdout]     | |                     required by a bound in this function
[INFO] [stdout]     | required by this bound in `post`
[INFO] [stdout]     = note: this error originates in the macro `top_level_handler_fn` (in Nightly builds, run with -Z macro-backtrace for more info)
[INFO] [stdout] 
[INFO] [stdout] 
[INFO] [stdout] error[E0277]: the trait bound `fn({type error}) -> impl std::future::Future<Output = StatusCode> {adhoc_vec_tuple}: Handler<_, _, _>` is not satisfied
[INFO] [stdout]    --> tests/test.rs:272:26
[INFO] [stdout]     |
[INFO] [stdout] 272 |         .route("/", post(adhoc_vec_tuple));
[INFO] [stdout]     |                     ---- ^^^^^^^^^^^^^^^ the trait `Handler<_, _, _>` is not implemented for fn item `fn({type error}) -> impl std::future::Future<Output = StatusCode> {adhoc_vec_tuple}`
[INFO] [stdout]     |                     |
[INFO] [stdout]     |                     required by a bound introduced by this call
[INFO] [stdout]     |
[INFO] [stdout]     = help: the following other types implement trait `Handler<T, S, B>`:
[INFO] [stdout]               <Layered<L, H, T, S, B, B2> as Handler<T, S, B2>>
[INFO] [stdout]               <MethodRouter<S, B> as Handler<(), S, B>>
[INFO] [stdout] note: required by a bound in `post`
[INFO] [stdout]    --> /opt/rustwide/cargo-home/registry/src/index.crates.io-6f17d22bba15001f/axum-0.6.20/src/routing/method_routing.rs:407:1
[INFO] [stdout]     |
[INFO] [stdout] 407 | top_level_handler_fn!(post, POST);
[INFO] [stdout]     | ^^^^^^^^^^^^^^^^^^^^^^----^^^^^^^
[INFO] [stdout]     | |                     |
[INFO] [stdout]     | |                     required by a bound in this function
[INFO] [stdout]     | required by this bound in `post`
[INFO] [stdout]     = note: this error originates in the macro `top_level_handler_fn` (in Nightly builds, run with -Z macro-backtrace for more info)
[INFO] [stdout] 
[INFO] [stdout] 
[INFO] [stdout] error[E0061]: this function takes 2 arguments but 1 argument was supplied
[INFO] [stdout]    --> tests/test.rs:336:18
[INFO] [stdout]     |
[INFO] [stdout] 336 |     let router = Router::with_state(true)
[INFO] [stdout]     |                  ^^^^^^^^^^^^^^^^^^ ---- an argument of type `Router<_, _>` is missing
[INFO] [stdout]     |
[INFO] [stdout] note: method defined here
[INFO] [stdout]    --> /opt/rustwide/cargo-home/registry/src/index.crates.io-6f17d22bba15001f/axum-0.6.20/src/routing/mod.rs:301:12
[INFO] [stdout]     |
[INFO] [stdout] 301 |     pub fn with_state<S2>(self, state: S) -> Router<S2, B> {
[INFO] [stdout]     |            ^^^^^^^^^^
[INFO] [stdout] help: provide the argument
[INFO] [stdout]     |
[INFO] [stdout] 336 |     let router = Router::with_state(/* value */, true)
[INFO] [stdout]     |                                    ~~~~~~~~~~~~~~~~~~~
[INFO] [stdout] 
[INFO] [stdout] 
[INFO] [stdout] error[E0599]: no method named `into_make_service` found for struct `Router<bool, _>` in the current scope
[INFO] [stdout]    --> tests/test.rs:349:27
[INFO] [stdout]     |
[INFO] [stdout] 349 |             .serve(router.into_make_service())
[INFO] [stdout]     |                           ^^^^^^^^^^^^^^^^^ help: there is a method with a similar name: `route_service`
[INFO] [stdout] 
[INFO] [stdout] 
[INFO] [stdout] error[E0061]: this function takes 2 arguments but 1 argument was supplied
[INFO] [stdout]    --> tests/test.rs:375:18
[INFO] [stdout]     |
[INFO] [stdout] 375 |     let router = Router::with_state(true)
[INFO] [stdout]     |                  ^^^^^^^^^^^^^^^^^^ ---- an argument of type `Router<_, _>` is missing
[INFO] [stdout]     |
[INFO] [stdout] note: method defined here
[INFO] [stdout]    --> /opt/rustwide/cargo-home/registry/src/index.crates.io-6f17d22bba15001f/axum-0.6.20/src/routing/mod.rs:301:12
[INFO] [stdout]     |
[INFO] [stdout] 301 |     pub fn with_state<S2>(self, state: S) -> Router<S2, B> {
[INFO] [stdout]     |            ^^^^^^^^^^
[INFO] [stdout] help: provide the argument
[INFO] [stdout]     |
[INFO] [stdout] 375 |     let router = Router::with_state(/* value */, true)
[INFO] [stdout]     |                                    ~~~~~~~~~~~~~~~~~~~
[INFO] [stdout] 
[INFO] [stdout] 
[INFO] [stdout] error[E0277]: the trait bound `fn({type error}) -> impl std::future::Future<Output = StatusCode> {adhoc_with_uuid}: Handler<_, _, _>` is not satisfied
[INFO] [stdout]    --> tests/test.rs:376:26
[INFO] [stdout]     |
[INFO] [stdout] 376 |         .route("/", post(adhoc_with_uuid));
[INFO] [stdout]     |                     ---- ^^^^^^^^^^^^^^^ the trait `Handler<_, _, _>` is not implemented for fn item `fn({type error}) -> impl std::future::Future<Output = StatusCode> {adhoc_with_uuid}`
[INFO] [stdout]     |                     |
[INFO] [stdout]     |                     required by a bound introduced by this call
[INFO] [stdout]     |
[INFO] [stdout]     = help: the following other types implement trait `Handler<T, S, B>`:
[INFO] [stdout]               <Layered<L, H, T, S, B, B2> as Handler<T, S, B2>>
[INFO] [stdout]               <MethodRouter<S, B> as Handler<(), S, B>>
[INFO] [stdout] note: required by a bound in `post`
[INFO] [stdout]    --> /opt/rustwide/cargo-home/registry/src/index.crates.io-6f17d22bba15001f/axum-0.6.20/src/routing/method_routing.rs:407:1
[INFO] [stdout]     |
[INFO] [stdout] 407 | top_level_handler_fn!(post, POST);
[INFO] [stdout]     | ^^^^^^^^^^^^^^^^^^^^^^----^^^^^^^
[INFO] [stdout]     | |                     |
[INFO] [stdout]     | |                     required by a bound in this function
[INFO] [stdout]     | required by this bound in `post`
[INFO] [stdout]     = note: this error originates in the macro `top_level_handler_fn` (in Nightly builds, run with -Z macro-backtrace for more info)
[INFO] [stdout] 
[INFO] [stdout] 
[INFO] [stdout] error[E0061]: this function takes 2 arguments but 1 argument was supplied
[INFO] [stdout]    --> tests/test.rs:415:18
[INFO] [stdout]     |
[INFO] [stdout] 415 |     let router = Router::with_state(true)
[INFO] [stdout]     |                  ^^^^^^^^^^^^^^^^^^ ---- an argument of type `Router<_, _>` is missing
[INFO] [stdout]     |
[INFO] [stdout] note: method defined here
[INFO] [stdout]    --> /opt/rustwide/cargo-home/registry/src/index.crates.io-6f17d22bba15001f/axum-0.6.20/src/routing/mod.rs:301:12
[INFO] [stdout]     |
[INFO] [stdout] 301 |     pub fn with_state<S2>(self, state: S) -> Router<S2, B> {
[INFO] [stdout]     |            ^^^^^^^^^^
[INFO] [stdout] help: provide the argument
[INFO] [stdout]     |
[INFO] [stdout] 415 |     let router = Router::with_state(/* value */, true)
[INFO] [stdout]     |                                    ~~~~~~~~~~~~~~~~~~~
[INFO] [stdout] 
[INFO] [stdout] 
[INFO] [stdout] error[E0277]: the trait bound `fn(TypedHeader<XHead>, {type error}) -> impl std::future::Future<Output = StatusCode> {adhoc_with_three}: Handler<_, _, _>` is not satisfied
[INFO] [stdout]    --> tests/test.rs:416:26
[INFO] [stdout]     |
[INFO] [stdout] 416 |         .route("/", post(adhoc_with_three));
[INFO] [stdout]     |                     ---- ^^^^^^^^^^^^^^^^ the trait `Handler<_, _, _>` is not implemented for fn item `fn(TypedHeader<XHead>, {type error}) -> impl std::future::Future<Output = StatusCode> {adhoc_with_three}`
[INFO] [stdout]     |                     |
[INFO] [stdout]     |                     required by a bound introduced by this call
[INFO] [stdout]     |
[INFO] [stdout]     = help: the following other types implement trait `Handler<T, S, B>`:
[INFO] [stdout]               <Layered<L, H, T, S, B, B2> as Handler<T, S, B2>>
[INFO] [stdout]               <MethodRouter<S, B> as Handler<(), S, B>>
[INFO] [stdout] note: required by a bound in `post`
[INFO] [stdout]    --> /opt/rustwide/cargo-home/registry/src/index.crates.io-6f17d22bba15001f/axum-0.6.20/src/routing/method_routing.rs:407:1
[INFO] [stdout]     |
[INFO] [stdout] 407 | top_level_handler_fn!(post, POST);
[INFO] [stdout]     | ^^^^^^^^^^^^^^^^^^^^^^----^^^^^^^
[INFO] [stdout]     | |                     |
[INFO] [stdout]     | |                     required by a bound in this function
[INFO] [stdout]     | required by this bound in `post`
[INFO] [stdout]     = note: this error originates in the macro `top_level_handler_fn` (in Nightly builds, run with -Z macro-backtrace for more info)
[INFO] [stdout] 
[INFO] [stdout] 
[INFO] [stdout] error: aborting due to 15 previous errors; 6 warnings emitted
[INFO] [stdout] 
[INFO] [stdout] 
[INFO] [stdout] Some errors have detailed explanations: E0061, E0277, E0432, E0599.
[INFO] [stdout] 
[INFO] [stdout] For more information about an error, try `rustc --explain E0061`.
[INFO] [stdout] 
[INFO] [stderr] error: could not compile `binhoc_macros` (test "test") due to 16 previous errors; 6 warnings emitted
[INFO] running `Command { std: "docker" "inspect" "5546224362d332c485b9c92944f5fec3ff282c347ee513277eef7e7106fdcd3d", kill_on_drop: false }`
[INFO] running `Command { std: "docker" "rm" "-f" "5546224362d332c485b9c92944f5fec3ff282c347ee513277eef7e7106fdcd3d", kill_on_drop: false }`
[INFO] [stdout] 5546224362d332c485b9c92944f5fec3ff282c347ee513277eef7e7106fdcd3d
[INFO] testing binhoc_macros-0.2.13 against beta-2023-12-22 for beta-1.76-1
[INFO] extracting crate binhoc_macros 0.2.13 into /workspace/builds/worker-7-tc2/source
[INFO] validating manifest of crates.io crate binhoc_macros 0.2.13 on toolchain beta-2023-12-22
[INFO] running `Command { std: CARGO_HOME="/workspace/cargo-home" RUSTUP_HOME="/workspace/rustup-home" "/workspace/cargo-home/bin/cargo" "+beta-2023-12-22" "metadata" "--manifest-path" "Cargo.toml" "--no-deps", kill_on_drop: false }`
[INFO] started tweaking crates.io crate binhoc_macros 0.2.13
[INFO] finished tweaking crates.io crate binhoc_macros 0.2.13
[INFO] tweaked toml for crates.io crate binhoc_macros 0.2.13 written to /workspace/builds/worker-7-tc2/source/Cargo.toml
[INFO] running `Command { std: CARGO_HOME="/workspace/cargo-home" RUSTUP_HOME="/workspace/rustup-home" "/workspace/cargo-home/bin/cargo" "+beta-2023-12-22" "generate-lockfile" "--manifest-path" "Cargo.toml", kill_on_drop: false }`
[INFO] [stderr]     Updating crates.io index
[INFO] running `Command { std: CARGO_HOME="/workspace/cargo-home" RUSTUP_HOME="/workspace/rustup-home" "/workspace/cargo-home/bin/cargo" "+beta-2023-12-22" "fetch" "--manifest-path" "Cargo.toml", kill_on_drop: false }`
[INFO] [stderr]     Blocking waiting for file lock on package cache
[INFO] [stderr]     Blocking waiting for file lock on package cache
[INFO] running `Command { std: "docker" "create" "-v" "/var/lib/crater-agent-workspace/builds/worker-7-tc2/target:/opt/rustwide/target:rw,Z" "-v" "/var/lib/crater-agent-workspace/builds/worker-7-tc2/source:/opt/rustwide/workdir:ro,Z" "-v" "/var/lib/crater-agent-workspace/cargo-home:/opt/rustwide/cargo-home:ro,Z" "-v" "/var/lib/crater-agent-workspace/rustup-home:/opt/rustwide/rustup-home:ro,Z" "-e" "SOURCE_DIR=/opt/rustwide/workdir" "-e" "CARGO_TARGET_DIR=/opt/rustwide/target" "-e" "CARGO_HOME=/opt/rustwide/cargo-home" "-e" "RUSTUP_HOME=/opt/rustwide/rustup-home" "-w" "/opt/rustwide/workdir" "-m" "1610612736" "--user" "0:0" "--network" "none" "ghcr.io/rust-lang/crates-build-env/linux@sha256:2788e3201cd34a07e3172128adcd8b3090168a8e3bcc40d7c032b9dda1df7d1c" "/opt/rustwide/cargo-home/bin/cargo" "+beta-2023-12-22" "metadata" "--no-deps" "--format-version=1", kill_on_drop: false }`
[INFO] [stdout] 1e693f2ff9de625681c079b35272efe575ea8903c785507a0ba376a1719db95c
[INFO] running `Command { std: "docker" "start" "-a" "1e693f2ff9de625681c079b35272efe575ea8903c785507a0ba376a1719db95c", kill_on_drop: false }`
[INFO] running `Command { std: "docker" "inspect" "1e693f2ff9de625681c079b35272efe575ea8903c785507a0ba376a1719db95c", kill_on_drop: false }`
[INFO] running `Command { std: "docker" "rm" "-f" "1e693f2ff9de625681c079b35272efe575ea8903c785507a0ba376a1719db95c", kill_on_drop: false }`
[INFO] [stdout] 1e693f2ff9de625681c079b35272efe575ea8903c785507a0ba376a1719db95c
[INFO] running `Command { std: "docker" "create" "-v" "/var/lib/crater-agent-workspace/builds/worker-7-tc2/target:/opt/rustwide/target:rw,Z" "-v" "/var/lib/crater-agent-workspace/builds/worker-7-tc2/source:/opt/rustwide/workdir:ro,Z" "-v" "/var/lib/crater-agent-workspace/cargo-home:/opt/rustwide/cargo-home:ro,Z" "-v" "/var/lib/crater-agent-workspace/rustup-home:/opt/rustwide/rustup-home:ro,Z" "-e" "SOURCE_DIR=/opt/rustwide/workdir" "-e" "CARGO_TARGET_DIR=/opt/rustwide/target" "-e" "CARGO_INCREMENTAL=0" "-e" "RUST_BACKTRACE=full" "-e" "RUSTFLAGS=--cap-lints=warn" "-e" "RUSTDOCFLAGS=--cap-lints=warn" "-e" "CARGO_HOME=/opt/rustwide/cargo-home" "-e" "RUSTUP_HOME=/opt/rustwide/rustup-home" "-w" "/opt/rustwide/workdir" "-m" "1610612736" "--user" "0:0" "--network" "none" "ghcr.io/rust-lang/crates-build-env/linux@sha256:2788e3201cd34a07e3172128adcd8b3090168a8e3bcc40d7c032b9dda1df7d1c" "/opt/rustwide/cargo-home/bin/cargo" "+beta-2023-12-22" "build" "--frozen" "--message-format=json", kill_on_drop: false }`
[INFO] [stdout] a95efcccf76ffb9b16c958d08d3342980d59c371c50e4726941a876268008a4e
[INFO] running `Command { std: "docker" "start" "-a" "a95efcccf76ffb9b16c958d08d3342980d59c371c50e4726941a876268008a4e", kill_on_drop: false }`
[INFO] [stderr]    Compiling proc-macro2 v1.0.75
[INFO] [stderr]    Compiling syn v1.0.109
[INFO] [stderr]    Compiling quote v1.0.35
[INFO] [stderr]    Compiling binhoc_macros v0.2.13 (/opt/rustwide/workdir)
[INFO] [stdout] warning: unused imports: `Expr`, `LitStr`, `PatLit`, `PatType`, `PathSegment`, `ReturnType`, `parse_macro_input`
[INFO] [stdout]  --> src/adhoc_reqwest_fn.rs:4:26
[INFO] [stdout]   |
[INFO] [stdout] 4 | ...s, Expr, FnArg, GenericArgument, Ident, ItemFn, Lit, LitStr, NestedMeta, parse_macro_input, Pat, PathArguments, PathSegment, PatLit, PatType, ReturnType, T...
[INFO] [stdout]   |       ^^^^                                              ^^^^^^              ^^^^^^^^^^^^^^^^^                      ^^^^^^^^^^^  ^^^^^^  ^^^^^^^  ^^^^^^^^^^
[INFO] [stdout]   |
[INFO] [stdout]   = note: `#[warn(unused_imports)]` on by default
[INFO] [stdout] 
[INFO] [stdout] 
[INFO] [stdout] warning: unused imports: `IntoPairs`, `Pair`, `Pairs`
[INFO] [stdout]  --> src/adhoc_reqwest_fn.rs:6:23
[INFO] [stdout]   |
[INFO] [stdout] 6 | use syn::punctuated::{IntoPairs, Pair, Pairs};
[INFO] [stdout]   |                       ^^^^^^^^^  ^^^^  ^^^^^
[INFO] [stdout] 
[INFO] [stdout] 
[INFO] [stdout] warning: unused import: `syn::token::Comma`
[INFO] [stdout]  --> src/adhoc_reqwest_fn.rs:7:5
[INFO] [stdout]   |
[INFO] [stdout] 7 | use syn::token::Comma;
[INFO] [stdout]   |     ^^^^^^^^^^^^^^^^^
[INFO] [stdout] 
[INFO] [stdout] 
[INFO] [stdout] warning: using `.clone()` on a double reference, which returns `&FnArg` instead of cloning the inner type
[INFO] [stdout]   --> src/adhoc_reqwest_fn.rs:45:31
[INFO] [stdout]    |
[INFO] [stdout] 45 |             match pair.value().clone() {
[INFO] [stdout]    |                               ^^^^^^^^
[INFO] [stdout]    |
[INFO] [stdout]    = note: `#[warn(suspicious_double_ref_op)]` on by default
[INFO] [stdout] 
[INFO] [stdout] 
[INFO] [stdout] warning: 4 warnings emitted
[INFO] [stdout] 
[INFO] [stdout] 
[INFO] [stderr]     Finished dev [unoptimized + debuginfo] target(s) in 8.00s
[INFO] running `Command { std: "docker" "inspect" "a95efcccf76ffb9b16c958d08d3342980d59c371c50e4726941a876268008a4e", kill_on_drop: false }`
[INFO] running `Command { std: "docker" "rm" "-f" "a95efcccf76ffb9b16c958d08d3342980d59c371c50e4726941a876268008a4e", kill_on_drop: false }`
[INFO] [stdout] a95efcccf76ffb9b16c958d08d3342980d59c371c50e4726941a876268008a4e
[INFO] running `Command { std: "docker" "create" "-v" "/var/lib/crater-agent-workspace/builds/worker-7-tc2/target:/opt/rustwide/target:rw,Z" "-v" "/var/lib/crater-agent-workspace/builds/worker-7-tc2/source:/opt/rustwide/workdir:ro,Z" "-v" "/var/lib/crater-agent-workspace/cargo-home:/opt/rustwide/cargo-home:ro,Z" "-v" "/var/lib/crater-agent-workspace/rustup-home:/opt/rustwide/rustup-home:ro,Z" "-e" "SOURCE_DIR=/opt/rustwide/workdir" "-e" "CARGO_TARGET_DIR=/opt/rustwide/target" "-e" "CARGO_INCREMENTAL=0" "-e" "RUST_BACKTRACE=full" "-e" "RUSTFLAGS=--cap-lints=warn" "-e" "RUSTDOCFLAGS=--cap-lints=warn" "-e" "CARGO_HOME=/opt/rustwide/cargo-home" "-e" "RUSTUP_HOME=/opt/rustwide/rustup-home" "-w" "/opt/rustwide/workdir" "-m" "1610612736" "--user" "0:0" "--network" "none" "ghcr.io/rust-lang/crates-build-env/linux@sha256:2788e3201cd34a07e3172128adcd8b3090168a8e3bcc40d7c032b9dda1df7d1c" "/opt/rustwide/cargo-home/bin/cargo" "+beta-2023-12-22" "test" "--frozen" "--no-run" "--message-format=json", kill_on_drop: false }`
[INFO] [stdout] 73b9cb563efe1426ca4c1feab0c852542289063648bb999cbd505233606d066d
[INFO] running `Command { std: "docker" "start" "-a" "73b9cb563efe1426ca4c1feab0c852542289063648bb999cbd505233606d066d", kill_on_drop: false }`
[INFO] [stderr]    Compiling unicode-ident v1.0.12
[INFO] [stderr]    Compiling bytes v1.5.0
[INFO] [stderr]    Compiling pin-project-lite v0.2.13
[INFO] [stderr]    Compiling itoa v1.0.10
[INFO] [stderr]    Compiling once_cell v1.19.0
[INFO] [stderr]    Compiling lock_api v0.4.11
[INFO] [stderr]    Compiling parking_lot_core v0.9.9
[INFO] [stderr]    Compiling scopeguard v1.2.0
[INFO] [stderr]    Compiling proc-macro2 v1.0.75
[INFO] [stderr]    Compiling smallvec v1.11.2
[INFO] [stderr]    Compiling cc v1.0.83
[INFO] [stderr]    Compiling vcpkg v0.2.15
[INFO] [stderr]    Compiling fnv v1.0.7
[INFO] [stderr]    Compiling pkg-config v0.3.28
[INFO] [stderr]    Compiling log v0.4.20
[INFO] [stderr]    Compiling futures-core v0.3.30
[INFO] [stderr]    Compiling parking_lot v0.12.1
[INFO] [stderr]    Compiling quote v1.0.35
[INFO] [stderr]    Compiling http v0.2.11
[INFO] [stderr]    Compiling signal-hook-registry v1.4.1
[INFO] [stderr]    Compiling syn v2.0.48
[INFO] [stderr]    Compiling socket2 v0.5.5
[INFO] [stderr]    Compiling mio v0.8.10
[INFO] [stderr]    Compiling serde v1.0.194
[INFO] [stderr]    Compiling tracing-core v0.1.32
[INFO] [stderr]    Compiling futures-task v0.3.30
[INFO] [stderr]    Compiling pin-utils v0.1.0
[INFO] [stderr]    Compiling rustversion v1.0.14
[INFO] [stderr]    Compiling futures-util v0.3.30
[INFO] [stderr]    Compiling openssl-sys v0.9.98
[INFO] [stderr]    Compiling tracing v0.1.40
[INFO] [stderr]    Compiling slab v0.4.9
[INFO] [stderr]    Compiling futures-sink v0.3.30
[INFO] [stderr]    Compiling tower-service v0.3.2
[INFO] [stderr]    Compiling foreign-types-shared v0.1.1
[INFO] [stderr]    Compiling openssl v0.10.62
[INFO] [stderr]    Compiling hashbrown v0.14.3
[INFO] [stderr]    Compiling httparse v1.8.0
[INFO] [stderr]    Compiling equivalent v1.0.1
[INFO] [stderr]    Compiling foreign-types v0.3.2
[INFO] [stderr]    Compiling http-body v0.4.6
[INFO] [stderr]    Compiling native-tls v0.2.11
[INFO] [stderr]    Compiling httpdate v1.0.3
[INFO] [stderr]    Compiling indexmap v2.1.0
[INFO] [stderr]    Compiling bitflags v2.4.1
[INFO] [stderr]    Compiling try-lock v0.2.5
[INFO] [stderr]    Compiling tinyvec_macros v0.1.1
[INFO] [stderr]    Compiling percent-encoding v2.3.1
[INFO] [stderr]    Compiling tinyvec v1.6.0
[INFO] [stderr]    Compiling want v0.3.1
[INFO] [stderr]    Compiling form_urlencoded v1.2.1
[INFO] [stderr]    Compiling futures-channel v0.3.30
[INFO] [stderr]    Compiling mime v0.3.17
[INFO] [stderr]    Compiling openssl-probe v0.1.5
[INFO] [stderr]    Compiling ryu v1.0.16
[INFO] [stderr]    Compiling async-trait v0.1.77
[INFO] [stderr]    Compiling syn v1.0.109
[INFO] [stderr]    Compiling axum-core v0.3.4
[INFO] [stderr]    Compiling base64 v0.21.5
[INFO] [stderr]    Compiling serde_json v1.0.111
[INFO] [stderr]    Compiling unicode-normalization v0.1.22
[INFO] [stderr]    Compiling unicode-bidi v0.3.14
[INFO] [stderr]    Compiling tower-layer v0.3.2
[INFO] [stderr]    Compiling sha1 v0.10.6
[INFO] [stderr]    Compiling axum v0.6.20
[INFO] [stderr]    Compiling headers-core v0.2.0
[INFO] [stderr]    Compiling virtue v0.0.13
[INFO] [stderr]    Compiling anyhow v1.0.79
[INFO] [stderr]    Compiling headers v0.3.9
[INFO] [stderr]    Compiling idna v0.5.0
[INFO] [stderr]    Compiling encoding_rs v0.8.33
[INFO] [stderr]    Compiling bincode_derive v2.0.0-rc.3
[INFO] [stderr]    Compiling getrandom v0.2.11
[INFO] [stderr]    Compiling url v2.5.0
[INFO] [stderr]    Compiling serde_urlencoded v0.7.1
[INFO] [stderr]    Compiling serde_path_to_error v0.1.15
[INFO] [stderr]    Compiling matchit v0.7.3
[INFO] [stderr]    Compiling memchr v2.7.1
[INFO] [stderr]    Compiling sync_wrapper v0.1.2
[INFO] [stderr]    Compiling ipnet v2.9.0
[INFO] [stderr]    Compiling bincode v2.0.0-rc.3
[INFO] [stderr]    Compiling uuid v1.6.1
[INFO] [stderr]    Compiling tokio-macros v2.2.0
[INFO] [stderr]    Compiling openssl-macros v0.1.1
[INFO] [stderr]    Compiling pin-project-internal v1.1.3
[INFO] [stderr]    Compiling tokio v1.35.1
[INFO] [stderr]    Compiling pin-project v1.1.3
[INFO] [stderr]    Compiling binhoc_macros v0.2.13 (/opt/rustwide/workdir)
[INFO] [stdout] warning: unused imports: `Expr`, `LitStr`, `PatLit`, `PatType`, `PathSegment`, `ReturnType`, `parse_macro_input`
[INFO] [stdout]  --> src/adhoc_reqwest_fn.rs:4:26
[INFO] [stdout]   |
[INFO] [stdout] 4 | ...s, Expr, FnArg, GenericArgument, Ident, ItemFn, Lit, LitStr, NestedMeta, parse_macro_input, Pat, PathArguments, PathSegment, PatLit, PatType, ReturnType, T...
[INFO] [stdout]   |       ^^^^                                              ^^^^^^              ^^^^^^^^^^^^^^^^^                      ^^^^^^^^^^^  ^^^^^^  ^^^^^^^  ^^^^^^^^^^
[INFO] [stdout]   |
[INFO] [stdout]   = note: `#[warn(unused_imports)]` on by default
[INFO] [stdout] 
[INFO] [stdout] 
[INFO] [stdout] warning: unused imports: `IntoPairs`, `Pair`, `Pairs`
[INFO] [stdout]  --> src/adhoc_reqwest_fn.rs:6:23
[INFO] [stdout]   |
[INFO] [stdout] 6 | use syn::punctuated::{IntoPairs, Pair, Pairs};
[INFO] [stdout]   |                       ^^^^^^^^^  ^^^^  ^^^^^
[INFO] [stdout] 
[INFO] [stdout] 
[INFO] [stdout] warning: unused import: `syn::token::Comma`
[INFO] [stdout]  --> src/adhoc_reqwest_fn.rs:7:5
[INFO] [stdout]   |
[INFO] [stdout] 7 | use syn::token::Comma;
[INFO] [stdout]   |     ^^^^^^^^^^^^^^^^^
[INFO] [stdout] 
[INFO] [stdout] 
[INFO] [stdout] warning: using `.clone()` on a double reference, which returns `&FnArg` instead of cloning the inner type
[INFO] [stdout]   --> src/adhoc_reqwest_fn.rs:45:31
[INFO] [stdout]    |
[INFO] [stdout] 45 |             match pair.value().clone() {
[INFO] [stdout]    |                               ^^^^^^^^
[INFO] [stdout]    |
[INFO] [stdout]    = note: `#[warn(suspicious_double_ref_op)]` on by default
[INFO] [stdout] 
[INFO] [stdout] 
[INFO] [stdout] warning: 4 warnings emitted
[INFO] [stdout] 
[INFO] [stdout] 
[INFO] [stderr]    Compiling tokio-util v0.7.10
[INFO] [stderr]    Compiling tokio-native-tls v0.3.1
[INFO] [stderr]    Compiling tower v0.4.13
[INFO] [stderr]    Compiling h2 v0.3.22
[INFO] [stderr]    Compiling hyper v0.14.28
[INFO] [stderr]    Compiling hyper-tls v0.5.0
[INFO] [stderr]    Compiling reqwest v0.11.23
[INFO] [stdout] warning: unused imports: `Expr`, `LitStr`, `PatLit`, `PatType`, `PathSegment`, `ReturnType`, `parse_macro_input`
[INFO] [stdout]  --> src/adhoc_reqwest_fn.rs:4:26
[INFO] [stdout]   |
[INFO] [stdout] 4 | ...s, Expr, FnArg, GenericArgument, Ident, ItemFn, Lit, LitStr, NestedMeta, parse_macro_input, Pat, PathArguments, PathSegment, PatLit, PatType, ReturnType, T...
[INFO] [stdout]   |       ^^^^                                              ^^^^^^              ^^^^^^^^^^^^^^^^^                      ^^^^^^^^^^^  ^^^^^^  ^^^^^^^  ^^^^^^^^^^
[INFO] [stdout]   |
[INFO] [stdout]   = note: `#[warn(unused_imports)]` on by default
[INFO] [stdout] 
[INFO] [stdout] 
[INFO] [stdout] warning: unused imports: `IntoPairs`, `Pair`, `Pairs`
[INFO] [stdout]  --> src/adhoc_reqwest_fn.rs:6:23
[INFO] [stdout]   |
[INFO] [stdout] 6 | use syn::punctuated::{IntoPairs, Pair, Pairs};
[INFO] [stdout]   |                       ^^^^^^^^^  ^^^^  ^^^^^
[INFO] [stdout] 
[INFO] [stdout] 
[INFO] [stdout] warning: unused import: `syn::token::Comma`
[INFO] [stdout]  --> src/adhoc_reqwest_fn.rs:7:5
[INFO] [stdout]   |
[INFO] [stdout] 7 | use syn::token::Comma;
[INFO] [stdout]   |     ^^^^^^^^^^^^^^^^^
[INFO] [stdout] 
[INFO] [stdout] 
[INFO] [stdout] warning: using `.clone()` on a double reference, which returns `&FnArg` instead of cloning the inner type
[INFO] [stdout]   --> src/adhoc_reqwest_fn.rs:45:31
[INFO] [stdout]    |
[INFO] [stdout] 45 |             match pair.value().clone() {
[INFO] [stdout]    |                               ^^^^^^^^
[INFO] [stdout]    |
[INFO] [stdout]    = note: `#[warn(suspicious_double_ref_op)]` on by default
[INFO] [stdout] 
[INFO] [stdout] 
[INFO] [stdout] error[E0432]: unresolved import `binhoc`
[INFO] [stdout]   --> tests/test.rs:10:5
[INFO] [stdout]    |
[INFO] [stdout] 10 | use binhoc::{BinHoc1, BinHoc3};
[INFO] [stdout]    |     ^^^^^^ use of undeclared crate or module `binhoc`
[INFO] [stdout] 
[INFO] [stdout] 
[INFO] [stdout] warning: unused import: `axum::body::HttpBody`
[INFO] [stdout]  --> tests/test.rs:2:5
[INFO] [stdout]   |
[INFO] [stdout] 2 | use axum::body::HttpBody;
[INFO] [stdout]   |     ^^^^^^^^^^^^^^^^^^^^
[INFO] [stdout]   |
[INFO] [stdout]   = note: `#[warn(unused_imports)]` on by default
[INFO] [stdout] 
[INFO] [stdout] 
[INFO] [stdout] warning: unused import: `FromRequest`
[INFO] [stdout]  --> tests/test.rs:3:21
[INFO] [stdout]   |
[INFO] [stdout] 3 | use axum::extract::{FromRequest, State};
[INFO] [stdout]   |                     ^^^^^^^^^^^
[INFO] [stdout] 
[INFO] [stdout] 
[INFO] [stdout] warning: unused import: `axum::routing::get`
[INFO] [stdout]  --> tests/test.rs:5:5
[INFO] [stdout]   |
[INFO] [stdout] 5 | use axum::routing::get;
[INFO] [stdout]   |     ^^^^^^^^^^^^^^^^^^
[INFO] [stdout] 
[INFO] [stdout] 
[INFO] [stdout] warning: unused imports: `HeaderMap`, `Request`
[INFO] [stdout]  --> tests/test.rs:7:12
[INFO] [stdout]   |
[INFO] [stdout] 7 | use http::{HeaderMap, HeaderValue, Request, StatusCode};
[INFO] [stdout]   |            ^^^^^^^^^               ^^^^^^^
[INFO] [stdout] 
[INFO] [stdout] 
[INFO] [stdout] warning: unused import: `crate::AdhocTestState`
[INFO] [stdout]    --> tests/test.rs:144:9
[INFO] [stdout]     |
[INFO] [stdout] 144 |     use crate::AdhocTestState;
[INFO] [stdout]     |         ^^^^^^^^^^^^^^^^^^^^^
[INFO] [stdout] 
[INFO] [stdout] 
[INFO] [stdout] warning: unused import: `crate::AdhocTestState`
[INFO] [stdout]    --> tests/test.rs:181:9
[INFO] [stdout]     |
[INFO] [stdout] 181 |     use crate::AdhocTestState;
[INFO] [stdout]     |         ^^^^^^^^^^^^^^^^^^^^^
[INFO] [stdout] 
[INFO] [stdout] 
[INFO] [stdout] warning: 4 warnings emitted
[INFO] [stdout] 
[INFO] [stdout] 
[INFO] [stdout] error[E0277]: the trait bound `fn({type error}) -> impl std::future::Future<Output = StatusCode> {adhoc}: Handler<_, _, _>` is not satisfied
[INFO] [stdout]    --> tests/test.rs:24:31
[INFO] [stdout]     |
[INFO] [stdout] 24  |         .route("/adhoc", post(adhoc));
[INFO] [stdout]     |                          ---- ^^^^^ the trait `Handler<_, _, _>` is not implemented for fn item `fn({type error}) -> impl std::future::Future<Output = StatusCode> {adhoc}`
[INFO] [stdout]     |                          |
[INFO] [stdout]     |                          required by a bound introduced by this call
[INFO] [stdout]     |
[INFO] [stdout]     = help: the following other types implement trait `Handler<T, S, B>`:
[INFO] [stdout]               <Layered<L, H, T, S, B, B2> as Handler<T, S, B2>>
[INFO] [stdout]               <MethodRouter<S, B> as Handler<(), S, B>>
[INFO] [stdout] note: required by a bound in `post`
[INFO] [stdout]    --> /opt/rustwide/cargo-home/registry/src/index.crates.io-6f17d22bba15001f/axum-0.6.20/src/routing/method_routing.rs:407:1
[INFO] [stdout]     |
[INFO] [stdout] 407 | top_level_handler_fn!(post, POST);
[INFO] [stdout]     | ^^^^^^^^^^^^^^^^^^^^^^----^^^^^^^
[INFO] [stdout]     | |                     |
[INFO] [stdout]     | |                     required by a bound in this function
[INFO] [stdout]     | required by this bound in `post`
[INFO] [stdout]     = note: this error originates in the macro `top_level_handler_fn` (in Nightly builds, run with -Z macro-backtrace for more info)
[INFO] [stdout] 
[INFO] [stdout] 
[INFO] [stdout] error[E0277]: the trait bound `fn({type error}) -> impl std::future::Future<Output = StatusCode> {adhoc_sad_route}: Handler<_, _, _>` is not satisfied
[INFO] [stdout]    --> tests/test.rs:61:21
[INFO] [stdout]     |
[INFO] [stdout] 61  |                post(adhoc_sad_route));
[INFO] [stdout]     |                ---- ^^^^^^^^^^^^^^^ the trait `Handler<_, _, _>` is not implemented for fn item `fn({type error}) -> impl std::future::Future<Output = StatusCode> {adhoc_sad_route}`
[INFO] [stdout]     |                |
[INFO] [stdout]     |                required by a bound introduced by this call
[INFO] [stdout]     |
[INFO] [stdout]     = help: the following other types implement trait `Handler<T, S, B>`:
[INFO] [stdout]               <Layered<L, H, T, S, B, B2> as Handler<T, S, B2>>
[INFO] [stdout]               <MethodRouter<S, B> as Handler<(), S, B>>
[INFO] [stdout] note: required by a bound in `post`
[INFO] [stdout]    --> /opt/rustwide/cargo-home/registry/src/index.crates.io-6f17d22bba15001f/axum-0.6.20/src/routing/method_routing.rs:407:1
[INFO] [stdout]     |
[INFO] [stdout] 407 | top_level_handler_fn!(post, POST);
[INFO] [stdout]     | ^^^^^^^^^^^^^^^^^^^^^^----^^^^^^^
[INFO] [stdout]     | |                     |
[INFO] [stdout]     | |                     required by a bound in this function
[INFO] [stdout]     | required by this bound in `post`
[INFO] [stdout]     = note: this error originates in the macro `top_level_handler_fn` (in Nightly builds, run with -Z macro-backtrace for more info)
[INFO] [stdout] 
[INFO] [stdout] 
[INFO] [stdout] error[E0061]: this function takes 2 arguments but 1 argument was supplied
[INFO] [stdout]    --> tests/test.rs:103:18
[INFO] [stdout]     |
[INFO] [stdout] 103 |       let router = Router::with_state(AdhocTestState(
[INFO] [stdout]     |  __________________^^^^^^^^^^^^^^^^^^_-
[INFO] [stdout] 104 | |         String::from("email"),
[INFO] [stdout] 105 | |         String::from("pass"),
[INFO] [stdout] 106 | |         32
[INFO] [stdout] 107 | |     )).route("/", post(adhoc_body_is_state));
[INFO] [stdout]     | |_____- an argument of type `Router<_, _>` is missing
[INFO] [stdout]     |
[INFO] [stdout] note: method defined here
[INFO] [stdout]    --> /opt/rustwide/cargo-home/registry/src/index.crates.io-6f17d22bba15001f/axum-0.6.20/src/routing/mod.rs:301:12
[INFO] [stdout]     |
[INFO] [stdout] 301 |     pub fn with_state<S2>(self, state: S) -> Router<S2, B> {
[INFO] [stdout]     |            ^^^^^^^^^^
[INFO] [stdout] help: provide the argument
[INFO] [stdout]     |
[INFO] [stdout] 103 ~     let router = Router::with_state(/* value */, AdhocTestState(
[INFO] [stdout] 104 +         String::from("email"),
[INFO] [stdout] 105 +         String::from("pass"),
[INFO] [stdout] 106 +         32
[INFO] [stdout] 107 ~     )).route("/", post(adhoc_body_is_state));
[INFO] [stdout]     |
[INFO] [stdout] 
[INFO] [stdout] 
[INFO] [stdout] error[E0277]: the trait bound `fn(State<AdhocTestState>, {type error}) -> impl std::future::Future<Output = StatusCode> {adhoc_body_is_state}: Handler<_, _, _>` is not satisfied
[INFO] [stdout]    --> tests/test.rs:107:24
[INFO] [stdout]     |
[INFO] [stdout] 107 |     )).route("/", post(adhoc_body_is_state));
[INFO] [stdout]     |                   ---- ^^^^^^^^^^^^^^^^^^^ the trait `Handler<_, _, _>` is not implemented for fn item `fn(State<AdhocTestState>, {type error}) -> impl std::future::Future<Output = StatusCode> {adhoc_body_is_state}`
[INFO] [stdout]     |                   |
[INFO] [stdout]     |                   required by a bound introduced by this call
[INFO] [stdout]     |
[INFO] [stdout]     = help: the following other types implement trait `Handler<T, S, B>`:
[INFO] [stdout]               <Layered<L, H, T, S, B, B2> as Handler<T, S, B2>>
[INFO] [stdout]               <MethodRouter<S, B> as Handler<(), S, B>>
[INFO] [stdout] note: required by a bound in `post`
[INFO] [stdout]    --> /opt/rustwide/cargo-home/registry/src/index.crates.io-6f17d22bba15001f/axum-0.6.20/src/routing/method_routing.rs:407:1
[INFO] [stdout]     |
[INFO] [stdout] 407 | top_level_handler_fn!(post, POST);
[INFO] [stdout]     | ^^^^^^^^^^^^^^^^^^^^^^----^^^^^^^
[INFO] [stdout]     | |                     |
[INFO] [stdout]     | |                     required by a bound in this function
[INFO] [stdout]     | required by this bound in `post`
[INFO] [stdout]     = note: this error originates in the macro `top_level_handler_fn` (in Nightly builds, run with -Z macro-backtrace for more info)
[INFO] [stdout] 
[INFO] [stdout] 
[INFO] [stdout] error[E0277]: the trait bound `fn({type error}) -> impl std::future::Future<Output = StatusCode> {adhoc_optional_arg}: Handler<_, _, _>` is not satisfied
[INFO] [stdout]    --> tests/test.rs:146:26
[INFO] [stdout]     |
[INFO] [stdout] 146 |         .route("/", post(adhoc_optional_arg));
[INFO] [stdout]     |                     ---- ^^^^^^^^^^^^^^^^^^ the trait `Handler<_, _, _>` is not implemented for fn item `fn({type error}) -> impl std::future::Future<Output = StatusCode> {adhoc_optional_arg}`
[INFO] [stdout]     |                     |
[INFO] [stdout]     |                     required by a bound introduced by this call
[INFO] [stdout]     |
[INFO] [stdout]     = help: the following other types implement trait `Handler<T, S, B>`:
[INFO] [stdout]               <Layered<L, H, T, S, B, B2> as Handler<T, S, B2>>
[INFO] [stdout]               <MethodRouter<S, B> as Handler<(), S, B>>
[INFO] [stdout] note: required by a bound in `post`
[INFO] [stdout]    --> /opt/rustwide/cargo-home/registry/src/index.crates.io-6f17d22bba15001f/axum-0.6.20/src/routing/method_routing.rs:407:1
[INFO] [stdout]     |
[INFO] [stdout] 407 | top_level_handler_fn!(post, POST);
[INFO] [stdout]     | ^^^^^^^^^^^^^^^^^^^^^^----^^^^^^^
[INFO] [stdout]     | |                     |
[INFO] [stdout]     | |                     required by a bound in this function
[INFO] [stdout]     | required by this bound in `post`
[INFO] [stdout]     = note: this error originates in the macro `top_level_handler_fn` (in Nightly builds, run with -Z macro-backtrace for more info)
[INFO] [stdout] 
[INFO] [stdout] 
[INFO] [stdout] error[E0277]: the trait bound `fn({type error}) -> impl std::future::Future<Output = StatusCode> {adhoc_optional_arg_2}: Handler<_, _, _>` is not satisfied
[INFO] [stdout]    --> tests/test.rs:183:26
[INFO] [stdout]     |
[INFO] [stdout] 183 |         .route("/", post(adhoc_optional_arg_2));
[INFO] [stdout]     |                     ---- ^^^^^^^^^^^^^^^^^^^^ the trait `Handler<_, _, _>` is not implemented for fn item `fn({type error}) -> impl std::future::Future<Output = StatusCode> {adhoc_optional_arg_2}`
[INFO] [stdout]     |                     |
[INFO] [stdout]     |                     required by a bound introduced by this call
[INFO] [stdout]     |
[INFO] [stdout]     = help: the following other types implement trait `Handler<T, S, B>`:
[INFO] [stdout]               <Layered<L, H, T, S, B, B2> as Handler<T, S, B2>>
[INFO] [stdout]               <MethodRouter<S, B> as Handler<(), S, B>>
[INFO] [stdout] note: required by a bound in `post`
[INFO] [stdout]    --> /opt/rustwide/cargo-home/registry/src/index.crates.io-6f17d22bba15001f/axum-0.6.20/src/routing/method_routing.rs:407:1
[INFO] [stdout]     |
[INFO] [stdout] 407 | top_level_handler_fn!(post, POST);
[INFO] [stdout]     | ^^^^^^^^^^^^^^^^^^^^^^----^^^^^^^
[INFO] [stdout]     | |                     |
[INFO] [stdout]     | |                     required by a bound in this function
[INFO] [stdout]     | required by this bound in `post`
[INFO] [stdout]     = note: this error originates in the macro `top_level_handler_fn` (in Nightly builds, run with -Z macro-backtrace for more info)
[INFO] [stdout] 
[INFO] [stdout] 
[INFO] [stdout] error[E0277]: the trait bound `fn({type error}) -> impl std::future::Future<Output = StatusCode> {adhoc_with_struct}: Handler<_, _, _>` is not satisfied
[INFO] [stdout]    --> tests/test.rs:227:26
[INFO] [stdout]     |
[INFO] [stdout] 227 |         .route("/", post(adhoc_with_struct));
[INFO] [stdout]     |                     ---- ^^^^^^^^^^^^^^^^^ the trait `Handler<_, _, _>` is not implemented for fn item `fn({type error}) -> impl std::future::Future<Output = StatusCode> {adhoc_with_struct}`
[INFO] [stdout]     |                     |
[INFO] [stdout]     |                     required by a bound introduced by this call
[INFO] [stdout]     |
[INFO] [stdout]     = help: the following other types implement trait `Handler<T, S, B>`:
[INFO] [stdout]               <Layered<L, H, T, S, B, B2> as Handler<T, S, B2>>
[INFO] [stdout]               <MethodRouter<S, B> as Handler<(), S, B>>
[INFO] [stdout] note: required by a bound in `post`
[INFO] [stdout]    --> /opt/rustwide/cargo-home/registry/src/index.crates.io-6f17d22bba15001f/axum-0.6.20/src/routing/method_routing.rs:407:1
[INFO] [stdout]     |
[INFO] [stdout] 407 | top_level_handler_fn!(post, POST);
[INFO] [stdout]     | ^^^^^^^^^^^^^^^^^^^^^^----^^^^^^^
[INFO] [stdout]     | |                     |
[INFO] [stdout]     | |                     required by a bound in this function
[INFO] [stdout]     | required by this bound in `post`
[INFO] [stdout]     = note: this error originates in the macro `top_level_handler_fn` (in Nightly builds, run with -Z macro-backtrace for more info)
[INFO] [stdout] 
[INFO] [stdout] 
[INFO] [stdout] error[E0277]: the trait bound `fn({type error}) -> impl std::future::Future<Output = StatusCode> {adhoc_vec_tuple}: Handler<_, _, _>` is not satisfied
[INFO] [stdout]    --> tests/test.rs:272:26
[INFO] [stdout]     |
[INFO] [stdout] 272 |         .route("/", post(adhoc_vec_tuple));
[INFO] [stdout]     |                     ---- ^^^^^^^^^^^^^^^ the trait `Handler<_, _, _>` is not implemented for fn item `fn({type error}) -> impl std::future::Future<Output = StatusCode> {adhoc_vec_tuple}`
[INFO] [stdout]     |                     |
[INFO] [stdout]     |                     required by a bound introduced by this call
[INFO] [stdout]     |
[INFO] [stdout]     = help: the following other types implement trait `Handler<T, S, B>`:
[INFO] [stdout]               <Layered<L, H, T, S, B, B2> as Handler<T, S, B2>>
[INFO] [stdout]               <MethodRouter<S, B> as Handler<(), S, B>>
[INFO] [stdout] note: required by a bound in `post`
[INFO] [stdout]    --> /opt/rustwide/cargo-home/registry/src/index.crates.io-6f17d22bba15001f/axum-0.6.20/src/routing/method_routing.rs:407:1
[INFO] [stdout]     |
[INFO] [stdout] 407 | top_level_handler_fn!(post, POST);
[INFO] [stdout]     | ^^^^^^^^^^^^^^^^^^^^^^----^^^^^^^
[INFO] [stdout]     | |                     |
[INFO] [stdout]     | |                     required by a bound in this function
[INFO] [stdout]     | required by this bound in `post`
[INFO] [stdout]     = note: this error originates in the macro `top_level_handler_fn` (in Nightly builds, run with -Z macro-backtrace for more info)
[INFO] [stdout] 
[INFO] [stdout] 
[INFO] [stdout] error[E0061]: this function takes 2 arguments but 1 argument was supplied
[INFO] [stdout]    --> tests/test.rs:336:18
[INFO] [stdout]     |
[INFO] [stdout] 336 |     let router = Router::with_state(true)
[INFO] [stdout]     |                  ^^^^^^^^^^^^^^^^^^ ---- an argument of type `Router<_, _>` is missing
[INFO] [stdout]     |
[INFO] [stdout] note: method defined here
[INFO] [stdout]    --> /opt/rustwide/cargo-home/registry/src/index.crates.io-6f17d22bba15001f/axum-0.6.20/src/routing/mod.rs:301:12
[INFO] [stdout]     |
[INFO] [stdout] 301 |     pub fn with_state<S2>(self, state: S) -> Router<S2, B> {
[INFO] [stdout]     |            ^^^^^^^^^^
[INFO] [stdout] help: provide the argument
[INFO] [stdout]     |
[INFO] [stdout] 336 |     let router = Router::with_state(/* value */, true)
[INFO] [stdout]     |                                    ~~~~~~~~~~~~~~~~~~~
[INFO] [stdout] 
[INFO] [stdout] 
[INFO] [stdout] error[E0599]: no method named `into_make_service` found for struct `Router<bool, _>` in the current scope
[INFO] [stdout]    --> tests/test.rs:349:27
[INFO] [stdout]     |
[INFO] [stdout] 349 |             .serve(router.into_make_service())
[INFO] [stdout]     |                           ^^^^^^^^^^^^^^^^^ help: there is a method with a similar name: `route_service`
[INFO] [stdout] 
[INFO] [stdout] 
[INFO] [stdout] error[E0061]: this function takes 2 arguments but 1 argument was supplied
[INFO] [stdout]    --> tests/test.rs:375:18
[INFO] [stdout]     |
[INFO] [stdout] 375 |     let router = Router::with_state(true)
[INFO] [stdout]     |                  ^^^^^^^^^^^^^^^^^^ ---- an argument of type `Router<_, _>` is missing
[INFO] [stdout]     |
[INFO] [stdout] note: method defined here
[INFO] [stdout]    --> /opt/rustwide/cargo-home/registry/src/index.crates.io-6f17d22bba15001f/axum-0.6.20/src/routing/mod.rs:301:12
[INFO] [stdout]     |
[INFO] [stdout] 301 |     pub fn with_state<S2>(self, state: S) -> Router<S2, B> {
[INFO] [stdout]     |            ^^^^^^^^^^
[INFO] [stdout] help: provide the argument
[INFO] [stdout]     |
[INFO] [stdout] 375 |     let router = Router::with_state(/* value */, true)
[INFO] [stdout]     |                                    ~~~~~~~~~~~~~~~~~~~
[INFO] [stdout] 
[INFO] [stdout] 
[INFO] [stdout] error[E0277]: the trait bound `fn({type error}) -> impl std::future::Future<Output = StatusCode> {adhoc_with_uuid}: Handler<_, _, _>` is not satisfied
[INFO] [stdout]    --> tests/test.rs:376:26
[INFO] [stdout]     |
[INFO] [stdout] 376 |         .route("/", post(adhoc_with_uuid));
[INFO] [stdout]     |                     ---- ^^^^^^^^^^^^^^^ the trait `Handler<_, _, _>` is not implemented for fn item `fn({type error}) -> impl std::future::Future<Output = StatusCode> {adhoc_with_uuid}`
[INFO] [stdout]     |                     |
[INFO] [stdout]     |                     required by a bound introduced by this call
[INFO] [stdout]     |
[INFO] [stdout]     = help: the following other types implement trait `Handler<T, S, B>`:
[INFO] [stdout]               <Layered<L, H, T, S, B, B2> as Handler<T, S, B2>>
[INFO] [stdout]               <MethodRouter<S, B> as Handler<(), S, B>>
[INFO] [stdout] note: required by a bound in `post`
[INFO] [stdout]    --> /opt/rustwide/cargo-home/registry/src/index.crates.io-6f17d22bba15001f/axum-0.6.20/src/routing/method_routing.rs:407:1
[INFO] [stdout]     |
[INFO] [stdout] 407 | top_level_handler_fn!(post, POST);
[INFO] [stdout]     | ^^^^^^^^^^^^^^^^^^^^^^----^^^^^^^
[INFO] [stdout]     | |                     |
[INFO] [stdout]     | |                     required by a bound in this function
[INFO] [stdout]     | required by this bound in `post`
[INFO] [stdout]     = note: this error originates in the macro `top_level_handler_fn` (in Nightly builds, run with -Z macro-backtrace for more info)
[INFO] [stdout] 
[INFO] [stdout] 
[INFO] [stdout] error[E0061]: this function takes 2 arguments but 1 argument was supplied
[INFO] [stdout]    --> tests/test.rs:415:18
[INFO] [stdout]     |
[INFO] [stdout] 415 |     let router = Router::with_state(true)
[INFO] [stdout]     |                  ^^^^^^^^^^^^^^^^^^ ---- an argument of type `Router<_, _>` is missing
[INFO] [stdout]     |
[INFO] [stdout] note: method defined here
[INFO] [stdout]    --> /opt/rustwide/cargo-home/registry/src/index.crates.io-6f17d22bba15001f/axum-0.6.20/src/routing/mod.rs:301:12
[INFO] [stdout]     |
[INFO] [stdout] 301 |     pub fn with_state<S2>(self, state: S) -> Router<S2, B> {
[INFO] [stdout]     |            ^^^^^^^^^^
[INFO] [stdout] help: provide the argument
[INFO] [stdout]     |
[INFO] [stdout] 415 |     let router = Router::with_state(/* value */, true)
[INFO] [stdout]     |                                    ~~~~~~~~~~~~~~~~~~~
[INFO] [stdout] 
[INFO] [stdout] 
[INFO] [stdout] error[E0277]: the trait bound `fn(TypedHeader<XHead>, {type error}) -> impl std::future::Future<Output = StatusCode> {adhoc_with_three}: Handler<_, _, _>` is not satisfied
[INFO] [stdout]    --> tests/test.rs:416:26
[INFO] [stdout]     |
[INFO] [stdout] 416 |         .route("/", post(adhoc_with_three));
[INFO] [stdout]     |                     ---- ^^^^^^^^^^^^^^^^ the trait `Handler<_, _, _>` is not implemented for fn item `fn(TypedHeader<XHead>, {type error}) -> impl std::future::Future<Output = StatusCode> {adhoc_with_three}`
[INFO] [stdout]     |                     |
[INFO] [stdout]     |                     required by a bound introduced by this call
[INFO] [stdout]     |
[INFO] [stdout]     = help: the following other types implement trait `Handler<T, S, B>`:
[INFO] [stdout]               <Layered<L, H, T, S, B, B2> as Handler<T, S, B2>>
[INFO] [stdout]               <MethodRouter<S, B> as Handler<(), S, B>>
[INFO] [stdout] note: required by a bound in `post`
[INFO] [stdout]    --> /opt/rustwide/cargo-home/registry/src/index.crates.io-6f17d22bba15001f/axum-0.6.20/src/routing/method_routing.rs:407:1
[INFO] [stdout]     |
[INFO] [stdout] 407 | top_level_handler_fn!(post, POST);
[INFO] [stdout]     | ^^^^^^^^^^^^^^^^^^^^^^----^^^^^^^
[INFO] [stdout]     | |                     |
[INFO] [stdout]     | |                     required by a bound in this function
[INFO] [stdout]     | required by this bound in `post`
[INFO] [stdout]     = note: this error originates in the macro `top_level_handler_fn` (in Nightly builds, run with -Z macro-backtrace for more info)
[INFO] [stdout] 
[INFO] [stdout] 
[INFO] [stdout] error: aborting due to 15 previous errors; 6 warnings emitted
[INFO] [stdout] 
[INFO] [stdout] 
[INFO] [stdout] Some errors have detailed explanations: E0061, E0277, E0432, E0599.
[INFO] [stdout] 
[INFO] [stdout] For more information about an error, try `rustc --explain E0061`.
[INFO] [stdout] 
[INFO] [stderr] error: could not compile `binhoc_macros` (test "test") due to 16 previous errors; 6 warnings emitted
[INFO] running `Command { std: "docker" "inspect" "73b9cb563efe1426ca4c1feab0c852542289063648bb999cbd505233606d066d", kill_on_drop: false }`
[INFO] running `Command { std: "docker" "rm" "-f" "73b9cb563efe1426ca4c1feab0c852542289063648bb999cbd505233606d066d", kill_on_drop: false }`
[INFO] [stdout] 73b9cb563efe1426ca4c1feab0c852542289063648bb999cbd505233606d066d
