[INFO] fetching crate binary-merkle-tree 11.0.0...
[INFO] testing binary-merkle-tree-11.0.0 against 1.75.0 for beta-1.76-1
[INFO] extracting crate binary-merkle-tree 11.0.0 into /workspace/builds/worker-6-tc1/source
[INFO] validating manifest of crates.io crate binary-merkle-tree 11.0.0 on toolchain 1.75.0
[INFO] running `Command { std: CARGO_HOME="/workspace/cargo-home" RUSTUP_HOME="/workspace/rustup-home" "/workspace/cargo-home/bin/cargo" "+1.75.0" "metadata" "--manifest-path" "Cargo.toml" "--no-deps", kill_on_drop: false }`
[INFO] started tweaking crates.io crate binary-merkle-tree 11.0.0
[INFO] finished tweaking crates.io crate binary-merkle-tree 11.0.0
[INFO] tweaked toml for crates.io crate binary-merkle-tree 11.0.0 written to /workspace/builds/worker-6-tc1/source/Cargo.toml
[INFO] running `Command { std: CARGO_HOME="/workspace/cargo-home" RUSTUP_HOME="/workspace/rustup-home" "/workspace/cargo-home/bin/cargo" "+1.75.0" "generate-lockfile" "--manifest-path" "Cargo.toml", kill_on_drop: false }`
[INFO] [stderr]     Updating crates.io index
[INFO] running `Command { std: CARGO_HOME="/workspace/cargo-home" RUSTUP_HOME="/workspace/rustup-home" "/workspace/cargo-home/bin/cargo" "+1.75.0" "fetch" "--manifest-path" "Cargo.toml", kill_on_drop: false }`
[INFO] [stderr]  Downloading crates ...
[INFO] [stderr]   Downloaded array-bytes v6.2.2
[INFO] [stderr]   Downloaded hash-db v0.16.0
[INFO] running `Command { std: "docker" "create" "-v" "/var/lib/crater-agent-workspace/builds/worker-6-tc1/target:/opt/rustwide/target:rw,Z" "-v" "/var/lib/crater-agent-workspace/builds/worker-6-tc1/source:/opt/rustwide/workdir:ro,Z" "-v" "/var/lib/crater-agent-workspace/cargo-home:/opt/rustwide/cargo-home:ro,Z" "-v" "/var/lib/crater-agent-workspace/rustup-home:/opt/rustwide/rustup-home:ro,Z" "-e" "SOURCE_DIR=/opt/rustwide/workdir" "-e" "CARGO_TARGET_DIR=/opt/rustwide/target" "-e" "CARGO_HOME=/opt/rustwide/cargo-home" "-e" "RUSTUP_HOME=/opt/rustwide/rustup-home" "-w" "/opt/rustwide/workdir" "-m" "1610612736" "--user" "0:0" "--network" "none" "ghcr.io/rust-lang/crates-build-env/linux@sha256:2788e3201cd34a07e3172128adcd8b3090168a8e3bcc40d7c032b9dda1df7d1c" "/opt/rustwide/cargo-home/bin/cargo" "+1.75.0" "metadata" "--no-deps" "--format-version=1", kill_on_drop: false }`
[INFO] [stdout] 4bb14fefd9acf839c13e781488ee82895eb447022547e5b562d2b2cbfc737370
[INFO] running `Command { std: "docker" "start" "-a" "4bb14fefd9acf839c13e781488ee82895eb447022547e5b562d2b2cbfc737370", kill_on_drop: false }`
[INFO] running `Command { std: "docker" "inspect" "4bb14fefd9acf839c13e781488ee82895eb447022547e5b562d2b2cbfc737370", kill_on_drop: false }`
[INFO] running `Command { std: "docker" "rm" "-f" "4bb14fefd9acf839c13e781488ee82895eb447022547e5b562d2b2cbfc737370", kill_on_drop: false }`
[INFO] [stdout] 4bb14fefd9acf839c13e781488ee82895eb447022547e5b562d2b2cbfc737370
[INFO] running `Command { std: "docker" "create" "-v" "/var/lib/crater-agent-workspace/builds/worker-6-tc1/target:/opt/rustwide/target:rw,Z" "-v" "/var/lib/crater-agent-workspace/builds/worker-6-tc1/source:/opt/rustwide/workdir:ro,Z" "-v" "/var/lib/crater-agent-workspace/cargo-home:/opt/rustwide/cargo-home:ro,Z" "-v" "/var/lib/crater-agent-workspace/rustup-home:/opt/rustwide/rustup-home:ro,Z" "-e" "SOURCE_DIR=/opt/rustwide/workdir" "-e" "CARGO_TARGET_DIR=/opt/rustwide/target" "-e" "CARGO_INCREMENTAL=0" "-e" "RUST_BACKTRACE=full" "-e" "RUSTFLAGS=--cap-lints=warn" "-e" "RUSTDOCFLAGS=--cap-lints=warn" "-e" "CARGO_HOME=/opt/rustwide/cargo-home" "-e" "RUSTUP_HOME=/opt/rustwide/rustup-home" "-w" "/opt/rustwide/workdir" "-m" "1610612736" "--user" "0:0" "--network" "none" "ghcr.io/rust-lang/crates-build-env/linux@sha256:2788e3201cd34a07e3172128adcd8b3090168a8e3bcc40d7c032b9dda1df7d1c" "/opt/rustwide/cargo-home/bin/cargo" "+1.75.0" "build" "--frozen" "--message-format=json", kill_on_drop: false }`
[INFO] [stdout] 5de1f5f01a3925fb1e7e193e95c93cfdd37bee4032ea241e4691120cbccdcd4a
[INFO] running `Command { std: "docker" "start" "-a" "5de1f5f01a3925fb1e7e193e95c93cfdd37bee4032ea241e4691120cbccdcd4a", kill_on_drop: false }`
[INFO] [stderr]    Compiling hash-db v0.16.0
[INFO] [stderr]    Compiling array-bytes v6.2.2
[INFO] [stderr]    Compiling log v0.4.20
[INFO] [stderr]    Compiling binary-merkle-tree v11.0.0 (/opt/rustwide/workdir)
[INFO] [stderr]     Finished dev [unoptimized + debuginfo] target(s) in 1.14s
[INFO] running `Command { std: "docker" "inspect" "5de1f5f01a3925fb1e7e193e95c93cfdd37bee4032ea241e4691120cbccdcd4a", kill_on_drop: false }`
[INFO] running `Command { std: "docker" "rm" "-f" "5de1f5f01a3925fb1e7e193e95c93cfdd37bee4032ea241e4691120cbccdcd4a", kill_on_drop: false }`
[INFO] [stdout] 5de1f5f01a3925fb1e7e193e95c93cfdd37bee4032ea241e4691120cbccdcd4a
[INFO] running `Command { std: "docker" "create" "-v" "/var/lib/crater-agent-workspace/builds/worker-6-tc1/target:/opt/rustwide/target:rw,Z" "-v" "/var/lib/crater-agent-workspace/builds/worker-6-tc1/source:/opt/rustwide/workdir:ro,Z" "-v" "/var/lib/crater-agent-workspace/cargo-home:/opt/rustwide/cargo-home:ro,Z" "-v" "/var/lib/crater-agent-workspace/rustup-home:/opt/rustwide/rustup-home:ro,Z" "-e" "SOURCE_DIR=/opt/rustwide/workdir" "-e" "CARGO_TARGET_DIR=/opt/rustwide/target" "-e" "CARGO_INCREMENTAL=0" "-e" "RUST_BACKTRACE=full" "-e" "RUSTFLAGS=--cap-lints=warn" "-e" "RUSTDOCFLAGS=--cap-lints=warn" "-e" "CARGO_HOME=/opt/rustwide/cargo-home" "-e" "RUSTUP_HOME=/opt/rustwide/rustup-home" "-w" "/opt/rustwide/workdir" "-m" "1610612736" "--user" "0:0" "--network" "none" "ghcr.io/rust-lang/crates-build-env/linux@sha256:2788e3201cd34a07e3172128adcd8b3090168a8e3bcc40d7c032b9dda1df7d1c" "/opt/rustwide/cargo-home/bin/cargo" "+1.75.0" "test" "--frozen" "--no-run" "--message-format=json", kill_on_drop: false }`
[INFO] [stdout] ad684c890420462d3ec31d2cbae9ba0e3e540f1a453eca4103a345f278a947b3
[INFO] running `Command { std: "docker" "start" "-a" "ad684c890420462d3ec31d2cbae9ba0e3e540f1a453eca4103a345f278a947b3", kill_on_drop: false }`
[INFO] [stderr]    Compiling libc v0.2.151
[INFO] [stderr]    Compiling memchr v2.7.1
[INFO] [stderr]    Compiling regex-syntax v0.8.2
[INFO] [stderr]    Compiling humantime v2.1.0
[INFO] [stderr]    Compiling termcolor v1.4.0
[INFO] [stderr]    Compiling aho-corasick v1.1.2
[INFO] [stderr]    Compiling atty v0.2.14
[INFO] [stderr]    Compiling regex-automata v0.4.3
[INFO] [stderr]    Compiling regex v1.10.2
[INFO] [stderr]    Compiling env_logger v0.9.3
[INFO] [stderr]    Compiling binary-merkle-tree v11.0.0 (/opt/rustwide/workdir)
[INFO] [stdout] error[E0433]: failed to resolve: use of undeclared crate or module `sp_runtime`
[INFO] [stdout]    --> src/lib.rs:354:6
[INFO] [stdout]     |
[INFO] [stdout] 354 |     use sp_runtime::traits::Keccak256;
[INFO] [stdout]     |         ^^^^^^^^^^ use of undeclared crate or module `sp_runtime`
[INFO] [stdout] 
[INFO] [stdout] 
[INFO] [stdout] error[E0432]: unresolved import `sp_core`
[INFO] [stdout]    --> src/lib.rs:353:6
[INFO] [stdout]     |
[INFO] [stdout] 353 |     use sp_core::H256;
[INFO] [stdout]     |         ^^^^^^^ use of undeclared crate or module `sp_core`
[INFO] [stdout] 
[INFO] [stdout] 
[INFO] [stdout] error: aborting due to 2 previous errors
[INFO] [stdout] 
[INFO] [stdout] 
[INFO] [stdout] Some errors have detailed explanations: E0432, E0433.
[INFO] [stdout] 
[INFO] [stdout] For more information about an error, try `rustc --explain E0432`.
[INFO] [stdout] 
[INFO] [stderr] error: could not compile `binary-merkle-tree` (lib test) due to 3 previous errors
[INFO] running `Command { std: "docker" "inspect" "ad684c890420462d3ec31d2cbae9ba0e3e540f1a453eca4103a345f278a947b3", kill_on_drop: false }`
[INFO] running `Command { std: "docker" "rm" "-f" "ad684c890420462d3ec31d2cbae9ba0e3e540f1a453eca4103a345f278a947b3", kill_on_drop: false }`
[INFO] [stdout] ad684c890420462d3ec31d2cbae9ba0e3e540f1a453eca4103a345f278a947b3
[INFO] testing binary-merkle-tree-11.0.0 against beta-2023-12-22 for beta-1.76-1
[INFO] extracting crate binary-merkle-tree 11.0.0 into /workspace/builds/worker-6-tc2/source
[INFO] validating manifest of crates.io crate binary-merkle-tree 11.0.0 on toolchain beta-2023-12-22
[INFO] running `Command { std: CARGO_HOME="/workspace/cargo-home" RUSTUP_HOME="/workspace/rustup-home" "/workspace/cargo-home/bin/cargo" "+beta-2023-12-22" "metadata" "--manifest-path" "Cargo.toml" "--no-deps", kill_on_drop: false }`
[INFO] started tweaking crates.io crate binary-merkle-tree 11.0.0
[INFO] finished tweaking crates.io crate binary-merkle-tree 11.0.0
[INFO] tweaked toml for crates.io crate binary-merkle-tree 11.0.0 written to /workspace/builds/worker-6-tc2/source/Cargo.toml
[INFO] running `Command { std: CARGO_HOME="/workspace/cargo-home" RUSTUP_HOME="/workspace/rustup-home" "/workspace/cargo-home/bin/cargo" "+beta-2023-12-22" "generate-lockfile" "--manifest-path" "Cargo.toml", kill_on_drop: false }`
[INFO] [stderr]     Blocking waiting for file lock on package cache
[INFO] [stderr]     Updating crates.io index
[INFO] running `Command { std: CARGO_HOME="/workspace/cargo-home" RUSTUP_HOME="/workspace/rustup-home" "/workspace/cargo-home/bin/cargo" "+beta-2023-12-22" "fetch" "--manifest-path" "Cargo.toml", kill_on_drop: false }`
[INFO] [stderr]     Blocking waiting for file lock on package cache
[INFO] running `Command { std: "docker" "create" "-v" "/var/lib/crater-agent-workspace/builds/worker-6-tc2/target:/opt/rustwide/target:rw,Z" "-v" "/var/lib/crater-agent-workspace/builds/worker-6-tc2/source:/opt/rustwide/workdir:ro,Z" "-v" "/var/lib/crater-agent-workspace/cargo-home:/opt/rustwide/cargo-home:ro,Z" "-v" "/var/lib/crater-agent-workspace/rustup-home:/opt/rustwide/rustup-home:ro,Z" "-e" "SOURCE_DIR=/opt/rustwide/workdir" "-e" "CARGO_TARGET_DIR=/opt/rustwide/target" "-e" "CARGO_HOME=/opt/rustwide/cargo-home" "-e" "RUSTUP_HOME=/opt/rustwide/rustup-home" "-w" "/opt/rustwide/workdir" "-m" "1610612736" "--user" "0:0" "--network" "none" "ghcr.io/rust-lang/crates-build-env/linux@sha256:2788e3201cd34a07e3172128adcd8b3090168a8e3bcc40d7c032b9dda1df7d1c" "/opt/rustwide/cargo-home/bin/cargo" "+beta-2023-12-22" "metadata" "--no-deps" "--format-version=1", kill_on_drop: false }`
[INFO] [stdout] 36ff8d4cd363c1b8c29c6ccaeb6e3ac9acedc0151a99e70df2b1b7d3a69ce837
[INFO] running `Command { std: "docker" "start" "-a" "36ff8d4cd363c1b8c29c6ccaeb6e3ac9acedc0151a99e70df2b1b7d3a69ce837", kill_on_drop: false }`
[INFO] running `Command { std: "docker" "inspect" "36ff8d4cd363c1b8c29c6ccaeb6e3ac9acedc0151a99e70df2b1b7d3a69ce837", kill_on_drop: false }`
[INFO] running `Command { std: "docker" "rm" "-f" "36ff8d4cd363c1b8c29c6ccaeb6e3ac9acedc0151a99e70df2b1b7d3a69ce837", kill_on_drop: false }`
[INFO] [stdout] 36ff8d4cd363c1b8c29c6ccaeb6e3ac9acedc0151a99e70df2b1b7d3a69ce837
[INFO] running `Command { std: "docker" "create" "-v" "/var/lib/crater-agent-workspace/builds/worker-6-tc2/target:/opt/rustwide/target:rw,Z" "-v" "/var/lib/crater-agent-workspace/builds/worker-6-tc2/source:/opt/rustwide/workdir:ro,Z" "-v" "/var/lib/crater-agent-workspace/cargo-home:/opt/rustwide/cargo-home:ro,Z" "-v" "/var/lib/crater-agent-workspace/rustup-home:/opt/rustwide/rustup-home:ro,Z" "-e" "SOURCE_DIR=/opt/rustwide/workdir" "-e" "CARGO_TARGET_DIR=/opt/rustwide/target" "-e" "CARGO_INCREMENTAL=0" "-e" "RUST_BACKTRACE=full" "-e" "RUSTFLAGS=--cap-lints=warn" "-e" "RUSTDOCFLAGS=--cap-lints=warn" "-e" "CARGO_HOME=/opt/rustwide/cargo-home" "-e" "RUSTUP_HOME=/opt/rustwide/rustup-home" "-w" "/opt/rustwide/workdir" "-m" "1610612736" "--user" "0:0" "--network" "none" "ghcr.io/rust-lang/crates-build-env/linux@sha256:2788e3201cd34a07e3172128adcd8b3090168a8e3bcc40d7c032b9dda1df7d1c" "/opt/rustwide/cargo-home/bin/cargo" "+beta-2023-12-22" "build" "--frozen" "--message-format=json", kill_on_drop: false }`
[INFO] [stdout] 8cef778834758ceb559e1872df7516c34a57a5145dfc2d9139ba0eb02848d651
[INFO] running `Command { std: "docker" "start" "-a" "8cef778834758ceb559e1872df7516c34a57a5145dfc2d9139ba0eb02848d651", kill_on_drop: false }`
[INFO] [stderr]    Compiling hash-db v0.16.0
[INFO] [stderr]    Compiling array-bytes v6.2.2
[INFO] [stderr]    Compiling log v0.4.20
[INFO] [stderr]    Compiling binary-merkle-tree v11.0.0 (/opt/rustwide/workdir)
[INFO] [stderr]     Finished dev [unoptimized + debuginfo] target(s) in 1.23s
[INFO] running `Command { std: "docker" "inspect" "8cef778834758ceb559e1872df7516c34a57a5145dfc2d9139ba0eb02848d651", kill_on_drop: false }`
[INFO] running `Command { std: "docker" "rm" "-f" "8cef778834758ceb559e1872df7516c34a57a5145dfc2d9139ba0eb02848d651", kill_on_drop: false }`
[INFO] [stdout] 8cef778834758ceb559e1872df7516c34a57a5145dfc2d9139ba0eb02848d651
[INFO] running `Command { std: "docker" "create" "-v" "/var/lib/crater-agent-workspace/builds/worker-6-tc2/target:/opt/rustwide/target:rw,Z" "-v" "/var/lib/crater-agent-workspace/builds/worker-6-tc2/source:/opt/rustwide/workdir:ro,Z" "-v" "/var/lib/crater-agent-workspace/cargo-home:/opt/rustwide/cargo-home:ro,Z" "-v" "/var/lib/crater-agent-workspace/rustup-home:/opt/rustwide/rustup-home:ro,Z" "-e" "SOURCE_DIR=/opt/rustwide/workdir" "-e" "CARGO_TARGET_DIR=/opt/rustwide/target" "-e" "CARGO_INCREMENTAL=0" "-e" "RUST_BACKTRACE=full" "-e" "RUSTFLAGS=--cap-lints=warn" "-e" "RUSTDOCFLAGS=--cap-lints=warn" "-e" "CARGO_HOME=/opt/rustwide/cargo-home" "-e" "RUSTUP_HOME=/opt/rustwide/rustup-home" "-w" "/opt/rustwide/workdir" "-m" "1610612736" "--user" "0:0" "--network" "none" "ghcr.io/rust-lang/crates-build-env/linux@sha256:2788e3201cd34a07e3172128adcd8b3090168a8e3bcc40d7c032b9dda1df7d1c" "/opt/rustwide/cargo-home/bin/cargo" "+beta-2023-12-22" "test" "--frozen" "--no-run" "--message-format=json", kill_on_drop: false }`
[INFO] [stdout] c0e2c9a1cefd93369bda3348cea46bf2a1ba7f4f9844eefdd4c332ed02f0a1a3
[INFO] running `Command { std: "docker" "start" "-a" "c0e2c9a1cefd93369bda3348cea46bf2a1ba7f4f9844eefdd4c332ed02f0a1a3", kill_on_drop: false }`
[INFO] [stderr]    Compiling libc v0.2.151
[INFO] [stderr]    Compiling memchr v2.7.1
[INFO] [stderr]    Compiling regex-syntax v0.8.2
[INFO] [stderr]    Compiling termcolor v1.4.0
[INFO] [stderr]    Compiling humantime v2.1.0
[INFO] [stderr]    Compiling aho-corasick v1.1.2
[INFO] [stderr]    Compiling atty v0.2.14
[INFO] [stderr]    Compiling regex-automata v0.4.3
[INFO] [stderr]    Compiling regex v1.10.2
[INFO] [stderr]    Compiling env_logger v0.9.3
[INFO] [stderr]    Compiling binary-merkle-tree v11.0.0 (/opt/rustwide/workdir)
[INFO] [stdout] error[E0433]: failed to resolve: use of undeclared crate or module `sp_runtime`
[INFO] [stdout]    --> src/lib.rs:354:6
[INFO] [stdout]     |
[INFO] [stdout] 354 |     use sp_runtime::traits::Keccak256;
[INFO] [stdout]     |         ^^^^^^^^^^ use of undeclared crate or module `sp_runtime`
[INFO] [stdout] 
[INFO] [stdout] 
[INFO] [stdout] error[E0432]: unresolved import `sp_core`
[INFO] [stdout]    --> src/lib.rs:353:6
[INFO] [stdout]     |
[INFO] [stdout] 353 |     use sp_core::H256;
[INFO] [stdout]     |         ^^^^^^^ use of undeclared crate or module `sp_core`
[INFO] [stdout] 
[INFO] [stdout] 
[INFO] [stdout] error: aborting due to 2 previous errors
[INFO] [stdout] 
[INFO] [stdout] 
[INFO] [stdout] Some errors have detailed explanations: E0432, E0433.
[INFO] [stdout] 
[INFO] [stdout] For more information about an error, try `rustc --explain E0432`.
[INFO] [stdout] 
[INFO] [stderr] error: could not compile `binary-merkle-tree` (lib test) due to 3 previous errors
[INFO] running `Command { std: "docker" "inspect" "c0e2c9a1cefd93369bda3348cea46bf2a1ba7f4f9844eefdd4c332ed02f0a1a3", kill_on_drop: false }`
[INFO] running `Command { std: "docker" "rm" "-f" "c0e2c9a1cefd93369bda3348cea46bf2a1ba7f4f9844eefdd4c332ed02f0a1a3", kill_on_drop: false }`
[INFO] [stdout] c0e2c9a1cefd93369bda3348cea46bf2a1ba7f4f9844eefdd4c332ed02f0a1a3
