[INFO] fetching crate bezier-interpolation 0.3.0...
[INFO] testing bezier-interpolation-0.3.0 against 1.75.0 for beta-1.76-1
[INFO] extracting crate bezier-interpolation 0.3.0 into /workspace/builds/worker-7-tc1/source
[INFO] validating manifest of crates.io crate bezier-interpolation 0.3.0 on toolchain 1.75.0
[INFO] running `Command { std: CARGO_HOME="/workspace/cargo-home" RUSTUP_HOME="/workspace/rustup-home" "/workspace/cargo-home/bin/cargo" "+1.75.0" "metadata" "--manifest-path" "Cargo.toml" "--no-deps", kill_on_drop: false }`
[INFO] started tweaking crates.io crate bezier-interpolation 0.3.0
[INFO] finished tweaking crates.io crate bezier-interpolation 0.3.0
[INFO] tweaked toml for crates.io crate bezier-interpolation 0.3.0 written to /workspace/builds/worker-7-tc1/source/Cargo.toml
[INFO] running `Command { std: CARGO_HOME="/workspace/cargo-home" RUSTUP_HOME="/workspace/rustup-home" "/workspace/cargo-home/bin/cargo" "+1.75.0" "generate-lockfile" "--manifest-path" "Cargo.toml", kill_on_drop: false }`
[INFO] [stderr]     Updating crates.io index
[INFO] running `Command { std: CARGO_HOME="/workspace/cargo-home" RUSTUP_HOME="/workspace/rustup-home" "/workspace/cargo-home/bin/cargo" "+1.75.0" "fetch" "--manifest-path" "Cargo.toml", kill_on_drop: false }`
[INFO] [stderr]  Downloading crates ...
[INFO] [stderr]   Downloaded bitflags v0.5.0
[INFO] [stderr]   Downloaded freetype-sys v0.3.1
[INFO] [stderr]   Downloaded freetype-rs v0.7.0
[INFO] running `Command { std: "docker" "create" "-v" "/var/lib/crater-agent-workspace/builds/worker-7-tc1/target:/opt/rustwide/target:rw,Z" "-v" "/var/lib/crater-agent-workspace/builds/worker-7-tc1/source:/opt/rustwide/workdir:ro,Z" "-v" "/var/lib/crater-agent-workspace/cargo-home:/opt/rustwide/cargo-home:ro,Z" "-v" "/var/lib/crater-agent-workspace/rustup-home:/opt/rustwide/rustup-home:ro,Z" "-e" "SOURCE_DIR=/opt/rustwide/workdir" "-e" "CARGO_TARGET_DIR=/opt/rustwide/target" "-e" "CARGO_HOME=/opt/rustwide/cargo-home" "-e" "RUSTUP_HOME=/opt/rustwide/rustup-home" "-w" "/opt/rustwide/workdir" "-m" "1610612736" "--user" "0:0" "--network" "none" "ghcr.io/rust-lang/crates-build-env/linux@sha256:2788e3201cd34a07e3172128adcd8b3090168a8e3bcc40d7c032b9dda1df7d1c" "/opt/rustwide/cargo-home/bin/cargo" "+1.75.0" "metadata" "--no-deps" "--format-version=1", kill_on_drop: false }`
[INFO] [stdout] 430ca9ae1b25074931cba97735b31126af9178ba14f85172e0923dae43529fd3
[INFO] running `Command { std: "docker" "start" "-a" "430ca9ae1b25074931cba97735b31126af9178ba14f85172e0923dae43529fd3", kill_on_drop: false }`
[INFO] running `Command { std: "docker" "inspect" "430ca9ae1b25074931cba97735b31126af9178ba14f85172e0923dae43529fd3", kill_on_drop: false }`
[INFO] running `Command { std: "docker" "rm" "-f" "430ca9ae1b25074931cba97735b31126af9178ba14f85172e0923dae43529fd3", kill_on_drop: false }`
[INFO] [stdout] 430ca9ae1b25074931cba97735b31126af9178ba14f85172e0923dae43529fd3
[INFO] running `Command { std: "docker" "create" "-v" "/var/lib/crater-agent-workspace/builds/worker-7-tc1/target:/opt/rustwide/target:rw,Z" "-v" "/var/lib/crater-agent-workspace/builds/worker-7-tc1/source:/opt/rustwide/workdir:ro,Z" "-v" "/var/lib/crater-agent-workspace/cargo-home:/opt/rustwide/cargo-home:ro,Z" "-v" "/var/lib/crater-agent-workspace/rustup-home:/opt/rustwide/rustup-home:ro,Z" "-e" "SOURCE_DIR=/opt/rustwide/workdir" "-e" "CARGO_TARGET_DIR=/opt/rustwide/target" "-e" "CARGO_INCREMENTAL=0" "-e" "RUST_BACKTRACE=full" "-e" "RUSTFLAGS=--cap-lints=warn" "-e" "RUSTDOCFLAGS=--cap-lints=warn" "-e" "CARGO_HOME=/opt/rustwide/cargo-home" "-e" "RUSTUP_HOME=/opt/rustwide/rustup-home" "-w" "/opt/rustwide/workdir" "-m" "1610612736" "--user" "0:0" "--network" "none" "ghcr.io/rust-lang/crates-build-env/linux@sha256:2788e3201cd34a07e3172128adcd8b3090168a8e3bcc40d7c032b9dda1df7d1c" "/opt/rustwide/cargo-home/bin/cargo" "+1.75.0" "build" "--frozen" "--message-format=json", kill_on_drop: false }`
[INFO] [stdout] 342056d788ebb379659e82ae055c70f68a7bc0fcc0d2b93767289d1425627e29
[INFO] running `Command { std: "docker" "start" "-a" "342056d788ebb379659e82ae055c70f68a7bc0fcc0d2b93767289d1425627e29", kill_on_drop: false }`
[INFO] [stderr]    Compiling bitflags v0.5.0
[INFO] [stderr]    Compiling freetype-sys v0.3.1
[INFO] [stderr]    Compiling libz-sys v1.1.12
[INFO] [stderr]    Compiling freetype-rs v0.7.0
[INFO] [stderr]    Compiling bezier-interpolation v0.3.0 (/opt/rustwide/workdir)
[INFO] [stdout] error[E0277]: the trait bound `I: From<i64>` is not satisfied
[INFO] [stdout]    --> src/ncr.rs:183:10
[INFO] [stdout]     |
[INFO] [stdout] 183 |     (p.x.into(), p.y.into())
[INFO] [stdout]     |          ^^^^ the trait `From<i64>` is not implemented for `I`
[INFO] [stdout]     |
[INFO] [stdout]     = note: required for `i64` to implement `Into<I>`
[INFO] [stdout] help: consider further restricting this bound
[INFO] [stdout]     |
[INFO] [stdout] 163 |  + Copy + std::convert::From::<i32> + std::convert::From<i64>> Path2d<I> for Itpl<I>
[INFO] [stdout]     |                                     +++++++++++++++++++++++++
[INFO] [stdout] 
[INFO] [stdout] 
[INFO] [stdout] error[E0277]: the trait bound `I: From<i64>` is not satisfied
[INFO] [stdout]    --> src/ncr.rs:183:22
[INFO] [stdout]     |
[INFO] [stdout] 183 |     (p.x.into(), p.y.into())
[INFO] [stdout]     |                      ^^^^ the trait `From<i64>` is not implemented for `I`
[INFO] [stdout]     |
[INFO] [stdout]     = note: required for `i64` to implement `Into<I>`
[INFO] [stdout] help: consider further restricting this bound
[INFO] [stdout]     |
[INFO] [stdout] 163 |  + Copy + std::convert::From::<i32> + std::convert::From<i64>> Path2d<I> for Itpl<I>
[INFO] [stdout]     |                                     +++++++++++++++++++++++++
[INFO] [stdout] 
[INFO] [stdout] 
[INFO] [stderr] error: could not compile `bezier-interpolation` (lib) due to 3 previous errors
[INFO] [stdout] error: aborting due to 2 previous errors
[INFO] [stdout] 
[INFO] [stdout] 
[INFO] [stderr] warning: build failed, waiting for other jobs to finish...
[INFO] [stdout] For more information about this error, try `rustc --explain E0277`.
[INFO] [stdout] 
[INFO] running `Command { std: "docker" "inspect" "342056d788ebb379659e82ae055c70f68a7bc0fcc0d2b93767289d1425627e29", kill_on_drop: false }`
[INFO] running `Command { std: "docker" "rm" "-f" "342056d788ebb379659e82ae055c70f68a7bc0fcc0d2b93767289d1425627e29", kill_on_drop: false }`
[INFO] [stdout] 342056d788ebb379659e82ae055c70f68a7bc0fcc0d2b93767289d1425627e29
[INFO] testing bezier-interpolation-0.3.0 against beta-2023-12-22 for beta-1.76-1
[INFO] extracting crate bezier-interpolation 0.3.0 into /workspace/builds/worker-7-tc2/source
[INFO] validating manifest of crates.io crate bezier-interpolation 0.3.0 on toolchain beta-2023-12-22
[INFO] running `Command { std: CARGO_HOME="/workspace/cargo-home" RUSTUP_HOME="/workspace/rustup-home" "/workspace/cargo-home/bin/cargo" "+beta-2023-12-22" "metadata" "--manifest-path" "Cargo.toml" "--no-deps", kill_on_drop: false }`
[INFO] started tweaking crates.io crate bezier-interpolation 0.3.0
[INFO] finished tweaking crates.io crate bezier-interpolation 0.3.0
[INFO] tweaked toml for crates.io crate bezier-interpolation 0.3.0 written to /workspace/builds/worker-7-tc2/source/Cargo.toml
[INFO] running `Command { std: CARGO_HOME="/workspace/cargo-home" RUSTUP_HOME="/workspace/rustup-home" "/workspace/cargo-home/bin/cargo" "+beta-2023-12-22" "generate-lockfile" "--manifest-path" "Cargo.toml", kill_on_drop: false }`
[INFO] [stderr]     Updating crates.io index
[INFO] running `Command { std: CARGO_HOME="/workspace/cargo-home" RUSTUP_HOME="/workspace/rustup-home" "/workspace/cargo-home/bin/cargo" "+beta-2023-12-22" "fetch" "--manifest-path" "Cargo.toml", kill_on_drop: false }`
[INFO] running `Command { std: "docker" "create" "-v" "/var/lib/crater-agent-workspace/builds/worker-7-tc2/target:/opt/rustwide/target:rw,Z" "-v" "/var/lib/crater-agent-workspace/builds/worker-7-tc2/source:/opt/rustwide/workdir:ro,Z" "-v" "/var/lib/crater-agent-workspace/cargo-home:/opt/rustwide/cargo-home:ro,Z" "-v" "/var/lib/crater-agent-workspace/rustup-home:/opt/rustwide/rustup-home:ro,Z" "-e" "SOURCE_DIR=/opt/rustwide/workdir" "-e" "CARGO_TARGET_DIR=/opt/rustwide/target" "-e" "CARGO_HOME=/opt/rustwide/cargo-home" "-e" "RUSTUP_HOME=/opt/rustwide/rustup-home" "-w" "/opt/rustwide/workdir" "-m" "1610612736" "--user" "0:0" "--network" "none" "ghcr.io/rust-lang/crates-build-env/linux@sha256:2788e3201cd34a07e3172128adcd8b3090168a8e3bcc40d7c032b9dda1df7d1c" "/opt/rustwide/cargo-home/bin/cargo" "+beta-2023-12-22" "metadata" "--no-deps" "--format-version=1", kill_on_drop: false }`
[INFO] [stdout] 381a9f05eed8f97d9d09859d799858ea31999e30804e8678223adc773a6efc40
[INFO] running `Command { std: "docker" "start" "-a" "381a9f05eed8f97d9d09859d799858ea31999e30804e8678223adc773a6efc40", kill_on_drop: false }`
[INFO] running `Command { std: "docker" "inspect" "381a9f05eed8f97d9d09859d799858ea31999e30804e8678223adc773a6efc40", kill_on_drop: false }`
[INFO] running `Command { std: "docker" "rm" "-f" "381a9f05eed8f97d9d09859d799858ea31999e30804e8678223adc773a6efc40", kill_on_drop: false }`
[INFO] [stdout] 381a9f05eed8f97d9d09859d799858ea31999e30804e8678223adc773a6efc40
[INFO] running `Command { std: "docker" "create" "-v" "/var/lib/crater-agent-workspace/builds/worker-7-tc2/target:/opt/rustwide/target:rw,Z" "-v" "/var/lib/crater-agent-workspace/builds/worker-7-tc2/source:/opt/rustwide/workdir:ro,Z" "-v" "/var/lib/crater-agent-workspace/cargo-home:/opt/rustwide/cargo-home:ro,Z" "-v" "/var/lib/crater-agent-workspace/rustup-home:/opt/rustwide/rustup-home:ro,Z" "-e" "SOURCE_DIR=/opt/rustwide/workdir" "-e" "CARGO_TARGET_DIR=/opt/rustwide/target" "-e" "CARGO_INCREMENTAL=0" "-e" "RUST_BACKTRACE=full" "-e" "RUSTFLAGS=--cap-lints=warn" "-e" "RUSTDOCFLAGS=--cap-lints=warn" "-e" "CARGO_HOME=/opt/rustwide/cargo-home" "-e" "RUSTUP_HOME=/opt/rustwide/rustup-home" "-w" "/opt/rustwide/workdir" "-m" "1610612736" "--user" "0:0" "--network" "none" "ghcr.io/rust-lang/crates-build-env/linux@sha256:2788e3201cd34a07e3172128adcd8b3090168a8e3bcc40d7c032b9dda1df7d1c" "/opt/rustwide/cargo-home/bin/cargo" "+beta-2023-12-22" "build" "--frozen" "--message-format=json", kill_on_drop: false }`
[INFO] [stdout] 5fe88057ffdf9308d029c4c99a332f9b679a60d78d846d194627dc8d21121369
[INFO] running `Command { std: "docker" "start" "-a" "5fe88057ffdf9308d029c4c99a332f9b679a60d78d846d194627dc8d21121369", kill_on_drop: false }`
[INFO] [stderr]    Compiling freetype-sys v0.3.1
[INFO] [stderr]    Compiling bitflags v0.5.0
[INFO] [stderr]    Compiling libz-sys v1.1.12
[INFO] [stderr]    Compiling freetype-rs v0.7.0
[INFO] [stderr]    Compiling bezier-interpolation v0.3.0 (/opt/rustwide/workdir)
[INFO] [stdout] error[E0277]: the trait bound `I: From<i64>` is not satisfied
[INFO] [stdout]    --> src/ncr.rs:183:10
[INFO] [stdout]     |
[INFO] [stdout] 183 |     (p.x.into(), p.y.into())
[INFO] [stdout]     |          ^^^^ the trait `From<i64>` is not implemented for `I`
[INFO] [stdout]     |
[INFO] [stdout]     = note: required for `i64` to implement `Into<I>`
[INFO] [stdout] help: consider further restricting this bound
[INFO] [stdout]     |
[INFO] [stdout] 163 |  + Copy + std::convert::From::<i32> + std::convert::From<i64>> Path2d<I> for Itpl<I>
[INFO] [stdout]     |                                     +++++++++++++++++++++++++
[INFO] [stdout] 
[INFO] [stdout] 
[INFO] [stdout] error[E0277]: the trait bound `I: From<i64>` is not satisfied
[INFO] [stdout]    --> src/ncr.rs:183:22
[INFO] [stdout]     |
[INFO] [stdout] 183 |     (p.x.into(), p.y.into())
[INFO] [stdout]     |                      ^^^^ the trait `From<i64>` is not implemented for `I`
[INFO] [stdout]     |
[INFO] [stdout]     = note: required for `i64` to implement `Into<I>`
[INFO] [stdout] help: consider further restricting this bound
[INFO] [stdout]     |
[INFO] [stdout] 163 |  + Copy + std::convert::From::<i32> + std::convert::From<i64>> Path2d<I> for Itpl<I>
[INFO] [stdout]     |                                     +++++++++++++++++++++++++
[INFO] [stdout] 
[INFO] [stdout] 
[INFO] [stdout] error: aborting due to 2 previous errors
[INFO] [stdout] 
[INFO] [stdout] 
[INFO] [stdout] For more information about this error, try `rustc --explain E0277`.
[INFO] [stdout] 
[INFO] [stderr] error: could not compile `bezier-interpolation` (lib) due to 3 previous errors
[INFO] [stderr] warning: build failed, waiting for other jobs to finish...
[INFO] running `Command { std: "docker" "inspect" "5fe88057ffdf9308d029c4c99a332f9b679a60d78d846d194627dc8d21121369", kill_on_drop: false }`
[INFO] running `Command { std: "docker" "rm" "-f" "5fe88057ffdf9308d029c4c99a332f9b679a60d78d846d194627dc8d21121369", kill_on_drop: false }`
[INFO] [stdout] 5fe88057ffdf9308d029c4c99a332f9b679a60d78d846d194627dc8d21121369
