[INFO] fetching crate bevy_xpbd_2d 0.3.2...
[INFO] testing bevy_xpbd_2d-0.3.2 against 1.75.0 for beta-1.76-1
[INFO] extracting crate bevy_xpbd_2d 0.3.2 into /workspace/builds/worker-1-tc1/source
[INFO] validating manifest of crates.io crate bevy_xpbd_2d 0.3.2 on toolchain 1.75.0
[INFO] running `Command { std: CARGO_HOME="/workspace/cargo-home" RUSTUP_HOME="/workspace/rustup-home" "/workspace/cargo-home/bin/cargo" "+1.75.0" "metadata" "--manifest-path" "Cargo.toml" "--no-deps", kill_on_drop: false }`
[INFO] started tweaking crates.io crate bevy_xpbd_2d 0.3.2
[INFO] removed 2 missing examples
[INFO] finished tweaking crates.io crate bevy_xpbd_2d 0.3.2
[INFO] tweaked toml for crates.io crate bevy_xpbd_2d 0.3.2 written to /workspace/builds/worker-1-tc1/source/Cargo.toml
[INFO] crate crates.io crate bevy_xpbd_2d 0.3.2 already has a lockfile, it will not be regenerated
[INFO] running `Command { std: CARGO_HOME="/workspace/cargo-home" RUSTUP_HOME="/workspace/rustup-home" "/workspace/cargo-home/bin/cargo" "+1.75.0" "fetch" "--manifest-path" "Cargo.toml", kill_on_drop: false }`
[INFO] [stderr]  Downloading crates ...
[INFO] [stderr]   Downloaded naga_oil v0.10.0
[INFO] [stderr]   Downloaded bevy_internal v0.12.0
[INFO] [stderr]   Downloaded ahash v0.8.6
[INFO] [stderr]   Downloaded bevy_window v0.12.0
[INFO] [stderr]   Downloaded bevy_reflect v0.12.0
[INFO] [stderr]   Downloaded zerocopy v0.7.25
[INFO] [stderr]   Downloaded zerocopy-derive v0.7.25
[INFO] [stderr]   Downloaded bevy_core_pipeline v0.12.0
[INFO] [stderr]   Downloaded bevy v0.12.0
[INFO] [stderr]   Downloaded bevy_render v0.12.0
[INFO] [stderr]   Downloaded bevy_ecs v0.12.0
[INFO] [stderr]   Downloaded bevy_asset v0.12.0
[INFO] [stderr]   Downloaded spade v2.2.1
[INFO] [stderr]   Downloaded bevy_app v0.12.0
[INFO] [stderr]   Downloaded bevy_log v0.12.0
[INFO] [stderr]   Downloaded bevy_utils v0.12.0
[INFO] [stderr]   Downloaded bevy_render_macros v0.12.0
[INFO] [stderr]   Downloaded bevy_time v0.12.0
[INFO] [stderr]   Downloaded bevy_core v0.12.0
[INFO] [stderr]   Downloaded bevy_winit v0.12.0
[INFO] [stderr]   Downloaded bevy_hierarchy v0.12.0
[INFO] [stderr]   Downloaded bevy_ecs_macros v0.12.0
[INFO] [stderr]   Downloaded bevy_tasks v0.12.0
[INFO] [stderr]   Downloaded bevy_input v0.12.0
[INFO] [stderr]   Downloaded bevy_transform v0.12.0
[INFO] [stderr]   Downloaded bevy_math v0.12.0
[INFO] [stderr]   Downloaded bevy_mikktspace v0.12.0
[INFO] [stderr]   Downloaded bevy_ptr v0.12.0
[INFO] [stderr]   Downloaded bevy_macro_utils v0.12.0
[INFO] [stderr]   Downloaded bevy_reflect_derive v0.12.0
[INFO] [stderr]   Downloaded nonmax v0.5.3
[INFO] [stderr]   Downloaded bevy_asset_macros v0.12.0
[INFO] [stderr]   Downloaded bevy_encase_derive v0.12.0
[INFO] [stderr]   Downloaded bevy_derive v0.12.0
[INFO] [stderr]   Downloaded bevy_a11y v0.12.0
[INFO] [stderr]   Downloaded bevy_diagnostic v0.12.0
[INFO] [stderr]   Downloaded bevy_gizmos v0.12.0
[INFO] [stderr]   Downloaded wgpu v0.17.1
[INFO] [stderr]   Downloaded bevy_scene v0.12.0
[INFO] [stderr]   Downloaded bevy_utils_proc_macros v0.12.0
[INFO] running `Command { std: "docker" "create" "-v" "/var/lib/crater-agent-workspace/builds/worker-1-tc1/target:/opt/rustwide/target:rw,Z" "-v" "/var/lib/crater-agent-workspace/builds/worker-1-tc1/source:/opt/rustwide/workdir:ro,Z" "-v" "/var/lib/crater-agent-workspace/cargo-home:/opt/rustwide/cargo-home:ro,Z" "-v" "/var/lib/crater-agent-workspace/rustup-home:/opt/rustwide/rustup-home:ro,Z" "-e" "SOURCE_DIR=/opt/rustwide/workdir" "-e" "CARGO_TARGET_DIR=/opt/rustwide/target" "-e" "CARGO_HOME=/opt/rustwide/cargo-home" "-e" "RUSTUP_HOME=/opt/rustwide/rustup-home" "-w" "/opt/rustwide/workdir" "-m" "1610612736" "--user" "0:0" "--network" "none" "ghcr.io/rust-lang/crates-build-env/linux@sha256:2788e3201cd34a07e3172128adcd8b3090168a8e3bcc40d7c032b9dda1df7d1c" "/opt/rustwide/cargo-home/bin/cargo" "+1.75.0" "metadata" "--no-deps" "--format-version=1", kill_on_drop: false }`
[INFO] [stdout] 25c5a06123ae5a0a84a091b8c2e3e5ea01cc7bba720d2c0f674be95603385b6d
[INFO] running `Command { std: "docker" "start" "-a" "25c5a06123ae5a0a84a091b8c2e3e5ea01cc7bba720d2c0f674be95603385b6d", kill_on_drop: false }`
[INFO] running `Command { std: "docker" "inspect" "25c5a06123ae5a0a84a091b8c2e3e5ea01cc7bba720d2c0f674be95603385b6d", kill_on_drop: false }`
[INFO] running `Command { std: "docker" "rm" "-f" "25c5a06123ae5a0a84a091b8c2e3e5ea01cc7bba720d2c0f674be95603385b6d", kill_on_drop: false }`
[INFO] [stdout] 25c5a06123ae5a0a84a091b8c2e3e5ea01cc7bba720d2c0f674be95603385b6d
[INFO] running `Command { std: "docker" "create" "-v" "/var/lib/crater-agent-workspace/builds/worker-1-tc1/target:/opt/rustwide/target:rw,Z" "-v" "/var/lib/crater-agent-workspace/builds/worker-1-tc1/source:/opt/rustwide/workdir:ro,Z" "-v" "/var/lib/crater-agent-workspace/cargo-home:/opt/rustwide/cargo-home:ro,Z" "-v" "/var/lib/crater-agent-workspace/rustup-home:/opt/rustwide/rustup-home:ro,Z" "-e" "SOURCE_DIR=/opt/rustwide/workdir" "-e" "CARGO_TARGET_DIR=/opt/rustwide/target" "-e" "CARGO_INCREMENTAL=0" "-e" "RUST_BACKTRACE=full" "-e" "RUSTFLAGS=--cap-lints=warn" "-e" "RUSTDOCFLAGS=--cap-lints=warn" "-e" "CARGO_HOME=/opt/rustwide/cargo-home" "-e" "RUSTUP_HOME=/opt/rustwide/rustup-home" "-w" "/opt/rustwide/workdir" "-m" "1610612736" "--user" "0:0" "--network" "none" "ghcr.io/rust-lang/crates-build-env/linux@sha256:2788e3201cd34a07e3172128adcd8b3090168a8e3bcc40d7c032b9dda1df7d1c" "/opt/rustwide/cargo-home/bin/cargo" "+1.75.0" "build" "--frozen" "--message-format=json", kill_on_drop: false }`
[INFO] [stdout] 475c5b0ba3bad252655acf1186f48b4eff9e533ec1106160fcc1543b9378ebfa
[INFO] running `Command { std: "docker" "start" "-a" "475c5b0ba3bad252655acf1186f48b4eff9e533ec1106160fcc1543b9378ebfa", kill_on_drop: false }`
[INFO] [stderr]    Compiling proc-macro2 v1.0.69
[INFO] [stderr]    Compiling unicode-ident v1.0.12
[INFO] [stderr]    Compiling serde v1.0.192
[INFO] [stderr]    Compiling libm v0.2.8
[INFO] [stderr]    Compiling once_cell v1.18.0
[INFO] [stderr]    Compiling libc v0.2.150
[INFO] [stderr]    Compiling num-traits v0.2.17
[INFO] [stderr]    Compiling crossbeam-utils v0.8.16
[INFO] [stderr]    Compiling ahash v0.8.6
[INFO] [stderr]    Compiling memchr v2.6.4
[INFO] [stderr]    Compiling thiserror v1.0.50
[INFO] [stderr]    Compiling zerocopy v0.7.25
[INFO] [stderr]    Compiling hashbrown v0.14.2
[INFO] [stderr]    Compiling winnow v0.5.19
[INFO] [stderr]    Compiling quote v1.0.33
[INFO] [stderr]    Compiling getrandom v0.2.11
[INFO] [stderr]    Compiling syn v2.0.39
[INFO] [stderr]    Compiling futures-core v0.3.29
[INFO] [stderr]    Compiling toml_datetime v0.6.5
[INFO] [stderr]    Compiling approx v0.5.1
[INFO] [stderr]    Compiling indexmap v2.1.0
[INFO] [stderr]    Compiling tracing-core v0.1.32
[INFO] [stderr]    Compiling futures-io v0.3.29
[INFO] [stderr]    Compiling concurrent-queue v2.3.0
[INFO] [stderr]    Compiling async-lock v2.8.0
[INFO] [stderr]    Compiling async-task v4.5.0
[INFO] [stderr]    Compiling futures-lite v1.13.0
[INFO] [stderr]    Compiling async-channel v1.9.0
[INFO] [stderr]    Compiling nonmax v0.5.3
[INFO] [stderr]    Compiling thread_local v1.1.7
[INFO] [stderr]    Compiling smol_str v0.2.0
[INFO] [stderr]    Compiling uuid v1.5.0
[INFO] [stderr]    Compiling bevy_ptr v0.12.0
[INFO] [stderr]    Compiling aho-corasick v1.1.2
[INFO] [stderr]    Compiling lock_api v0.4.11
[INFO] [stderr]    Compiling parking_lot_core v0.9.9
[INFO] [stderr]    Compiling tracing-log v0.1.4
[INFO] [stderr]    Compiling num-integer v0.1.45
[INFO] [stderr]    Compiling termcolor v1.3.0
[INFO] [stderr]    Compiling async-executor v1.6.0
[INFO] [stderr]    Compiling arrayvec v0.7.4
[INFO] [stderr]    Compiling bit-vec v0.6.3
[INFO] [stderr]    Compiling bevy_tasks v0.12.0
[INFO] [stderr]    Compiling toml_edit v0.20.7
[INFO] [stderr]    Compiling bit-set v0.5.3
[INFO] [stderr]    Compiling codespan-reporting v0.11.1
[INFO] [stderr]    Compiling spirv v0.2.0+1.5.4
[INFO] [stderr]    Compiling num-rational v0.4.1
[INFO] [stderr]    Compiling ash v0.37.3+1.3.251
[INFO] [stderr]    Compiling cc v1.0.83
[INFO] [stderr]    Compiling atomic-waker v1.1.2
[INFO] [stderr]    Compiling raw-window-handle v0.5.2
[INFO] [stderr]    Compiling regex-automata v0.4.3
[INFO] [stderr]    Compiling piper v0.2.1
[INFO] [stderr]    Compiling khronos-egl v4.1.0
[INFO] [stderr]    Compiling blake3 v1.5.0
[INFO] [stderr]    Compiling crossbeam-channel v0.5.8
[INFO] [stderr]    Compiling libloading v0.8.1
[INFO] [stderr]    Compiling async-fs v1.6.0
[INFO] [stderr]    Compiling glow v0.12.3
[INFO] [stderr]    Compiling profiling v1.0.11
[INFO] [stderr]    Compiling renderdoc-sys v1.0.0
[INFO] [stderr]    Compiling memoffset v0.9.0
[INFO] [stderr]    Compiling bevy_macro_utils v0.12.0
[INFO] [stderr]    Compiling encase_derive_impl v0.6.1
[INFO] [stderr]    Compiling arrayref v0.3.7
[INFO] [stderr]    Compiling accesskit v0.12.1
[INFO] [stderr]    Compiling regex v1.10.2
[INFO] [stderr]    Compiling const_soft_float v0.1.4
[INFO] [stderr]    Compiling constant_time_eq v0.3.0
[INFO] [stderr]    Compiling syn v1.0.109
[INFO] [stderr]    Compiling constgebra v0.1.3
[INFO] [stderr]    Compiling async-broadcast v0.5.1
[INFO] [stderr]    Compiling crossbeam-epoch v0.9.15
[INFO] [stderr]    Compiling data-encoding v2.4.0
[INFO] [stderr]    Compiling regex-syntax v0.7.5
[INFO] [stderr]    Compiling const_panic v0.2.8
[INFO] [stderr]    Compiling static_assertions v1.1.0
[INFO] [stderr]    Compiling color_quant v1.1.0
[INFO] [stderr]    Compiling paste v1.0.14
[INFO] [stderr]    Compiling matrixmultiply v0.3.8
[INFO] [stderr]    Compiling rayon-core v1.12.0
[INFO] [stderr]    Compiling radsort v0.1.0
[INFO] [stderr]    Compiling crossbeam-deque v0.8.3
[INFO] [stderr]    Compiling serde_derive v1.0.192
[INFO] [stderr]    Compiling bytemuck_derive v1.5.0
[INFO] [stderr]    Compiling thiserror-impl v1.0.50
[INFO] [stderr]    Compiling tracing-attributes v0.1.27
[INFO] [stderr]    Compiling bytemuck v1.14.0
[INFO] [stderr]    Compiling bevy_utils_proc_macros v0.12.0
[INFO] [stderr]    Compiling bevy_reflect_derive v0.12.0
[INFO] [stderr]    Compiling bevy_ecs_macros v0.12.0
[INFO] [stderr]    Compiling bevy_derive v0.12.0
[INFO] [stderr]    Compiling tracing v0.1.40
[INFO] [stderr]    Compiling blocking v1.4.1
[INFO] [stderr]    Compiling encase_derive v0.6.1
[INFO] [stderr]    Compiling bevy_asset_macros v0.12.0
[INFO] [stderr]    Compiling image v0.24.7
[INFO] [stderr]    Compiling bevy_encase_derive v0.12.0
[INFO] [stderr]    Compiling bevy_render_macros v0.12.0
[INFO] [stderr]    Compiling safe_arch v0.7.1
[INFO] [stderr]    Compiling wide v0.7.13
[INFO] [stderr]    Compiling num-complex v0.4.4
[INFO] [stderr]    Compiling sysinfo v0.29.10
[INFO] [stderr]    Compiling rawpointer v0.2.1
[INFO] [stderr]    Compiling either v1.9.0
[INFO] [stderr]    Compiling simba v0.8.1
[INFO] [stderr]    Compiling nalgebra-macros v0.2.1
[INFO] [stderr]    Compiling robust v1.1.0
[INFO] [stderr]    Compiling rayon v1.8.0
[INFO] [stderr]    Compiling num-derive v0.3.3
[INFO] [stderr]    Compiling derive_more v0.99.17
[INFO] [stderr]    Compiling itertools v0.11.0
[INFO] [stderr]    Compiling bevy_xpbd_derive v0.1.0
[INFO] [stderr]    Compiling smallvec v1.11.1
[INFO] [stderr]    Compiling glam v0.24.2
[INFO] [stderr]    Compiling erased-serde v0.3.31
[INFO] [stderr]    Compiling bitflags v2.4.1
[INFO] [stderr]    Compiling tracing-subscriber v0.3.17
[INFO] [stderr]    Compiling naga v0.13.0
[INFO] [stderr]    Compiling parking_lot v0.12.1
[INFO] [stderr]    Compiling gpu-alloc-types v0.3.0
[INFO] [stderr]    Compiling gpu-descriptor-types v0.1.2
[INFO] [stderr]    Compiling gpu-alloc v0.6.0
[INFO] [stderr]    Compiling petgraph v0.6.4
[INFO] [stderr]    Compiling gpu-descriptor v0.2.4
[INFO] [stderr]    Compiling wgpu-types v0.17.0
[INFO] [stderr]    Compiling ron v0.8.1
[INFO] [stderr]    Compiling spade v2.2.1
[INFO] [stderr]    Compiling bevy_utils v0.12.0
[INFO] [stderr]    Compiling bevy_math v0.12.0
[INFO] [stderr]    Compiling encase v0.6.1
[INFO] [stderr]    Compiling hexasphere v9.1.0
[INFO] [stderr]    Compiling bevy_mikktspace v0.12.0
[INFO] [stderr]    Compiling bevy_reflect v0.12.0
[INFO] [stderr]    Compiling nalgebra v0.32.3
[INFO] [stderr]    Compiling wgpu-hal v0.17.2
[INFO] [stderr]    Compiling naga_oil v0.10.0
[INFO] [stderr]    Compiling bevy_ecs v0.12.0
[INFO] [stderr]    Compiling wgpu-core v0.17.1
[INFO] [stderr]    Compiling parry2d v0.13.5
[INFO] [stderr]    Compiling wgpu v0.17.1
[INFO] [stderr]    Compiling bevy_app v0.12.0
[INFO] [stderr]    Compiling bevy_log v0.12.0
[INFO] [stderr]    Compiling bevy_core v0.12.0
[INFO] [stderr]    Compiling bevy_hierarchy v0.12.0
[INFO] [stderr]    Compiling bevy_time v0.12.0
[INFO] [stderr]    Compiling bevy_input v0.12.0
[INFO] [stderr]    Compiling bevy_a11y v0.12.0
[INFO] [stderr]    Compiling bevy_transform v0.12.0
[INFO] [stderr]    Compiling bevy_asset v0.12.0
[INFO] [stderr]    Compiling bevy_diagnostic v0.12.0
[INFO] [stderr]    Compiling bevy_window v0.12.0
[INFO] [stderr]    Compiling bevy_render v0.12.0
[INFO] [stderr]    Compiling bevy_core_pipeline v0.12.0
[INFO] [stderr]    Compiling bevy_gizmos v0.12.0
[INFO] [stderr]    Compiling bevy_internal v0.12.0
[INFO] [stderr]    Compiling bevy v0.12.0
[INFO] [stderr]    Compiling bevy_xpbd_2d v0.3.2 (/opt/rustwide/workdir)
[INFO] [stderr]     Finished dev [unoptimized + debuginfo] target(s) in 5m 17s
[INFO] running `Command { std: "docker" "inspect" "475c5b0ba3bad252655acf1186f48b4eff9e533ec1106160fcc1543b9378ebfa", kill_on_drop: false }`
[INFO] running `Command { std: "docker" "rm" "-f" "475c5b0ba3bad252655acf1186f48b4eff9e533ec1106160fcc1543b9378ebfa", kill_on_drop: false }`
[INFO] [stdout] 475c5b0ba3bad252655acf1186f48b4eff9e533ec1106160fcc1543b9378ebfa
[INFO] running `Command { std: "docker" "create" "-v" "/var/lib/crater-agent-workspace/builds/worker-1-tc1/target:/opt/rustwide/target:rw,Z" "-v" "/var/lib/crater-agent-workspace/builds/worker-1-tc1/source:/opt/rustwide/workdir:ro,Z" "-v" "/var/lib/crater-agent-workspace/cargo-home:/opt/rustwide/cargo-home:ro,Z" "-v" "/var/lib/crater-agent-workspace/rustup-home:/opt/rustwide/rustup-home:ro,Z" "-e" "SOURCE_DIR=/opt/rustwide/workdir" "-e" "CARGO_TARGET_DIR=/opt/rustwide/target" "-e" "CARGO_INCREMENTAL=0" "-e" "RUST_BACKTRACE=full" "-e" "RUSTFLAGS=--cap-lints=warn" "-e" "RUSTDOCFLAGS=--cap-lints=warn" "-e" "CARGO_HOME=/opt/rustwide/cargo-home" "-e" "RUSTUP_HOME=/opt/rustwide/rustup-home" "-w" "/opt/rustwide/workdir" "-m" "1610612736" "--user" "0:0" "--network" "none" "ghcr.io/rust-lang/crates-build-env/linux@sha256:2788e3201cd34a07e3172128adcd8b3090168a8e3bcc40d7c032b9dda1df7d1c" "/opt/rustwide/cargo-home/bin/cargo" "+1.75.0" "test" "--frozen" "--no-run" "--message-format=json", kill_on_drop: false }`
[INFO] [stdout] 82f806dc1593eed1327f56027d7319579d7192eeb7d7f8751542032825d2acfb
[INFO] running `Command { std: "docker" "start" "-a" "82f806dc1593eed1327f56027d7319579d7192eeb7d7f8751542032825d2acfb", kill_on_drop: false }`
[INFO] [stderr]    Compiling approx v0.5.1
[INFO] [stderr]    Compiling linked-hash-map v0.5.6
[INFO] [stderr]    Compiling console v0.15.7
[INFO] [stderr]    Compiling similar v2.3.0
[INFO] [stderr]    Compiling glam v0.24.2
[INFO] [stderr]    Compiling simba v0.8.1
[INFO] [stderr]    Compiling yaml-rust v0.4.5
[INFO] [stderr]    Compiling insta v1.34.0
[INFO] [stderr]    Compiling bevy_math v0.12.0
[INFO] [stderr]    Compiling hexasphere v9.1.0
[INFO] [stderr]    Compiling bevy_mikktspace v0.12.0
[INFO] [stderr]    Compiling encase v0.6.1
[INFO] [stderr]    Compiling bevy_reflect v0.12.0
[INFO] [stderr]    Compiling nalgebra v0.32.3
[INFO] [stderr]    Compiling bevy_ecs v0.12.0
[INFO] [stderr]    Compiling bevy_app v0.12.0
[INFO] [stderr]    Compiling bevy_log v0.12.0
[INFO] [stderr]    Compiling bevy_core v0.12.0
[INFO] [stderr]    Compiling bevy_input v0.12.0
[INFO] [stderr]    Compiling bevy_time v0.12.0
[INFO] [stderr]    Compiling bevy_a11y v0.12.0
[INFO] [stderr]    Compiling bevy_asset v0.12.0
[INFO] [stderr]    Compiling bevy_hierarchy v0.12.0
[INFO] [stderr]    Compiling bevy_diagnostic v0.12.0
[INFO] [stderr]    Compiling bevy_transform v0.12.0
[INFO] [stderr]    Compiling parry2d v0.13.5
[INFO] [stderr]    Compiling bevy_window v0.12.0
[INFO] [stderr]    Compiling bevy_render v0.12.0
[INFO] [stderr]    Compiling bevy_core_pipeline v0.12.0
[INFO] [stderr]    Compiling bevy_gizmos v0.12.0
[INFO] [stderr]    Compiling bevy_internal v0.12.0
[INFO] [stderr]    Compiling bevy v0.12.0
[INFO] [stderr]    Compiling bevy_xpbd_2d v0.3.2 (/opt/rustwide/workdir)
[INFO] [stdout] error[E0432]: unresolved import `bevy::sprite`
[INFO] [stdout]  --> examples/collision_layers.rs:3:24
[INFO] [stdout]   |
[INFO] [stdout] 3 | use bevy::{prelude::*, sprite::MaterialMesh2dBundle};
[INFO] [stdout]   |                        ^^^^^^ could not find `sprite` in `bevy`
[INFO] [stdout] 
[INFO] [stdout] 
[INFO] [stdout] error[E0432]: unresolved import `examples_common_2d`
[INFO] [stdout]  --> examples/collision_layers.rs:5:5
[INFO] [stdout]   |
[INFO] [stdout] 5 | use examples_common_2d::XpbdExamplePlugin;
[INFO] [stdout]   |     ^^^^^^^^^^^^^^^^^^ use of undeclared crate or module `examples_common_2d`
[INFO] [stdout] 
[INFO] [stdout] 
[INFO] [stdout] error[E0432]: unresolved import `bevy::sprite`
[INFO] [stdout]  --> examples/move_marbles.rs:3:24
[INFO] [stdout]   |
[INFO] [stdout] 3 | use bevy::{prelude::*, sprite::MaterialMesh2dBundle};
[INFO] [stdout]   |                        ^^^^^^ could not find `sprite` in `bevy`
[INFO] [stdout] 
[INFO] [stdout] 
[INFO] [stdout] error[E0432]: unresolved import `examples_common_2d`
[INFO] [stdout]  --> examples/move_marbles.rs:5:5
[INFO] [stdout]   |
[INFO] [stdout] 5 | use examples_common_2d::XpbdExamplePlugin;
[INFO] [stdout]   |     ^^^^^^^^^^^^^^^^^^ use of undeclared crate or module `examples_common_2d`
[INFO] [stdout] 
[INFO] [stdout] 
[INFO] [stdout] error[E0432]: unresolved import `bevy::sprite`
[INFO] [stdout]  --> examples/chain_2d.rs:5:5
[INFO] [stdout]   |
[INFO] [stdout] 5 |     sprite::{MaterialMesh2dBundle, Mesh2dHandle},
[INFO] [stdout]   |     ^^^^^^ could not find `sprite` in `bevy`
[INFO] [stdout] 
[INFO] [stdout] 
[INFO] [stdout] error[E0432]: unresolved import `examples_common_2d`
[INFO] [stdout]  --> examples/chain_2d.rs:9:5
[INFO] [stdout]   |
[INFO] [stdout] 9 | use examples_common_2d::XpbdExamplePlugin;
[INFO] [stdout]   |     ^^^^^^^^^^^^^^^^^^ use of undeclared crate or module `examples_common_2d`
[INFO] [stdout] 
[INFO] [stdout] 
[INFO] [stdout] error[E0412]: cannot find type `Assets` in this scope
[INFO] [stdout]   --> examples/collision_layers.rs:25:27
[INFO] [stdout]    |
[INFO] [stdout] 25 |     mut materials: ResMut<Assets<ColorMaterial>>,
[INFO] [stdout]    |                           ^^^^^^ not found in this scope
[INFO] [stdout] 
[INFO] [stdout] 
[INFO] [stdout] error[E0412]: cannot find type `ColorMaterial` in this scope
[INFO] [stdout]   --> examples/collision_layers.rs:25:34
[INFO] [stdout]    |
[INFO] [stdout] 25 |     mut materials: ResMut<Assets<ColorMaterial>>,
[INFO] [stdout]    |                                  ^^^^^^^^^^^^^ not found in this scope
[INFO] [stdout]    |
[INFO] [stdout] help: you might be missing a type parameter
[INFO] [stdout]    |
[INFO] [stdout] 23 | fn setup<ColorMaterial>(
[INFO] [stdout]    |         +++++++++++++++
[INFO] [stdout] 
[INFO] [stdout] 
[INFO] [stdout] error[E0412]: cannot find type `Assets` in this scope
[INFO] [stdout]   --> examples/collision_layers.rs:26:24
[INFO] [stdout]    |
[INFO] [stdout] 26 |     mut meshes: ResMut<Assets<Mesh>>,
[INFO] [stdout]    |                        ^^^^^^ not found in this scope
[INFO] [stdout] 
[INFO] [stdout] 
[INFO] [stdout] error[E0422]: cannot find struct, variant or union type `SpriteBundle` in this scope
[INFO] [stdout]   --> examples/collision_layers.rs:32:9
[INFO] [stdout]    |
[INFO] [stdout] 32 |         SpriteBundle {
[INFO] [stdout]    |         ^^^^^^^^^^^^ help: a struct with a similar name exists: `SpatialBundle`
[INFO] [stdout]    |
[INFO] [stdout]   ::: /opt/rustwide/cargo-home/registry/src/index.crates.io-6f17d22bba15001f/bevy_render-0.12.0/src/spatial_bundle.rs:19:1
[INFO] [stdout]    |
[INFO] [stdout] 19 | pub struct SpatialBundle {
[INFO] [stdout]    | ------------------------ similarly named struct `SpatialBundle` defined here
[INFO] [stdout] 
[INFO] [stdout] 
[INFO] [stdout] error[E0422]: cannot find struct, variant or union type `Sprite` in this scope
[INFO] [stdout]   --> examples/collision_layers.rs:33:21
[INFO] [stdout]    |
[INFO] [stdout] 33 |             sprite: Sprite {
[INFO] [stdout]    |                     ^^^^^^ not found in this scope
[INFO] [stdout] 
[INFO] [stdout] 
[INFO] [stdout] error[E0422]: cannot find struct, variant or union type `SpriteBundle` in this scope
[INFO] [stdout]   --> examples/collision_layers.rs:48:9
[INFO] [stdout]    |
[INFO] [stdout] 48 |         SpriteBundle {
[INFO] [stdout]    |         ^^^^^^^^^^^^ help: a struct with a similar name exists: `SpatialBundle`
[INFO] [stdout]    |
[INFO] [stdout]   ::: /opt/rustwide/cargo-home/registry/src/index.crates.io-6f17d22bba15001f/bevy_render-0.12.0/src/spatial_bundle.rs:19:1
[INFO] [stdout]    |
[INFO] [stdout] 19 | pub struct SpatialBundle {
[INFO] [stdout]    | ------------------------ similarly named struct `SpatialBundle` defined here
[INFO] [stdout] 
[INFO] [stdout] 
[INFO] [stdout] error[E0422]: cannot find struct, variant or union type `Sprite` in this scope
[INFO] [stdout]   --> examples/collision_layers.rs:49:21
[INFO] [stdout]    |
[INFO] [stdout] 49 |             sprite: Sprite {
[INFO] [stdout]    |                     ^^^^^^ not found in this scope
[INFO] [stdout] 
[INFO] [stdout] 
[INFO] [stdout] error[E0432]: unresolved import `examples_common_2d`
[INFO] [stdout]  --> examples/revolute_joint_2d.rs:3:5
[INFO] [stdout]   |
[INFO] [stdout] 3 | use examples_common_2d::XpbdExamplePlugin;
[INFO] [stdout]   |     ^^^^^^^^^^^^^^^^^^ use of undeclared crate or module `examples_common_2d`
[INFO] [stdout] 
[INFO] [stdout] 
[INFO] [stdout] error[E0433]: failed to resolve: use of undeclared type `Camera2dBundle`
[INFO] [stdout]   --> examples/collision_layers.rs:28:20
[INFO] [stdout]    |
[INFO] [stdout] 28 |     commands.spawn(Camera2dBundle::default());
[INFO] [stdout]    |                    ^^^^^^^^^^^^^^ use of undeclared type `Camera2dBundle`
[INFO] [stdout] 
[INFO] [stdout] 
[INFO] [stdout] error[E0433]: failed to resolve: use of undeclared type `ColorMaterial`
[INFO] [stdout]   --> examples/collision_layers.rs:66:39
[INFO] [stdout]    |
[INFO] [stdout] 66 |     let blue_material = materials.add(ColorMaterial::from(Color::rgb(0.2, 0.7, 0.9)));
[INFO] [stdout]    |                                       ^^^^^^^^^^^^^ use of undeclared type `ColorMaterial`
[INFO] [stdout] 
[INFO] [stdout] 
[INFO] [stdout] error[E0433]: failed to resolve: use of undeclared type `ColorMaterial`
[INFO] [stdout]   --> examples/collision_layers.rs:88:38
[INFO] [stdout]    |
[INFO] [stdout] 88 |     let red_material = materials.add(ColorMaterial::from(Color::rgb(0.9, 0.3, 0.3)));
[INFO] [stdout]    |                                      ^^^^^^^^^^^^^ use of undeclared type `ColorMaterial`
[INFO] [stdout] 
[INFO] [stdout] 
[INFO] [stdout] error[E0425]: cannot find function, tuple struct or tuple variant `ClearColor` in this scope
[INFO] [stdout]   --> examples/collision_layers.rs:10:26
[INFO] [stdout]    |
[INFO] [stdout] 10 |         .insert_resource(ClearColor(Color::rgb(0.05, 0.05, 0.1)))
[INFO] [stdout]    |                          ^^^^^^^^^^ not found in this scope
[INFO] [stdout] 
[INFO] [stdout] 
[INFO] [stdout] error: aborting due to 13 previous errors
[INFO] [stdout] 
[INFO] [stdout] 
[INFO] [stdout] Some errors have detailed explanations: E0412, E0422, E0425, E0432, E0433.
[INFO] [stdout] 
[INFO] [stdout] For more information about an error, try `rustc --explain E0412`.
[INFO] [stdout] 
[INFO] [stderr] error: could not compile `bevy_xpbd_2d` (example "collision_layers") due to 14 previous errors
[INFO] [stderr] warning: build failed, waiting for other jobs to finish...
[INFO] [stdout] error[E0412]: cannot find type `Assets` in this scope
[INFO] [stdout]   --> examples/move_marbles.rs:23:27
[INFO] [stdout]    |
[INFO] [stdout] 23 |     mut materials: ResMut<Assets<ColorMaterial>>,
[INFO] [stdout]    |                           ^^^^^^ not found in this scope
[INFO] [stdout] 
[INFO] [stdout] 
[INFO] [stdout] error[E0412]: cannot find type `ColorMaterial` in this scope
[INFO] [stdout]   --> examples/move_marbles.rs:23:34
[INFO] [stdout]    |
[INFO] [stdout] 23 |     mut materials: ResMut<Assets<ColorMaterial>>,
[INFO] [stdout]    |                                  ^^^^^^^^^^^^^ not found in this scope
[INFO] [stdout]    |
[INFO] [stdout] help: you might be missing a type parameter
[INFO] [stdout]    |
[INFO] [stdout] 21 | fn setup<ColorMaterial>(
[INFO] [stdout]    |         +++++++++++++++
[INFO] [stdout] 
[INFO] [stdout] 
[INFO] [stdout] error[E0412]: cannot find type `Assets` in this scope
[INFO] [stdout]   --> examples/move_marbles.rs:24:24
[INFO] [stdout]    |
[INFO] [stdout] 24 |     mut meshes: ResMut<Assets<Mesh>>,
[INFO] [stdout]    |                        ^^^^^^ not found in this scope
[INFO] [stdout] 
[INFO] [stdout] 
[INFO] [stdout] error[E0422]: cannot find struct, variant or union type `Sprite` in this scope
[INFO] [stdout]   --> examples/move_marbles.rs:28:25
[INFO] [stdout]    |
[INFO] [stdout] 28 |     let square_sprite = Sprite {
[INFO] [stdout]    |                         ^^^^^^ not found in this scope
[INFO] [stdout] 
[INFO] [stdout] 
[INFO] [stdout] error[E0422]: cannot find struct, variant or union type `SpriteBundle` in this scope
[INFO] [stdout]   --> examples/move_marbles.rs:36:9
[INFO] [stdout]    |
[INFO] [stdout] 36 |         SpriteBundle {
[INFO] [stdout]    |         ^^^^^^^^^^^^ help: a struct with a similar name exists: `SpatialBundle`
[INFO] [stdout]    |
[INFO] [stdout]   ::: /opt/rustwide/cargo-home/registry/src/index.crates.io-6f17d22bba15001f/bevy_render-0.12.0/src/spatial_bundle.rs:19:1
[INFO] [stdout]    |
[INFO] [stdout] 19 | pub struct SpatialBundle {
[INFO] [stdout]    | ------------------------ similarly named struct `SpatialBundle` defined here
[INFO] [stdout] 
[INFO] [stdout] 
[INFO] [stdout] error[E0422]: cannot find struct, variant or union type `SpriteBundle` in this scope
[INFO] [stdout]   --> examples/move_marbles.rs:47:9
[INFO] [stdout]    |
[INFO] [stdout] 47 |         SpriteBundle {
[INFO] [stdout]    |         ^^^^^^^^^^^^ help: a struct with a similar name exists: `SpatialBundle`
[INFO] [stdout]    |
[INFO] [stdout]   ::: /opt/rustwide/cargo-home/registry/src/index.crates.io-6f17d22bba15001f/bevy_render-0.12.0/src/spatial_bundle.rs:19:1
[INFO] [stdout]    |
[INFO] [stdout] 19 | pub struct SpatialBundle {
[INFO] [stdout]    | ------------------------ similarly named struct `SpatialBundle` defined here
[INFO] [stdout] 
[INFO] [stdout] 
[INFO] [stdout] error[E0422]: cannot find struct, variant or union type `SpriteBundle` in this scope
[INFO] [stdout]   --> examples/move_marbles.rs:58:9
[INFO] [stdout]    |
[INFO] [stdout] 58 |         SpriteBundle {
[INFO] [stdout]    |         ^^^^^^^^^^^^ help: a struct with a similar name exists: `SpatialBundle`
[INFO] [stdout]    |
[INFO] [stdout]   ::: /opt/rustwide/cargo-home/registry/src/index.crates.io-6f17d22bba15001f/bevy_render-0.12.0/src/spatial_bundle.rs:19:1
[INFO] [stdout]    |
[INFO] [stdout] 19 | pub struct SpatialBundle {
[INFO] [stdout]    | ------------------------ similarly named struct `SpatialBundle` defined here
[INFO] [stdout] 
[INFO] [stdout] 
[INFO] [stdout] error[E0422]: cannot find struct, variant or union type `SpriteBundle` in this scope
[INFO] [stdout]   --> examples/move_marbles.rs:69:9
[INFO] [stdout]    |
[INFO] [stdout] 69 |         SpriteBundle {
[INFO] [stdout]    |         ^^^^^^^^^^^^ help: a struct with a similar name exists: `SpatialBundle`
[INFO] [stdout]    |
[INFO] [stdout]   ::: /opt/rustwide/cargo-home/registry/src/index.crates.io-6f17d22bba15001f/bevy_render-0.12.0/src/spatial_bundle.rs:19:1
[INFO] [stdout]    |
[INFO] [stdout] 19 | pub struct SpatialBundle {
[INFO] [stdout]    | ------------------------ similarly named struct `SpatialBundle` defined here
[INFO] [stdout] 
[INFO] [stdout] 
[INFO] [stdout] error[E0422]: cannot find struct, variant or union type `Sprite` in this scope
[INFO] [stdout]   --> examples/revolute_joint_2d.rs:18:25
[INFO] [stdout]    |
[INFO] [stdout] 18 |     let square_sprite = Sprite {
[INFO] [stdout]    |                         ^^^^^^ not found in this scope
[INFO] [stdout] 
[INFO] [stdout] 
[INFO] [stdout] error[E0422]: cannot find struct, variant or union type `SpriteBundle` in this scope
[INFO] [stdout]   --> examples/revolute_joint_2d.rs:26:13
[INFO] [stdout]    |
[INFO] [stdout] 26 |             SpriteBundle {
[INFO] [stdout]    |             ^^^^^^^^^^^^ help: a struct with a similar name exists: `SpatialBundle`
[INFO] [stdout]    |
[INFO] [stdout]   ::: /opt/rustwide/cargo-home/registry/src/index.crates.io-6f17d22bba15001f/bevy_render-0.12.0/src/spatial_bundle.rs:19:1
[INFO] [stdout]    |
[INFO] [stdout] 19 | pub struct SpatialBundle {
[INFO] [stdout]    | ------------------------ similarly named struct `SpatialBundle` defined here
[INFO] [stdout] 
[INFO] [stdout] 
[INFO] [stdout] error[E0422]: cannot find struct, variant or union type `SpriteBundle` in this scope
[INFO] [stdout]   --> examples/revolute_joint_2d.rs:37:13
[INFO] [stdout]    |
[INFO] [stdout] 37 |             SpriteBundle {
[INFO] [stdout]    |             ^^^^^^^^^^^^ help: a struct with a similar name exists: `SpatialBundle`
[INFO] [stdout]    |
[INFO] [stdout]   ::: /opt/rustwide/cargo-home/registry/src/index.crates.io-6f17d22bba15001f/bevy_render-0.12.0/src/spatial_bundle.rs:19:1
[INFO] [stdout]    |
[INFO] [stdout] 19 | pub struct SpatialBundle {
[INFO] [stdout]    | ------------------------ similarly named struct `SpatialBundle` defined here
[INFO] [stdout] 
[INFO] [stdout] 
[INFO] [stdout] error[E0412]: cannot find type `Assets` in this scope
[INFO] [stdout]   --> examples/chain_2d.rs:27:27
[INFO] [stdout]    |
[INFO] [stdout] 27 |     mut materials: ResMut<Assets<ColorMaterial>>,
[INFO] [stdout]    |                           ^^^^^^ not found in this scope
[INFO] [stdout] 
[INFO] [stdout] 
[INFO] [stdout] error[E0412]: cannot find type `ColorMaterial` in this scope
[INFO] [stdout]   --> examples/chain_2d.rs:27:34
[INFO] [stdout]    |
[INFO] [stdout] 27 |     mut materials: ResMut<Assets<ColorMaterial>>,
[INFO] [stdout]    |                                  ^^^^^^^^^^^^^ not found in this scope
[INFO] [stdout]    |
[INFO] [stdout] help: you might be missing a type parameter
[INFO] [stdout]    |
[INFO] [stdout] 25 | fn setup<ColorMaterial>(
[INFO] [stdout]    |         +++++++++++++++
[INFO] [stdout] 
[INFO] [stdout] 
[INFO] [stdout] error[E0412]: cannot find type `Assets` in this scope
[INFO] [stdout]   --> examples/chain_2d.rs:28:24
[INFO] [stdout]    |
[INFO] [stdout] 28 |     mut meshes: ResMut<Assets<Mesh>>,
[INFO] [stdout]    |                        ^^^^^^ not found in this scope
[INFO] [stdout] 
[INFO] [stdout] 
[INFO] [stdout] error[E0433]: failed to resolve: use of undeclared type `Camera2dBundle`
[INFO] [stdout]   --> examples/chain_2d.rs:30:20
[INFO] [stdout]    |
[INFO] [stdout] 30 |     commands.spawn(Camera2dBundle::default());
[INFO] [stdout]    |                    ^^^^^^^^^^^^^^ use of undeclared type `Camera2dBundle`
[INFO] [stdout] 
[INFO] [stdout] 
[INFO] [stdout] error[E0433]: failed to resolve: use of undeclared type `ColorMaterial`
[INFO] [stdout]   --> examples/chain_2d.rs:37:43
[INFO] [stdout]    |
[INFO] [stdout] 37 |     let particle_material = materials.add(ColorMaterial::from(Color::rgb(0.2, 0.7, 0.9)));
[INFO] [stdout]    |                                           ^^^^^^^^^^^^^ use of undeclared type `ColorMaterial`
[INFO] [stdout] 
[INFO] [stdout] 
[INFO] [stdout] error[E0425]: cannot find function, tuple struct or tuple variant `ClearColor` in this scope
[INFO] [stdout]   --> examples/chain_2d.rs:14:26
[INFO] [stdout]    |
[INFO] [stdout] 14 |         .insert_resource(ClearColor(Color::rgb(0.05, 0.05, 0.1)))
[INFO] [stdout]    |                          ^^^^^^^^^^ not found in this scope
[INFO] [stdout] 
[INFO] [stdout] 
[INFO] [stdout] error: aborting due to 8 previous errors
[INFO] [stdout] 
[INFO] [stdout] 
[INFO] [stdout] Some errors have detailed explanations: E0412, E0425, E0432, E0433.
[INFO] [stdout] 
[INFO] [stdout] For more information about an error, try `rustc --explain E0412`.
[INFO] [stdout] 
[INFO] [stdout] error[E0433]: failed to resolve: use of undeclared type `Camera2dBundle`
[INFO] [stdout]   --> examples/move_marbles.rs:26:20
[INFO] [stdout]    |
[INFO] [stdout] 26 |     commands.spawn(Camera2dBundle::default());
[INFO] [stdout]    |                    ^^^^^^^^^^^^^^ use of undeclared type `Camera2dBundle`
[INFO] [stdout] 
[INFO] [stdout] 
[INFO] [stdout] error[E0433]: failed to resolve: use of undeclared type `ColorMaterial`
[INFO] [stdout]   --> examples/move_marbles.rs:81:41
[INFO] [stdout]    |
[INFO] [stdout] 81 |     let marble_material = materials.add(ColorMaterial::from(Color::rgb(0.2, 0.7, 0.9)));
[INFO] [stdout]    |                                         ^^^^^^^^^^^^^ use of undeclared type `ColorMaterial`
[INFO] [stdout] 
[INFO] [stdout] 
[INFO] [stdout] error[E0425]: cannot find function, tuple struct or tuple variant `ClearColor` in this scope
[INFO] [stdout]   --> examples/move_marbles.rs:10:26
[INFO] [stdout]    |
[INFO] [stdout] 10 |         .insert_resource(ClearColor(Color::rgb(0.05, 0.05, 0.1)))
[INFO] [stdout]    |                          ^^^^^^^^^^ not found in this scope
[INFO] [stdout] 
[INFO] [stdout] 
[INFO] [stdout] error: aborting due to 13 previous errors
[INFO] [stdout] 
[INFO] [stdout] 
[INFO] [stdout] Some errors have detailed explanations: E0412, E0422, E0425, E0432, E0433.
[INFO] [stdout] 
[INFO] [stdout] For more information about an error, try `rustc --explain E0412`.
[INFO] [stdout] 
[INFO] [stderr] error: could not compile `bevy_xpbd_2d` (example "chain_2d") due to 9 previous errors
[INFO] [stdout] error[E0425]: cannot find function, tuple struct or tuple variant `ClearColor` in this scope
[INFO] [stdout]  --> examples/revolute_joint_2d.rs:8:26
[INFO] [stdout]   |
[INFO] [stdout] 8 |         .insert_resource(ClearColor(Color::rgb(0.05, 0.05, 0.1)))
[INFO] [stdout]   |                          ^^^^^^^^^^ not found in this scope
[INFO] [stdout] 
[INFO] [stdout] 
[INFO] [stdout] error[E0433]: failed to resolve: use of undeclared type `Camera2dBundle`
[INFO] [stdout]   --> examples/revolute_joint_2d.rs:16:20
[INFO] [stdout]    |
[INFO] [stdout] 16 |     commands.spawn(Camera2dBundle::default());
[INFO] [stdout]    |                    ^^^^^^^^^^^^^^ use of undeclared type `Camera2dBundle`
[INFO] [stdout] 
[INFO] [stdout] 
[INFO] [stderr] error: could not compile `bevy_xpbd_2d` (example "move_marbles") due to 14 previous errors
[INFO] [stdout] error: aborting due to 6 previous errors
[INFO] [stdout] 
[INFO] [stdout] 
[INFO] [stdout] Some errors have detailed explanations: E0422, E0425, E0432, E0433.
[INFO] [stdout] 
[INFO] [stdout] For more information about an error, try `rustc --explain E0422`.
[INFO] [stdout] 
[INFO] [stderr] error: could not compile `bevy_xpbd_2d` (example "revolute_joint_2d") due to 7 previous errors
[INFO] running `Command { std: "docker" "inspect" "82f806dc1593eed1327f56027d7319579d7192eeb7d7f8751542032825d2acfb", kill_on_drop: false }`
[INFO] running `Command { std: "docker" "rm" "-f" "82f806dc1593eed1327f56027d7319579d7192eeb7d7f8751542032825d2acfb", kill_on_drop: false }`
[INFO] [stdout] 82f806dc1593eed1327f56027d7319579d7192eeb7d7f8751542032825d2acfb
