[INFO] fetching crate bevy_retro_core 0.1.0...
[INFO] testing bevy_retro_core-0.1.0 against 1.75.0 for beta-1.76-1
[INFO] extracting crate bevy_retro_core 0.1.0 into /workspace/builds/worker-4-tc1/source
[INFO] validating manifest of crates.io crate bevy_retro_core 0.1.0 on toolchain 1.75.0
[INFO] running `Command { std: CARGO_HOME="/workspace/cargo-home" RUSTUP_HOME="/workspace/rustup-home" "/workspace/cargo-home/bin/cargo" "+1.75.0" "metadata" "--manifest-path" "Cargo.toml" "--no-deps", kill_on_drop: false }`
[INFO] started tweaking crates.io crate bevy_retro_core 0.1.0
[INFO] finished tweaking crates.io crate bevy_retro_core 0.1.0
[INFO] tweaked toml for crates.io crate bevy_retro_core 0.1.0 written to /workspace/builds/worker-4-tc1/source/Cargo.toml
[INFO] running `Command { std: CARGO_HOME="/workspace/cargo-home" RUSTUP_HOME="/workspace/rustup-home" "/workspace/cargo-home/bin/cargo" "+1.75.0" "generate-lockfile" "--manifest-path" "Cargo.toml", kill_on_drop: false }`
[INFO] [stderr]     Updating crates.io index
[INFO] running `Command { std: CARGO_HOME="/workspace/cargo-home" RUSTUP_HOME="/workspace/rustup-home" "/workspace/cargo-home/bin/cargo" "+1.75.0" "fetch" "--manifest-path" "Cargo.toml", kill_on_drop: false }`
[INFO] [stderr]  Downloading crates ...
[INFO] [stderr]   Downloaded renderdoc-sys v0.7.1
[INFO] [stderr]   Downloaded dashmap v5.5.3
[INFO] [stderr]   Downloaded android_log-sys v0.2.0
[INFO] [stderr]   Downloaded glow v0.11.2
[INFO] [stderr]   Downloaded bevy_asset v0.9.1
[INFO] [stderr]   Downloaded bevy_core_pipeline v0.9.1
[INFO] [stderr]   Downloaded glam v0.23.0
[INFO] [stderr]   Downloaded bevy_render_macros v0.9.1
[INFO] [stderr]   Downloaded hexasphere v8.1.0
[INFO] [stderr]   Downloaded wgpu-core v0.14.2
[INFO] [stderr]   Downloaded bevy_core v0.9.1
[INFO] [stderr]   Downloaded naga v0.10.1
[INFO] [stderr]   Downloaded bevy_tasks v0.9.1
[INFO] [stderr]   Downloaded wgpu-hal v0.14.1
[INFO] [stderr]   Downloaded bevy_render v0.9.1
[INFO] [stderr]   Downloaded bevy_transform v0.9.1
[INFO] [stderr]   Downloaded bevy_app v0.9.1
[INFO] [stderr]   Downloaded bevy_ecs v0.9.1
[INFO] [stderr]   Downloaded bevy_ptr v0.9.1
[INFO] [stderr]   Downloaded bevy_internal v0.9.1
[INFO] [stderr]   Downloaded bevy v0.9.1
[INFO] [stderr]   Downloaded bevy_pbr v0.9.1
[INFO] [stderr]   Downloaded bevy_diagnostic v0.9.1
[INFO] [stderr]   Downloaded bevy_mikktspace v0.9.1
[INFO] [stderr]   Downloaded encase_derive_impl v0.4.1
[INFO] [stderr]   Downloaded encase_derive v0.4.1
[INFO] [stderr]   Downloaded encase v0.4.1
[INFO] [stderr]   Downloaded wgpu-types v0.14.1
[INFO] [stderr]   Downloaded wgpu v0.14.2
[INFO] [stderr]   Downloaded bevy_hierarchy v0.9.1
[INFO] [stderr]   Downloaded bevy_ecs_macros v0.9.1
[INFO] [stderr]   Downloaded cache-padded v1.3.0
[INFO] [stderr]   Downloaded bevy_reflect_derive v0.9.1
[INFO] [stderr]   Downloaded bevy_encase_derive v0.9.1
[INFO] [stderr]   Downloaded d3d12 v0.5.0
[INFO] [stderr]   Downloaded bevy_time v0.9.1
[INFO] [stderr]   Downloaded bevy_log v0.9.1
[INFO] [stderr]   Downloaded bevy_derive v0.9.1
[INFO] [stderr]   Downloaded bevy_input v0.9.1
[INFO] [stderr]   Downloaded bevy_math v0.9.1
[INFO] [stderr]   Downloaded bevy_utils v0.9.1
[INFO] [stderr]   Downloaded bevy_macro_utils v0.9.1
[INFO] [stderr]   Downloaded bevy_reflect v0.9.1
[INFO] [stderr]   Downloaded bevy_window v0.9.1
[INFO] [stderr]   Downloaded android_logger v0.11.3
[INFO] running `Command { std: "docker" "create" "-v" "/var/lib/crater-agent-workspace/builds/worker-4-tc1/target:/opt/rustwide/target:rw,Z" "-v" "/var/lib/crater-agent-workspace/builds/worker-4-tc1/source:/opt/rustwide/workdir:ro,Z" "-v" "/var/lib/crater-agent-workspace/cargo-home:/opt/rustwide/cargo-home:ro,Z" "-v" "/var/lib/crater-agent-workspace/rustup-home:/opt/rustwide/rustup-home:ro,Z" "-e" "SOURCE_DIR=/opt/rustwide/workdir" "-e" "CARGO_TARGET_DIR=/opt/rustwide/target" "-e" "CARGO_HOME=/opt/rustwide/cargo-home" "-e" "RUSTUP_HOME=/opt/rustwide/rustup-home" "-w" "/opt/rustwide/workdir" "-m" "1610612736" "--user" "0:0" "--network" "none" "ghcr.io/rust-lang/crates-build-env/linux@sha256:2788e3201cd34a07e3172128adcd8b3090168a8e3bcc40d7c032b9dda1df7d1c" "/opt/rustwide/cargo-home/bin/cargo" "+1.75.0" "metadata" "--no-deps" "--format-version=1", kill_on_drop: false }`
[INFO] [stdout] cf1d5dbea3511999ce9f7f7c6049193126adf990eb91aeb33814e66c91dbeeab
[INFO] running `Command { std: "docker" "start" "-a" "cf1d5dbea3511999ce9f7f7c6049193126adf990eb91aeb33814e66c91dbeeab", kill_on_drop: false }`
[INFO] running `Command { std: "docker" "inspect" "cf1d5dbea3511999ce9f7f7c6049193126adf990eb91aeb33814e66c91dbeeab", kill_on_drop: false }`
[INFO] running `Command { std: "docker" "rm" "-f" "cf1d5dbea3511999ce9f7f7c6049193126adf990eb91aeb33814e66c91dbeeab", kill_on_drop: false }`
[INFO] [stdout] cf1d5dbea3511999ce9f7f7c6049193126adf990eb91aeb33814e66c91dbeeab
[INFO] running `Command { std: "docker" "create" "-v" "/var/lib/crater-agent-workspace/builds/worker-4-tc1/target:/opt/rustwide/target:rw,Z" "-v" "/var/lib/crater-agent-workspace/builds/worker-4-tc1/source:/opt/rustwide/workdir:ro,Z" "-v" "/var/lib/crater-agent-workspace/cargo-home:/opt/rustwide/cargo-home:ro,Z" "-v" "/var/lib/crater-agent-workspace/rustup-home:/opt/rustwide/rustup-home:ro,Z" "-e" "SOURCE_DIR=/opt/rustwide/workdir" "-e" "CARGO_TARGET_DIR=/opt/rustwide/target" "-e" "CARGO_INCREMENTAL=0" "-e" "RUST_BACKTRACE=full" "-e" "RUSTFLAGS=--cap-lints=warn" "-e" "RUSTDOCFLAGS=--cap-lints=warn" "-e" "CARGO_HOME=/opt/rustwide/cargo-home" "-e" "RUSTUP_HOME=/opt/rustwide/rustup-home" "-w" "/opt/rustwide/workdir" "-m" "1610612736" "--user" "0:0" "--network" "none" "ghcr.io/rust-lang/crates-build-env/linux@sha256:2788e3201cd34a07e3172128adcd8b3090168a8e3bcc40d7c032b9dda1df7d1c" "/opt/rustwide/cargo-home/bin/cargo" "+1.75.0" "build" "--frozen" "--message-format=json", kill_on_drop: false }`
[INFO] [stdout] 62a9f74bcdd93e5891708ece6271c2344f256be4429d49677a3d52324b668ce1
[INFO] running `Command { std: "docker" "start" "-a" "62a9f74bcdd93e5891708ece6271c2344f256be4429d49677a3d52324b668ce1", kill_on_drop: false }`
[INFO] [stderr]    Compiling serde v1.0.194
[INFO] [stderr]    Compiling once_cell v1.19.0
[INFO] [stderr]    Compiling libc v0.2.151
[INFO] [stderr]    Compiling crossbeam-utils v0.8.18
[INFO] [stderr]    Compiling syn v1.0.109
[INFO] [stderr]    Compiling parking v2.2.0
[INFO] [stderr]    Compiling parking_lot_core v0.9.9
[INFO] [stderr]    Compiling futures-core v0.3.30
[INFO] [stderr]    Compiling lock_api v0.4.11
[INFO] [stderr]    Compiling ahash v0.7.7
[INFO] [stderr]    Compiling thiserror v1.0.56
[INFO] [stderr]    Compiling bytemuck v1.14.0
[INFO] [stderr]    Compiling syn v2.0.48
[INFO] [stderr]    Compiling bit-set v0.5.3
[INFO] [stderr]    Compiling futures-lite v2.1.0
[INFO] [stderr]    Compiling tracing-core v0.1.32
[INFO] [stderr]    Compiling fastrand v2.0.1
[INFO] [stderr]    Compiling memchr v2.7.1
[INFO] [stderr]    Compiling waker-fn v1.1.1
[INFO] [stderr]    Compiling cache-padded v1.3.0
[INFO] [stderr]    Compiling async-task v4.7.0
[INFO] [stderr]    Compiling futures-io v0.3.30
[INFO] [stderr]    Compiling concurrent-queue v1.2.4
[INFO] [stderr]    Compiling thread_local v1.1.7
[INFO] [stderr]    Compiling bevy_ptr v0.9.1
[INFO] [stderr]    Compiling byteorder v1.5.0
[INFO] [stderr]    Compiling regex-syntax v0.8.2
[INFO] [stderr]    Compiling sharded-slab v0.1.7
[INFO] [stderr]    Compiling hashbrown v0.14.3
[INFO] [stderr]    Compiling tracing v0.1.40
[INFO] [stderr]    Compiling tracing-log v0.2.0
[INFO] [stderr]    Compiling tracing-log v0.1.4
[INFO] [stderr]    Compiling fxhash v0.2.1
[INFO] [stderr]    Compiling futures-lite v1.13.0
[INFO] [stderr]    Compiling concurrent-queue v2.4.0
[INFO] [stderr]    Compiling crossbeam-channel v0.5.10
[INFO] [stderr]    Compiling event-listener v4.0.2
[INFO] [stderr]    Compiling async-channel v1.9.0
[INFO] [stderr]    Compiling event-listener-strategy v0.4.0
[INFO] [stderr]    Compiling getrandom v0.2.11
[INFO] [stderr]    Compiling async-lock v3.2.0
[INFO] [stderr]    Compiling uuid v1.6.1
[INFO] [stderr]    Compiling async-executor v1.8.0
[INFO] [stderr]    Compiling bevy_tasks v0.9.1
[INFO] [stderr]    Compiling serde_derive v1.0.194
[INFO] [stderr]    Compiling thiserror-impl v1.0.56
[INFO] [stderr]    Compiling regex-automata v0.4.3
[INFO] [stderr]    Compiling toml v0.5.11
[INFO] [stderr]    Compiling regex v1.10.2
[INFO] [stderr]    Compiling bevy_macro_utils v0.9.1
[INFO] [stderr]    Compiling bevy_reflect_derive v0.9.1
[INFO] [stderr]    Compiling bevy_ecs_macros v0.9.1
[INFO] [stderr]    Compiling bevy_derive v0.9.1
[INFO] [stderr]    Compiling smallvec v1.11.2
[INFO] [stderr]    Compiling hashbrown v0.12.3
[INFO] [stderr]    Compiling glam v0.22.0
[INFO] [stderr]    Compiling erased-serde v0.3.31
[INFO] [stderr]    Compiling tracing-subscriber v0.3.18
[INFO] [stderr]    Compiling parking_lot v0.12.1
[INFO] [stderr]    Compiling dashmap v5.5.3
[INFO] [stderr]    Compiling bevy_utils v0.9.1
[INFO] [stderr]    Compiling bevy_math v0.9.1
[INFO] [stderr]    Compiling bevy_reflect v0.9.1
[INFO] [stderr]    Compiling bevy_ecs v0.9.1
[INFO] [stderr]    Compiling bevy_app v0.9.1
[INFO] [stderr]    Compiling bevy_core v0.9.1
[INFO] [stderr]    Compiling bevy_log v0.9.1
[INFO] [stderr]    Compiling bevy_time v0.9.1
[INFO] [stderr]    Compiling bevy_input v0.9.1
[INFO] [stderr]    Compiling bevy_hierarchy v0.9.1
[INFO] [stderr]    Compiling bevy_diagnostic v0.9.1
[INFO] [stderr]    Compiling bevy_transform v0.9.1
[INFO] [stderr]    Compiling bevy_window v0.9.1
[INFO] [stderr]    Compiling bevy_internal v0.9.1
[INFO] [stderr]    Compiling bevy v0.9.1
[INFO] [stderr]    Compiling bevy_retro_core v0.1.0 (/opt/rustwide/workdir)
[INFO] [stdout] error[E0433]: failed to resolve: could not find `render` in `bevy`
[INFO] [stdout]  --> src/camera.rs:1:24
[INFO] [stdout]   |
[INFO] [stdout] 1 | use bevy::{prelude::*, render::camera::ScalingMode};
[INFO] [stdout]   |                        ^^^^^^ could not find `render` in `bevy`
[INFO] [stdout] 
[INFO] [stdout] 
[INFO] [stdout] error[E0432]: unresolved import `bevy::asset`
[INFO] [stdout]  --> src/asset.rs:2:5
[INFO] [stdout]   |
[INFO] [stdout] 2 |     asset::{Asset, AssetPath, AssetPathId},
[INFO] [stdout]   |     ^^^^^ could not find `asset` in `bevy`
[INFO] [stdout] 
[INFO] [stdout] 
[INFO] [stdout] error[E0412]: cannot find type `Camera2dBundle` in this scope
[INFO] [stdout]  --> src/camera.rs:7:17
[INFO] [stdout]   |
[INFO] [stdout] 7 |     pub camera: Camera2dBundle,
[INFO] [stdout]   |                 ^^^^^^^^^^^^^^ not found in this scope
[INFO] [stdout] 
[INFO] [stdout] 
[INFO] [stdout] error[E0422]: cannot find struct, variant or union type `Camera2dBundle` in this scope
[INFO] [stdout]   --> src/camera.rs:13:22
[INFO] [stdout]    |
[INFO] [stdout] 13 |         let camera = Camera2dBundle {
[INFO] [stdout]    |                      ^^^^^^^^^^^^^^ not found in this scope
[INFO] [stdout] 
[INFO] [stdout] 
[INFO] [stdout] error[E0422]: cannot find struct, variant or union type `OrthographicProjection` in this scope
[INFO] [stdout]   --> src/camera.rs:14:25
[INFO] [stdout]    |
[INFO] [stdout] 14 |             projection: OrthographicProjection {
[INFO] [stdout]    |                         ^^^^^^^^^^^^^^^^^^^^^^ not found in this scope
[INFO] [stdout] 
[INFO] [stdout] 
[INFO] [stdout] error[E0412]: cannot find type `HandleUntyped` in this scope
[INFO] [stdout]  --> src/asset.rs:9:47
[INFO] [stdout]   |
[INFO] [stdout] 9 | static ASSET_CACHE: Lazy<DashMap<AssetPathId, HandleUntyped>> = Lazy::new(DashMap::new);
[INFO] [stdout]   |                                               ^^^^^^^^^^^^^ not found in this scope
[INFO] [stdout] 
[INFO] [stdout] 
[INFO] [stdout] error[E0412]: cannot find type `Handle` in this scope
[INFO] [stdout]    --> src/asset.rs:24:49
[INFO] [stdout]     |
[INFO] [stdout] 24  |     fn load_cached<'a, T, P>(&self, path: P) -> Handle<T>
[INFO] [stdout]     |                                                 ^^^^^^ help: a trait with a similar name exists: `Bundle`
[INFO] [stdout]     |
[INFO] [stdout]    ::: /opt/rustwide/cargo-home/registry/src/index.crates.io-6f17d22bba15001f/bevy_ecs-0.9.1/src/bundle.rs:140:1
[INFO] [stdout]     |
[INFO] [stdout] 140 | pub unsafe trait Bundle: Send + Sync + 'static {
[INFO] [stdout]     | ---------------------------------------------- similarly named trait `Bundle` defined here
[INFO] [stdout] 
[INFO] [stdout] 
[INFO] [stdout] error[E0412]: cannot find type `Handle` in this scope
[INFO] [stdout]    --> src/asset.rs:34:44
[INFO] [stdout]     |
[INFO] [stdout] 34  |     fn remove_from_cache<T: Asset>(handle: Handle<T>);
[INFO] [stdout]     |                                            ^^^^^^ help: a trait with a similar name exists: `Bundle`
[INFO] [stdout]     |
[INFO] [stdout]    ::: /opt/rustwide/cargo-home/registry/src/index.crates.io-6f17d22bba15001f/bevy_ecs-0.9.1/src/bundle.rs:140:1
[INFO] [stdout]     |
[INFO] [stdout] 140 | pub unsafe trait Bundle: Send + Sync + 'static {
[INFO] [stdout]     | ---------------------------------------------- similarly named trait `Bundle` defined here
[INFO] [stdout] 
[INFO] [stdout] 
[INFO] [stdout] error[E0412]: cannot find type `AssetServer` in this scope
[INFO] [stdout]   --> src/asset.rs:37:25
[INFO] [stdout]    |
[INFO] [stdout] 12 | pub trait AssetServerExt {
[INFO] [stdout]    | ------------------------ similarly named trait `AssetServerExt` defined here
[INFO] [stdout] ...
[INFO] [stdout] 37 | impl AssetServerExt for AssetServer {
[INFO] [stdout]    |                         ^^^^^^^^^^^ help: a trait with a similar name exists: `AssetServerExt`
[INFO] [stdout] 
[INFO] [stdout] 
[INFO] [stdout] error[E0412]: cannot find type `Handle` in this scope
[INFO] [stdout]    --> src/asset.rs:38:49
[INFO] [stdout]     |
[INFO] [stdout] 38  |     fn load_cached<'a, T, P>(&self, path: P) -> Handle<T>
[INFO] [stdout]     |                                                 ^^^^^^ help: a trait with a similar name exists: `Bundle`
[INFO] [stdout]     |
[INFO] [stdout]    ::: /opt/rustwide/cargo-home/registry/src/index.crates.io-6f17d22bba15001f/bevy_ecs-0.9.1/src/bundle.rs:140:1
[INFO] [stdout]     |
[INFO] [stdout] 140 | pub unsafe trait Bundle: Send + Sync + 'static {
[INFO] [stdout]     | ---------------------------------------------- similarly named trait `Bundle` defined here
[INFO] [stdout] 
[INFO] [stdout] 
[INFO] [stdout] error[E0412]: cannot find type `Handle` in this scope
[INFO] [stdout]    --> src/asset.rs:65:44
[INFO] [stdout]     |
[INFO] [stdout] 65  |     fn remove_from_cache<T: Asset>(handle: Handle<T>) {
[INFO] [stdout]     |                                            ^^^^^^ help: a trait with a similar name exists: `Bundle`
[INFO] [stdout]     |
[INFO] [stdout]    ::: /opt/rustwide/cargo-home/registry/src/index.crates.io-6f17d22bba15001f/bevy_ecs-0.9.1/src/bundle.rs:140:1
[INFO] [stdout]     |
[INFO] [stdout] 140 | pub unsafe trait Bundle: Send + Sync + 'static {
[INFO] [stdout]     | ---------------------------------------------- similarly named trait `Bundle` defined here
[INFO] [stdout] 
[INFO] [stdout] 
[INFO] [stdout] warning: unused import: `prelude::*`
[INFO] [stdout]  --> src/asset.rs:3:5
[INFO] [stdout]   |
[INFO] [stdout] 3 |     prelude::*,
[INFO] [stdout]   |     ^^^^^^^^^^
[INFO] [stdout]   |
[INFO] [stdout]   = note: `#[warn(unused_imports)]` on by default
[INFO] [stdout] 
[INFO] [stdout] 
[INFO] [stdout] error: aborting due to 11 previous errors; 1 warning emitted
[INFO] [stdout] 
[INFO] [stdout] 
[INFO] [stdout] Some errors have detailed explanations: E0412, E0422, E0432, E0433.
[INFO] [stdout] 
[INFO] [stdout] For more information about an error, try `rustc --explain E0412`.
[INFO] [stdout] 
[INFO] [stderr] error: could not compile `bevy_retro_core` (lib) due to 12 previous errors; 1 warning emitted
[INFO] [stderr] warning: build failed, waiting for other jobs to finish...
[INFO] running `Command { std: "docker" "inspect" "62a9f74bcdd93e5891708ece6271c2344f256be4429d49677a3d52324b668ce1", kill_on_drop: false }`
[INFO] running `Command { std: "docker" "rm" "-f" "62a9f74bcdd93e5891708ece6271c2344f256be4429d49677a3d52324b668ce1", kill_on_drop: false }`
[INFO] [stdout] 62a9f74bcdd93e5891708ece6271c2344f256be4429d49677a3d52324b668ce1
[INFO] testing bevy_retro_core-0.1.0 against beta-2023-12-22 for beta-1.76-1
[INFO] extracting crate bevy_retro_core 0.1.0 into /workspace/builds/worker-4-tc2/source
[INFO] validating manifest of crates.io crate bevy_retro_core 0.1.0 on toolchain beta-2023-12-22
[INFO] running `Command { std: CARGO_HOME="/workspace/cargo-home" RUSTUP_HOME="/workspace/rustup-home" "/workspace/cargo-home/bin/cargo" "+beta-2023-12-22" "metadata" "--manifest-path" "Cargo.toml" "--no-deps", kill_on_drop: false }`
[INFO] started tweaking crates.io crate bevy_retro_core 0.1.0
[INFO] finished tweaking crates.io crate bevy_retro_core 0.1.0
[INFO] tweaked toml for crates.io crate bevy_retro_core 0.1.0 written to /workspace/builds/worker-4-tc2/source/Cargo.toml
[INFO] running `Command { std: CARGO_HOME="/workspace/cargo-home" RUSTUP_HOME="/workspace/rustup-home" "/workspace/cargo-home/bin/cargo" "+beta-2023-12-22" "generate-lockfile" "--manifest-path" "Cargo.toml", kill_on_drop: false }`
[INFO] [stderr]     Updating crates.io index
[INFO] running `Command { std: CARGO_HOME="/workspace/cargo-home" RUSTUP_HOME="/workspace/rustup-home" "/workspace/cargo-home/bin/cargo" "+beta-2023-12-22" "fetch" "--manifest-path" "Cargo.toml", kill_on_drop: false }`
[INFO] running `Command { std: "docker" "create" "-v" "/var/lib/crater-agent-workspace/builds/worker-4-tc2/target:/opt/rustwide/target:rw,Z" "-v" "/var/lib/crater-agent-workspace/builds/worker-4-tc2/source:/opt/rustwide/workdir:ro,Z" "-v" "/var/lib/crater-agent-workspace/cargo-home:/opt/rustwide/cargo-home:ro,Z" "-v" "/var/lib/crater-agent-workspace/rustup-home:/opt/rustwide/rustup-home:ro,Z" "-e" "SOURCE_DIR=/opt/rustwide/workdir" "-e" "CARGO_TARGET_DIR=/opt/rustwide/target" "-e" "CARGO_HOME=/opt/rustwide/cargo-home" "-e" "RUSTUP_HOME=/opt/rustwide/rustup-home" "-w" "/opt/rustwide/workdir" "-m" "1610612736" "--user" "0:0" "--network" "none" "ghcr.io/rust-lang/crates-build-env/linux@sha256:2788e3201cd34a07e3172128adcd8b3090168a8e3bcc40d7c032b9dda1df7d1c" "/opt/rustwide/cargo-home/bin/cargo" "+beta-2023-12-22" "metadata" "--no-deps" "--format-version=1", kill_on_drop: false }`
[INFO] [stdout] 462fa56e154ff57e138df91baaf9486ad0c0bd2036749d82b528d6ac4b57cb84
[INFO] running `Command { std: "docker" "start" "-a" "462fa56e154ff57e138df91baaf9486ad0c0bd2036749d82b528d6ac4b57cb84", kill_on_drop: false }`
[INFO] running `Command { std: "docker" "inspect" "462fa56e154ff57e138df91baaf9486ad0c0bd2036749d82b528d6ac4b57cb84", kill_on_drop: false }`
[INFO] running `Command { std: "docker" "rm" "-f" "462fa56e154ff57e138df91baaf9486ad0c0bd2036749d82b528d6ac4b57cb84", kill_on_drop: false }`
[INFO] [stdout] 462fa56e154ff57e138df91baaf9486ad0c0bd2036749d82b528d6ac4b57cb84
[INFO] running `Command { std: "docker" "create" "-v" "/var/lib/crater-agent-workspace/builds/worker-4-tc2/target:/opt/rustwide/target:rw,Z" "-v" "/var/lib/crater-agent-workspace/builds/worker-4-tc2/source:/opt/rustwide/workdir:ro,Z" "-v" "/var/lib/crater-agent-workspace/cargo-home:/opt/rustwide/cargo-home:ro,Z" "-v" "/var/lib/crater-agent-workspace/rustup-home:/opt/rustwide/rustup-home:ro,Z" "-e" "SOURCE_DIR=/opt/rustwide/workdir" "-e" "CARGO_TARGET_DIR=/opt/rustwide/target" "-e" "CARGO_INCREMENTAL=0" "-e" "RUST_BACKTRACE=full" "-e" "RUSTFLAGS=--cap-lints=warn" "-e" "RUSTDOCFLAGS=--cap-lints=warn" "-e" "CARGO_HOME=/opt/rustwide/cargo-home" "-e" "RUSTUP_HOME=/opt/rustwide/rustup-home" "-w" "/opt/rustwide/workdir" "-m" "1610612736" "--user" "0:0" "--network" "none" "ghcr.io/rust-lang/crates-build-env/linux@sha256:2788e3201cd34a07e3172128adcd8b3090168a8e3bcc40d7c032b9dda1df7d1c" "/opt/rustwide/cargo-home/bin/cargo" "+beta-2023-12-22" "build" "--frozen" "--message-format=json", kill_on_drop: false }`
[INFO] [stdout] c7edd9712eb7973eeebcf30466fa0400a0f29b92ff69252a276a41d7d83cfe31
[INFO] running `Command { std: "docker" "start" "-a" "c7edd9712eb7973eeebcf30466fa0400a0f29b92ff69252a276a41d7d83cfe31", kill_on_drop: false }`
[INFO] [stderr]    Compiling serde v1.0.194
[INFO] [stderr]    Compiling once_cell v1.19.0
[INFO] [stderr]    Compiling libc v0.2.151
[INFO] [stderr]    Compiling crossbeam-utils v0.8.18
[INFO] [stderr]    Compiling syn v1.0.109
[INFO] [stderr]    Compiling parking v2.2.0
[INFO] [stderr]    Compiling futures-core v0.3.30
[INFO] [stderr]    Compiling parking_lot_core v0.9.9
[INFO] [stderr]    Compiling lock_api v0.4.11
[INFO] [stderr]    Compiling ahash v0.7.7
[INFO] [stderr]    Compiling thiserror v1.0.56
[INFO] [stderr]    Compiling syn v2.0.48
[INFO] [stderr]    Compiling bytemuck v1.14.0
[INFO] [stderr]    Compiling bit-set v0.5.3
[INFO] [stderr]    Compiling futures-lite v2.1.0
[INFO] [stderr]    Compiling cache-padded v1.3.0
[INFO] [stderr]    Compiling tracing-core v0.1.32
[INFO] [stderr]    Compiling waker-fn v1.1.1
[INFO] [stderr]    Compiling fastrand v2.0.1
[INFO] [stderr]    Compiling futures-io v0.3.30
[INFO] [stderr]    Compiling memchr v2.7.1
[INFO] [stderr]    Compiling async-task v4.7.0
[INFO] [stderr]    Compiling concurrent-queue v1.2.4
[INFO] [stderr]    Compiling thread_local v1.1.7
[INFO] [stderr]    Compiling bevy_ptr v0.9.1
[INFO] [stderr]    Compiling byteorder v1.5.0
[INFO] [stderr]    Compiling regex-syntax v0.8.2
[INFO] [stderr]    Compiling sharded-slab v0.1.7
[INFO] [stderr]    Compiling hashbrown v0.14.3
[INFO] [stderr]    Compiling tracing v0.1.40
[INFO] [stderr]    Compiling tracing-log v0.2.0
[INFO] [stderr]    Compiling tracing-log v0.1.4
[INFO] [stderr]    Compiling fxhash v0.2.1
[INFO] [stderr]    Compiling futures-lite v1.13.0
[INFO] [stderr]    Compiling getrandom v0.2.11
[INFO] [stderr]    Compiling concurrent-queue v2.4.0
[INFO] [stderr]    Compiling crossbeam-channel v0.5.10
[INFO] [stderr]    Compiling uuid v1.6.1
[INFO] [stderr]    Compiling event-listener v4.0.2
[INFO] [stderr]    Compiling async-channel v1.9.0
[INFO] [stderr]    Compiling event-listener-strategy v0.4.0
[INFO] [stderr]    Compiling async-lock v3.2.0
[INFO] [stderr]    Compiling async-executor v1.8.0
[INFO] [stderr]    Compiling bevy_tasks v0.9.1
[INFO] [stderr]    Compiling regex-automata v0.4.3
[INFO] [stderr]    Compiling serde_derive v1.0.194
[INFO] [stderr]    Compiling thiserror-impl v1.0.56
[INFO] [stderr]    Compiling toml v0.5.11
[INFO] [stderr]    Compiling regex v1.10.2
[INFO] [stderr]    Compiling bevy_macro_utils v0.9.1
[INFO] [stderr]    Compiling bevy_reflect_derive v0.9.1
[INFO] [stderr]    Compiling bevy_ecs_macros v0.9.1
[INFO] [stderr]    Compiling bevy_derive v0.9.1
[INFO] [stderr]    Compiling smallvec v1.11.2
[INFO] [stderr]    Compiling glam v0.22.0
[INFO] [stderr]    Compiling hashbrown v0.12.3
[INFO] [stderr]    Compiling erased-serde v0.3.31
[INFO] [stderr]    Compiling tracing-subscriber v0.3.18
[INFO] [stderr]    Compiling parking_lot v0.12.1
[INFO] [stderr]    Compiling dashmap v5.5.3
[INFO] [stderr]    Compiling bevy_utils v0.9.1
[INFO] [stderr]    Compiling bevy_math v0.9.1
[INFO] [stderr]    Compiling bevy_reflect v0.9.1
[INFO] [stderr]    Compiling bevy_ecs v0.9.1
[INFO] [stderr]    Compiling bevy_app v0.9.1
[INFO] [stderr]    Compiling bevy_log v0.9.1
[INFO] [stderr]    Compiling bevy_core v0.9.1
[INFO] [stderr]    Compiling bevy_time v0.9.1
[INFO] [stderr]    Compiling bevy_input v0.9.1
[INFO] [stderr]    Compiling bevy_hierarchy v0.9.1
[INFO] [stderr]    Compiling bevy_diagnostic v0.9.1
[INFO] [stderr]    Compiling bevy_transform v0.9.1
[INFO] [stderr]    Compiling bevy_window v0.9.1
[INFO] [stderr]    Compiling bevy_internal v0.9.1
[INFO] [stderr]    Compiling bevy v0.9.1
[INFO] [stderr]    Compiling bevy_retro_core v0.1.0 (/opt/rustwide/workdir)
[INFO] [stdout] error[E0433]: failed to resolve: could not find `render` in `bevy`
[INFO] [stdout]  --> src/camera.rs:1:24
[INFO] [stdout]   |
[INFO] [stdout] 1 | use bevy::{prelude::*, render::camera::ScalingMode};
[INFO] [stdout]   |                        ^^^^^^ could not find `render` in `bevy`
[INFO] [stdout] 
[INFO] [stdout] 
[INFO] [stdout] error[E0432]: unresolved import `bevy::asset`
[INFO] [stdout]  --> src/asset.rs:2:5
[INFO] [stdout]   |
[INFO] [stdout] 2 |     asset::{Asset, AssetPath, AssetPathId},
[INFO] [stdout]   |     ^^^^^ could not find `asset` in `bevy`
[INFO] [stdout] 
[INFO] [stdout] 
[INFO] [stdout] error[E0412]: cannot find type `Camera2dBundle` in this scope
[INFO] [stdout]  --> src/camera.rs:7:17
[INFO] [stdout]   |
[INFO] [stdout] 7 |     pub camera: Camera2dBundle,
[INFO] [stdout]   |                 ^^^^^^^^^^^^^^ not found in this scope
[INFO] [stdout] 
[INFO] [stdout] 
[INFO] [stdout] error[E0422]: cannot find struct, variant or union type `Camera2dBundle` in this scope
[INFO] [stdout]   --> src/camera.rs:13:22
[INFO] [stdout]    |
[INFO] [stdout] 13 |         let camera = Camera2dBundle {
[INFO] [stdout]    |                      ^^^^^^^^^^^^^^ not found in this scope
[INFO] [stdout] 
[INFO] [stdout] 
[INFO] [stdout] error[E0422]: cannot find struct, variant or union type `OrthographicProjection` in this scope
[INFO] [stdout]   --> src/camera.rs:14:25
[INFO] [stdout]    |
[INFO] [stdout] 14 |             projection: OrthographicProjection {
[INFO] [stdout]    |                         ^^^^^^^^^^^^^^^^^^^^^^ not found in this scope
[INFO] [stdout] 
[INFO] [stdout] 
[INFO] [stdout] error[E0412]: cannot find type `HandleUntyped` in this scope
[INFO] [stdout]  --> src/asset.rs:9:47
[INFO] [stdout]   |
[INFO] [stdout] 9 | static ASSET_CACHE: Lazy<DashMap<AssetPathId, HandleUntyped>> = Lazy::new(DashMap::new);
[INFO] [stdout]   |                                               ^^^^^^^^^^^^^ not found in this scope
[INFO] [stdout] 
[INFO] [stdout] 
[INFO] [stdout] error[E0412]: cannot find type `Handle` in this scope
[INFO] [stdout]    --> src/asset.rs:24:49
[INFO] [stdout]     |
[INFO] [stdout] 24  |     fn load_cached<'a, T, P>(&self, path: P) -> Handle<T>
[INFO] [stdout]     |                                                 ^^^^^^ help: a trait with a similar name exists: `Bundle`
[INFO] [stdout]     |
[INFO] [stdout]    ::: /opt/rustwide/cargo-home/registry/src/index.crates.io-6f17d22bba15001f/bevy_ecs-0.9.1/src/bundle.rs:140:1
[INFO] [stdout]     |
[INFO] [stdout] 140 | pub unsafe trait Bundle: Send + Sync + 'static {
[INFO] [stdout]     | ---------------------------------------------- similarly named trait `Bundle` defined here
[INFO] [stdout] 
[INFO] [stdout] 
[INFO] [stdout] error[E0412]: cannot find type `Handle` in this scope
[INFO] [stdout]    --> src/asset.rs:34:44
[INFO] [stdout]     |
[INFO] [stdout] 34  |     fn remove_from_cache<T: Asset>(handle: Handle<T>);
[INFO] [stdout]     |                                            ^^^^^^ help: a trait with a similar name exists: `Bundle`
[INFO] [stdout]     |
[INFO] [stdout]    ::: /opt/rustwide/cargo-home/registry/src/index.crates.io-6f17d22bba15001f/bevy_ecs-0.9.1/src/bundle.rs:140:1
[INFO] [stdout]     |
[INFO] [stdout] 140 | pub unsafe trait Bundle: Send + Sync + 'static {
[INFO] [stdout]     | ---------------------------------------------- similarly named trait `Bundle` defined here
[INFO] [stdout] 
[INFO] [stdout] 
[INFO] [stdout] error[E0412]: cannot find type `AssetServer` in this scope
[INFO] [stdout]   --> src/asset.rs:37:25
[INFO] [stdout]    |
[INFO] [stdout] 12 | pub trait AssetServerExt {
[INFO] [stdout]    | ------------------------ similarly named trait `AssetServerExt` defined here
[INFO] [stdout] ...
[INFO] [stdout] 37 | impl AssetServerExt for AssetServer {
[INFO] [stdout]    |                         ^^^^^^^^^^^ help: a trait with a similar name exists: `AssetServerExt`
[INFO] [stdout] 
[INFO] [stdout] 
[INFO] [stdout] error[E0412]: cannot find type `Handle` in this scope
[INFO] [stdout]    --> src/asset.rs:38:49
[INFO] [stdout]     |
[INFO] [stdout] 38  |     fn load_cached<'a, T, P>(&self, path: P) -> Handle<T>
[INFO] [stdout]     |                                                 ^^^^^^ help: a trait with a similar name exists: `Bundle`
[INFO] [stdout]     |
[INFO] [stdout]    ::: /opt/rustwide/cargo-home/registry/src/index.crates.io-6f17d22bba15001f/bevy_ecs-0.9.1/src/bundle.rs:140:1
[INFO] [stdout]     |
[INFO] [stdout] 140 | pub unsafe trait Bundle: Send + Sync + 'static {
[INFO] [stdout]     | ---------------------------------------------- similarly named trait `Bundle` defined here
[INFO] [stdout] 
[INFO] [stdout] 
[INFO] [stdout] error[E0412]: cannot find type `Handle` in this scope
[INFO] [stdout]    --> src/asset.rs:65:44
[INFO] [stdout]     |
[INFO] [stdout] 65  |     fn remove_from_cache<T: Asset>(handle: Handle<T>) {
[INFO] [stdout]     |                                            ^^^^^^ help: a trait with a similar name exists: `Bundle`
[INFO] [stdout]     |
[INFO] [stdout]    ::: /opt/rustwide/cargo-home/registry/src/index.crates.io-6f17d22bba15001f/bevy_ecs-0.9.1/src/bundle.rs:140:1
[INFO] [stdout]     |
[INFO] [stdout] 140 | pub unsafe trait Bundle: Send + Sync + 'static {
[INFO] [stdout]     | ---------------------------------------------- similarly named trait `Bundle` defined here
[INFO] [stdout] 
[INFO] [stdout] 
[INFO] [stdout] warning: unused import: `prelude::*`
[INFO] [stdout]  --> src/asset.rs:3:5
[INFO] [stdout]   |
[INFO] [stdout] 3 |     prelude::*,
[INFO] [stdout]   |     ^^^^^^^^^^
[INFO] [stdout]   |
[INFO] [stdout]   = note: `#[warn(unused_imports)]` on by default
[INFO] [stdout] 
[INFO] [stdout] 
[INFO] [stdout] error: aborting due to 11 previous errors; 1 warning emitted
[INFO] [stdout] 
[INFO] [stdout] 
[INFO] [stdout] Some errors have detailed explanations: E0412, E0422, E0432, E0433.
[INFO] [stdout] 
[INFO] [stdout] For more information about an error, try `rustc --explain E0412`.
[INFO] [stdout] 
[INFO] [stderr] error: could not compile `bevy_retro_core` (lib) due to 12 previous errors; 1 warning emitted
[INFO] [stderr] warning: build failed, waiting for other jobs to finish...
[INFO] running `Command { std: "docker" "inspect" "c7edd9712eb7973eeebcf30466fa0400a0f29b92ff69252a276a41d7d83cfe31", kill_on_drop: false }`
[INFO] running `Command { std: "docker" "rm" "-f" "c7edd9712eb7973eeebcf30466fa0400a0f29b92ff69252a276a41d7d83cfe31", kill_on_drop: false }`
[INFO] [stdout] c7edd9712eb7973eeebcf30466fa0400a0f29b92ff69252a276a41d7d83cfe31
