[INFO] fetching crate bevy_quinnet 0.6.0...
[INFO] testing bevy_quinnet-0.6.0 against 1.75.0 for beta-1.76-1
[INFO] extracting crate bevy_quinnet 0.6.0 into /workspace/builds/worker-3-tc1/source
[INFO] validating manifest of crates.io crate bevy_quinnet 0.6.0 on toolchain 1.75.0
[INFO] running `Command { std: CARGO_HOME="/workspace/cargo-home" RUSTUP_HOME="/workspace/rustup-home" "/workspace/cargo-home/bin/cargo" "+1.75.0" "metadata" "--manifest-path" "Cargo.toml" "--no-deps", kill_on_drop: false }`
[INFO] started tweaking crates.io crate bevy_quinnet 0.6.0
[INFO] removed 0 missing examples
[INFO] finished tweaking crates.io crate bevy_quinnet 0.6.0
[INFO] tweaked toml for crates.io crate bevy_quinnet 0.6.0 written to /workspace/builds/worker-3-tc1/source/Cargo.toml
[INFO] crate crates.io crate bevy_quinnet 0.6.0 already has a lockfile, it will not be regenerated
[INFO] running `Command { std: CARGO_HOME="/workspace/cargo-home" RUSTUP_HOME="/workspace/rustup-home" "/workspace/cargo-home/bin/cargo" "+1.75.0" "fetch" "--manifest-path" "Cargo.toml", kill_on_drop: false }`
[INFO] [stderr]  Downloading crates ...
[INFO] [stderr]   Downloaded pem v3.0.2
[INFO] [stderr]   Downloaded quinn-udp v0.4.1
[INFO] [stderr]   Downloaded taffy v0.3.18
[INFO] [stderr]   Downloaded quinn v0.10.2
[INFO] [stderr]   Downloaded quinn-proto v0.10.5
[INFO] [stderr]   Downloaded tokio v1.33.0
[INFO] [stderr]   Downloaded rcgen v0.11.3
[INFO] running `Command { std: "docker" "create" "-v" "/var/lib/crater-agent-workspace/builds/worker-3-tc1/target:/opt/rustwide/target:rw,Z" "-v" "/var/lib/crater-agent-workspace/builds/worker-3-tc1/source:/opt/rustwide/workdir:ro,Z" "-v" "/var/lib/crater-agent-workspace/cargo-home:/opt/rustwide/cargo-home:ro,Z" "-v" "/var/lib/crater-agent-workspace/rustup-home:/opt/rustwide/rustup-home:ro,Z" "-e" "SOURCE_DIR=/opt/rustwide/workdir" "-e" "CARGO_TARGET_DIR=/opt/rustwide/target" "-e" "CARGO_HOME=/opt/rustwide/cargo-home" "-e" "RUSTUP_HOME=/opt/rustwide/rustup-home" "-w" "/opt/rustwide/workdir" "-m" "1610612736" "--user" "0:0" "--network" "none" "ghcr.io/rust-lang/crates-build-env/linux@sha256:2788e3201cd34a07e3172128adcd8b3090168a8e3bcc40d7c032b9dda1df7d1c" "/opt/rustwide/cargo-home/bin/cargo" "+1.75.0" "metadata" "--no-deps" "--format-version=1", kill_on_drop: false }`
[INFO] [stdout] 17282b1911fb221ece54aee5fd05ac2320c0452dc7a0e19195ed00a1686b06cd
[INFO] running `Command { std: "docker" "start" "-a" "17282b1911fb221ece54aee5fd05ac2320c0452dc7a0e19195ed00a1686b06cd", kill_on_drop: false }`
[INFO] running `Command { std: "docker" "inspect" "17282b1911fb221ece54aee5fd05ac2320c0452dc7a0e19195ed00a1686b06cd", kill_on_drop: false }`
[INFO] running `Command { std: "docker" "rm" "-f" "17282b1911fb221ece54aee5fd05ac2320c0452dc7a0e19195ed00a1686b06cd", kill_on_drop: false }`
[INFO] [stdout] 17282b1911fb221ece54aee5fd05ac2320c0452dc7a0e19195ed00a1686b06cd
[INFO] running `Command { std: "docker" "create" "-v" "/var/lib/crater-agent-workspace/builds/worker-3-tc1/target:/opt/rustwide/target:rw,Z" "-v" "/var/lib/crater-agent-workspace/builds/worker-3-tc1/source:/opt/rustwide/workdir:ro,Z" "-v" "/var/lib/crater-agent-workspace/cargo-home:/opt/rustwide/cargo-home:ro,Z" "-v" "/var/lib/crater-agent-workspace/rustup-home:/opt/rustwide/rustup-home:ro,Z" "-e" "SOURCE_DIR=/opt/rustwide/workdir" "-e" "CARGO_TARGET_DIR=/opt/rustwide/target" "-e" "CARGO_INCREMENTAL=0" "-e" "RUST_BACKTRACE=full" "-e" "RUSTFLAGS=--cap-lints=warn" "-e" "RUSTDOCFLAGS=--cap-lints=warn" "-e" "CARGO_HOME=/opt/rustwide/cargo-home" "-e" "RUSTUP_HOME=/opt/rustwide/rustup-home" "-w" "/opt/rustwide/workdir" "-m" "1610612736" "--user" "0:0" "--network" "none" "ghcr.io/rust-lang/crates-build-env/linux@sha256:2788e3201cd34a07e3172128adcd8b3090168a8e3bcc40d7c032b9dda1df7d1c" "/opt/rustwide/cargo-home/bin/cargo" "+1.75.0" "build" "--frozen" "--message-format=json", kill_on_drop: false }`
[INFO] [stdout] ec6eb537e14b4b8c18325fe8f10949a76e97b717f3ddc806ab1a4140268fb163
[INFO] running `Command { std: "docker" "start" "-a" "ec6eb537e14b4b8c18325fe8f10949a76e97b717f3ddc806ab1a4140268fb163", kill_on_drop: false }`
[INFO] [stderr]    Compiling proc-macro2 v1.0.69
[INFO] [stderr]    Compiling unicode-ident v1.0.12
[INFO] [stderr]    Compiling libc v0.2.149
[INFO] [stderr]    Compiling once_cell v1.18.0
[INFO] [stderr]    Compiling pin-project-lite v0.2.13
[INFO] [stderr]    Compiling serde v1.0.190
[INFO] [stderr]    Compiling futures-core v0.3.29
[INFO] [stderr]    Compiling equivalent v1.0.1
[INFO] [stderr]    Compiling log v0.4.20
[INFO] [stderr]    Compiling crossbeam-utils v0.8.16
[INFO] [stderr]    Compiling hashbrown v0.14.2
[INFO] [stderr]    Compiling rustc-hash v1.1.0
[INFO] [stderr]    Compiling slab v0.4.9
[INFO] [stderr]    Compiling ahash v0.8.6
[INFO] [stderr]    Compiling winnow v0.5.19
[INFO] [stderr]    Compiling toml_datetime v0.6.5
[INFO] [stderr]    Compiling zerocopy v0.7.25
[INFO] [stderr]    Compiling futures-io v0.3.29
[INFO] [stderr]    Compiling thiserror v1.0.50
[INFO] [stderr]    Compiling tracing-core v0.1.32
[INFO] [stderr]    Compiling memchr v2.6.4
[INFO] [stderr]    Compiling allocator-api2 v0.2.16
[INFO] [stderr]    Compiling parking v2.2.0
[INFO] [stderr]    Compiling fastrand v1.9.0
[INFO] [stderr]    Compiling bytemuck v1.14.0
[INFO] [stderr]    Compiling waker-fn v1.1.1
[INFO] [stderr]    Compiling async-lock v2.8.0
[INFO] [stderr]    Compiling nonmax v0.5.3
[INFO] [stderr]    Compiling fastrand v2.0.1
[INFO] [stderr]    Compiling async-task v4.5.0
[INFO] [stderr]    Compiling thread_local v1.1.7
[INFO] [stderr]    Compiling bevy_ptr v0.12.0
[INFO] [stderr]    Compiling smol_str v0.2.0
[INFO] [stderr]    Compiling regex-syntax v0.6.29
[INFO] [stderr]    Compiling regex-syntax v0.8.2
[INFO] [stderr]    Compiling sharded-slab v0.1.7
[INFO] [stderr]    Compiling tracing-log v0.1.4
[INFO] [stderr]    Compiling indexmap v2.1.0
[INFO] [stderr]    Compiling concurrent-queue v2.3.0
[INFO] [stderr]    Compiling futures-lite v1.13.0
[INFO] [stderr]    Compiling spin v0.9.8
[INFO] [stderr]    Compiling untrusted v0.9.0
[INFO] [stderr]    Compiling async-channel v1.9.0
[INFO] [stderr]    Compiling base64 v0.21.5
[INFO] [stderr]    Compiling quote v1.0.33
[INFO] [stderr]    Compiling futures-channel v0.3.29
[INFO] [stderr]    Compiling syn v2.0.38
[INFO] [stderr]    Compiling getrandom v0.2.10
[INFO] [stderr]    Compiling cc v1.0.83
[INFO] [stderr]    Compiling futures-sink v0.3.29
[INFO] [stderr]    Compiling uuid v1.5.0
[INFO] [stderr]    Compiling futures-task v0.3.29
[INFO] [stderr]    Compiling socket2 v0.5.5
[INFO] [stderr]    Compiling crossbeam-channel v0.5.8
[INFO] [stderr]    Compiling rand_core v0.6.4
[INFO] [stderr]    Compiling bytes v1.5.0
[INFO] [stderr]    Compiling rustls v0.21.8
[INFO] [stderr]    Compiling accesskit v0.12.1
[INFO] [stderr]    Compiling futures-util v0.3.29
[INFO] [stderr]    Compiling spin v0.5.2
[INFO] [stderr]    Compiling ppv-lite86 v0.2.17
[INFO] [stderr]    Compiling untrusted v0.7.1
[INFO] [stderr]    Compiling powerfmt v0.2.0
[INFO] [stderr]    Compiling toml_edit v0.20.7
[INFO] [stderr]    Compiling async-executor v1.6.0
[INFO] [stderr]    Compiling deranged v0.3.9
[INFO] [stderr]    Compiling rustls-pemfile v1.0.3
[INFO] [stderr]    Compiling sysinfo v0.29.10
[INFO] [stderr]    Compiling num_cpus v1.16.0
[INFO] [stderr]    Compiling mio v0.8.9
[INFO] [stderr]    Compiling raw-window-handle v0.5.2
[INFO] [stderr]    Compiling tinyvec_macros v0.1.1
[INFO] [stderr]    Compiling pin-utils v0.1.0
[INFO] [stderr]    Compiling rand_chacha v0.3.1
[INFO] [stderr]    Compiling openssl-probe v0.1.5
[INFO] [stderr]    Compiling bevy_tasks v0.12.0
[INFO] [stderr]    Compiling time-core v0.1.2
[INFO] [stderr]    Compiling rustls-native-certs v0.6.3
[INFO] [stderr]    Compiling rand v0.8.5
[INFO] [stderr]    Compiling tinyvec v1.6.0
[INFO] [stderr]    Compiling pem v3.0.2
[INFO] [stderr]    Compiling base64 v0.13.1
[INFO] [stderr]    Compiling ring v0.17.5
[INFO] [stderr]    Compiling regex-automata v0.4.3
[INFO] [stderr]    Compiling ring v0.16.20
[INFO] [stderr]    Compiling regex-automata v0.1.10
[INFO] [stderr]    Compiling time v0.3.30
[INFO] [stderr]    Compiling yasna v0.5.2
[INFO] [stderr]    Compiling matchers v0.1.0
[INFO] [stderr]    Compiling bevy_macro_utils v0.12.0
[INFO] [stderr]    Compiling regex v1.10.2
[INFO] [stderr]    Compiling serde_derive v1.0.190
[INFO] [stderr]    Compiling tracing-attributes v0.1.27
[INFO] [stderr]    Compiling thiserror-impl v1.0.50
[INFO] [stderr]    Compiling bevy_utils_proc_macros v0.12.0
[INFO] [stderr]    Compiling bevy_reflect_derive v0.12.0
[INFO] [stderr]    Compiling bevy_ecs_macros v0.12.0
[INFO] [stderr]    Compiling bevy_derive v0.12.0
[INFO] [stderr]    Compiling futures-macro v0.3.29
[INFO] [stderr]    Compiling tokio-macros v2.1.0
[INFO] [stderr]    Compiling rcgen v0.11.3
[INFO] [stderr]    Compiling tokio v1.33.0
[INFO] [stderr]    Compiling sct v0.7.1
[INFO] [stderr]    Compiling rustls-webpki v0.101.7
[INFO] [stderr]    Compiling tracing v0.1.40
[INFO] [stderr]    Compiling quinn-udp v0.4.1
[INFO] [stderr]    Compiling quinn-proto v0.10.5
[INFO] [stderr]    Compiling tokio-util v0.7.10
[INFO] [stderr]    Compiling futures-executor v0.3.29
[INFO] [stderr]    Compiling futures v0.3.29
[INFO] [stderr]    Compiling quinn v0.10.2
[INFO] [stderr]    Compiling smallvec v1.11.1
[INFO] [stderr]    Compiling glam v0.24.2
[INFO] [stderr]    Compiling erased-serde v0.3.31
[INFO] [stderr]    Compiling bincode v1.3.3
[INFO] [stderr]    Compiling tracing-subscriber v0.3.17
[INFO] [stderr]    Compiling petgraph v0.6.4
[INFO] [stderr]    Compiling bevy_math v0.12.0
[INFO] [stderr]    Compiling bevy_utils v0.12.0
[INFO] [stderr]    Compiling bevy_reflect v0.12.0
[INFO] [stderr]    Compiling bevy_ecs v0.12.0
[INFO] [stderr]    Compiling bevy_app v0.12.0
[INFO] [stderr]    Compiling bevy_core v0.12.0
[INFO] [stderr]    Compiling bevy_log v0.12.0
[INFO] [stderr]    Compiling bevy_a11y v0.12.0
[INFO] [stderr]    Compiling bevy_input v0.12.0
[INFO] [stderr]    Compiling bevy_time v0.12.0
[INFO] [stderr]    Compiling bevy_hierarchy v0.12.0
[INFO] [stderr]    Compiling bevy_diagnostic v0.12.0
[INFO] [stderr]    Compiling bevy_transform v0.12.0
[INFO] [stderr]    Compiling bevy_window v0.12.0
[INFO] [stderr]    Compiling bevy_internal v0.12.0
[INFO] [stderr]    Compiling bevy v0.12.0
[INFO] [stderr]    Compiling bevy_quinnet v0.6.0 (/opt/rustwide/workdir)
[INFO] [stderr]     Finished dev [unoptimized + debuginfo] target(s) in 1m 04s
[INFO] running `Command { std: "docker" "inspect" "ec6eb537e14b4b8c18325fe8f10949a76e97b717f3ddc806ab1a4140268fb163", kill_on_drop: false }`
[INFO] running `Command { std: "docker" "rm" "-f" "ec6eb537e14b4b8c18325fe8f10949a76e97b717f3ddc806ab1a4140268fb163", kill_on_drop: false }`
[INFO] [stdout] ec6eb537e14b4b8c18325fe8f10949a76e97b717f3ddc806ab1a4140268fb163
[INFO] running `Command { std: "docker" "create" "-v" "/var/lib/crater-agent-workspace/builds/worker-3-tc1/target:/opt/rustwide/target:rw,Z" "-v" "/var/lib/crater-agent-workspace/builds/worker-3-tc1/source:/opt/rustwide/workdir:ro,Z" "-v" "/var/lib/crater-agent-workspace/cargo-home:/opt/rustwide/cargo-home:ro,Z" "-v" "/var/lib/crater-agent-workspace/rustup-home:/opt/rustwide/rustup-home:ro,Z" "-e" "SOURCE_DIR=/opt/rustwide/workdir" "-e" "CARGO_TARGET_DIR=/opt/rustwide/target" "-e" "CARGO_INCREMENTAL=0" "-e" "RUST_BACKTRACE=full" "-e" "RUSTFLAGS=--cap-lints=warn" "-e" "RUSTDOCFLAGS=--cap-lints=warn" "-e" "CARGO_HOME=/opt/rustwide/cargo-home" "-e" "RUSTUP_HOME=/opt/rustwide/rustup-home" "-w" "/opt/rustwide/workdir" "-m" "1610612736" "--user" "0:0" "--network" "none" "ghcr.io/rust-lang/crates-build-env/linux@sha256:2788e3201cd34a07e3172128adcd8b3090168a8e3bcc40d7c032b9dda1df7d1c" "/opt/rustwide/cargo-home/bin/cargo" "+1.75.0" "test" "--frozen" "--no-run" "--message-format=json", kill_on_drop: false }`
[INFO] [stdout] bfec0fb035fd683aef4efaf73bc992b1528bf308a661c83cacab467847b42350
[INFO] running `Command { std: "docker" "start" "-a" "bfec0fb035fd683aef4efaf73bc992b1528bf308a661c83cacab467847b42350", kill_on_drop: false }`
[INFO] [stderr]    Compiling unicode-ident v1.0.12
[INFO] [stderr]    Compiling libc v0.2.149
[INFO] [stderr]    Compiling num-traits v0.2.17
[INFO] [stderr]    Compiling bitflags v1.3.2
[INFO] [stderr]    Compiling aho-corasick v1.1.2
[INFO] [stderr]    Compiling regex-syntax v0.8.2
[INFO] [stderr]    Compiling lock_api v0.4.11
[INFO] [stderr]    Compiling parking_lot_core v0.9.9
[INFO] [stderr]    Compiling scopeguard v1.2.0
[INFO] [stderr]    Compiling indexmap v1.9.3
[INFO] [stderr]    Compiling arrayvec v0.7.4
[INFO] [stderr]    Compiling unicode-width v0.1.11
[INFO] [stderr]    Compiling unicode-xid v0.2.4
[INFO] [stderr]    Compiling hashbrown v0.12.3
[INFO] [stderr]    Compiling bit-vec v0.6.3
[INFO] [stderr]    Compiling termcolor v1.3.0
[INFO] [stderr]    Compiling proc-macro2 v1.0.69
[INFO] [stderr]    Compiling libloading v0.7.4
[INFO] [stderr]    Compiling ash v0.37.3+1.3.251
[INFO] [stderr]    Compiling pp-rs v0.2.1
[INFO] [stderr]    Compiling khronos-egl v4.1.0
[INFO] [stderr]    Compiling bit-set v0.5.3
[INFO] [stderr]    Compiling hexf-parse v0.2.1
[INFO] [stderr]    Compiling atomic-waker v1.1.2
[INFO] [stderr]    Compiling byteorder v1.5.0
[INFO] [stderr]    Compiling blake3 v1.5.0
[INFO] [stderr]    Compiling codespan-reporting v0.11.1
[INFO] [stderr]    Compiling piper v0.2.1
[INFO] [stderr]    Compiling num-integer v0.1.45
[INFO] [stderr]    Compiling async-fs v1.6.0
[INFO] [stderr]    Compiling quote v1.0.33
[INFO] [stderr]    Compiling num-rational v0.4.1
[INFO] [stderr]    Compiling libloading v0.8.1
[INFO] [stderr]    Compiling glow v0.12.3
[INFO] [stderr]    Compiling profiling v1.0.11
[INFO] [stderr]    Compiling syn v2.0.38
[INFO] [stderr]    Compiling arrayref v0.3.7
[INFO] [stderr]    Compiling renderdoc-sys v1.0.0
[INFO] [stderr]    Compiling constant_time_eq v0.3.0
[INFO] [stderr]    Compiling async-broadcast v0.5.1
[INFO] [stderr]    Compiling pkg-config v0.3.27
[INFO] [stderr]    Compiling const_soft_float v0.1.4
[INFO] [stderr]    Compiling static_assertions v1.1.0
[INFO] [stderr]    Compiling color_quant v1.1.0
[INFO] [stderr]    Compiling xml-rs v0.8.19
[INFO] [stderr]    Compiling regex-syntax v0.7.5
[INFO] [stderr]    Compiling data-encoding v2.4.0
[INFO] [stderr]    Compiling const_panic v0.2.8
[INFO] [stderr]    Compiling cfg_aliases v0.1.1
[INFO] [stderr]    Compiling constgebra v0.1.3
[INFO] [stderr]    Compiling ttf-parser v0.20.0
[INFO] [stderr]    Compiling slotmap v1.0.6
[INFO] [stderr]    Compiling cpal v0.15.2
[INFO] [stderr]    Compiling radsort v0.1.0
[INFO] [stderr]    Compiling alsa-sys v0.3.1
[INFO] [stderr]    Compiling svg_fmt v0.4.1
[INFO] [stderr]    Compiling spirv v0.2.0+1.5.4
[INFO] [stderr]    Compiling approx v0.5.1
[INFO] [stderr]    Compiling getrandom v0.2.10
[INFO] [stderr]    Compiling regex-automata v0.4.3
[INFO] [stderr]    Compiling ahash v0.8.6
[INFO] [stderr]    Compiling wayland-scanner v0.29.5
[INFO] [stderr]    Compiling nix v0.24.3
[INFO] [stderr]    Compiling euclid v0.22.9
[INFO] [stderr]    Compiling ab_glyph_rasterizer v0.1.8
[INFO] [stderr]    Compiling ring v0.17.5
[INFO] [stderr]    Compiling alsa v0.7.1
[INFO] [stderr]    Compiling ogg v0.8.0
[INFO] [stderr]    Compiling xi-unicode v0.3.0
[INFO] [stderr]    Compiling dasp_sample v0.11.0
[INFO] [stderr]    Compiling rectangle-pack v0.4.2
[INFO] [stderr] error: could not compile `regex-syntax` (lib)
[INFO] [stderr] 
[INFO] [stderr] Caused by:
[INFO] [stderr]   process didn't exit successfully: `/opt/rustwide/rustup-home/toolchains/1.75.0-x86_64-unknown-linux-gnu/bin/rustc --crate-name regex_syntax --edition=2021 /opt/rustwide/cargo-home/registry/src/index.crates.io-6f17d22bba15001f/regex-syntax-0.8.2/src/lib.rs --error-format=json --json=diagnostic-rendered-ansi,artifacts,future-incompat --crate-type lib --emit=dep-info,metadata,link -C embed-bitcode=no -C debuginfo=2 --cfg 'feature="default"' --cfg 'feature="std"' --cfg 'feature="unicode"' --cfg 'feature="unicode-age"' --cfg 'feature="unicode-bool"' --cfg 'feature="unicode-case"' --cfg 'feature="unicode-gencat"' --cfg 'feature="unicode-perl"' --cfg 'feature="unicode-script"' --cfg 'feature="unicode-segment"' -C metadata=e4dd3c3a3cb10e1d -C extra-filename=-e4dd3c3a3cb10e1d --out-dir /opt/rustwide/target/debug/deps -L dependency=/opt/rustwide/target/debug/deps --cap-lints allow --cap-lints=warn` (signal: 9, SIGKILL: kill)
[INFO] [stderr] warning: build failed, waiting for other jobs to finish...
[INFO] [stderr] error: could not compile `ash` (lib)
[INFO] [stderr] 
[INFO] [stderr] Caused by:
[INFO] [stderr]   process didn't exit successfully: `/opt/rustwide/rustup-home/toolchains/1.75.0-x86_64-unknown-linux-gnu/bin/rustc --crate-name ash --edition=2021 /opt/rustwide/cargo-home/registry/src/index.crates.io-6f17d22bba15001f/ash-0.37.3+1.3.251/src/lib.rs --error-format=json --json=diagnostic-rendered-ansi,artifacts,future-incompat --crate-type lib --emit=dep-info,metadata,link -C embed-bitcode=no -C debuginfo=2 --cfg 'feature="debug"' --cfg 'feature="default"' --cfg 'feature="libloading"' --cfg 'feature="loaded"' -C metadata=87ac851df5611af3 -C extra-filename=-87ac851df5611af3 --out-dir /opt/rustwide/target/debug/deps -L dependency=/opt/rustwide/target/debug/deps --extern libloading=/opt/rustwide/target/debug/deps/liblibloading-b7eb8bc211ce6205.rmeta --cap-lints allow --cap-lints=warn` (signal: 9, SIGKILL: kill)
[INFO] running `Command { std: "docker" "inspect" "bfec0fb035fd683aef4efaf73bc992b1528bf308a661c83cacab467847b42350", kill_on_drop: false }`
[INFO] running `Command { std: "docker" "rm" "-f" "bfec0fb035fd683aef4efaf73bc992b1528bf308a661c83cacab467847b42350", kill_on_drop: false }`
[INFO] [stdout] bfec0fb035fd683aef4efaf73bc992b1528bf308a661c83cacab467847b42350
[INFO] testing bevy_quinnet-0.6.0 against beta-2023-12-22 for beta-1.76-1
[INFO] extracting crate bevy_quinnet 0.6.0 into /workspace/builds/worker-3-tc2/source
[INFO] validating manifest of crates.io crate bevy_quinnet 0.6.0 on toolchain beta-2023-12-22
[INFO] running `Command { std: CARGO_HOME="/workspace/cargo-home" RUSTUP_HOME="/workspace/rustup-home" "/workspace/cargo-home/bin/cargo" "+beta-2023-12-22" "metadata" "--manifest-path" "Cargo.toml" "--no-deps", kill_on_drop: false }`
[INFO] started tweaking crates.io crate bevy_quinnet 0.6.0
[INFO] removed 0 missing examples
[INFO] finished tweaking crates.io crate bevy_quinnet 0.6.0
[INFO] tweaked toml for crates.io crate bevy_quinnet 0.6.0 written to /workspace/builds/worker-3-tc2/source/Cargo.toml
[INFO] crate crates.io crate bevy_quinnet 0.6.0 already has a lockfile, it will not be regenerated
[INFO] running `Command { std: CARGO_HOME="/workspace/cargo-home" RUSTUP_HOME="/workspace/rustup-home" "/workspace/cargo-home/bin/cargo" "+beta-2023-12-22" "fetch" "--manifest-path" "Cargo.toml", kill_on_drop: false }`
[INFO] running `Command { std: "docker" "create" "-v" "/var/lib/crater-agent-workspace/builds/worker-3-tc2/target:/opt/rustwide/target:rw,Z" "-v" "/var/lib/crater-agent-workspace/builds/worker-3-tc2/source:/opt/rustwide/workdir:ro,Z" "-v" "/var/lib/crater-agent-workspace/cargo-home:/opt/rustwide/cargo-home:ro,Z" "-v" "/var/lib/crater-agent-workspace/rustup-home:/opt/rustwide/rustup-home:ro,Z" "-e" "SOURCE_DIR=/opt/rustwide/workdir" "-e" "CARGO_TARGET_DIR=/opt/rustwide/target" "-e" "CARGO_HOME=/opt/rustwide/cargo-home" "-e" "RUSTUP_HOME=/opt/rustwide/rustup-home" "-w" "/opt/rustwide/workdir" "-m" "1610612736" "--user" "0:0" "--network" "none" "ghcr.io/rust-lang/crates-build-env/linux@sha256:2788e3201cd34a07e3172128adcd8b3090168a8e3bcc40d7c032b9dda1df7d1c" "/opt/rustwide/cargo-home/bin/cargo" "+beta-2023-12-22" "metadata" "--no-deps" "--format-version=1", kill_on_drop: false }`
[INFO] [stdout] 19176cad87d4ccb973281e9d85304524484a410c91d814385799c802b352ffef
[INFO] running `Command { std: "docker" "start" "-a" "19176cad87d4ccb973281e9d85304524484a410c91d814385799c802b352ffef", kill_on_drop: false }`
[INFO] running `Command { std: "docker" "inspect" "19176cad87d4ccb973281e9d85304524484a410c91d814385799c802b352ffef", kill_on_drop: false }`
[INFO] running `Command { std: "docker" "rm" "-f" "19176cad87d4ccb973281e9d85304524484a410c91d814385799c802b352ffef", kill_on_drop: false }`
[INFO] [stdout] 19176cad87d4ccb973281e9d85304524484a410c91d814385799c802b352ffef
[INFO] running `Command { std: "docker" "create" "-v" "/var/lib/crater-agent-workspace/builds/worker-3-tc2/target:/opt/rustwide/target:rw,Z" "-v" "/var/lib/crater-agent-workspace/builds/worker-3-tc2/source:/opt/rustwide/workdir:ro,Z" "-v" "/var/lib/crater-agent-workspace/cargo-home:/opt/rustwide/cargo-home:ro,Z" "-v" "/var/lib/crater-agent-workspace/rustup-home:/opt/rustwide/rustup-home:ro,Z" "-e" "SOURCE_DIR=/opt/rustwide/workdir" "-e" "CARGO_TARGET_DIR=/opt/rustwide/target" "-e" "CARGO_INCREMENTAL=0" "-e" "RUST_BACKTRACE=full" "-e" "RUSTFLAGS=--cap-lints=warn" "-e" "RUSTDOCFLAGS=--cap-lints=warn" "-e" "CARGO_HOME=/opt/rustwide/cargo-home" "-e" "RUSTUP_HOME=/opt/rustwide/rustup-home" "-w" "/opt/rustwide/workdir" "-m" "1610612736" "--user" "0:0" "--network" "none" "ghcr.io/rust-lang/crates-build-env/linux@sha256:2788e3201cd34a07e3172128adcd8b3090168a8e3bcc40d7c032b9dda1df7d1c" "/opt/rustwide/cargo-home/bin/cargo" "+beta-2023-12-22" "build" "--frozen" "--message-format=json", kill_on_drop: false }`
[INFO] [stdout] 78b3db52413a311ecf98bddbfd333af06d443d05f46ee844da6ee9865f8d2f96
[INFO] running `Command { std: "docker" "start" "-a" "78b3db52413a311ecf98bddbfd333af06d443d05f46ee844da6ee9865f8d2f96", kill_on_drop: false }`
[INFO] [stderr]    Compiling proc-macro2 v1.0.69
[INFO] [stderr]    Compiling unicode-ident v1.0.12
[INFO] [stderr]    Compiling libc v0.2.149
[INFO] [stderr]    Compiling once_cell v1.18.0
[INFO] [stderr]    Compiling pin-project-lite v0.2.13
[INFO] [stderr]    Compiling serde v1.0.190
[INFO] [stderr]    Compiling futures-core v0.3.29
[INFO] [stderr]    Compiling equivalent v1.0.1
[INFO] [stderr]    Compiling log v0.4.20
[INFO] [stderr]    Compiling rustc-hash v1.1.0
[INFO] [stderr]    Compiling hashbrown v0.14.2
[INFO] [stderr]    Compiling crossbeam-utils v0.8.16
[INFO] [stderr]    Compiling slab v0.4.9
[INFO] [stderr]    Compiling ahash v0.8.6
[INFO] [stderr]    Compiling memchr v2.6.4
[INFO] [stderr]    Compiling toml_datetime v0.6.5
[INFO] [stderr]    Compiling winnow v0.5.19
[INFO] [stderr]    Compiling futures-io v0.3.29
[INFO] [stderr]    Compiling zerocopy v0.7.25
[INFO] [stderr]    Compiling thiserror v1.0.50
[INFO] [stderr]    Compiling tracing-core v0.1.32
[INFO] [stderr]    Compiling allocator-api2 v0.2.16
[INFO] [stderr]    Compiling fastrand v1.9.0
[INFO] [stderr]    Compiling bytemuck v1.14.0
[INFO] [stderr]    Compiling waker-fn v1.1.1
[INFO] [stderr]    Compiling parking v2.2.0
[INFO] [stderr]    Compiling async-lock v2.8.0
[INFO] [stderr]    Compiling async-task v4.5.0
[INFO] [stderr]    Compiling nonmax v0.5.3
[INFO] [stderr]    Compiling fastrand v2.0.1
[INFO] [stderr]    Compiling thread_local v1.1.7
[INFO] [stderr]    Compiling bevy_ptr v0.12.0
[INFO] [stderr]    Compiling smol_str v0.2.0
[INFO] [stderr]    Compiling concurrent-queue v2.3.0
[INFO] [stderr]    Compiling regex-syntax v0.8.2
[INFO] [stderr]    Compiling regex-syntax v0.6.29
[INFO] [stderr]    Compiling quote v1.0.33
[INFO] [stderr]    Compiling sharded-slab v0.1.7
[INFO] [stderr]    Compiling tracing-log v0.1.4
[INFO] [stderr]    Compiling futures-lite v1.13.0
[INFO] [stderr]    Compiling indexmap v2.1.0
[INFO] [stderr]    Compiling async-channel v1.9.0
[INFO] [stderr]    Compiling untrusted v0.9.0
[INFO] [stderr]    Compiling base64 v0.21.5
[INFO] [stderr]    Compiling syn v2.0.38
[INFO] [stderr]    Compiling spin v0.9.8
[INFO] [stderr]    Compiling getrandom v0.2.10
[INFO] [stderr]    Compiling cc v1.0.83
[INFO] [stderr]    Compiling futures-task v0.3.29
[INFO] [stderr]    Compiling futures-channel v0.3.29
[INFO] [stderr]    Compiling uuid v1.5.0
[INFO] [stderr]    Compiling futures-sink v0.3.29
[INFO] [stderr]    Compiling socket2 v0.5.5
[INFO] [stderr]    Compiling crossbeam-channel v0.5.8
[INFO] [stderr]    Compiling rand_core v0.6.4
[INFO] [stderr]    Compiling bytes v1.5.0
[INFO] [stderr]    Compiling futures-util v0.3.29
[INFO] [stderr]    Compiling rustls v0.21.8
[INFO] [stderr]    Compiling powerfmt v0.2.0
[INFO] [stderr]    Compiling accesskit v0.12.1
[INFO] [stderr]    Compiling ppv-lite86 v0.2.17
[INFO] [stderr]    Compiling spin v0.5.2
[INFO] [stderr]    Compiling untrusted v0.7.1
[INFO] [stderr]    Compiling async-executor v1.6.0
[INFO] [stderr]    Compiling deranged v0.3.9
[INFO] [stderr]    Compiling rustls-pemfile v1.0.3
[INFO] [stderr]    Compiling mio v0.8.9
[INFO] [stderr]    Compiling num_cpus v1.16.0
[INFO] [stderr]    Compiling sysinfo v0.29.10
[INFO] [stderr]    Compiling openssl-probe v0.1.5
[INFO] [stderr]    Compiling time-core v0.1.2
[INFO] [stderr]    Compiling pin-utils v0.1.0
[INFO] [stderr]    Compiling toml_edit v0.20.7
[INFO] [stderr]    Compiling bevy_tasks v0.12.0
[INFO] [stderr]    Compiling regex-automata v0.4.3
[INFO] [stderr]    Compiling rand_chacha v0.3.1
[INFO] [stderr]    Compiling tinyvec_macros v0.1.1
[INFO] [stderr]    Compiling raw-window-handle v0.5.2
[INFO] [stderr]    Compiling tinyvec v1.6.0
[INFO] [stderr]    Compiling time v0.3.30
[INFO] [stderr]    Compiling rustls-native-certs v0.6.3
[INFO] [stderr]    Compiling pem v3.0.2
[INFO] [stderr]    Compiling base64 v0.13.1
[INFO] [stderr]    Compiling rand v0.8.5
[INFO] [stderr]    Compiling ring v0.17.5
[INFO] [stderr]    Compiling ring v0.16.20
[INFO] [stderr]    Compiling regex-automata v0.1.10
[INFO] [stderr]    Compiling yasna v0.5.2
[INFO] [stderr]    Compiling matchers v0.1.0
[INFO] [stderr]    Compiling regex v1.10.2
[INFO] [stderr]    Compiling bevy_macro_utils v0.12.0
[INFO] [stderr]    Compiling serde_derive v1.0.190
[INFO] [stderr]    Compiling tracing-attributes v0.1.27
[INFO] [stderr]    Compiling thiserror-impl v1.0.50
[INFO] [stderr]    Compiling bevy_utils_proc_macros v0.12.0
[INFO] [stderr]    Compiling bevy_reflect_derive v0.12.0
[INFO] [stderr]    Compiling bevy_ecs_macros v0.12.0
[INFO] [stderr]    Compiling bevy_derive v0.12.0
[INFO] [stderr]    Compiling futures-macro v0.3.29
[INFO] [stderr]    Compiling tokio-macros v2.1.0
[INFO] [stderr]    Compiling rcgen v0.11.3
[INFO] [stderr]    Compiling tokio v1.33.0
[INFO] [stderr]    Compiling sct v0.7.1
[INFO] [stderr]    Compiling rustls-webpki v0.101.7
[INFO] [stderr]    Compiling tracing v0.1.40
[INFO] [stderr]    Compiling quinn-udp v0.4.1
[INFO] [stderr]    Compiling tokio-util v0.7.10
[INFO] [stderr]    Compiling futures-executor v0.3.29
[INFO] [stderr]    Compiling quinn-proto v0.10.5
[INFO] [stderr]    Compiling futures v0.3.29
[INFO] [stderr]    Compiling glam v0.24.2
[INFO] [stderr]    Compiling smallvec v1.11.1
[INFO] [stderr]    Compiling erased-serde v0.3.31
[INFO] [stderr]    Compiling bincode v1.3.3
[INFO] [stderr]    Compiling tracing-subscriber v0.3.17
[INFO] [stderr]    Compiling quinn v0.10.2
[INFO] [stderr]    Compiling petgraph v0.6.4
[INFO] [stderr]    Compiling bevy_utils v0.12.0
[INFO] [stderr]    Compiling bevy_math v0.12.0
[INFO] [stderr]    Compiling bevy_reflect v0.12.0
[INFO] [stderr]    Compiling bevy_ecs v0.12.0
[INFO] [stderr]    Compiling bevy_app v0.12.0
[INFO] [stderr]    Compiling bevy_log v0.12.0
[INFO] [stderr]    Compiling bevy_core v0.12.0
[INFO] [stderr]    Compiling bevy_input v0.12.0
[INFO] [stderr]    Compiling bevy_time v0.12.0
[INFO] [stderr]    Compiling bevy_a11y v0.12.0
[INFO] [stderr]    Compiling bevy_hierarchy v0.12.0
[INFO] [stderr]    Compiling bevy_diagnostic v0.12.0
[INFO] [stderr]    Compiling bevy_transform v0.12.0
[INFO] [stderr]    Compiling bevy_window v0.12.0
[INFO] [stderr]    Compiling bevy_internal v0.12.0
[INFO] [stderr]    Compiling bevy v0.12.0
[INFO] [stderr]    Compiling bevy_quinnet v0.6.0 (/opt/rustwide/workdir)
[INFO] [stderr]     Finished dev [unoptimized + debuginfo] target(s) in 1m 20s
[INFO] running `Command { std: "docker" "inspect" "78b3db52413a311ecf98bddbfd333af06d443d05f46ee844da6ee9865f8d2f96", kill_on_drop: false }`
[INFO] running `Command { std: "docker" "rm" "-f" "78b3db52413a311ecf98bddbfd333af06d443d05f46ee844da6ee9865f8d2f96", kill_on_drop: false }`
[INFO] [stdout] 78b3db52413a311ecf98bddbfd333af06d443d05f46ee844da6ee9865f8d2f96
[INFO] running `Command { std: "docker" "create" "-v" "/var/lib/crater-agent-workspace/builds/worker-3-tc2/target:/opt/rustwide/target:rw,Z" "-v" "/var/lib/crater-agent-workspace/builds/worker-3-tc2/source:/opt/rustwide/workdir:ro,Z" "-v" "/var/lib/crater-agent-workspace/cargo-home:/opt/rustwide/cargo-home:ro,Z" "-v" "/var/lib/crater-agent-workspace/rustup-home:/opt/rustwide/rustup-home:ro,Z" "-e" "SOURCE_DIR=/opt/rustwide/workdir" "-e" "CARGO_TARGET_DIR=/opt/rustwide/target" "-e" "CARGO_INCREMENTAL=0" "-e" "RUST_BACKTRACE=full" "-e" "RUSTFLAGS=--cap-lints=warn" "-e" "RUSTDOCFLAGS=--cap-lints=warn" "-e" "CARGO_HOME=/opt/rustwide/cargo-home" "-e" "RUSTUP_HOME=/opt/rustwide/rustup-home" "-w" "/opt/rustwide/workdir" "-m" "1610612736" "--user" "0:0" "--network" "none" "ghcr.io/rust-lang/crates-build-env/linux@sha256:2788e3201cd34a07e3172128adcd8b3090168a8e3bcc40d7c032b9dda1df7d1c" "/opt/rustwide/cargo-home/bin/cargo" "+beta-2023-12-22" "test" "--frozen" "--no-run" "--message-format=json", kill_on_drop: false }`
[INFO] [stdout] 757b62c5c5726c04a295a264693ac9c4c895ef9f661458ea97b9a8b57ed1f5e7
[INFO] running `Command { std: "docker" "start" "-a" "757b62c5c5726c04a295a264693ac9c4c895ef9f661458ea97b9a8b57ed1f5e7", kill_on_drop: false }`
[INFO] [stderr]    Compiling unicode-ident v1.0.12
[INFO] [stderr]    Compiling libc v0.2.149
[INFO] [stderr]    Compiling num-traits v0.2.17
[INFO] [stderr]    Compiling bitflags v1.3.2
[INFO] [stderr]    Compiling aho-corasick v1.1.2
[INFO] [stderr]    Compiling regex-syntax v0.8.2
[INFO] [stderr]    Compiling lock_api v0.4.11
[INFO] [stderr]    Compiling parking_lot_core v0.9.9
[INFO] [stderr]    Compiling scopeguard v1.2.0
[INFO] [stderr]    Compiling indexmap v1.9.3
[INFO] [stderr]    Compiling arrayvec v0.7.4
[INFO] [stderr]    Compiling unicode-xid v0.2.4
[INFO] [stderr]    Compiling bit-vec v0.6.3
[INFO] [stderr]    Compiling hashbrown v0.12.3
[INFO] [stderr]    Compiling proc-macro2 v1.0.69
[INFO] [stderr]    Compiling termcolor v1.3.0
[INFO] [stderr]    Compiling unicode-width v0.1.11
[INFO] [stderr]    Compiling libloading v0.7.4
[INFO] [stderr]    Compiling hexf-parse v0.2.1
[INFO] [stderr]    Compiling pp-rs v0.2.1
[INFO] [stderr]    Compiling atomic-waker v1.1.2
[INFO] [stderr]    Compiling ash v0.37.3+1.3.251
[INFO] [stderr]    Compiling bit-set v0.5.3
[INFO] [stderr]    Compiling byteorder v1.5.0
[INFO] [stderr]    Compiling khronos-egl v4.1.0
[INFO] [stderr]    Compiling piper v0.2.1
[INFO] [stderr]    Compiling blake3 v1.5.0
[INFO] [stderr]    Compiling async-fs v1.6.0
[INFO] [stderr]    Compiling quote v1.0.33
[INFO] [stderr]    Compiling codespan-reporting v0.11.1
[INFO] [stderr]    Compiling num-integer v0.1.45
[INFO] [stderr]    Compiling libloading v0.8.1
[INFO] [stderr]    Compiling syn v2.0.38
[INFO] [stderr]    Compiling num-rational v0.4.1
[INFO] [stderr]    Compiling arrayref v0.3.7
[INFO] [stderr]    Compiling constant_time_eq v0.3.0
[INFO] [stderr]    Compiling renderdoc-sys v1.0.0
[INFO] [stderr]    Compiling glow v0.12.3
[INFO] [stderr]    Compiling profiling v1.0.11
[INFO] [stderr]    Compiling async-broadcast v0.5.1
[INFO] [stderr]    Compiling const_soft_float v0.1.4
[INFO] [stderr]    Compiling pkg-config v0.3.27
[INFO] [stderr]    Compiling regex-syntax v0.7.5
[INFO] [stderr]    Compiling static_assertions v1.1.0
[INFO] [stderr]    Compiling data-encoding v2.4.0
[INFO] [stderr]    Compiling const_panic v0.2.8
[INFO] [stderr]    Compiling constgebra v0.1.3
[INFO] [stderr]    Compiling color_quant v1.1.0
[INFO] [stderr]    Compiling xml-rs v0.8.19
[INFO] [stderr]    Compiling ttf-parser v0.20.0
[INFO] [stderr]    Compiling cfg_aliases v0.1.1
[INFO] [stderr]    Compiling slotmap v1.0.6
[INFO] [stderr]    Compiling cpal v0.15.2
[INFO] [stderr]    Compiling radsort v0.1.0
[INFO] [stderr]    Compiling svg_fmt v0.4.1
[INFO] [stderr]    Compiling alsa-sys v0.3.1
[INFO] [stderr]    Compiling ab_glyph_rasterizer v0.1.8
[INFO] [stderr]    Compiling spirv v0.2.0+1.5.4
[INFO] [stderr]    Compiling approx v0.5.1
[INFO] [stderr]    Compiling regex-automata v0.4.3
[INFO] [stderr]    Compiling wayland-scanner v0.29.5
[INFO] [stderr]    Compiling euclid v0.22.9
[INFO] [stderr]    Compiling getrandom v0.2.10
[INFO] [stderr]    Compiling ahash v0.8.6
[INFO] [stderr]    Compiling nix v0.24.3
[INFO] [stderr]    Compiling ring v0.17.5
[INFO] [stderr]    Compiling guillotiere v0.6.2
[INFO] [stderr]    Compiling alsa v0.7.1
[INFO] [stderr]    Compiling ogg v0.8.0
[INFO] [stderr]    Compiling xi-unicode v0.3.0
[INFO] [stderr]    Compiling rectangle-pack v0.4.2
[INFO] [stderr]    Compiling dasp_sample v0.11.0
[INFO] [stderr]    Compiling winit v0.28.7
[INFO] [stderr]    Compiling lewton v0.10.2
[INFO] [stderr]    Compiling rand_core v0.6.4
[INFO] [stderr]    Compiling socket2 v0.5.5
[INFO] [stderr]    Compiling grid v0.10.0
[INFO] [stderr]    Compiling ring v0.16.20
[INFO] [stderr]    Compiling rand_chacha v0.3.1
[INFO] [stderr]    Compiling mio v0.8.9
[INFO] [stdout] error: The platform you're compiling for is not supported by winit
[INFO] [stdout]   --> /opt/rustwide/cargo-home/registry/src/index.crates.io-6f17d22bba15001f/winit-0.28.7/src/platform_impl/mod.rs:67:1
[INFO] [stdout]    |
[INFO] [stdout] 67 | compile_error!("The platform you're compiling for is not supported by winit");
[INFO] [stdout]    | ^^^^^^^^^^^^^^^^^^^^^^^^^^^^^^^^^^^^^^^^^^^^^^^^^^^^^^^^^^^^^^^^^^^^^^^^^^^^^
[INFO] [stdout] 
[INFO] [stdout] 
[INFO] [stderr] error: could not compile `ash` (lib)
[INFO] [stdout] error[E0432]: unresolved import `self::platform`
[INFO] [stdout]   --> /opt/rustwide/cargo-home/registry/src/index.crates.io-6f17d22bba15001f/winit-0.28.7/src/platform_impl/mod.rs:26:15
[INFO] [stdout]    |
[INFO] [stdout] 26 | pub use self::platform::*;
[INFO] [stdout]    |               ^^^^^^^^ could not find `platform` in `self`
[INFO] [stdout] 
[INFO] [stdout] 
[INFO] [stderr] 
[INFO] [stdout] error[E0432]: unresolved import `crate::platform_impl::PlatformIcon`
[INFO] [stdout]  --> /opt/rustwide/cargo-home/registry/src/index.crates.io-6f17d22bba15001f/winit-0.28.7/src/icon.rs:1:5
[INFO] [stdout]   |
[INFO] [stdout] 1 | use crate::platform_impl::PlatformIcon;
[INFO] [stdout]   |     ^^^^^^^^^^^^^^^^^^^^^^^^^^^^^^^^^^ no `PlatformIcon` in `platform_impl`
[INFO] [stdout] 
[INFO] [stdout] 
[INFO] [stderr] Caused by:
[INFO] [stderr]   process didn't exit successfully: `/opt/rustwide/rustup-home/toolchains/beta-2023-12-22-x86_64-unknown-linux-gnu/bin/rustc --crate-name ash --edition=2021 /opt/rustwide/cargo-home/registry/src/index.crates.io-6f17d22bba15001f/ash-0.37.3+1.3.251/src/lib.rs --error-format=json --json=diagnostic-rendered-ansi,artifacts,future-incompat --crate-type lib --emit=dep-info,metadata,link -C embed-bitcode=no -C debuginfo=2 --cfg 'feature="debug"' --cfg 'feature="default"' --cfg 'feature="libloading"' --cfg 'feature="loaded"' -C metadata=08ec6ef3f1a200a1 -C extra-filename=-08ec6ef3f1a200a1 --out-dir /opt/rustwide/target/debug/deps -L dependency=/opt/rustwide/target/debug/deps --extern libloading=/opt/rustwide/target/debug/deps/liblibloading-8fc60105e6f7f82d.rmeta --cap-lints allow --cap-lints=warn` (signal: 9, SIGKILL: kill)
[INFO] [stderr] warning: build failed, waiting for other jobs to finish...
[INFO] [stdout] error[E0433]: failed to resolve: could not find `DeviceId` in `platform_impl`
[INFO] [stdout]    --> /opt/rustwide/cargo-home/registry/src/index.crates.io-6f17d22bba15001f/winit-0.28.7/src/event.rs:789:33
[INFO] [stdout]     |
[INFO] [stdout] 789 |         DeviceId(platform_impl::DeviceId::dummy())
[INFO] [stdout]     |                                 ^^^^^^^^ could not find `DeviceId` in `platform_impl`
[INFO] [stdout] 
[INFO] [stdout] 
[INFO] [stdout] error[E0433]: failed to resolve: could not find `WindowId` in `platform_impl`
[INFO] [stdout]   --> /opt/rustwide/cargo-home/registry/src/index.crates.io-6f17d22bba15001f/winit-0.28.7/src/window.rs:86:33
[INFO] [stdout]    |
[INFO] [stdout] 86 |         WindowId(platform_impl::WindowId::dummy())
[INFO] [stdout]    |                                 ^^^^^^^^ could not find `WindowId` in `platform_impl`
[INFO] [stdout] 
[INFO] [stdout] 
[INFO] [stdout] error[E0433]: failed to resolve: could not find `Window` in `platform_impl`
[INFO] [stdout]    --> /opt/rustwide/cargo-home/registry/src/index.crates.io-6f17d22bba15001f/winit-0.28.7/src/window.rs:465:24
[INFO] [stdout]     |
[INFO] [stdout] 465 |         platform_impl::Window::new(&window_target.p, self.window, self.platform_specific).map(
[INFO] [stdout]     |                        ^^^^^^ could not find `Window` in `platform_impl`
[INFO] [stdout] 
[INFO] [stdout] 
[INFO] [stdout] error[E0412]: cannot find type `OsError` in module `platform_impl`
[INFO] [stdout]   --> /opt/rustwide/cargo-home/registry/src/index.crates.io-6f17d22bba15001f/winit-0.28.7/src/error.rs:25:27
[INFO] [stdout]    |
[INFO] [stdout] 25 |     error: platform_impl::OsError,
[INFO] [stdout]    |                           ^^^^^^^ not found in `platform_impl`
[INFO] [stdout]    |
[INFO] [stdout] help: there is an enum variant `crate::window::BadIcon::OsError`; try using the variant's enum
[INFO] [stdout]    |
[INFO] [stdout] 25 |     error: crate::window::BadIcon,
[INFO] [stdout]    |            ~~~~~~~~~~~~~~~~~~~~~~
[INFO] [stdout] 
[INFO] [stdout] 
[INFO] [stdout] error[E0412]: cannot find type `OsError` in module `platform_impl`
[INFO] [stdout]   --> /opt/rustwide/cargo-home/registry/src/index.crates.io-6f17d22bba15001f/winit-0.28.7/src/error.rs:38:76
[INFO] [stdout]    |
[INFO] [stdout] 38 |     pub(crate) fn new(line: u32, file: &'static str, error: platform_impl::OsError) -> OsError {
[INFO] [stdout]    |                                                                            ^^^^^^^ not found in `platform_impl`
[INFO] [stdout]    |
[INFO] [stdout] help: there is an enum variant `crate::window::BadIcon::OsError`; try using the variant's enum
[INFO] [stdout]    |
[INFO] [stdout] 38 |     pub(crate) fn new(line: u32, file: &'static str, error: crate::window::BadIcon) -> OsError {
[INFO] [stdout]    |                                                             ~~~~~~~~~~~~~~~~~~~~~~
[INFO] [stdout] 
[INFO] [stdout] 
[INFO] [stdout] error[E0412]: cannot find type `DeviceId` in module `platform_impl`
[INFO] [stdout]    --> /opt/rustwide/cargo-home/registry/src/index.crates.io-6f17d22bba15001f/winit-0.28.7/src/event.rs:776:47
[INFO] [stdout]     |
[INFO] [stdout] 776 | pub struct DeviceId(pub(crate) platform_impl::DeviceId);
[INFO] [stdout]     |                                               ^^^^^^^^ not found in `platform_impl`
[INFO] [stdout] 
[INFO] [stdout] 
[INFO] [stdout] error[E0412]: cannot find type `EventLoop` in module `platform_impl`
[INFO] [stdout]   --> /opt/rustwide/cargo-home/registry/src/index.crates.io-6f17d22bba15001f/winit-0.28.7/src/event_loop.rs:36:43
[INFO] [stdout]    |
[INFO] [stdout] 36 |     pub(crate) event_loop: platform_impl::EventLoop<T>,
[INFO] [stdout]    |                                           ^^^^^^^^^ not found in `platform_impl`
[INFO] [stdout] 
[INFO] [stdout] 
[INFO] [stdout] error[E0412]: cannot find type `EventLoopWindowTarget` in module `platform_impl`
[INFO] [stdout]   --> /opt/rustwide/cargo-home/registry/src/index.crates.io-6f17d22bba15001f/winit-0.28.7/src/event_loop.rs:47:34
[INFO] [stdout]    |
[INFO] [stdout] 47 |     pub(crate) p: platform_impl::EventLoopWindowTarget<T>,
[INFO] [stdout]    |                                  ^^^^^^^^^^^^^^^^^^^^^ not found in `platform_impl`
[INFO] [stdout] 
[INFO] [stdout] 
[INFO] [stdout] error[E0412]: cannot find type `PlatformSpecificEventLoopAttributes` in module `platform_impl`
[INFO] [stdout]   --> /opt/rustwide/cargo-home/registry/src/index.crates.io-6f17d22bba15001f/winit-0.28.7/src/event_loop.rs:57:50
[INFO] [stdout]    |
[INFO] [stdout] 57 |     pub(crate) platform_specific: platform_impl::PlatformSpecificEventLoopAttributes,
[INFO] [stdout]    |                                                  ^^^^^^^^^^^^^^^^^^^^^^^^^^^^^^^^^^^ not found in `platform_impl`
[INFO] [stdout] 
[INFO] [stdout] 
[INFO] [stdout] error[E0433]: failed to resolve: could not find `EventLoop` in `platform_impl`
[INFO] [stdout]    --> /opt/rustwide/cargo-home/registry/src/index.crates.io-6f17d22bba15001f/winit-0.28.7/src/event_loop.rs:121:40
[INFO] [stdout]     |
[INFO] [stdout] 121 |             event_loop: platform_impl::EventLoop::new(&mut self.platform_specific),
[INFO] [stdout]     |                                        ^^^^^^^^^ could not find `EventLoop` in `platform_impl`
[INFO] [stdout]     |
[INFO] [stdout] help: consider importing this struct
[INFO] [stdout]     |
[INFO] [stdout] 10  + use crate::event_loop::EventLoop;
[INFO] [stdout]     |
[INFO] [stdout] help: if you import `EventLoop`, refer to it directly
[INFO] [stdout]     |
[INFO] [stdout] 121 -             event_loop: platform_impl::EventLoop::new(&mut self.platform_specific),
[INFO] [stdout] 121 +             event_loop: EventLoop::new(&mut self.platform_specific),
[INFO] [stdout]     |
[INFO] [stdout] 
[INFO] [stdout] 
[INFO] [stdout] error[E0412]: cannot find type `EventLoopProxy` in module `platform_impl`
[INFO] [stdout]    --> /opt/rustwide/cargo-home/registry/src/index.crates.io-6f17d22bba15001f/winit-0.28.7/src/event_loop.rs:380:38
[INFO] [stdout]     |
[INFO] [stdout] 380 |     event_loop_proxy: platform_impl::EventLoopProxy<T>,
[INFO] [stdout]     |                                      ^^^^^^^^^^^^^^ not found in `platform_impl`
[INFO] [stdout] 
[INFO] [stdout] 
[INFO] [stdout] error[E0412]: cannot find type `VideoMode` in module `platform_impl`
[INFO] [stdout]   --> /opt/rustwide/cargo-home/registry/src/index.crates.io-6f17d22bba15001f/winit-0.28.7/src/monitor.rs:18:43
[INFO] [stdout]    |
[INFO] [stdout] 18 |     pub(crate) video_mode: platform_impl::VideoMode,
[INFO] [stdout]    |                                           ^^^^^^^^^ not found in `platform_impl`
[INFO] [stdout] 
[INFO] [stdout] 
[INFO] [stdout] error[E0412]: cannot find type `MonitorHandle` in module `platform_impl`
[INFO] [stdout]    --> /opt/rustwide/cargo-home/registry/src/index.crates.io-6f17d22bba15001f/winit-0.28.7/src/monitor.rs:107:38
[INFO] [stdout]     |
[INFO] [stdout] 107 |     pub(crate) inner: platform_impl::MonitorHandle,
[INFO] [stdout]     |                                      ^^^^^^^^^^^^^ not found in `platform_impl`
[INFO] [stdout] 
[INFO] [stdout] 
[INFO] [stdout] error[E0412]: cannot find type `VideoMode` in this scope
[INFO] [stdout]   --> /opt/rustwide/cargo-home/registry/src/index.crates.io-6f17d22bba15001f/winit-0.28.7/src/platform_impl/mod.rs:31:15
[INFO] [stdout]    |
[INFO] [stdout] 31 |     Exclusive(VideoMode),
[INFO] [stdout]    |               ^^^^^^^^^ not found in this scope
[INFO] [stdout]    |
[INFO] [stdout] help: consider importing this struct
[INFO] [stdout]    |
[INFO] [stdout] 1  + use crate::monitor::VideoMode;
[INFO] [stdout]    |
[INFO] [stdout] 
[INFO] [stdout] 
[INFO] [stdout] error[E0412]: cannot find type `MonitorHandle` in this scope
[INFO] [stdout]    --> /opt/rustwide/cargo-home/registry/src/index.crates.io-6f17d22bba15001f/winit-0.28.7/src/platform_impl/mod.rs:32:23
[INFO] [stdout]     |
[INFO] [stdout] 32  |     Borderless(Option<MonitorHandle>),
[INFO] [stdout]     |                       ^^^^^^^^^^^^^
[INFO] [stdout]     |
[INFO] [stdout]    ::: /opt/rustwide/cargo-home/registry/src/index.crates.io-6f17d22bba15001f/winit-0.28.7/src/monitor.rs:106:1
[INFO] [stdout]     |
[INFO] [stdout] 106 | pub struct MonitorHandle {
[INFO] [stdout]     | ------------------------ similarly named struct `RootMonitorHandle` defined here
[INFO] [stdout]     |
[INFO] [stdout] help: a struct with a similar name exists
[INFO] [stdout]     |
[INFO] [stdout] 32  |     Borderless(Option<RootMonitorHandle>),
[INFO] [stdout]     |                       ~~~~~~~~~~~~~~~~~
[INFO] [stdout] help: consider importing this struct
[INFO] [stdout]     |
[INFO] [stdout] 1   + use crate::monitor::MonitorHandle;
[INFO] [stdout]     |
[INFO] [stdout] 
[INFO] [stdout] 
[INFO] [stdout] error[E0412]: cannot find type `Window` in module `platform_impl`
[INFO] [stdout]   --> /opt/rustwide/cargo-home/registry/src/index.crates.io-6f17d22bba15001f/winit-0.28.7/src/window.rs:45:39
[INFO] [stdout]    |
[INFO] [stdout] 45 |     pub(crate) window: platform_impl::Window,
[INFO] [stdout]    |                                       ^^^^^^ not found in `platform_impl`
[INFO] [stdout] 
[INFO] [stdout] 
[INFO] [stdout] error[E0412]: cannot find type `WindowId` in module `platform_impl`
[INFO] [stdout]   --> /opt/rustwide/cargo-home/registry/src/index.crates.io-6f17d22bba15001f/winit-0.28.7/src/window.rs:73:47
[INFO] [stdout]    |
[INFO] [stdout] 73 | pub struct WindowId(pub(crate) platform_impl::WindowId);
[INFO] [stdout]    |                                               ^^^^^^^^ not found in `platform_impl`
[INFO] [stdout] 
[INFO] [stdout] 
[INFO] [stdout] error[E0412]: cannot find type `PlatformSpecificWindowBuilderAttributes` in module `platform_impl`
[INFO] [stdout]    --> /opt/rustwide/cargo-home/registry/src/index.crates.io-6f17d22bba15001f/winit-0.28.7/src/window.rs:110:50
[INFO] [stdout]     |
[INFO] [stdout] 110 |     pub(crate) platform_specific: platform_impl::PlatformSpecificWindowBuilderAttributes,
[INFO] [stdout]     |                                                  ^^^^^^^^^^^^^^^^^^^^^^^^^^^^^^^^^^^^^^^ not found in `platform_impl`
[INFO] [stdout] 
[INFO] [stdout] 
[INFO] [stdout] error[E0282]: type annotations needed
[INFO] [stdout]    --> /opt/rustwide/cargo-home/registry/src/index.crates.io-6f17d22bba15001f/winit-0.28.7/src/window.rs:492:17
[INFO] [stdout]     |
[INFO] [stdout] 492 |         builder.build(event_loop)
[INFO] [stdout]     |                 ^^^^^ cannot infer type of the type parameter `T` declared on the method `build`
[INFO] [stdout]     |
[INFO] [stdout] help: consider specifying the generic argument
[INFO] [stdout]     |
[INFO] [stdout] 492 |         builder.build::<T>(event_loop)
[INFO] [stdout]     |                      +++++
[INFO] [stdout] 
[INFO] [stdout] 
[INFO] [stdout] error: aborting due to 22 previous errors
[INFO] [stdout] 
[INFO] [stdout] 
[INFO] [stdout] Some errors have detailed explanations: E0282, E0412, E0432, E0433.
[INFO] [stdout] 
[INFO] [stdout] For more information about an error, try `rustc --explain E0282`.
[INFO] [stdout] 
[INFO] [stderr] error: could not compile `winit` (lib) due to 23 previous errors
[INFO] running `Command { std: "docker" "inspect" "757b62c5c5726c04a295a264693ac9c4c895ef9f661458ea97b9a8b57ed1f5e7", kill_on_drop: false }`
[INFO] running `Command { std: "docker" "rm" "-f" "757b62c5c5726c04a295a264693ac9c4c895ef9f661458ea97b9a8b57ed1f5e7", kill_on_drop: false }`
[INFO] [stdout] 757b62c5c5726c04a295a264693ac9c4c895ef9f661458ea97b9a8b57ed1f5e7
