[INFO] fetching crate bevy_lazy_prefabs 0.2.1...
[INFO] testing bevy_lazy_prefabs-0.2.1 against 1.75.0 for beta-1.76-1
[INFO] extracting crate bevy_lazy_prefabs 0.2.1 into /workspace/builds/worker-4-tc1/source
[INFO] validating manifest of crates.io crate bevy_lazy_prefabs 0.2.1 on toolchain 1.75.0
[INFO] running `Command { std: CARGO_HOME="/workspace/cargo-home" RUSTUP_HOME="/workspace/rustup-home" "/workspace/cargo-home/bin/cargo" "+1.75.0" "metadata" "--manifest-path" "Cargo.toml" "--no-deps", kill_on_drop: false }`
[INFO] started tweaking crates.io crate bevy_lazy_prefabs 0.2.1
[INFO] finished tweaking crates.io crate bevy_lazy_prefabs 0.2.1
[INFO] tweaked toml for crates.io crate bevy_lazy_prefabs 0.2.1 written to /workspace/builds/worker-4-tc1/source/Cargo.toml
[INFO] crate crates.io crate bevy_lazy_prefabs 0.2.1 already has a lockfile, it will not be regenerated
[INFO] running `Command { std: CARGO_HOME="/workspace/cargo-home" RUSTUP_HOME="/workspace/rustup-home" "/workspace/cargo-home/bin/cargo" "+1.75.0" "fetch" "--manifest-path" "Cargo.toml", kill_on_drop: false }`
[INFO] [stderr]     Updating crates.io index
[INFO] [stderr]  Downloading crates ...
[INFO] [stderr]   Downloaded ndk-glue v0.2.1
[INFO] [stderr]   Downloaded num_enum_derive v0.4.3
[INFO] [stderr]   Downloaded thunderdome v0.3.0
[INFO] [stderr]   Downloaded ucd-trie v0.1.3
[INFO] [stderr]   Downloaded pest v2.1.3
[INFO] [stderr]   Downloaded deflate v0.8.6
[INFO] [stderr]   Downloaded storage-map v0.3.0
[INFO] [stderr]   Downloaded wasm-bindgen-macro v0.2.69
[INFO] [stderr]   Downloaded gfx-backend-empty v0.7.0
[INFO] [stderr]   Downloaded gfx-auxil v0.8.0
[INFO] [stderr]   Downloaded approx v0.5.0
[INFO] [stderr]   Downloaded hexasphere v3.4.0
[INFO] [stderr]   Downloaded miniz_oxide v0.3.7
[INFO] [stderr]   Downloaded cmake v0.1.46
[INFO] [stderr]   Downloaded spirv-reflect v0.2.3
[INFO] [stderr]   Downloaded png v0.16.8
[INFO] [stderr]   Downloaded ash v0.31.0
[INFO] [stderr]   Downloaded crossbeam-channel v0.5.1
[INFO] [stderr]   Downloaded serde_json v1.0.73
[INFO] [stderr]   Downloaded darling_core v0.10.2
[INFO] [stderr]   Downloaded spirv_cross v0.23.1
[INFO] [stderr]   Downloaded web-sys v0.3.46
[INFO] [stderr]   Downloaded bevy_sprite v0.5.0
[INFO] [stderr]   Downloaded bevy_render v0.5.0
[INFO] [stderr]   Downloaded glow v0.7.2
[INFO] [stderr]   Downloaded gfx-backend-metal v0.7.0
[INFO] [stderr]   Downloaded bevy v0.5.0
[INFO] [stderr]   Downloaded ttf-parser v0.13.4
[INFO] [stderr]   Downloaded slotmap v0.4.3
[INFO] [stderr]   Downloaded tracing-subscriber v0.3.4
[INFO] [stderr]   Downloaded syn v1.0.65
[INFO] [stderr]   Downloaded glam v0.15.2
[INFO] [stderr]   Downloaded gfx-backend-dx12 v0.7.1
[INFO] [stderr]   Downloaded gfx-backend-dx11 v0.7.0
[INFO] [stderr]   Downloaded wgpu-core v0.7.1
[INFO] [stderr]   Downloaded gfx-backend-gl v0.7.1
[INFO] [stderr]   Downloaded bevy-glsl-to-spirv v0.2.1
[INFO] [stderr]   Downloaded metal v0.21.0
[INFO] [stderr]   Downloaded bevy_ecs v0.5.0
[INFO] [stderr]   Downloaded shaderc v0.7.3
[INFO] [stderr]   Downloaded shaderc-sys v0.7.3
[INFO] [stderr]   Downloaded gfx-backend-vulkan v0.7.0
[INFO] [stderr]   Downloaded rectangle-pack v0.3.0
[INFO] [stderr]   Downloaded gfx-hal v0.7.0
[INFO] [stderr]   Downloaded ab_glyph v0.2.12
[INFO] [stderr]   Downloaded notify v5.0.0-pre.10
[INFO] [stderr]   Downloaded bevy_log v0.5.0
[INFO] [stderr]   Downloaded bevy_derive v0.5.0
[INFO] [stderr]   Downloaded bevy_app v0.5.0
[INFO] [stderr]   Downloaded gpu-alloc v0.3.2
[INFO] [stderr]   Downloaded bevy_tasks v0.5.0
[INFO] [stderr]   Downloaded bevy_reflect_derive v0.5.0
[INFO] [stderr]   Downloaded bevy_asset v0.5.1
[INFO] [stderr]   Downloaded bevy_wgpu v0.5.0
[INFO] [stderr]   Downloaded bevy_reflect v0.5.0
[INFO] [stderr]   Downloaded spirv-types v0.4.0-alpha.12
[INFO] [stderr]   Downloaded bevy_window v0.5.0
[INFO] [stderr]   Downloaded bevy_core v0.5.0
[INFO] [stderr]   Downloaded bevy_ecs_macros v0.5.0
[INFO] [stderr]   Downloaded proc-macro2 v1.0.34
[INFO] [stderr]   Downloaded bevy_utils v0.5.0
[INFO] [stderr]   Downloaded bevy_winit v0.5.0
[INFO] [stderr]   Downloaded bevy_internal v0.5.0
[INFO] [stderr]   Downloaded bevy_pbr v0.5.0
[INFO] [stderr]   Downloaded bevy_scene v0.5.0
[INFO] [stderr]   Downloaded owned_ttf_parser v0.13.2
[INFO] [stderr]   Downloaded bevy_text v0.5.0
[INFO] [stderr]   Downloaded bevy_diagnostic v0.5.0
[INFO] [stderr]   Downloaded khronos-egl v3.0.2
[INFO] [stderr]   Downloaded gpu-descriptor v0.1.1
[INFO] [stderr]   Downloaded bevy_input v0.5.0
[INFO] [stderr]   Downloaded spirv-std v0.4.0-alpha.8
[INFO] [stderr]   Downloaded bevy_math v0.5.0
[INFO] [stderr]   Downloaded winit v0.24.0
[INFO] [stderr]   Downloaded euclid v0.22.6
[INFO] [stderr]   Downloaded libm v0.1.4
[INFO] [stderr]   Downloaded num-iter v0.1.42
[INFO] [stderr]   Downloaded darling_macro v0.10.2
[INFO] [stderr]   Downloaded d3d12 v0.3.2
[INFO] [stderr]   Downloaded libm v0.2.1
[INFO] [stderr]   Downloaded glam v0.13.1
[INFO] [stderr]   Downloaded petgraph v0.5.1
[INFO] [stderr]   Downloaded naga v0.3.2
[INFO] [stderr]   Downloaded ab_glyph_rasterizer v0.1.5
[INFO] [stderr]   Downloaded stretch v0.3.2
[INFO] [stderr]   Downloaded tracing-log v0.1.2
[INFO] [stderr]   Downloaded range-alloc v0.1.2
[INFO] [stderr]   Downloaded android_log-sys v0.1.2
[INFO] [stderr]   Downloaded ahash v0.4.7
[INFO] [stderr]   Downloaded pest_generator v2.1.3
[INFO] [stderr]   Downloaded darling v0.10.2
[INFO] [stderr]   Downloaded fsevent-sys v4.0.0
[INFO] [stderr]   Downloaded spirv_headers v1.5.0
[INFO] [stderr]   Downloaded ron v0.6.6
[INFO] [stderr]   Downloaded wgpu v0.7.1
[INFO] [stderr]   Downloaded core-video-sys v0.1.4
[INFO] [stderr]   Downloaded tracing-serde v0.1.2
[INFO] [stderr]   Downloaded bytemuck v1.7.3
[INFO] [stderr]   Downloaded num_enum v0.4.3
[INFO] [stderr]   Downloaded serde_derive v1.0.132
[INFO] [stderr]   Downloaded fixedbitset v0.2.0
[INFO] [stderr]   Downloaded bevy_transform v0.5.0
[INFO] [stderr]   Downloaded erased-serde v0.3.16
[INFO] [stderr]   Downloaded wgpu-types v0.7.0
[INFO] [stderr]   Downloaded jobserver v0.1.24
[INFO] [stderr]   Downloaded raw-window-handle v0.4.2
[INFO] [stderr]   Downloaded wasm-bindgen-shared v0.2.69
[INFO] [stderr]   Downloaded pest_meta v2.1.3
[INFO] [stderr]   Downloaded wasm-bindgen-backend v0.2.69
[INFO] [stderr]   Downloaded ndk-macro v0.2.0
[INFO] [stderr]   Downloaded spirv-std-macros v0.4.0-alpha.12
[INFO] [stderr]   Downloaded inplace_it v0.3.3
[INFO] [stderr]   Downloaded cocoa v0.24.0
[INFO] [stderr]   Downloaded bit-set v0.5.2
[INFO] [stderr]   Downloaded wasm-bindgen-macro-support v0.2.69
[INFO] [stderr]   Downloaded fixedbitset v0.4.0
[INFO] [stderr]   Downloaded wasm-bindgen-futures v0.4.19
[INFO] [stderr]   Downloaded ndk v0.2.1
[INFO] [stderr]   Downloaded bevy_ui v0.5.0
[INFO] [stderr]   Downloaded fastrand v1.6.0
[INFO] [stderr]   Downloaded core-foundation v0.9.2
[INFO] [stderr]   Downloaded android_logger v0.8.6
[INFO] [stderr]   Downloaded wasm-bindgen v0.2.69
[INFO] [stderr]   Downloaded js-sys v0.3.46
[INFO] [stderr]   Downloaded serde v1.0.132
[INFO] running `Command { std: "docker" "create" "-v" "/var/lib/crater-agent-workspace/builds/worker-4-tc1/target:/opt/rustwide/target:rw,Z" "-v" "/var/lib/crater-agent-workspace/builds/worker-4-tc1/source:/opt/rustwide/workdir:ro,Z" "-v" "/var/lib/crater-agent-workspace/cargo-home:/opt/rustwide/cargo-home:ro,Z" "-v" "/var/lib/crater-agent-workspace/rustup-home:/opt/rustwide/rustup-home:ro,Z" "-e" "SOURCE_DIR=/opt/rustwide/workdir" "-e" "CARGO_TARGET_DIR=/opt/rustwide/target" "-e" "CARGO_HOME=/opt/rustwide/cargo-home" "-e" "RUSTUP_HOME=/opt/rustwide/rustup-home" "-w" "/opt/rustwide/workdir" "-m" "1610612736" "--user" "0:0" "--network" "none" "ghcr.io/rust-lang/crates-build-env/linux@sha256:2788e3201cd34a07e3172128adcd8b3090168a8e3bcc40d7c032b9dda1df7d1c" "/opt/rustwide/cargo-home/bin/cargo" "+1.75.0" "metadata" "--no-deps" "--format-version=1", kill_on_drop: false }`
[INFO] [stdout] 996d7c95e14bebf0dac94772d5e833cc38b1aaf54a297267d40a5b79a678b50f
[INFO] running `Command { std: "docker" "start" "-a" "996d7c95e14bebf0dac94772d5e833cc38b1aaf54a297267d40a5b79a678b50f", kill_on_drop: false }`
[INFO] running `Command { std: "docker" "inspect" "996d7c95e14bebf0dac94772d5e833cc38b1aaf54a297267d40a5b79a678b50f", kill_on_drop: false }`
[INFO] running `Command { std: "docker" "rm" "-f" "996d7c95e14bebf0dac94772d5e833cc38b1aaf54a297267d40a5b79a678b50f", kill_on_drop: false }`
[INFO] [stdout] 996d7c95e14bebf0dac94772d5e833cc38b1aaf54a297267d40a5b79a678b50f
[INFO] running `Command { std: "docker" "create" "-v" "/var/lib/crater-agent-workspace/builds/worker-4-tc1/target:/opt/rustwide/target:rw,Z" "-v" "/var/lib/crater-agent-workspace/builds/worker-4-tc1/source:/opt/rustwide/workdir:ro,Z" "-v" "/var/lib/crater-agent-workspace/cargo-home:/opt/rustwide/cargo-home:ro,Z" "-v" "/var/lib/crater-agent-workspace/rustup-home:/opt/rustwide/rustup-home:ro,Z" "-e" "SOURCE_DIR=/opt/rustwide/workdir" "-e" "CARGO_TARGET_DIR=/opt/rustwide/target" "-e" "CARGO_INCREMENTAL=0" "-e" "RUST_BACKTRACE=full" "-e" "RUSTFLAGS=--cap-lints=warn" "-e" "RUSTDOCFLAGS=--cap-lints=warn" "-e" "CARGO_HOME=/opt/rustwide/cargo-home" "-e" "RUSTUP_HOME=/opt/rustwide/rustup-home" "-w" "/opt/rustwide/workdir" "-m" "1610612736" "--user" "0:0" "--network" "none" "ghcr.io/rust-lang/crates-build-env/linux@sha256:2788e3201cd34a07e3172128adcd8b3090168a8e3bcc40d7c032b9dda1df7d1c" "/opt/rustwide/cargo-home/bin/cargo" "+1.75.0" "build" "--frozen" "--message-format=json", kill_on_drop: false }`
[INFO] [stdout] 067f23581d2e40d50c905f738a583e471fd9f7f3e7451d302ec3d481a197d113
[INFO] running `Command { std: "docker" "start" "-a" "067f23581d2e40d50c905f738a583e471fd9f7f3e7451d302ec3d481a197d113", kill_on_drop: false }`
[INFO] [stderr]    Compiling proc-macro2 v1.0.34
[INFO] [stderr]    Compiling unicode-xid v0.2.2
[INFO] [stderr]    Compiling syn v1.0.65
[INFO] [stderr]    Compiling libc v0.2.112
[INFO] [stderr]    Compiling serde_derive v1.0.132
[INFO] [stderr]    Compiling serde v1.0.132
[INFO] [stderr]    Compiling autocfg v1.0.1
[INFO] [stderr]    Compiling once_cell v1.9.0
[INFO] [stderr]    Compiling pin-project-lite v0.2.7
[INFO] [stderr]    Compiling futures-core v0.3.19
[INFO] [stderr]    Compiling version_check v0.9.3
[INFO] [stderr]    Compiling memchr v2.4.1
[INFO] [stderr]    Compiling tracing-core v0.1.21
[INFO] [stderr]    Compiling parking_lot_core v0.8.5
[INFO] [stderr]    Compiling cache-padded v1.2.0
[INFO] [stderr]    Compiling erased-serde v0.3.16
[INFO] [stderr]    Compiling concurrent-queue v1.2.2
[INFO] [stderr]    Compiling lock_api v0.4.5
[INFO] [stderr]    Compiling fastrand v1.6.0
[INFO] [stderr]    Compiling futures-io v0.3.19
[INFO] [stderr]    Compiling parking v2.0.0
[INFO] [stderr]    Compiling ahash v0.7.6
[INFO] [stderr]    Compiling waker-fn v1.1.0
[INFO] [stderr]    Compiling slab v0.4.5
[INFO] [stderr]    Compiling num-traits v0.2.14
[INFO] [stderr]    Compiling event-listener v2.5.1
[INFO] [stderr]    Compiling ppv-lite86 v0.2.15
[INFO] [stderr]    Compiling async-task v4.0.3
[INFO] [stderr]    Compiling num-integer v0.1.44
[INFO] [stderr]    Compiling async-channel v1.6.1
[INFO] [stderr]    Compiling fxhash v0.2.1
[INFO] [stderr]    Compiling log v0.4.14
[INFO] [stderr]    Compiling fixedbitset v0.4.0
[INFO] [stderr]    Compiling Inflector v0.11.4
[INFO] [stderr]    Compiling regex-syntax v0.6.25
[INFO] [stderr]    Compiling serde_json v1.0.73
[INFO] [stderr]    Compiling crossbeam-utils v0.8.5
[INFO] [stderr]    Compiling itoa v1.0.1
[INFO] [stderr]    Compiling ryu v1.0.9
[INFO] [stderr]    Compiling thread_local v1.1.3
[INFO] [stderr]    Compiling sharded-slab v0.1.4
[INFO] [stderr]    Compiling futures-lite v1.12.0
[INFO] [stderr]    Compiling tracing-log v0.1.2
[INFO] [stderr]    Compiling ansi_term v0.12.1
[INFO] [stderr]    Compiling anyhow v1.0.52
[INFO] [stderr]    Compiling quote v1.0.10
[INFO] [stderr]    Compiling getrandom v0.2.3
[INFO] [stderr]    Compiling num_cpus v1.13.1
[INFO] [stderr]    Compiling inotify-sys v0.1.5
[INFO] [stderr]    Compiling inotify v0.9.6
[INFO] [stderr]    Compiling filetime v0.2.15
[INFO] [stderr]    Compiling rand_core v0.6.3
[INFO] [stderr]    Compiling mio v0.7.14
[INFO] [stderr]    Compiling crossbeam-channel v0.5.1
[INFO] [stderr]    Compiling walkdir v2.3.2
[INFO] [stderr]    Compiling rand_chacha v0.3.1
[INFO] [stderr]    Compiling num-rational v0.3.2
[INFO] [stderr]    Compiling num-iter v0.1.42
[INFO] [stderr]    Compiling cc v1.0.72
[INFO] [stderr]    Compiling base64 v0.13.0
[INFO] [stderr]    Compiling rand v0.8.4
[INFO] [stderr]    Compiling chrono v0.4.19
[INFO] [stderr]    Compiling bevy-glsl-to-spirv v0.2.1
[INFO] [stderr]    Compiling spirv_headers v1.5.0
[INFO] [stderr]    Compiling glam v0.15.2
[INFO] [stderr]    Compiling bytemuck v1.7.3
[INFO] [stderr]    Compiling notify v5.0.0-pre.10
[INFO] [stderr]    Compiling async-executor v1.4.1
[INFO] [stderr]    Compiling ttf-parser v0.13.4
[INFO] [stderr]    Compiling euclid v0.22.6
[INFO] [stderr]    Compiling svg_fmt v0.4.1
[INFO] [stderr]    Compiling bevy_tasks v0.5.0
[INFO] [stderr]    Compiling image v0.23.14
[INFO] [stderr]    Compiling ab_glyph_rasterizer v0.1.5
[INFO] [stderr]    Compiling libm v0.1.4
[INFO] [stderr]    Compiling regex-automata v0.1.10
[INFO] [stderr]    Compiling regex v1.5.4
[INFO] [stderr]    Compiling spirv-reflect v0.2.3
[INFO] [stderr]    Compiling approx v0.5.0
[INFO] [stderr]    Compiling xi-unicode v0.3.0
[INFO] [stderr]    Compiling rectangle-pack v0.3.0
[INFO] [stderr]    Compiling guillotiere v0.6.2
[INFO] [stderr]    Compiling ucd-trie v0.1.3
[INFO] [stderr]    Compiling maplit v1.0.2
[INFO] [stderr]    Compiling pest v2.1.3
[INFO] [stderr]    Compiling toml v0.5.8
[INFO] [stderr]    Compiling uuid v0.8.2
[INFO] [stderr]    Compiling matchers v0.0.1
[INFO] [stderr]    Compiling stretch v0.3.2
[INFO] [stderr]    Compiling pest_meta v2.1.3
[INFO] [stderr]    Compiling owned_ttf_parser v0.13.2
[INFO] [stderr]    Compiling ab_glyph v0.2.12
[INFO] [stderr]    Compiling find-crate v0.6.3
[INFO] [stderr]    Compiling hexasphere v3.4.0
[INFO] [stderr]    Compiling glyph_brush_layout v0.2.3
[INFO] [stderr]    Compiling pest_generator v2.1.3
[INFO] [stderr]    Compiling tracing-attributes v0.1.18
[INFO] [stderr]    Compiling thiserror-impl v1.0.30
[INFO] [stderr]    Compiling bevy_reflect_derive v0.5.0
[INFO] [stderr]    Compiling bevy_ecs_macros v0.5.0
[INFO] [stderr]    Compiling bevy_derive v0.5.0
[INFO] [stderr]    Compiling derivative v2.2.0
[INFO] [stderr]    Compiling pest_derive v2.1.0
[INFO] [stderr]    Compiling thiserror v1.0.30
[INFO] [stderr]    Compiling tracing v0.1.29
[INFO] [stderr]    Compiling smallvec v1.7.0
[INFO] [stderr]    Compiling glam v0.13.1
[INFO] [stderr]    Compiling tracing-serde v0.1.2
[INFO] [stderr]    Compiling ron v0.6.6
[INFO] [stderr]    Compiling bevy_utils v0.5.0
[INFO] [stderr]    Compiling parking_lot v0.11.2
[INFO] [stderr]    Compiling tracing-subscriber v0.2.25
[INFO] [stderr]    Compiling bevy_reflect v0.5.0
[INFO] [stderr]    Compiling bevy_ecs v0.5.0
[INFO] [stderr]    Compiling bevy_math v0.5.0
[INFO] [stderr]    Compiling bevy_app v0.5.0
[INFO] [stderr]    Compiling bevy_core v0.5.0
[INFO] [stderr]    Compiling bevy_log v0.5.0
[INFO] [stderr]    Compiling bevy_transform v0.5.0
[INFO] [stderr]    Compiling bevy_window v0.5.0
[INFO] [stderr]    Compiling bevy_input v0.5.0
[INFO] [stderr]    Compiling bevy_diagnostic v0.5.0
[INFO] [stderr]    Compiling bevy_asset v0.5.1
[INFO] [stderr]    Compiling bevy_render v0.5.0
[INFO] [stderr]    Compiling bevy_scene v0.5.0
[INFO] [stderr]    Compiling bevy_sprite v0.5.0
[INFO] [stderr]    Compiling bevy_pbr v0.5.0
[INFO] [stderr]    Compiling bevy_text v0.5.0
[INFO] [stderr]    Compiling bevy_ui v0.5.0
[INFO] [stderr]    Compiling bevy_internal v0.5.0
[INFO] [stderr]    Compiling bevy v0.5.0
[INFO] [stderr]    Compiling bevy_lazy_prefabs v0.2.1 (/opt/rustwide/workdir)
[INFO] [stderr]     Finished dev [unoptimized + debuginfo] target(s) in 31.25s
[INFO] running `Command { std: "docker" "inspect" "067f23581d2e40d50c905f738a583e471fd9f7f3e7451d302ec3d481a197d113", kill_on_drop: false }`
[INFO] running `Command { std: "docker" "rm" "-f" "067f23581d2e40d50c905f738a583e471fd9f7f3e7451d302ec3d481a197d113", kill_on_drop: false }`
[INFO] [stdout] 067f23581d2e40d50c905f738a583e471fd9f7f3e7451d302ec3d481a197d113
[INFO] running `Command { std: "docker" "create" "-v" "/var/lib/crater-agent-workspace/builds/worker-4-tc1/target:/opt/rustwide/target:rw,Z" "-v" "/var/lib/crater-agent-workspace/builds/worker-4-tc1/source:/opt/rustwide/workdir:ro,Z" "-v" "/var/lib/crater-agent-workspace/cargo-home:/opt/rustwide/cargo-home:ro,Z" "-v" "/var/lib/crater-agent-workspace/rustup-home:/opt/rustwide/rustup-home:ro,Z" "-e" "SOURCE_DIR=/opt/rustwide/workdir" "-e" "CARGO_TARGET_DIR=/opt/rustwide/target" "-e" "CARGO_INCREMENTAL=0" "-e" "RUST_BACKTRACE=full" "-e" "RUSTFLAGS=--cap-lints=warn" "-e" "RUSTDOCFLAGS=--cap-lints=warn" "-e" "CARGO_HOME=/opt/rustwide/cargo-home" "-e" "RUSTUP_HOME=/opt/rustwide/rustup-home" "-w" "/opt/rustwide/workdir" "-m" "1610612736" "--user" "0:0" "--network" "none" "ghcr.io/rust-lang/crates-build-env/linux@sha256:2788e3201cd34a07e3172128adcd8b3090168a8e3bcc40d7c032b9dda1df7d1c" "/opt/rustwide/cargo-home/bin/cargo" "+1.75.0" "test" "--frozen" "--no-run" "--message-format=json", kill_on_drop: false }`
[INFO] [stdout] 2bff738451eef922582e3adb64b7a80f4911fd9f51ee1f7c441e1803888a9166
[INFO] running `Command { std: "docker" "start" "-a" "2bff738451eef922582e3adb64b7a80f4911fd9f51ee1f7c441e1803888a9166", kill_on_drop: false }`
[INFO] [stderr]    Compiling getrandom v0.2.3
[INFO] [stderr]    Compiling jobserver v0.1.24
[INFO] [stderr]    Compiling indexmap v1.7.0
[INFO] [stderr]    Compiling crossbeam-utils v0.8.5
[INFO] [stderr]    Compiling cty v0.2.2
[INFO] [stderr]    Compiling hashbrown v0.11.2
[INFO] [stderr]    Compiling crc32fast v1.3.0
[INFO] [stderr]    Compiling bit-vec v0.6.3
[INFO] [stderr]    Compiling fixedbitset v0.2.0
[INFO] [stderr]    Compiling deflate v0.8.6
[INFO] [stderr]    Compiling miniz_oxide v0.3.7
[INFO] [stderr]    Compiling khronos-egl v3.0.2
[INFO] [stderr]    Compiling ahash v0.4.7
[INFO] [stderr]    Compiling arrayvec v0.5.2
[INFO] [stderr]    Compiling cfg_aliases v0.1.1
[INFO] [stderr]    Compiling ash v0.31.0
[INFO] [stderr]    Compiling uuid v0.8.2
[INFO] [stderr]    Compiling raw-window-handle v0.4.2
[INFO] [stderr]    Compiling wgpu-core v0.7.1
[INFO] [stderr]    Compiling cc v1.0.72
[INFO] [stderr]    Compiling raw-window-handle v0.3.4
[INFO] [stderr]    Compiling hashbrown v0.9.1
[INFO] [stderr]    Compiling bit-set v0.5.2
[INFO] [stderr]    Compiling gpu-descriptor-types v0.1.1
[INFO] [stderr]    Compiling gpu-alloc-types v0.2.0
[INFO] [stderr]    Compiling inplace_it v0.3.3
[INFO] [stderr]    Compiling glow v0.7.2
[INFO] [stderr]    Compiling wgpu-types v0.7.0
[INFO] [stderr]    Compiling gpu-alloc v0.3.2
[INFO] [stderr]    Compiling copyless v0.1.5
[INFO] [stderr]    Compiling winit v0.24.0
[INFO] [stderr]    Compiling crossbeam-channel v0.5.1
[INFO] [stdout] error: Please select a feature to build for unix: `x11`, `wayland`
[INFO] [stdout]   --> /opt/rustwide/cargo-home/registry/src/index.crates.io-6f17d22bba15001f/winit-0.24.0/src/platform_impl/linux/mod.rs:10:1
[INFO] [stdout]    |
[INFO] [stdout] 10 | compile_error!("Please select a feature to build for unix: `x11`, `wayland`");
[INFO] [stdout]    | ^^^^^^^^^^^^^^^^^^^^^^^^^^^^^^^^^^^^^^^^^^^^^^^^^^^^^^^^^^^^^^^^^^^^^^^^^^^^^
[INFO] [stdout] 
[INFO] [stdout] 
[INFO] [stderr]    Compiling bevy_reflect_derive v0.5.0
[INFO] [stderr]    Compiling png v0.16.8
[INFO] [stdout] error[E0392]: parameter `T` is never used
[INFO] [stdout]   --> /opt/rustwide/cargo-home/registry/src/index.crates.io-6f17d22bba15001f/winit-0.24.0/src/event_loop.rs:32:22
[INFO] [stdout]    |
[INFO] [stdout] 32 | pub struct EventLoop<T: 'static> {
[INFO] [stdout]    |                      ^ unused parameter
[INFO] [stdout]    |
[INFO] [stdout]    = help: consider removing `T`, referring to it in a field, or using a marker such as `PhantomData`
[INFO] [stdout] 
[INFO] [stdout] 
[INFO] [stdout] error[E0392]: parameter `T` is never used
[INFO] [stdout]   --> /opt/rustwide/cargo-home/registry/src/index.crates.io-6f17d22bba15001f/winit-0.24.0/src/event_loop.rs:43:34
[INFO] [stdout]    |
[INFO] [stdout] 43 | pub struct EventLoopWindowTarget<T: 'static> {
[INFO] [stdout]    |                                  ^ unused parameter
[INFO] [stdout]    |
[INFO] [stdout]    = help: consider removing `T`, referring to it in a field, or using a marker such as `PhantomData`
[INFO] [stdout] 
[INFO] [stdout] 
[INFO] [stdout] error[E0392]: parameter `T` is never used
[INFO] [stdout]    --> /opt/rustwide/cargo-home/registry/src/index.crates.io-6f17d22bba15001f/winit-0.24.0/src/event_loop.rs:196:27
[INFO] [stdout]     |
[INFO] [stdout] 196 | pub struct EventLoopProxy<T: 'static> {
[INFO] [stdout]     |                           ^ unused parameter
[INFO] [stdout]     |
[INFO] [stdout]     = help: consider removing `T`, referring to it in a field, or using a marker such as `PhantomData`
[INFO] [stdout] 
[INFO] [stdout] 
[INFO] [stdout] error[E0392]: parameter `T` is never used
[INFO] [stdout]    --> /opt/rustwide/cargo-home/registry/src/index.crates.io-6f17d22bba15001f/winit-0.24.0/src/platform_impl/linux/mod.rs:532:20
[INFO] [stdout]     |
[INFO] [stdout] 532 | pub enum EventLoop<T: 'static> {
[INFO] [stdout]     |                    ^ unused parameter
[INFO] [stdout]     |
[INFO] [stdout]     = help: consider removing `T`, referring to it in a field, or using a marker such as `PhantomData`
[INFO] [stdout] 
[INFO] [stdout] 
[INFO] [stdout] error[E0392]: parameter `T` is never used
[INFO] [stdout]    --> /opt/rustwide/cargo-home/registry/src/index.crates.io-6f17d22bba15001f/winit-0.24.0/src/platform_impl/linux/mod.rs:539:25
[INFO] [stdout]     |
[INFO] [stdout] 539 | pub enum EventLoopProxy<T: 'static> {
[INFO] [stdout]     |                         ^ unused parameter
[INFO] [stdout]     |
[INFO] [stdout]     = help: consider removing `T`, referring to it in a field, or using a marker such as `PhantomData`
[INFO] [stdout] 
[INFO] [stdout] 
[INFO] [stdout] error[E0392]: parameter `T` is never used
[INFO] [stdout]    --> /opt/rustwide/cargo-home/registry/src/index.crates.io-6f17d22bba15001f/winit-0.24.0/src/platform_impl/linux/mod.rs:666:32
[INFO] [stdout]     |
[INFO] [stdout] 666 | pub enum EventLoopWindowTarget<T> {
[INFO] [stdout]     |                                ^ unused parameter
[INFO] [stdout]     |
[INFO] [stdout]     = help: consider removing `T`, referring to it in a field, or using a marker such as `PhantomData`
[INFO] [stdout]     = help: if you intended `T` to be a const parameter, use `const T: usize` instead
[INFO] [stdout] 
[INFO] [stdout] 
[INFO] [stdout] error[E0282]: type annotations needed
[INFO] [stdout]    --> /opt/rustwide/cargo-home/registry/src/index.crates.io-6f17d22bba15001f/winit-0.24.0/src/event_loop.rs:176:9
[INFO] [stdout]     |
[INFO] [stdout] 176 |         self.p
[INFO] [stdout]     |         ^^^^^^ cannot infer type for type parameter `T`
[INFO] [stdout] 
[INFO] [stdout] 
[INFO] [stdout] error[E0282]: type annotations needed
[INFO] [stdout]    --> /opt/rustwide/cargo-home/registry/src/index.crates.io-6f17d22bba15001f/winit-0.24.0/src/event_loop.rs:133:9
[INFO] [stdout]     |
[INFO] [stdout] 133 | /         EventLoop {
[INFO] [stdout] 134 | |             event_loop: platform_impl::EventLoop::new(),
[INFO] [stdout] 135 | |             _marker: ::std::marker::PhantomData,
[INFO] [stdout] 136 | |         }
[INFO] [stdout]     | |_________^ cannot infer type of the type parameter `T` declared on the struct `EventLoop`
[INFO] [stdout]     |
[INFO] [stdout] help: consider specifying the generic argument
[INFO] [stdout]     |
[INFO] [stdout] 133 |         EventLoop::<T> {
[INFO] [stdout]     |                  +++++
[INFO] [stdout] 
[INFO] [stdout] 
[INFO] [stdout] error[E0282]: type annotations needed
[INFO] [stdout]    --> /opt/rustwide/cargo-home/registry/src/index.crates.io-6f17d22bba15001f/winit-0.24.0/src/event_loop.rs:159:9
[INFO] [stdout]     |
[INFO] [stdout] 159 | /         EventLoopProxy {
[INFO] [stdout] 160 | |             event_loop_proxy: self.event_loop.create_proxy(),
[INFO] [stdout] 161 | |         }
[INFO] [stdout]     | |_________^ cannot infer type of the type parameter `T` declared on the struct `EventLoopProxy`
[INFO] [stdout]     |
[INFO] [stdout] help: consider specifying the generic argument
[INFO] [stdout]     |
[INFO] [stdout] 159 |         EventLoopProxy::<T> {
[INFO] [stdout]     |                       +++++
[INFO] [stdout] 
[INFO] [stdout] 
[INFO] [stdout] error[E0282]: type annotations needed
[INFO] [stdout]    --> /opt/rustwide/cargo-home/registry/src/index.crates.io-6f17d22bba15001f/winit-0.24.0/src/event_loop.rs:168:9
[INFO] [stdout]     |
[INFO] [stdout] 168 |         self.event_loop.window_target()
[INFO] [stdout]     |         ^^^^^^^^^^^^^^^ cannot infer type for type parameter `T`
[INFO] [stdout] 
[INFO] [stdout] 
[INFO] [stdout] error[E0282]: type annotations needed
[INFO] [stdout]    --> /opt/rustwide/cargo-home/registry/src/index.crates.io-6f17d22bba15001f/winit-0.24.0/src/event_loop.rs:191:9
[INFO] [stdout]     |
[INFO] [stdout] 191 |         self.p.primary_monitor()
[INFO] [stdout]     |         ^^^^^^ cannot infer type for type parameter `T`
[INFO] [stdout] 
[INFO] [stdout] 
[INFO] [stdout] error[E0308]: mismatched types
[INFO] [stdout]    --> /opt/rustwide/cargo-home/registry/src/index.crates.io-6f17d22bba15001f/winit-0.24.0/src/platform_impl/linux/mod.rs:144:30
[INFO] [stdout]     |
[INFO] [stdout] 144 |     pub unsafe fn dummy() -> Self {
[INFO] [stdout]     |                   -----      ^^^^ expected `WindowId`, found `()`
[INFO] [stdout]     |                   |
[INFO] [stdout]     |                   implicitly returns `()` as its body has no tail or `return` expression
[INFO] [stdout] 
[INFO] [stdout] 
[INFO] [stdout] error[E0308]: mismatched types
[INFO] [stdout]    --> /opt/rustwide/cargo-home/registry/src/index.crates.io-6f17d22bba15001f/winit-0.24.0/src/platform_impl/linux/mod.rs:161:30
[INFO] [stdout]     |
[INFO] [stdout] 161 |     pub unsafe fn dummy() -> Self {
[INFO] [stdout]     |                   -----      ^^^^ expected `DeviceId`, found `()`
[INFO] [stdout]     |                   |
[INFO] [stdout]     |                   implicitly returns `()` as its body has no tail or `return` expression
[INFO] [stdout] 
[INFO] [stdout] 
[INFO] [stdout] error[E0282]: type annotations needed
[INFO] [stdout]    --> /opt/rustwide/cargo-home/registry/src/index.crates.io-6f17d22bba15001f/winit-0.24.0/src/platform_impl/linux/mod.rs:556:9
[INFO] [stdout]     |
[INFO] [stdout] 556 |         EventLoop::new_any_thread()
[INFO] [stdout]     |         ^^^^^^^^^^^^^^^^^^^^^^^^^ cannot infer type of the type parameter `T` declared on the enum `EventLoop`
[INFO] [stdout]     |
[INFO] [stdout] help: consider specifying the generic argument
[INFO] [stdout]     |
[INFO] [stdout] 556 |         EventLoop::<T>::new_any_thread()
[INFO] [stdout]     |                  +++++
[INFO] [stdout] 
[INFO] [stdout] 
[INFO] [stdout] error[E0282]: type annotations needed
[INFO] [stdout]    --> /opt/rustwide/cargo-home/registry/src/index.crates.io-6f17d22bba15001f/winit-0.24.0/src/window.rs:333:9
[INFO] [stdout]     |
[INFO] [stdout] 333 |         platform_impl::Window::new(&window_target.p, self.window, self.platform_specific).map(
[INFO] [stdout]     |         ^^^^^^^^^^^^^^^^^^^^^^^^^^ cannot infer type of the type parameter `T` declared on the associated function `new`
[INFO] [stdout]     |
[INFO] [stdout] help: consider specifying the generic argument
[INFO] [stdout]     |
[INFO] [stdout] 333 |         platform_impl::Window::new::<T>(&window_target.p, self.window, self.platform_specific).map(
[INFO] [stdout]     |                                   +++++
[INFO] [stdout] 
[INFO] [stdout] 
[INFO] [stdout] error[E0282]: type annotations needed
[INFO] [stdout]    --> /opt/rustwide/cargo-home/registry/src/index.crates.io-6f17d22bba15001f/winit-0.24.0/src/window.rs:359:17
[INFO] [stdout]     |
[INFO] [stdout] 359 |         builder.build(event_loop)
[INFO] [stdout]     |                 ^^^^^ cannot infer type of the type parameter `T` declared on the method `build`
[INFO] [stdout]     |
[INFO] [stdout] help: consider specifying the generic argument
[INFO] [stdout]     |
[INFO] [stdout] 359 |         builder.build::<T>(event_loop)
[INFO] [stdout]     |                      +++++
[INFO] [stdout] 
[INFO] [stdout] 
[INFO] [stdout] error[E0282]: type annotations needed
[INFO] [stdout]    --> /opt/rustwide/cargo-home/registry/src/index.crates.io-6f17d22bba15001f/winit-0.24.0/src/platform/unix.rs:148:5
[INFO] [stdout]     |
[INFO] [stdout] 148 | /     EventLoop {
[INFO] [stdout] 149 | |         event_loop,
[INFO] [stdout] 150 | |         _marker: std::marker::PhantomData,
[INFO] [stdout] 151 | |     }
[INFO] [stdout]     | |_____^ cannot infer type of the type parameter `T` declared on the struct `EventLoop`
[INFO] [stdout]     |
[INFO] [stdout] help: consider specifying the generic argument
[INFO] [stdout]     |
[INFO] [stdout] 148 |     EventLoop::<T> {
[INFO] [stdout]     |              +++++
[INFO] [stdout] 
[INFO] [stdout] 
[INFO] [stdout] error[E0282]: type annotations needed
[INFO] [stdout]    --> /opt/rustwide/cargo-home/registry/src/index.crates.io-6f17d22bba15001f/winit-0.24.0/src/platform/unix.rs:157:9
[INFO] [stdout]     |
[INFO] [stdout] 157 |         wrap_ev(LinuxEventLoop::new_any_thread())
[INFO] [stdout]     |         ^^^^^^^ cannot infer type of the type parameter `T` declared on the function `wrap_ev`
[INFO] [stdout]     |
[INFO] [stdout] help: consider specifying the generic argument
[INFO] [stdout]     |
[INFO] [stdout] 157 |         wrap_ev::<T>(LinuxEventLoop::new_any_thread())
[INFO] [stdout]     |                +++++
[INFO] [stdout] 
[INFO] [stdout] 
[INFO] [stdout] error: aborting due to 19 previous errors
[INFO] [stdout] 
[INFO] [stdout] 
[INFO] [stdout] Some errors have detailed explanations: E0282, E0308, E0392.
[INFO] [stdout] 
[INFO] [stdout] For more information about an error, try `rustc --explain E0282`.
[INFO] [stdout] 
[INFO] [stderr] error: could not compile `winit` (lib) due to 20 previous errors
[INFO] [stderr] warning: build failed, waiting for other jobs to finish...
[INFO] running `Command { std: "docker" "inspect" "2bff738451eef922582e3adb64b7a80f4911fd9f51ee1f7c441e1803888a9166", kill_on_drop: false }`
[INFO] running `Command { std: "docker" "rm" "-f" "2bff738451eef922582e3adb64b7a80f4911fd9f51ee1f7c441e1803888a9166", kill_on_drop: false }`
[INFO] [stdout] 2bff738451eef922582e3adb64b7a80f4911fd9f51ee1f7c441e1803888a9166
