[INFO] fetching crate bevy_landmass 0.3.0...
[INFO] testing bevy_landmass-0.3.0 against 1.75.0 for beta-1.76-1
[INFO] extracting crate bevy_landmass 0.3.0 into /workspace/builds/worker-6-tc1/source
[INFO] validating manifest of crates.io crate bevy_landmass 0.3.0 on toolchain 1.75.0
[INFO] running `Command { std: CARGO_HOME="/workspace/cargo-home" RUSTUP_HOME="/workspace/rustup-home" "/workspace/cargo-home/bin/cargo" "+1.75.0" "metadata" "--manifest-path" "Cargo.toml" "--no-deps", kill_on_drop: false }`
[INFO] started tweaking crates.io crate bevy_landmass 0.3.0
[INFO] finished tweaking crates.io crate bevy_landmass 0.3.0
[INFO] tweaked toml for crates.io crate bevy_landmass 0.3.0 written to /workspace/builds/worker-6-tc1/source/Cargo.toml
[INFO] running `Command { std: CARGO_HOME="/workspace/cargo-home" RUSTUP_HOME="/workspace/rustup-home" "/workspace/cargo-home/bin/cargo" "+1.75.0" "generate-lockfile" "--manifest-path" "Cargo.toml", kill_on_drop: false }`
[INFO] [stderr]     Updating crates.io index
[INFO] running `Command { std: CARGO_HOME="/workspace/cargo-home" RUSTUP_HOME="/workspace/rustup-home" "/workspace/cargo-home/bin/cargo" "+1.75.0" "fetch" "--manifest-path" "Cargo.toml", kill_on_drop: false }`
[INFO] [stderr]  Downloading crates ...
[INFO] [stderr]   Downloaded wgpu v0.17.2
[INFO] [stderr]   Downloaded bevy_mikktspace v0.12.1
[INFO] [stderr]   Downloaded bevy_encase_derive v0.12.1
[INFO] [stderr]   Downloaded bevy_render_macros v0.12.1
[INFO] [stderr]   Downloaded kdtree v0.7.0
[INFO] [stderr]   Downloaded naga_oil v0.10.1
[INFO] [stderr]   Downloaded bevy_render v0.12.1
[INFO] [stderr]   Downloaded glam v0.25.0
[INFO] [stderr]   Downloaded dodgy v1.3.0
[INFO] [stderr]   Downloaded landmass v0.2.0
[INFO] running `Command { std: "docker" "create" "-v" "/var/lib/crater-agent-workspace/builds/worker-6-tc1/target:/opt/rustwide/target:rw,Z" "-v" "/var/lib/crater-agent-workspace/builds/worker-6-tc1/source:/opt/rustwide/workdir:ro,Z" "-v" "/var/lib/crater-agent-workspace/cargo-home:/opt/rustwide/cargo-home:ro,Z" "-v" "/var/lib/crater-agent-workspace/rustup-home:/opt/rustwide/rustup-home:ro,Z" "-e" "SOURCE_DIR=/opt/rustwide/workdir" "-e" "CARGO_TARGET_DIR=/opt/rustwide/target" "-e" "CARGO_HOME=/opt/rustwide/cargo-home" "-e" "RUSTUP_HOME=/opt/rustwide/rustup-home" "-w" "/opt/rustwide/workdir" "-m" "1610612736" "--user" "0:0" "--network" "none" "ghcr.io/rust-lang/crates-build-env/linux@sha256:2788e3201cd34a07e3172128adcd8b3090168a8e3bcc40d7c032b9dda1df7d1c" "/opt/rustwide/cargo-home/bin/cargo" "+1.75.0" "metadata" "--no-deps" "--format-version=1", kill_on_drop: false }`
[INFO] [stdout] 8b44eaa8b21bb4b89116f52675d9c36e01e758cf2a5399953389fbc05149339d
[INFO] running `Command { std: "docker" "start" "-a" "8b44eaa8b21bb4b89116f52675d9c36e01e758cf2a5399953389fbc05149339d", kill_on_drop: false }`
[INFO] running `Command { std: "docker" "inspect" "8b44eaa8b21bb4b89116f52675d9c36e01e758cf2a5399953389fbc05149339d", kill_on_drop: false }`
[INFO] running `Command { std: "docker" "rm" "-f" "8b44eaa8b21bb4b89116f52675d9c36e01e758cf2a5399953389fbc05149339d", kill_on_drop: false }`
[INFO] [stdout] 8b44eaa8b21bb4b89116f52675d9c36e01e758cf2a5399953389fbc05149339d
[INFO] running `Command { std: "docker" "create" "-v" "/var/lib/crater-agent-workspace/builds/worker-6-tc1/target:/opt/rustwide/target:rw,Z" "-v" "/var/lib/crater-agent-workspace/builds/worker-6-tc1/source:/opt/rustwide/workdir:ro,Z" "-v" "/var/lib/crater-agent-workspace/cargo-home:/opt/rustwide/cargo-home:ro,Z" "-v" "/var/lib/crater-agent-workspace/rustup-home:/opt/rustwide/rustup-home:ro,Z" "-e" "SOURCE_DIR=/opt/rustwide/workdir" "-e" "CARGO_TARGET_DIR=/opt/rustwide/target" "-e" "CARGO_INCREMENTAL=0" "-e" "RUST_BACKTRACE=full" "-e" "RUSTFLAGS=--cap-lints=warn" "-e" "RUSTDOCFLAGS=--cap-lints=warn" "-e" "CARGO_HOME=/opt/rustwide/cargo-home" "-e" "RUSTUP_HOME=/opt/rustwide/rustup-home" "-w" "/opt/rustwide/workdir" "-m" "1610612736" "--user" "0:0" "--network" "none" "ghcr.io/rust-lang/crates-build-env/linux@sha256:2788e3201cd34a07e3172128adcd8b3090168a8e3bcc40d7c032b9dda1df7d1c" "/opt/rustwide/cargo-home/bin/cargo" "+1.75.0" "build" "--frozen" "--message-format=json", kill_on_drop: false }`
[INFO] [stdout] 146dc0ccd2db779b6a4d98cb3a08207240fe4a6268745e168f5b435471b03936
[INFO] running `Command { std: "docker" "start" "-a" "146dc0ccd2db779b6a4d98cb3a08207240fe4a6268745e168f5b435471b03936", kill_on_drop: false }`
[INFO] [stderr]    Compiling serde v1.0.194
[INFO] [stderr]    Compiling crossbeam-utils v0.8.18
[INFO] [stderr]    Compiling hashbrown v0.14.3
[INFO] [stderr]    Compiling ahash v0.8.7
[INFO] [stderr]    Compiling winnow v0.5.32
[INFO] [stderr]    Compiling syn v2.0.48
[INFO] [stderr]    Compiling toml_datetime v0.6.5
[INFO] [stderr]    Compiling zerocopy v0.7.32
[INFO] [stderr]    Compiling rustc-hash v1.1.0
[INFO] [stderr]    Compiling allocator-api2 v0.2.16
[INFO] [stderr]    Compiling bytemuck v1.14.0
[INFO] [stderr]    Compiling getrandom v0.2.11
[INFO] [stderr]    Compiling tracing v0.1.40
[INFO] [stderr]    Compiling fixedbitset v0.4.2
[INFO] [stderr]    Compiling uuid v1.6.1
[INFO] [stderr]    Compiling futures-lite v2.1.0
[INFO] [stderr]    Compiling indexmap v2.1.0
[INFO] [stderr]    Compiling concurrent-queue v2.4.0
[INFO] [stderr]    Compiling instant v0.1.12
[INFO] [stderr]    Compiling nonmax v0.5.5
[INFO] [stderr]    Compiling async-task v4.7.0
[INFO] [stderr]    Compiling event-listener v4.0.2
[INFO] [stderr]    Compiling event-listener-strategy v0.4.0
[INFO] [stderr]    Compiling async-channel v1.9.0
[INFO] [stderr]    Compiling async-lock v3.2.0
[INFO] [stderr]    Compiling downcast-rs v1.2.0
[INFO] [stderr]    Compiling bevy_ptr v0.12.1
[INFO] [stderr]    Compiling smol_str v0.2.0
[INFO] [stderr]    Compiling tracing-log v0.1.4
[INFO] [stderr]    Compiling crossbeam-channel v0.5.10
[INFO] [stderr]    Compiling num-traits v0.2.17
[INFO] [stderr]    Compiling accesskit v0.12.2
[INFO] [stderr]    Compiling async-executor v1.8.0
[INFO] [stderr]    Compiling sysinfo v0.29.11
[INFO] [stderr]    Compiling raw-window-handle v0.5.2
[INFO] [stderr]    Compiling bevy_tasks v0.12.1
[INFO] [stderr]    Compiling toml_edit v0.20.7
[INFO] [stderr]    Compiling glam v0.25.0
[INFO] [stderr]    Compiling serde_derive v1.0.194
[INFO] [stderr]    Compiling thiserror-impl v1.0.56
[INFO] [stderr]    Compiling bevy_utils_proc_macros v0.12.1
[INFO] [stderr]    Compiling bevy_macro_utils v0.12.1
[INFO] [stderr]    Compiling bevy_reflect_derive v0.12.1
[INFO] [stderr]    Compiling bevy_ecs_macros v0.12.1
[INFO] [stderr]    Compiling bevy_derive v0.12.1
[INFO] [stderr]    Compiling dodgy v1.3.0
[INFO] [stderr]    Compiling thiserror v1.0.56
[INFO] [stderr]    Compiling kdtree v0.7.0
[INFO] [stderr]    Compiling glam v0.24.2
[INFO] [stderr]    Compiling smallvec v1.11.2
[INFO] [stderr]    Compiling erased-serde v0.3.31
[INFO] [stderr]    Compiling tracing-subscriber v0.3.18
[INFO] [stderr]    Compiling petgraph v0.6.4
[INFO] [stderr]    Compiling bevy_utils v0.12.1
[INFO] [stderr]    Compiling bevy_math v0.12.1
[INFO] [stderr]    Compiling landmass v0.2.0
[INFO] [stdout] error[E0308]: mismatched types
[INFO] [stdout]   --> /opt/rustwide/cargo-home/registry/src/index.crates.io-6f17d22bba15001f/landmass-0.2.0/src/avoidance.rs:29:19
[INFO] [stdout]    |
[INFO] [stdout] 29 |         position: glam::Vec2::new(agent_point.x, agent_point.z),
[INFO] [stdout]    |                   ^^^^^^^^^^^^^^^^^^^^^^^^^^^^^^^^^^^^^^^^^^^^^ expected `dodgy::Vec2`, found `glam::Vec2`
[INFO] [stdout]    |
[INFO] [stdout]    = note: `glam::Vec2` and `dodgy::Vec2` have similar names, but are actually distinct types
[INFO] [stdout] note: `glam::Vec2` is defined in crate `glam`
[INFO] [stdout]   --> /opt/rustwide/cargo-home/registry/src/index.crates.io-6f17d22bba15001f/glam-0.24.2/src/f32/vec2.rs:21:1
[INFO] [stdout]    |
[INFO] [stdout] 21 | pub struct Vec2 {
[INFO] [stdout]    | ^^^^^^^^^^^^^^^
[INFO] [stdout] note: `dodgy::Vec2` is defined in crate `glam`
[INFO] [stdout]   --> /opt/rustwide/cargo-home/registry/src/index.crates.io-6f17d22bba15001f/glam-0.25.0/src/f32/vec2.rs:22:1
[INFO] [stdout]    |
[INFO] [stdout] 22 | pub struct Vec2 {
[INFO] [stdout]    | ^^^^^^^^^^^^^^^
[INFO] [stdout]    = note: perhaps two different versions of crate `glam` are being used?
[INFO] [stdout] 
[INFO] [stdout] 
[INFO] [stdout] error[E0308]: mismatched types
[INFO] [stdout]   --> /opt/rustwide/cargo-home/registry/src/index.crates.io-6f17d22bba15001f/landmass-0.2.0/src/avoidance.rs:30:19
[INFO] [stdout]    |
[INFO] [stdout] 30 |         velocity: glam::Vec2::new(agent.velocity.x, agent.velocity.z),
[INFO] [stdout]    |                   ^^^^^^^^^^^^^^^^^^^^^^^^^^^^^^^^^^^^^^^^^^^^^^^^^^^ expected `dodgy::Vec2`, found `glam::Vec2`
[INFO] [stdout]    |
[INFO] [stdout]    = note: `glam::Vec2` and `dodgy::Vec2` have similar names, but are actually distinct types
[INFO] [stdout] note: `glam::Vec2` is defined in crate `glam`
[INFO] [stdout]   --> /opt/rustwide/cargo-home/registry/src/index.crates.io-6f17d22bba15001f/glam-0.24.2/src/f32/vec2.rs:21:1
[INFO] [stdout]    |
[INFO] [stdout] 21 | pub struct Vec2 {
[INFO] [stdout]    | ^^^^^^^^^^^^^^^
[INFO] [stdout] note: `dodgy::Vec2` is defined in crate `glam`
[INFO] [stdout]   --> /opt/rustwide/cargo-home/registry/src/index.crates.io-6f17d22bba15001f/glam-0.25.0/src/f32/vec2.rs:22:1
[INFO] [stdout]    |
[INFO] [stdout] 22 | pub struct Vec2 {
[INFO] [stdout]    | ^^^^^^^^^^^^^^^
[INFO] [stdout]    = note: perhaps two different versions of crate `glam` are being used?
[INFO] [stdout] 
[INFO] [stdout] 
[INFO] [stdout] error[E0308]: mismatched types
[INFO] [stdout]   --> /opt/rustwide/cargo-home/registry/src/index.crates.io-6f17d22bba15001f/landmass-0.2.0/src/avoidance.rs:86:7
[INFO] [stdout]    |
[INFO] [stdout] 83 |       let desired_move = dodgy_agent.compute_avoiding_velocity(
[INFO] [stdout]    |                                      ------------------------- arguments to this method are incorrect
[INFO] [stdout] ...
[INFO] [stdout] 86 | /       glam::Vec2::new(
[INFO] [stdout] 87 | |         agent.current_desired_move.x,
[INFO] [stdout] 88 | |         agent.current_desired_move.z,
[INFO] [stdout] 89 | |       ),
[INFO] [stdout]    | |_______^ expected `dodgy::Vec2`, found `glam::Vec2`
[INFO] [stdout]    |
[INFO] [stdout]    = note: `glam::Vec2` and `dodgy::Vec2` have similar names, but are actually distinct types
[INFO] [stdout] note: `glam::Vec2` is defined in crate `glam`
[INFO] [stdout]   --> /opt/rustwide/cargo-home/registry/src/index.crates.io-6f17d22bba15001f/glam-0.24.2/src/f32/vec2.rs:21:1
[INFO] [stdout]    |
[INFO] [stdout] 21 | pub struct Vec2 {
[INFO] [stdout]    | ^^^^^^^^^^^^^^^
[INFO] [stdout] note: `dodgy::Vec2` is defined in crate `glam`
[INFO] [stdout]   --> /opt/rustwide/cargo-home/registry/src/index.crates.io-6f17d22bba15001f/glam-0.25.0/src/f32/vec2.rs:22:1
[INFO] [stdout]    |
[INFO] [stdout] 22 | pub struct Vec2 {
[INFO] [stdout]    | ^^^^^^^^^^^^^^^
[INFO] [stdout]    = note: perhaps two different versions of crate `glam` are being used?
[INFO] [stdout] note: method defined here
[INFO] [stdout]   --> /opt/rustwide/cargo-home/registry/src/index.crates.io-6f17d22bba15001f/dodgy-1.3.0/src/lib.rs:81:10
[INFO] [stdout]    |
[INFO] [stdout] 81 |   pub fn compute_avoiding_velocity(
[INFO] [stdout]    |          ^^^^^^^^^^^^^^^^^^^^^^^^^
[INFO] [stdout] 
[INFO] [stdout] 
[INFO] [stdout] error[E0308]: arguments to this method are incorrect
[INFO] [stdout]    --> /opt/rustwide/cargo-home/registry/src/index.crates.io-6f17d22bba15001f/landmass-0.2.0/src/avoidance.rs:170:26
[INFO] [stdout]     |
[INFO] [stdout] 170 |       if !visibility_set.is_line_visible(vertex_1, vertex_2) {
[INFO] [stdout]     |                          ^^^^^^^^^^^^^^^ --------  -------- expected `dodgy::Vec2`, found `glam::Vec2`
[INFO] [stdout]     |                                          |
[INFO] [stdout]     |                                          expected `dodgy::Vec2`, found `glam::Vec2`
[INFO] [stdout]     |
[INFO] [stdout]     = note: `glam::Vec2` and `dodgy::Vec2` have similar names, but are actually distinct types
[INFO] [stdout] note: `glam::Vec2` is defined in crate `glam`
[INFO] [stdout]    --> /opt/rustwide/cargo-home/registry/src/index.crates.io-6f17d22bba15001f/glam-0.24.2/src/f32/vec2.rs:21:1
[INFO] [stdout]     |
[INFO] [stdout] 21  | pub struct Vec2 {
[INFO] [stdout]     | ^^^^^^^^^^^^^^^
[INFO] [stdout] note: `dodgy::Vec2` is defined in crate `glam`
[INFO] [stdout]    --> /opt/rustwide/cargo-home/registry/src/index.crates.io-6f17d22bba15001f/glam-0.25.0/src/f32/vec2.rs:22:1
[INFO] [stdout]     |
[INFO] [stdout] 22  | pub struct Vec2 {
[INFO] [stdout]     | ^^^^^^^^^^^^^^^
[INFO] [stdout]     = note: perhaps two different versions of crate `glam` are being used?
[INFO] [stdout]     = note: `glam::Vec2` and `dodgy::Vec2` have similar names, but are actually distinct types
[INFO] [stdout] note: `glam::Vec2` is defined in crate `glam`
[INFO] [stdout]    --> /opt/rustwide/cargo-home/registry/src/index.crates.io-6f17d22bba15001f/glam-0.24.2/src/f32/vec2.rs:21:1
[INFO] [stdout]     |
[INFO] [stdout] 21  | pub struct Vec2 {
[INFO] [stdout]     | ^^^^^^^^^^^^^^^
[INFO] [stdout] note: `dodgy::Vec2` is defined in crate `glam`
[INFO] [stdout]    --> /opt/rustwide/cargo-home/registry/src/index.crates.io-6f17d22bba15001f/glam-0.25.0/src/f32/vec2.rs:22:1
[INFO] [stdout]     |
[INFO] [stdout] 22  | pub struct Vec2 {
[INFO] [stdout]     | ^^^^^^^^^^^^^^^
[INFO] [stdout]     = note: perhaps two different versions of crate `glam` are being used?
[INFO] [stdout] note: method defined here
[INFO] [stdout]    --> /opt/rustwide/cargo-home/registry/src/index.crates.io-6f17d22bba15001f/dodgy-1.3.0/src/visibility_set.rs:17:10
[INFO] [stdout]     |
[INFO] [stdout] 17  |   pub fn is_line_visible(&self, start_point: Vec2, end_point: Vec2) -> bool {
[INFO] [stdout]     |          ^^^^^^^^^^^^^^^
[INFO] [stdout] 
[INFO] [stdout] 
[INFO] [stdout] error[E0308]: arguments to this method are incorrect
[INFO] [stdout]    --> /opt/rustwide/cargo-home/registry/src/index.crates.io-6f17d22bba15001f/landmass-0.2.0/src/avoidance.rs:194:48
[INFO] [stdout]     |
[INFO] [stdout] 194 |       if let Some(line_index) = visibility_set.add_line(vertex_1, vertex_2) {
[INFO] [stdout]     |                                                ^^^^^^^^ --------  -------- expected `dodgy::Vec2`, found `glam::Vec2`
[INFO] [stdout]     |                                                         |
[INFO] [stdout]     |                                                         expected `dodgy::Vec2`, found `glam::Vec2`
[INFO] [stdout]     |
[INFO] [stdout]     = note: `glam::Vec2` and `dodgy::Vec2` have similar names, but are actually distinct types
[INFO] [stdout] note: `glam::Vec2` is defined in crate `glam`
[INFO] [stdout]    --> /opt/rustwide/cargo-home/registry/src/index.crates.io-6f17d22bba15001f/glam-0.24.2/src/f32/vec2.rs:21:1
[INFO] [stdout]     |
[INFO] [stdout] 21  | pub struct Vec2 {
[INFO] [stdout]     | ^^^^^^^^^^^^^^^
[INFO] [stdout] note: `dodgy::Vec2` is defined in crate `glam`
[INFO] [stdout]    --> /opt/rustwide/cargo-home/registry/src/index.crates.io-6f17d22bba15001f/glam-0.25.0/src/f32/vec2.rs:22:1
[INFO] [stdout]     |
[INFO] [stdout] 22  | pub struct Vec2 {
[INFO] [stdout]     | ^^^^^^^^^^^^^^^
[INFO] [stdout]     = note: perhaps two different versions of crate `glam` are being used?
[INFO] [stdout]     = note: `glam::Vec2` and `dodgy::Vec2` have similar names, but are actually distinct types
[INFO] [stdout] note: `glam::Vec2` is defined in crate `glam`
[INFO] [stdout]    --> /opt/rustwide/cargo-home/registry/src/index.crates.io-6f17d22bba15001f/glam-0.24.2/src/f32/vec2.rs:21:1
[INFO] [stdout]     |
[INFO] [stdout] 21  | pub struct Vec2 {
[INFO] [stdout]     | ^^^^^^^^^^^^^^^
[INFO] [stdout] note: `dodgy::Vec2` is defined in crate `glam`
[INFO] [stdout]    --> /opt/rustwide/cargo-home/registry/src/index.crates.io-6f17d22bba15001f/glam-0.25.0/src/f32/vec2.rs:22:1
[INFO] [stdout]     |
[INFO] [stdout] 22  | pub struct Vec2 {
[INFO] [stdout]     | ^^^^^^^^^^^^^^^
[INFO] [stdout]     = note: perhaps two different versions of crate `glam` are being used?
[INFO] [stdout] note: method defined here
[INFO] [stdout]    --> /opt/rustwide/cargo-home/registry/src/index.crates.io-6f17d22bba15001f/dodgy-1.3.0/src/visibility_set.rs:87:10
[INFO] [stdout]     |
[INFO] [stdout] 87  |   pub fn add_line(
[INFO] [stdout]     |          ^^^^^^^^
[INFO] [stdout] 
[INFO] [stdout] 
[INFO] [stdout] error[E0277]: a value of type `Vec<dodgy::Vec2>` cannot be built from an iterator over elements of type `glam::Vec2`
[INFO] [stdout]    --> /opt/rustwide/cargo-home/registry/src/index.crates.io-6f17d22bba15001f/landmass-0.2.0/src/avoidance.rs:259:10
[INFO] [stdout]     |
[INFO] [stdout] 259 |         .collect(),
[INFO] [stdout]     |          ^^^^^^^ value of type `Vec<dodgy::Vec2>` cannot be built from `std::iter::Iterator<Item=glam::Vec2>`
[INFO] [stdout]     |
[INFO] [stdout]     = help: the trait `FromIterator<glam::Vec2>` is not implemented for `Vec<dodgy::Vec2>`
[INFO] [stdout]     = help: the trait `FromIterator<dodgy::Vec2>` is implemented for `Vec<dodgy::Vec2>`
[INFO] [stdout]     = help: for that trait implementation, expected `dodgy::Vec2`, found `glam::Vec2`
[INFO] [stdout] note: the method call chain might not have had the expected associated types
[INFO] [stdout]    --> /opt/rustwide/cargo-home/registry/src/index.crates.io-6f17d22bba15001f/landmass-0.2.0/src/avoidance.rs:258:10
[INFO] [stdout]     |
[INFO] [stdout] 255 |       vertices: looop
[INFO] [stdout]     |                 ----- this expression has type `Vec<usize>`
[INFO] [stdout] 256 |         .iter()
[INFO] [stdout]     |          ------ `Iterator::Item` is `&usize` here
[INFO] [stdout] 257 |         .rev()
[INFO] [stdout]     |          ----- `Iterator::Item` remains `&usize` here
[INFO] [stdout] 258 |         .map(|vert| island_data.nav_mesh.vertices[*vert].xz())
[INFO] [stdout]     |          ^^^^^^^^^^^^^^^^^^^^^^^^^^^^^^^^^^^^^^^^^^^^^^^^^^^^^ `Iterator::Item` changed to `Vec2` here
[INFO] [stdout] note: required by a bound in `collect`
[INFO] [stdout]    --> /rustc/82e1608dfa6e0b5569232559e3d385fea5a93112/library/core/src/iter/traits/iterator.rs:2050:5
[INFO] [stdout] 
[INFO] [stdout] 
[INFO] [stdout] error[E0277]: a value of type `Vec<dodgy::Vec2>` cannot be built from an iterator over elements of type `glam::Vec2`
[INFO] [stdout]    --> /opt/rustwide/cargo-home/registry/src/index.crates.io-6f17d22bba15001f/landmass-0.2.0/src/avoidance.rs:267:12
[INFO] [stdout]     |
[INFO] [stdout] 267 |           .collect(),
[INFO] [stdout]     |            ^^^^^^^ value of type `Vec<dodgy::Vec2>` cannot be built from `std::iter::Iterator<Item=glam::Vec2>`
[INFO] [stdout]     |
[INFO] [stdout]     = help: the trait `FromIterator<glam::Vec2>` is not implemented for `Vec<dodgy::Vec2>`
[INFO] [stdout]     = help: the trait `FromIterator<dodgy::Vec2>` is implemented for `Vec<dodgy::Vec2>`
[INFO] [stdout]     = help: for that trait implementation, expected `dodgy::Vec2`, found `glam::Vec2`
[INFO] [stdout] note: the method call chain might not have had the expected associated types
[INFO] [stdout]    --> /opt/rustwide/cargo-home/registry/src/index.crates.io-6f17d22bba15001f/landmass-0.2.0/src/avoidance.rs:266:12
[INFO] [stdout]     |
[INFO] [stdout] 263 |         vertices: looop
[INFO] [stdout]     |                   ----- this expression has type `Vec<usize>`
[INFO] [stdout] 264 |           .iter()
[INFO] [stdout]     |            ------ `Iterator::Item` is `&usize` here
[INFO] [stdout] 265 |           .rev()
[INFO] [stdout]     |            ----- `Iterator::Item` remains `&usize` here
[INFO] [stdout] 266 |           .map(|vert| island_data.nav_mesh.vertices[*vert].xz())
[INFO] [stdout]     |            ^^^^^^^^^^^^^^^^^^^^^^^^^^^^^^^^^^^^^^^^^^^^^^^^^^^^^ `Iterator::Item` changed to `Vec2` here
[INFO] [stdout] note: required by a bound in `collect`
[INFO] [stdout]    --> /rustc/82e1608dfa6e0b5569232559e3d385fea5a93112/library/core/src/iter/traits/iterator.rs:2050:5
[INFO] [stdout] 
[INFO] [stdout] 
[INFO] [stdout] error: aborting due to 7 previous errors
[INFO] [stdout] 
[INFO] [stdout] 
[INFO] [stdout] Some errors have detailed explanations: E0277, E0308.
[INFO] [stdout] 
[INFO] [stdout] For more information about an error, try `rustc --explain E0277`.
[INFO] [stdout] 
[INFO] [stderr] error: could not compile `landmass` (lib) due to 8 previous errors
[INFO] [stderr] warning: build failed, waiting for other jobs to finish...
[INFO] running `Command { std: "docker" "inspect" "146dc0ccd2db779b6a4d98cb3a08207240fe4a6268745e168f5b435471b03936", kill_on_drop: false }`
[INFO] running `Command { std: "docker" "rm" "-f" "146dc0ccd2db779b6a4d98cb3a08207240fe4a6268745e168f5b435471b03936", kill_on_drop: false }`
[INFO] [stdout] 146dc0ccd2db779b6a4d98cb3a08207240fe4a6268745e168f5b435471b03936
[INFO] testing bevy_landmass-0.3.0 against beta-2023-12-22 for beta-1.76-1
[INFO] extracting crate bevy_landmass 0.3.0 into /workspace/builds/worker-6-tc2/source
[INFO] validating manifest of crates.io crate bevy_landmass 0.3.0 on toolchain beta-2023-12-22
[INFO] running `Command { std: CARGO_HOME="/workspace/cargo-home" RUSTUP_HOME="/workspace/rustup-home" "/workspace/cargo-home/bin/cargo" "+beta-2023-12-22" "metadata" "--manifest-path" "Cargo.toml" "--no-deps", kill_on_drop: false }`
[INFO] started tweaking crates.io crate bevy_landmass 0.3.0
[INFO] finished tweaking crates.io crate bevy_landmass 0.3.0
[INFO] tweaked toml for crates.io crate bevy_landmass 0.3.0 written to /workspace/builds/worker-6-tc2/source/Cargo.toml
[INFO] running `Command { std: CARGO_HOME="/workspace/cargo-home" RUSTUP_HOME="/workspace/rustup-home" "/workspace/cargo-home/bin/cargo" "+beta-2023-12-22" "generate-lockfile" "--manifest-path" "Cargo.toml", kill_on_drop: false }`
[INFO] [stderr]     Updating crates.io index
[INFO] running `Command { std: CARGO_HOME="/workspace/cargo-home" RUSTUP_HOME="/workspace/rustup-home" "/workspace/cargo-home/bin/cargo" "+beta-2023-12-22" "fetch" "--manifest-path" "Cargo.toml", kill_on_drop: false }`
[INFO] running `Command { std: "docker" "create" "-v" "/var/lib/crater-agent-workspace/builds/worker-6-tc2/target:/opt/rustwide/target:rw,Z" "-v" "/var/lib/crater-agent-workspace/builds/worker-6-tc2/source:/opt/rustwide/workdir:ro,Z" "-v" "/var/lib/crater-agent-workspace/cargo-home:/opt/rustwide/cargo-home:ro,Z" "-v" "/var/lib/crater-agent-workspace/rustup-home:/opt/rustwide/rustup-home:ro,Z" "-e" "SOURCE_DIR=/opt/rustwide/workdir" "-e" "CARGO_TARGET_DIR=/opt/rustwide/target" "-e" "CARGO_HOME=/opt/rustwide/cargo-home" "-e" "RUSTUP_HOME=/opt/rustwide/rustup-home" "-w" "/opt/rustwide/workdir" "-m" "1610612736" "--user" "0:0" "--network" "none" "ghcr.io/rust-lang/crates-build-env/linux@sha256:2788e3201cd34a07e3172128adcd8b3090168a8e3bcc40d7c032b9dda1df7d1c" "/opt/rustwide/cargo-home/bin/cargo" "+beta-2023-12-22" "metadata" "--no-deps" "--format-version=1", kill_on_drop: false }`
[INFO] [stdout] 963953e3b924155e705cea8df0dc29c8e8bff0c14b2897a8245289b5a423cb6c
[INFO] running `Command { std: "docker" "start" "-a" "963953e3b924155e705cea8df0dc29c8e8bff0c14b2897a8245289b5a423cb6c", kill_on_drop: false }`
[INFO] running `Command { std: "docker" "inspect" "963953e3b924155e705cea8df0dc29c8e8bff0c14b2897a8245289b5a423cb6c", kill_on_drop: false }`
[INFO] running `Command { std: "docker" "rm" "-f" "963953e3b924155e705cea8df0dc29c8e8bff0c14b2897a8245289b5a423cb6c", kill_on_drop: false }`
[INFO] [stdout] 963953e3b924155e705cea8df0dc29c8e8bff0c14b2897a8245289b5a423cb6c
[INFO] running `Command { std: "docker" "create" "-v" "/var/lib/crater-agent-workspace/builds/worker-6-tc2/target:/opt/rustwide/target:rw,Z" "-v" "/var/lib/crater-agent-workspace/builds/worker-6-tc2/source:/opt/rustwide/workdir:ro,Z" "-v" "/var/lib/crater-agent-workspace/cargo-home:/opt/rustwide/cargo-home:ro,Z" "-v" "/var/lib/crater-agent-workspace/rustup-home:/opt/rustwide/rustup-home:ro,Z" "-e" "SOURCE_DIR=/opt/rustwide/workdir" "-e" "CARGO_TARGET_DIR=/opt/rustwide/target" "-e" "CARGO_INCREMENTAL=0" "-e" "RUST_BACKTRACE=full" "-e" "RUSTFLAGS=--cap-lints=warn" "-e" "RUSTDOCFLAGS=--cap-lints=warn" "-e" "CARGO_HOME=/opt/rustwide/cargo-home" "-e" "RUSTUP_HOME=/opt/rustwide/rustup-home" "-w" "/opt/rustwide/workdir" "-m" "1610612736" "--user" "0:0" "--network" "none" "ghcr.io/rust-lang/crates-build-env/linux@sha256:2788e3201cd34a07e3172128adcd8b3090168a8e3bcc40d7c032b9dda1df7d1c" "/opt/rustwide/cargo-home/bin/cargo" "+beta-2023-12-22" "build" "--frozen" "--message-format=json", kill_on_drop: false }`
[INFO] [stdout] eecf13a3f25ddea1035cc66679d0fc3cd7429fed9bff1dd62d0c76b44e7a71ed
[INFO] running `Command { std: "docker" "start" "-a" "eecf13a3f25ddea1035cc66679d0fc3cd7429fed9bff1dd62d0c76b44e7a71ed", kill_on_drop: false }`
[INFO] [stderr]    Compiling serde v1.0.194
[INFO] [stderr]    Compiling crossbeam-utils v0.8.18
[INFO] [stderr]    Compiling hashbrown v0.14.3
[INFO] [stderr]    Compiling zerocopy v0.7.32
[INFO] [stderr]    Compiling ahash v0.8.7
[INFO] [stderr]    Compiling toml_datetime v0.6.5
[INFO] [stderr]    Compiling syn v2.0.48
[INFO] [stderr]    Compiling winnow v0.5.32
[INFO] [stderr]    Compiling rustc-hash v1.1.0
[INFO] [stderr]    Compiling allocator-api2 v0.2.16
[INFO] [stderr]    Compiling bytemuck v1.14.0
[INFO] [stderr]    Compiling getrandom v0.2.11
[INFO] [stderr]    Compiling tracing v0.1.40
[INFO] [stderr]    Compiling fixedbitset v0.4.2
[INFO] [stderr]    Compiling uuid v1.6.1
[INFO] [stderr]    Compiling futures-lite v2.1.0
[INFO] [stderr]    Compiling concurrent-queue v2.4.0
[INFO] [stderr]    Compiling instant v0.1.12
[INFO] [stderr]    Compiling nonmax v0.5.5
[INFO] [stderr]    Compiling indexmap v2.1.0
[INFO] [stderr]    Compiling async-task v4.7.0
[INFO] [stderr]    Compiling event-listener v4.0.2
[INFO] [stderr]    Compiling async-channel v1.9.0
[INFO] [stderr]    Compiling bevy_ptr v0.12.1
[INFO] [stderr]    Compiling smol_str v0.2.0
[INFO] [stderr]    Compiling downcast-rs v1.2.0
[INFO] [stderr]    Compiling tracing-log v0.1.4
[INFO] [stderr]    Compiling crossbeam-channel v0.5.10
[INFO] [stderr]    Compiling num-traits v0.2.17
[INFO] [stderr]    Compiling accesskit v0.12.2
[INFO] [stderr]    Compiling event-listener-strategy v0.4.0
[INFO] [stderr]    Compiling async-lock v3.2.0
[INFO] [stderr]    Compiling sysinfo v0.29.11
[INFO] [stderr]    Compiling raw-window-handle v0.5.2
[INFO] [stderr]    Compiling glam v0.25.0
[INFO] [stderr]    Compiling async-executor v1.8.0
[INFO] [stderr]    Compiling toml_edit v0.20.7
[INFO] [stderr]    Compiling bevy_tasks v0.12.1
[INFO] [stderr]    Compiling serde_derive v1.0.194
[INFO] [stderr]    Compiling thiserror-impl v1.0.56
[INFO] [stderr]    Compiling bevy_utils_proc_macros v0.12.1
[INFO] [stderr]    Compiling bevy_macro_utils v0.12.1
[INFO] [stderr]    Compiling bevy_reflect_derive v0.12.1
[INFO] [stderr]    Compiling bevy_ecs_macros v0.12.1
[INFO] [stderr]    Compiling bevy_derive v0.12.1
[INFO] [stderr]    Compiling dodgy v1.3.0
[INFO] [stderr]    Compiling thiserror v1.0.56
[INFO] [stderr]    Compiling kdtree v0.7.0
[INFO] [stderr]    Compiling glam v0.24.2
[INFO] [stderr]    Compiling smallvec v1.11.2
[INFO] [stderr]    Compiling erased-serde v0.3.31
[INFO] [stderr]    Compiling tracing-subscriber v0.3.18
[INFO] [stderr]    Compiling petgraph v0.6.4
[INFO] [stderr]    Compiling bevy_utils v0.12.1
[INFO] [stderr]    Compiling bevy_math v0.12.1
[INFO] [stderr]    Compiling landmass v0.2.0
[INFO] [stdout] error[E0308]: mismatched types
[INFO] [stdout]   --> /opt/rustwide/cargo-home/registry/src/index.crates.io-6f17d22bba15001f/landmass-0.2.0/src/avoidance.rs:29:19
[INFO] [stdout]    |
[INFO] [stdout] 29 |         position: glam::Vec2::new(agent_point.x, agent_point.z),
[INFO] [stdout]    |                   ^^^^^^^^^^^^^^^^^^^^^^^^^^^^^^^^^^^^^^^^^^^^^ expected `dodgy::Vec2`, found `glam::Vec2`
[INFO] [stdout]    |
[INFO] [stdout]    = note: `glam::Vec2` and `dodgy::Vec2` have similar names, but are actually distinct types
[INFO] [stdout] note: `glam::Vec2` is defined in crate `glam`
[INFO] [stdout]   --> /opt/rustwide/cargo-home/registry/src/index.crates.io-6f17d22bba15001f/glam-0.24.2/src/f32/vec2.rs:21:1
[INFO] [stdout]    |
[INFO] [stdout] 21 | pub struct Vec2 {
[INFO] [stdout]    | ^^^^^^^^^^^^^^^
[INFO] [stdout] note: `dodgy::Vec2` is defined in crate `glam`
[INFO] [stdout]   --> /opt/rustwide/cargo-home/registry/src/index.crates.io-6f17d22bba15001f/glam-0.25.0/src/f32/vec2.rs:22:1
[INFO] [stdout]    |
[INFO] [stdout] 22 | pub struct Vec2 {
[INFO] [stdout]    | ^^^^^^^^^^^^^^^
[INFO] [stdout]    = note: perhaps two different versions of crate `glam` are being used?
[INFO] [stdout] 
[INFO] [stdout] 
[INFO] [stdout] error[E0308]: mismatched types
[INFO] [stdout]   --> /opt/rustwide/cargo-home/registry/src/index.crates.io-6f17d22bba15001f/landmass-0.2.0/src/avoidance.rs:30:19
[INFO] [stdout]    |
[INFO] [stdout] 30 |         velocity: glam::Vec2::new(agent.velocity.x, agent.velocity.z),
[INFO] [stdout]    |                   ^^^^^^^^^^^^^^^^^^^^^^^^^^^^^^^^^^^^^^^^^^^^^^^^^^^ expected `dodgy::Vec2`, found `glam::Vec2`
[INFO] [stdout]    |
[INFO] [stdout]    = note: `glam::Vec2` and `dodgy::Vec2` have similar names, but are actually distinct types
[INFO] [stdout] note: `glam::Vec2` is defined in crate `glam`
[INFO] [stdout]   --> /opt/rustwide/cargo-home/registry/src/index.crates.io-6f17d22bba15001f/glam-0.24.2/src/f32/vec2.rs:21:1
[INFO] [stdout]    |
[INFO] [stdout] 21 | pub struct Vec2 {
[INFO] [stdout]    | ^^^^^^^^^^^^^^^
[INFO] [stdout] note: `dodgy::Vec2` is defined in crate `glam`
[INFO] [stdout]   --> /opt/rustwide/cargo-home/registry/src/index.crates.io-6f17d22bba15001f/glam-0.25.0/src/f32/vec2.rs:22:1
[INFO] [stdout]    |
[INFO] [stdout] 22 | pub struct Vec2 {
[INFO] [stdout]    | ^^^^^^^^^^^^^^^
[INFO] [stdout]    = note: perhaps two different versions of crate `glam` are being used?
[INFO] [stdout] 
[INFO] [stdout] 
[INFO] [stdout] error[E0308]: mismatched types
[INFO] [stdout]   --> /opt/rustwide/cargo-home/registry/src/index.crates.io-6f17d22bba15001f/landmass-0.2.0/src/avoidance.rs:86:7
[INFO] [stdout]    |
[INFO] [stdout] 83 |       let desired_move = dodgy_agent.compute_avoiding_velocity(
[INFO] [stdout]    |                                      ------------------------- arguments to this method are incorrect
[INFO] [stdout] ...
[INFO] [stdout] 86 | /       glam::Vec2::new(
[INFO] [stdout] 87 | |         agent.current_desired_move.x,
[INFO] [stdout] 88 | |         agent.current_desired_move.z,
[INFO] [stdout] 89 | |       ),
[INFO] [stdout]    | |_______^ expected `dodgy::Vec2`, found `glam::Vec2`
[INFO] [stdout]    |
[INFO] [stdout]    = note: `glam::Vec2` and `dodgy::Vec2` have similar names, but are actually distinct types
[INFO] [stdout] note: `glam::Vec2` is defined in crate `glam`
[INFO] [stdout]   --> /opt/rustwide/cargo-home/registry/src/index.crates.io-6f17d22bba15001f/glam-0.24.2/src/f32/vec2.rs:21:1
[INFO] [stdout]    |
[INFO] [stdout] 21 | pub struct Vec2 {
[INFO] [stdout]    | ^^^^^^^^^^^^^^^
[INFO] [stdout] note: `dodgy::Vec2` is defined in crate `glam`
[INFO] [stdout]   --> /opt/rustwide/cargo-home/registry/src/index.crates.io-6f17d22bba15001f/glam-0.25.0/src/f32/vec2.rs:22:1
[INFO] [stdout]    |
[INFO] [stdout] 22 | pub struct Vec2 {
[INFO] [stdout]    | ^^^^^^^^^^^^^^^
[INFO] [stdout]    = note: perhaps two different versions of crate `glam` are being used?
[INFO] [stdout] note: method defined here
[INFO] [stdout]   --> /opt/rustwide/cargo-home/registry/src/index.crates.io-6f17d22bba15001f/dodgy-1.3.0/src/lib.rs:81:10
[INFO] [stdout]    |
[INFO] [stdout] 81 |   pub fn compute_avoiding_velocity(
[INFO] [stdout]    |          ^^^^^^^^^^^^^^^^^^^^^^^^^
[INFO] [stdout] 
[INFO] [stdout] 
[INFO] [stdout] error[E0308]: arguments to this method are incorrect
[INFO] [stdout]    --> /opt/rustwide/cargo-home/registry/src/index.crates.io-6f17d22bba15001f/landmass-0.2.0/src/avoidance.rs:170:26
[INFO] [stdout]     |
[INFO] [stdout] 170 |       if !visibility_set.is_line_visible(vertex_1, vertex_2) {
[INFO] [stdout]     |                          ^^^^^^^^^^^^^^^ --------  -------- expected `dodgy::Vec2`, found `glam::Vec2`
[INFO] [stdout]     |                                          |
[INFO] [stdout]     |                                          expected `dodgy::Vec2`, found `glam::Vec2`
[INFO] [stdout]     |
[INFO] [stdout]     = note: `glam::Vec2` and `dodgy::Vec2` have similar names, but are actually distinct types
[INFO] [stdout] note: `glam::Vec2` is defined in crate `glam`
[INFO] [stdout]    --> /opt/rustwide/cargo-home/registry/src/index.crates.io-6f17d22bba15001f/glam-0.24.2/src/f32/vec2.rs:21:1
[INFO] [stdout]     |
[INFO] [stdout] 21  | pub struct Vec2 {
[INFO] [stdout]     | ^^^^^^^^^^^^^^^
[INFO] [stdout] note: `dodgy::Vec2` is defined in crate `glam`
[INFO] [stdout]    --> /opt/rustwide/cargo-home/registry/src/index.crates.io-6f17d22bba15001f/glam-0.25.0/src/f32/vec2.rs:22:1
[INFO] [stdout]     |
[INFO] [stdout] 22  | pub struct Vec2 {
[INFO] [stdout]     | ^^^^^^^^^^^^^^^
[INFO] [stdout]     = note: perhaps two different versions of crate `glam` are being used?
[INFO] [stdout]     = note: `glam::Vec2` and `dodgy::Vec2` have similar names, but are actually distinct types
[INFO] [stdout] note: `glam::Vec2` is defined in crate `glam`
[INFO] [stdout]    --> /opt/rustwide/cargo-home/registry/src/index.crates.io-6f17d22bba15001f/glam-0.24.2/src/f32/vec2.rs:21:1
[INFO] [stdout]     |
[INFO] [stdout] 21  | pub struct Vec2 {
[INFO] [stdout]     | ^^^^^^^^^^^^^^^
[INFO] [stdout] note: `dodgy::Vec2` is defined in crate `glam`
[INFO] [stdout]    --> /opt/rustwide/cargo-home/registry/src/index.crates.io-6f17d22bba15001f/glam-0.25.0/src/f32/vec2.rs:22:1
[INFO] [stdout]     |
[INFO] [stdout] 22  | pub struct Vec2 {
[INFO] [stdout]     | ^^^^^^^^^^^^^^^
[INFO] [stdout]     = note: perhaps two different versions of crate `glam` are being used?
[INFO] [stdout] note: method defined here
[INFO] [stdout]    --> /opt/rustwide/cargo-home/registry/src/index.crates.io-6f17d22bba15001f/dodgy-1.3.0/src/visibility_set.rs:17:10
[INFO] [stdout]     |
[INFO] [stdout] 17  |   pub fn is_line_visible(&self, start_point: Vec2, end_point: Vec2) -> bool {
[INFO] [stdout]     |          ^^^^^^^^^^^^^^^
[INFO] [stdout] 
[INFO] [stdout] 
[INFO] [stdout] error[E0308]: arguments to this method are incorrect
[INFO] [stdout]    --> /opt/rustwide/cargo-home/registry/src/index.crates.io-6f17d22bba15001f/landmass-0.2.0/src/avoidance.rs:194:48
[INFO] [stdout]     |
[INFO] [stdout] 194 |       if let Some(line_index) = visibility_set.add_line(vertex_1, vertex_2) {
[INFO] [stdout]     |                                                ^^^^^^^^ --------  -------- expected `dodgy::Vec2`, found `glam::Vec2`
[INFO] [stdout]     |                                                         |
[INFO] [stdout]     |                                                         expected `dodgy::Vec2`, found `glam::Vec2`
[INFO] [stdout]     |
[INFO] [stdout]     = note: `glam::Vec2` and `dodgy::Vec2` have similar names, but are actually distinct types
[INFO] [stdout] note: `glam::Vec2` is defined in crate `glam`
[INFO] [stdout]    --> /opt/rustwide/cargo-home/registry/src/index.crates.io-6f17d22bba15001f/glam-0.24.2/src/f32/vec2.rs:21:1
[INFO] [stdout]     |
[INFO] [stdout] 21  | pub struct Vec2 {
[INFO] [stdout]     | ^^^^^^^^^^^^^^^
[INFO] [stdout] note: `dodgy::Vec2` is defined in crate `glam`
[INFO] [stdout]    --> /opt/rustwide/cargo-home/registry/src/index.crates.io-6f17d22bba15001f/glam-0.25.0/src/f32/vec2.rs:22:1
[INFO] [stdout]     |
[INFO] [stdout] 22  | pub struct Vec2 {
[INFO] [stdout]     | ^^^^^^^^^^^^^^^
[INFO] [stdout]     = note: perhaps two different versions of crate `glam` are being used?
[INFO] [stdout]     = note: `glam::Vec2` and `dodgy::Vec2` have similar names, but are actually distinct types
[INFO] [stdout] note: `glam::Vec2` is defined in crate `glam`
[INFO] [stdout]    --> /opt/rustwide/cargo-home/registry/src/index.crates.io-6f17d22bba15001f/glam-0.24.2/src/f32/vec2.rs:21:1
[INFO] [stdout]     |
[INFO] [stdout] 21  | pub struct Vec2 {
[INFO] [stdout]     | ^^^^^^^^^^^^^^^
[INFO] [stdout] note: `dodgy::Vec2` is defined in crate `glam`
[INFO] [stdout]    --> /opt/rustwide/cargo-home/registry/src/index.crates.io-6f17d22bba15001f/glam-0.25.0/src/f32/vec2.rs:22:1
[INFO] [stdout]     |
[INFO] [stdout] 22  | pub struct Vec2 {
[INFO] [stdout]     | ^^^^^^^^^^^^^^^
[INFO] [stdout]     = note: perhaps two different versions of crate `glam` are being used?
[INFO] [stdout] note: method defined here
[INFO] [stdout]    --> /opt/rustwide/cargo-home/registry/src/index.crates.io-6f17d22bba15001f/dodgy-1.3.0/src/visibility_set.rs:87:10
[INFO] [stdout]     |
[INFO] [stdout] 87  |   pub fn add_line(
[INFO] [stdout]     |          ^^^^^^^^
[INFO] [stdout] 
[INFO] [stdout] 
[INFO] [stdout] error[E0277]: a value of type `Vec<dodgy::Vec2>` cannot be built from an iterator over elements of type `glam::Vec2`
[INFO] [stdout]    --> /opt/rustwide/cargo-home/registry/src/index.crates.io-6f17d22bba15001f/landmass-0.2.0/src/avoidance.rs:259:10
[INFO] [stdout]     |
[INFO] [stdout] 259 |         .collect(),
[INFO] [stdout]     |          ^^^^^^^ value of type `Vec<dodgy::Vec2>` cannot be built from `std::iter::Iterator<Item=glam::Vec2>`
[INFO] [stdout]     |
[INFO] [stdout]     = help: the trait `FromIterator<glam::Vec2>` is not implemented for `Vec<dodgy::Vec2>`
[INFO] [stdout]     = help: the trait `FromIterator<dodgy::Vec2>` is implemented for `Vec<dodgy::Vec2>`
[INFO] [stdout]     = help: for that trait implementation, expected `dodgy::Vec2`, found `glam::Vec2`
[INFO] [stdout] note: the method call chain might not have had the expected associated types
[INFO] [stdout]    --> /opt/rustwide/cargo-home/registry/src/index.crates.io-6f17d22bba15001f/landmass-0.2.0/src/avoidance.rs:258:10
[INFO] [stdout]     |
[INFO] [stdout] 255 |       vertices: looop
[INFO] [stdout]     |                 ----- this expression has type `Vec<usize>`
[INFO] [stdout] 256 |         .iter()
[INFO] [stdout]     |          ------ `Iterator::Item` is `&usize` here
[INFO] [stdout] 257 |         .rev()
[INFO] [stdout]     |          ----- `Iterator::Item` remains `&usize` here
[INFO] [stdout] 258 |         .map(|vert| island_data.nav_mesh.vertices[*vert].xz())
[INFO] [stdout]     |          ^^^^^^^^^^^^^^^^^^^^^^^^^^^^^^^^^^^^^^^^^^^^^^^^^^^^^ `Iterator::Item` changed to `Vec2` here
[INFO] [stdout] note: required by a bound in `collect`
[INFO] [stdout]    --> /rustc/0e09125c6c3c2fd70d7de961bcf0e51575235fad/library/core/src/iter/traits/iterator.rs:2050:5
[INFO] [stdout] 
[INFO] [stdout] 
[INFO] [stdout] error[E0277]: a value of type `Vec<dodgy::Vec2>` cannot be built from an iterator over elements of type `glam::Vec2`
[INFO] [stdout]    --> /opt/rustwide/cargo-home/registry/src/index.crates.io-6f17d22bba15001f/landmass-0.2.0/src/avoidance.rs:267:12
[INFO] [stdout]     |
[INFO] [stdout] 267 |           .collect(),
[INFO] [stdout]     |            ^^^^^^^ value of type `Vec<dodgy::Vec2>` cannot be built from `std::iter::Iterator<Item=glam::Vec2>`
[INFO] [stdout]     |
[INFO] [stdout]     = help: the trait `FromIterator<glam::Vec2>` is not implemented for `Vec<dodgy::Vec2>`
[INFO] [stdout]     = help: the trait `FromIterator<dodgy::Vec2>` is implemented for `Vec<dodgy::Vec2>`
[INFO] [stdout]     = help: for that trait implementation, expected `dodgy::Vec2`, found `glam::Vec2`
[INFO] [stdout] note: the method call chain might not have had the expected associated types
[INFO] [stdout]    --> /opt/rustwide/cargo-home/registry/src/index.crates.io-6f17d22bba15001f/landmass-0.2.0/src/avoidance.rs:266:12
[INFO] [stdout]     |
[INFO] [stdout] 263 |         vertices: looop
[INFO] [stdout]     |                   ----- this expression has type `Vec<usize>`
[INFO] [stdout] 264 |           .iter()
[INFO] [stdout]     |            ------ `Iterator::Item` is `&usize` here
[INFO] [stdout] 265 |           .rev()
[INFO] [stdout]     |            ----- `Iterator::Item` remains `&usize` here
[INFO] [stdout] 266 |           .map(|vert| island_data.nav_mesh.vertices[*vert].xz())
[INFO] [stdout]     |            ^^^^^^^^^^^^^^^^^^^^^^^^^^^^^^^^^^^^^^^^^^^^^^^^^^^^^ `Iterator::Item` changed to `Vec2` here
[INFO] [stdout] note: required by a bound in `collect`
[INFO] [stdout]    --> /rustc/0e09125c6c3c2fd70d7de961bcf0e51575235fad/library/core/src/iter/traits/iterator.rs:2050:5
[INFO] [stdout] 
[INFO] [stdout] 
[INFO] [stdout] error: aborting due to 7 previous errors
[INFO] [stdout] 
[INFO] [stdout] 
[INFO] [stdout] Some errors have detailed explanations: E0277, E0308.
[INFO] [stdout] 
[INFO] [stdout] For more information about an error, try `rustc --explain E0277`.
[INFO] [stdout] 
[INFO] [stderr] error: could not compile `landmass` (lib) due to 8 previous errors
[INFO] [stderr] warning: build failed, waiting for other jobs to finish...
[INFO] running `Command { std: "docker" "inspect" "eecf13a3f25ddea1035cc66679d0fc3cd7429fed9bff1dd62d0c76b44e7a71ed", kill_on_drop: false }`
[INFO] running `Command { std: "docker" "rm" "-f" "eecf13a3f25ddea1035cc66679d0fc3cd7429fed9bff1dd62d0c76b44e7a71ed", kill_on_drop: false }`
[INFO] [stdout] eecf13a3f25ddea1035cc66679d0fc3cd7429fed9bff1dd62d0c76b44e7a71ed
