[INFO] fetching crate bevy-inspector-egui-derive 0.21.0...
[INFO] testing bevy-inspector-egui-derive-0.21.0 against 1.75.0 for beta-1.76-1
[INFO] extracting crate bevy-inspector-egui-derive 0.21.0 into /workspace/builds/worker-2-tc1/source
[INFO] validating manifest of crates.io crate bevy-inspector-egui-derive 0.21.0 on toolchain 1.75.0
[INFO] running `Command { std: CARGO_HOME="/workspace/cargo-home" RUSTUP_HOME="/workspace/rustup-home" "/workspace/cargo-home/bin/cargo" "+1.75.0" "metadata" "--manifest-path" "Cargo.toml" "--no-deps", kill_on_drop: false }`
[INFO] started tweaking crates.io crate bevy-inspector-egui-derive 0.21.0
[INFO] finished tweaking crates.io crate bevy-inspector-egui-derive 0.21.0
[INFO] tweaked toml for crates.io crate bevy-inspector-egui-derive 0.21.0 written to /workspace/builds/worker-2-tc1/source/Cargo.toml
[INFO] running `Command { std: CARGO_HOME="/workspace/cargo-home" RUSTUP_HOME="/workspace/rustup-home" "/workspace/cargo-home/bin/cargo" "+1.75.0" "generate-lockfile" "--manifest-path" "Cargo.toml", kill_on_drop: false }`
[INFO] [stderr]     Updating crates.io index
[INFO] running `Command { std: CARGO_HOME="/workspace/cargo-home" RUSTUP_HOME="/workspace/rustup-home" "/workspace/cargo-home/bin/cargo" "+1.75.0" "fetch" "--manifest-path" "Cargo.toml", kill_on_drop: false }`
[INFO] [stderr]  Downloading crates ...
[INFO] [stderr]   Downloaded bevy_utils_proc_macros v0.12.1
[INFO] [stderr]   Downloaded bevy_ptr v0.12.1
[INFO] [stderr]   Downloaded bevy_macro_utils v0.12.1
[INFO] [stderr]   Downloaded bevy_reflect_derive v0.12.1
[INFO] [stderr]   Downloaded toml_datetime v0.6.5
[INFO] [stderr]   Downloaded bevy_reflect v0.12.1
[INFO] [stderr]   Downloaded bevy_tasks v0.12.1
[INFO] [stderr]   Downloaded erased-serde v0.3.31
[INFO] [stderr]   Downloaded toml_edit v0.20.7
[INFO] [stderr]   Downloaded glam v0.24.2
[INFO] [stderr]   Downloaded bevy_ecs v0.12.1
[INFO] [stderr]   Downloaded bevy_ecs_macros v0.12.1
[INFO] [stderr]   Downloaded bevy_utils v0.12.1
[INFO] [stderr]   Downloaded bevy_math v0.12.1
[INFO] [stderr]   Downloaded nonmax v0.5.5
[INFO] running `Command { std: "docker" "create" "-v" "/var/lib/crater-agent-workspace/builds/worker-2-tc1/target:/opt/rustwide/target:rw,Z" "-v" "/var/lib/crater-agent-workspace/builds/worker-2-tc1/source:/opt/rustwide/workdir:ro,Z" "-v" "/var/lib/crater-agent-workspace/cargo-home:/opt/rustwide/cargo-home:ro,Z" "-v" "/var/lib/crater-agent-workspace/rustup-home:/opt/rustwide/rustup-home:ro,Z" "-e" "SOURCE_DIR=/opt/rustwide/workdir" "-e" "CARGO_TARGET_DIR=/opt/rustwide/target" "-e" "CARGO_HOME=/opt/rustwide/cargo-home" "-e" "RUSTUP_HOME=/opt/rustwide/rustup-home" "-w" "/opt/rustwide/workdir" "-m" "1610612736" "--user" "0:0" "--network" "none" "ghcr.io/rust-lang/crates-build-env/linux@sha256:2788e3201cd34a07e3172128adcd8b3090168a8e3bcc40d7c032b9dda1df7d1c" "/opt/rustwide/cargo-home/bin/cargo" "+1.75.0" "metadata" "--no-deps" "--format-version=1", kill_on_drop: false }`
[INFO] [stdout] 0f9bb9679aeac5cefc41a427cfc114f2c3f5b2cc2aa360a3258b37c1b062723c
[INFO] running `Command { std: "docker" "start" "-a" "0f9bb9679aeac5cefc41a427cfc114f2c3f5b2cc2aa360a3258b37c1b062723c", kill_on_drop: false }`
[INFO] running `Command { std: "docker" "inspect" "0f9bb9679aeac5cefc41a427cfc114f2c3f5b2cc2aa360a3258b37c1b062723c", kill_on_drop: false }`
[INFO] running `Command { std: "docker" "rm" "-f" "0f9bb9679aeac5cefc41a427cfc114f2c3f5b2cc2aa360a3258b37c1b062723c", kill_on_drop: false }`
[INFO] [stdout] 0f9bb9679aeac5cefc41a427cfc114f2c3f5b2cc2aa360a3258b37c1b062723c
[INFO] running `Command { std: "docker" "create" "-v" "/var/lib/crater-agent-workspace/builds/worker-2-tc1/target:/opt/rustwide/target:rw,Z" "-v" "/var/lib/crater-agent-workspace/builds/worker-2-tc1/source:/opt/rustwide/workdir:ro,Z" "-v" "/var/lib/crater-agent-workspace/cargo-home:/opt/rustwide/cargo-home:ro,Z" "-v" "/var/lib/crater-agent-workspace/rustup-home:/opt/rustwide/rustup-home:ro,Z" "-e" "SOURCE_DIR=/opt/rustwide/workdir" "-e" "CARGO_TARGET_DIR=/opt/rustwide/target" "-e" "CARGO_INCREMENTAL=0" "-e" "RUST_BACKTRACE=full" "-e" "RUSTFLAGS=--cap-lints=warn" "-e" "RUSTDOCFLAGS=--cap-lints=warn" "-e" "CARGO_HOME=/opt/rustwide/cargo-home" "-e" "RUSTUP_HOME=/opt/rustwide/rustup-home" "-w" "/opt/rustwide/workdir" "-m" "1610612736" "--user" "0:0" "--network" "none" "ghcr.io/rust-lang/crates-build-env/linux@sha256:2788e3201cd34a07e3172128adcd8b3090168a8e3bcc40d7c032b9dda1df7d1c" "/opt/rustwide/cargo-home/bin/cargo" "+1.75.0" "build" "--frozen" "--message-format=json", kill_on_drop: false }`
[INFO] [stdout] e9e8dedcd28e7a40391ce163491ae1385dfb543204567b9668cc215bba05efaa
[INFO] running `Command { std: "docker" "start" "-a" "e9e8dedcd28e7a40391ce163491ae1385dfb543204567b9668cc215bba05efaa", kill_on_drop: false }`
[INFO] [stderr]    Compiling proc-macro2 v1.0.75
[INFO] [stderr]    Compiling unicode-ident v1.0.12
[INFO] [stderr]    Compiling quote v1.0.35
[INFO] [stderr]    Compiling syn v2.0.48
[INFO] [stderr]    Compiling bevy-inspector-egui-derive v0.21.0 (/opt/rustwide/workdir)
[INFO] [stderr]     Finished dev [unoptimized + debuginfo] target(s) in 2.53s
[INFO] running `Command { std: "docker" "inspect" "e9e8dedcd28e7a40391ce163491ae1385dfb543204567b9668cc215bba05efaa", kill_on_drop: false }`
[INFO] running `Command { std: "docker" "rm" "-f" "e9e8dedcd28e7a40391ce163491ae1385dfb543204567b9668cc215bba05efaa", kill_on_drop: false }`
[INFO] [stdout] e9e8dedcd28e7a40391ce163491ae1385dfb543204567b9668cc215bba05efaa
[INFO] running `Command { std: "docker" "create" "-v" "/var/lib/crater-agent-workspace/builds/worker-2-tc1/target:/opt/rustwide/target:rw,Z" "-v" "/var/lib/crater-agent-workspace/builds/worker-2-tc1/source:/opt/rustwide/workdir:ro,Z" "-v" "/var/lib/crater-agent-workspace/cargo-home:/opt/rustwide/cargo-home:ro,Z" "-v" "/var/lib/crater-agent-workspace/rustup-home:/opt/rustwide/rustup-home:ro,Z" "-e" "SOURCE_DIR=/opt/rustwide/workdir" "-e" "CARGO_TARGET_DIR=/opt/rustwide/target" "-e" "CARGO_INCREMENTAL=0" "-e" "RUST_BACKTRACE=full" "-e" "RUSTFLAGS=--cap-lints=warn" "-e" "RUSTDOCFLAGS=--cap-lints=warn" "-e" "CARGO_HOME=/opt/rustwide/cargo-home" "-e" "RUSTUP_HOME=/opt/rustwide/rustup-home" "-w" "/opt/rustwide/workdir" "-m" "1610612736" "--user" "0:0" "--network" "none" "ghcr.io/rust-lang/crates-build-env/linux@sha256:2788e3201cd34a07e3172128adcd8b3090168a8e3bcc40d7c032b9dda1df7d1c" "/opt/rustwide/cargo-home/bin/cargo" "+1.75.0" "test" "--frozen" "--no-run" "--message-format=json", kill_on_drop: false }`
[INFO] [stdout] baf6767366ff8ac79b5416b075f03dbe27626844d1c1faed255d351c38029464
[INFO] running `Command { std: "docker" "start" "-a" "baf6767366ff8ac79b5416b075f03dbe27626844d1c1faed255d351c38029464", kill_on_drop: false }`
[INFO] [stderr]    Compiling cfg-if v1.0.0
[INFO] [stderr]    Compiling libc v0.2.151
[INFO] [stderr]    Compiling unicode-ident v1.0.12
[INFO] [stderr]    Compiling once_cell v1.19.0
[INFO] [stderr]    Compiling serde v1.0.194
[INFO] [stderr]    Compiling version_check v0.9.4
[INFO] [stderr]    Compiling pin-project-lite v0.2.13
[INFO] [stderr]    Compiling zerocopy v0.7.32
[INFO] [stderr]    Compiling allocator-api2 v0.2.16
[INFO] [stderr]    Compiling crossbeam-utils v0.8.18
[INFO] [stderr]    Compiling equivalent v1.0.1
[INFO] [stderr]    Compiling parking v2.2.0
[INFO] [stderr]    Compiling futures-core v0.3.30
[INFO] [stderr]    Compiling toml_datetime v0.6.5
[INFO] [stderr]    Compiling autocfg v1.1.0
[INFO] [stderr]    Compiling proc-macro2 v1.0.75
[INFO] [stderr]    Compiling winnow v0.5.32
[INFO] [stderr]    Compiling thiserror v1.0.56
[INFO] [stderr]    Compiling rustc-hash v1.1.0
[INFO] [stderr]    Compiling fixedbitset v0.4.2
[INFO] [stderr]    Compiling futures-lite v2.1.0
[INFO] [stderr]    Compiling instant v0.1.12
[INFO] [stderr]    Compiling tracing-core v0.1.32
[INFO] [stderr]    Compiling nonmax v0.5.5
[INFO] [stderr]    Compiling event-listener v2.5.3
[INFO] [stderr]    Compiling futures-io v0.3.30
[INFO] [stderr]    Compiling ahash v0.8.7
[INFO] [stderr]    Compiling fastrand v1.9.0
[INFO] [stderr]    Compiling memchr v2.7.1
[INFO] [stderr]    Compiling waker-fn v1.1.1
[INFO] [stderr]    Compiling slab v0.4.9
[INFO] [stderr]    Compiling fastrand v2.0.1
[INFO] [stderr]    Compiling async-task v4.7.0
[INFO] [stderr]    Compiling downcast-rs v1.2.0
[INFO] [stderr]    Compiling bytemuck v1.14.0
[INFO] [stderr]    Compiling quote v1.0.35
[INFO] [stderr]    Compiling bevy_ptr v0.12.1
[INFO] [stderr]    Compiling tracing v0.1.40
[INFO] [stderr]    Compiling thread_local v1.1.7
[INFO] [stderr]    Compiling syn v2.0.48
[INFO] [stderr]    Compiling glam v0.24.2
[INFO] [stderr]    Compiling concurrent-queue v2.4.0
[INFO] [stderr]    Compiling event-listener v4.0.2
[INFO] [stderr]    Compiling async-channel v1.9.0
[INFO] [stderr]    Compiling futures-lite v1.13.0
[INFO] [stderr]    Compiling event-listener-strategy v0.4.0
[INFO] [stderr]    Compiling async-lock v3.2.0
[INFO] [stderr]    Compiling getrandom v0.2.11
[INFO] [stderr]    Compiling async-executor v1.8.0
[INFO] [stderr]    Compiling bevy_tasks v0.12.1
[INFO] [stderr]    Compiling bevy_math v0.12.1
[INFO] [stderr]    Compiling hashbrown v0.14.3
[INFO] [stderr]    Compiling uuid v1.6.1
[INFO] [stderr]    Compiling erased-serde v0.3.31
[INFO] [stderr]    Compiling thiserror-impl v1.0.56
[INFO] [stderr]    Compiling bevy_utils_proc_macros v0.12.1
[INFO] [stderr]    Compiling bevy-inspector-egui-derive v0.21.0 (/opt/rustwide/workdir)
[INFO] [stderr]    Compiling indexmap v2.1.0
[INFO] [stderr]    Compiling toml_edit v0.20.7
[INFO] [stderr]    Compiling petgraph v0.6.4
[INFO] [stderr]    Compiling bevy_macro_utils v0.12.1
[INFO] [stderr]    Compiling bevy_utils v0.12.1
[INFO] [stderr]    Compiling bevy_reflect_derive v0.12.1
[INFO] [stderr]    Compiling bevy_ecs_macros v0.12.1
[INFO] [stderr]    Compiling bevy_ecs v0.12.1
[INFO] [stderr]    Compiling bevy_reflect v0.12.1
[INFO] [stdout] error[E0433]: failed to resolve: use of undeclared crate or module `bevy_inspector_egui`
[INFO] [stdout]  --> tests/generic_options.rs:3:5
[INFO] [stdout]   |
[INFO] [stdout] 3 | use bevy_inspector_egui::{
[INFO] [stdout]   |     ^^^^^^^^^^^^^^^^^^^ use of undeclared crate or module `bevy_inspector_egui`
[INFO] [stdout] 
[INFO] [stdout] 
[INFO] [stdout] error[E0433]: failed to resolve: use of undeclared crate or module `bevy_inspector_egui`
[INFO] [stdout]  --> tests/inspector_options.rs:2:5
[INFO] [stdout]   |
[INFO] [stdout] 2 | use bevy_inspector_egui::{
[INFO] [stdout]   |     ^^^^^^^^^^^^^^^^^^^ use of undeclared crate or module `bevy_inspector_egui`
[INFO] [stdout] 
[INFO] [stdout] 
[INFO] [stdout] error[E0433]: failed to resolve: use of undeclared crate or module `bevy_inspector_egui`
[INFO] [stdout]  --> tests/reflect_ignore.rs:1:5
[INFO] [stdout]   |
[INFO] [stdout] 1 | use bevy_inspector_egui::{
[INFO] [stdout]   |     ^^^^^^^^^^^^^^^^^^^ use of undeclared crate or module `bevy_inspector_egui`
[INFO] [stdout] 
[INFO] [stdout] 
[INFO] [stdout] error[E0432]: unresolved import `bevy_inspector_egui`
[INFO] [stdout]  --> tests/inspector_options.rs:2:5
[INFO] [stdout]   |
[INFO] [stdout] 2 | use bevy_inspector_egui::{
[INFO] [stdout]   |     ^^^^^^^^^^^^^^^^^^^ use of undeclared crate or module `bevy_inspector_egui`
[INFO] [stdout] 
[INFO] [stdout] 
[INFO] [stdout] error[E0432]: unresolved import `bevy_inspector_egui`
[INFO] [stdout]  --> tests/reflect_ignore.rs:1:5
[INFO] [stdout]   |
[INFO] [stdout] 1 | use bevy_inspector_egui::{
[INFO] [stdout]   |     ^^^^^^^^^^^^^^^^^^^ use of undeclared crate or module `bevy_inspector_egui`
[INFO] [stdout] 
[INFO] [stdout] 
[INFO] [stdout] error[E0432]: unresolved import `bevy_inspector_egui`
[INFO] [stdout]  --> tests/generic_options.rs:3:5
[INFO] [stdout]   |
[INFO] [stdout] 3 | use bevy_inspector_egui::{
[INFO] [stdout]   |     ^^^^^^^^^^^^^^^^^^^ use of undeclared crate or module `bevy_inspector_egui`
[INFO] [stdout] 
[INFO] [stdout] 
[INFO] [stdout] error: cannot determine resolution for the derive macro `InspectorOptions`
[INFO] [stdout]   --> tests/inspector_options.rs:14:23
[INFO] [stdout]    |
[INFO] [stdout] 14 |     #[derive(Reflect, InspectorOptions)]
[INFO] [stdout]    |                       ^^^^^^^^^^^^^^^^
[INFO] [stdout]    |
[INFO] [stdout]    = note: import resolution is stuck, try simplifying macro imports
[INFO] [stdout] 
[INFO] [stdout] 
[INFO] [stdout] error: cannot determine resolution for the derive macro `InspectorOptions`
[INFO] [stdout]  --> tests/reflect_ignore.rs:9:23
[INFO] [stdout]   |
[INFO] [stdout] 9 |     #[derive(Reflect, InspectorOptions)]
[INFO] [stdout]   |                       ^^^^^^^^^^^^^^^^
[INFO] [stdout]   |
[INFO] [stdout]   = note: import resolution is stuck, try simplifying macro imports
[INFO] [stdout] 
[INFO] [stdout] 
[INFO] [stdout] error: cannot determine resolution for the derive macro `InspectorOptions`
[INFO] [stdout]   --> tests/generic_options.rs:11:23
[INFO] [stdout]    |
[INFO] [stdout] 11 |     #[derive(Reflect, InspectorOptions)]
[INFO] [stdout]    |                       ^^^^^^^^^^^^^^^^
[INFO] [stdout]    |
[INFO] [stdout]    = note: import resolution is stuck, try simplifying macro imports
[INFO] [stdout] 
[INFO] [stdout] 
[INFO] [stdout] error: cannot find attribute `inspector` in this scope
[INFO] [stdout]   --> tests/inspector_options.rs:16:11
[INFO] [stdout]    |
[INFO] [stdout] 16 |         #[inspector(display = QuatDisplay::Euler)]
[INFO] [stdout]    |           ^^^^^^^^^
[INFO] [stdout] 
[INFO] [stdout] 
[INFO] [stdout] error: cannot find attribute `inspector` in this scope
[INFO] [stdout]   --> tests/inspector_options.rs:19:11
[INFO] [stdout]    |
[INFO] [stdout] 19 |         #[inspector(min = 0.0)]
[INFO] [stdout]    |           ^^^^^^^^^
[INFO] [stdout] 
[INFO] [stdout] 
[INFO] [stdout] error: cannot find attribute `inspector` in this scope
[INFO] [stdout]   --> tests/reflect_ignore.rs:13:11
[INFO] [stdout]    |
[INFO] [stdout] 13 |         #[inspector(min = 2.0, max = 3.0)]
[INFO] [stdout]    |           ^^^^^^^^^
[INFO] [stdout] 
[INFO] [stdout] 
[INFO] [stdout] error: cannot find attribute `inspector` in this scope
[INFO] [stdout]   --> tests/generic_options.rs:15:11
[INFO] [stdout]    |
[INFO] [stdout] 15 |         #[inspector(min = 0.0)]
[INFO] [stdout]    |           ^^^^^^^^^
[INFO] [stdout] 
[INFO] [stdout] 
[INFO] [stdout] error: cannot determine resolution for the derive macro `InspectorOptions`
[INFO] [stdout]   --> tests/reflect_ignore.rs:30:23
[INFO] [stdout]    |
[INFO] [stdout] 30 |     #[derive(Reflect, InspectorOptions)]
[INFO] [stdout]    |                       ^^^^^^^^^^^^^^^^
[INFO] [stdout]    |
[INFO] [stdout]    = note: import resolution is stuck, try simplifying macro imports
[INFO] [stdout] 
[INFO] [stdout] 
[INFO] [stdout] error: cannot determine resolution for the derive macro `InspectorOptions`
[INFO] [stdout]   --> tests/generic_options.rs:31:23
[INFO] [stdout]    |
[INFO] [stdout] 31 |     #[derive(Reflect, InspectorOptions)]
[INFO] [stdout]    |                       ^^^^^^^^^^^^^^^^
[INFO] [stdout]    |
[INFO] [stdout]    = note: import resolution is stuck, try simplifying macro imports
[INFO] [stdout] 
[INFO] [stdout] 
[INFO] [stdout] error: cannot find attribute `inspector` in this scope
[INFO] [stdout]   --> tests/inspector_options.rs:22:11
[INFO] [stdout]    |
[INFO] [stdout] 22 |         #[inspector(display = EntityDisplay::Id)]
[INFO] [stdout]    |           ^^^^^^^^^
[INFO] [stdout] 
[INFO] [stdout] 
[INFO] [stdout] error: cannot find attribute `inspector` in this scope
[INFO] [stdout]   --> tests/reflect_ignore.rs:35:15
[INFO] [stdout]    |
[INFO] [stdout] 35 |             #[inspector(min = 0.0)]
[INFO] [stdout]    |               ^^^^^^^^^
[INFO] [stdout] 
[INFO] [stdout] 
[INFO] [stdout] error: cannot find attribute `inspector` in this scope
[INFO] [stdout]   --> tests/generic_options.rs:36:11
[INFO] [stdout]    |
[INFO] [stdout] 36 |         #[inspector(min = 0.0)]
[INFO] [stdout]    |           ^^^^^^^^^
[INFO] [stdout] 
[INFO] [stdout] 
[INFO] [stdout] error[E0277]: the trait bound `Quat: TypePath` is not satisfied
[INFO] [stdout]   --> tests/inspector_options.rs:14:14
[INFO] [stdout]    |
[INFO] [stdout] 14 |     #[derive(Reflect, InspectorOptions)]
[INFO] [stdout]    |              ^^^^^^^ the trait `TypePath` is not implemented for `Quat`
[INFO] [stdout]    |
[INFO] [stdout]    = help: the following other types implement trait `TypePath`:
[INFO] [stdout]              bool
[INFO] [stdout]              char
[INFO] [stdout]              isize
[INFO] [stdout]              i8
[INFO] [stdout]              i16
[INFO] [stdout]              i32
[INFO] [stdout]              i64
[INFO] [stdout]              i128
[INFO] [stdout]            and 71 others
[INFO] [stdout]    = help: see issue #48214
[INFO] [stdout]    = note: this error originates in the derive macro `Reflect` (in Nightly builds, run with -Z macro-backtrace for more info)
[INFO] [stdout] 
[INFO] [stdout] 
[INFO] [stdout] error[E0277]: the trait bound `Quat: FromReflect` is not satisfied
[INFO] [stdout]   --> tests/inspector_options.rs:14:14
[INFO] [stdout]    |
[INFO] [stdout] 14 |     #[derive(Reflect, InspectorOptions)]
[INFO] [stdout]    |              ^^^^^^^ the trait `FromReflect` is not implemented for `Quat`
[INFO] [stdout]    |
[INFO] [stdout]    = help: the following other types implement trait `FromReflect`:
[INFO] [stdout]              bool
[INFO] [stdout]              char
[INFO] [stdout]              isize
[INFO] [stdout]              i8
[INFO] [stdout]              i16
[INFO] [stdout]              i32
[INFO] [stdout]              i64
[INFO] [stdout]              i128
[INFO] [stdout]            and 59 others
[INFO] [stdout]    = help: see issue #48214
[INFO] [stdout]    = note: this error originates in the derive macro `Reflect` (in Nightly builds, run with -Z macro-backtrace for more info)
[INFO] [stdout] 
[INFO] [stdout] 
[INFO] [stdout] error[E0277]: the trait bound `Entity: TypePath` is not satisfied
[INFO] [stdout]   --> tests/inspector_options.rs:14:14
[INFO] [stdout]    |
[INFO] [stdout] 14 |     #[derive(Reflect, InspectorOptions)]
[INFO] [stdout]    |              ^^^^^^^ the trait `TypePath` is not implemented for `Entity`
[INFO] [stdout]    |
[INFO] [stdout]    = help: the following other types implement trait `TypePath`:
[INFO] [stdout]              bool
[INFO] [stdout]              char
[INFO] [stdout]              isize
[INFO] [stdout]              i8
[INFO] [stdout]              i16
[INFO] [stdout]              i32
[INFO] [stdout]              i64
[INFO] [stdout]              i128
[INFO] [stdout]            and 71 others
[INFO] [stdout]    = note: required for `Vec<Entity>` to implement `TypePath`
[INFO] [stdout]    = help: see issue #48214
[INFO] [stdout]    = note: this error originates in the derive macro `Reflect` (in Nightly builds, run with -Z macro-backtrace for more info)
[INFO] [stdout] 
[INFO] [stdout] 
[INFO] [stdout] error[E0277]: the trait bound `Entity: FromReflect` is not satisfied
[INFO] [stdout]   --> tests/inspector_options.rs:14:14
[INFO] [stdout]    |
[INFO] [stdout] 14 |     #[derive(Reflect, InspectorOptions)]
[INFO] [stdout]    |              ^^^^^^^ the trait `FromReflect` is not implemented for `Entity`
[INFO] [stdout]    |
[INFO] [stdout]    = help: the following other types implement trait `FromReflect`:
[INFO] [stdout]              bool
[INFO] [stdout]              char
[INFO] [stdout]              isize
[INFO] [stdout]              i8
[INFO] [stdout]              i16
[INFO] [stdout]              i32
[INFO] [stdout]              i64
[INFO] [stdout]              i128
[INFO] [stdout]            and 59 others
[INFO] [stdout]    = note: required for `Vec<Entity>` to implement `FromReflect`
[INFO] [stdout]    = help: see issue #48214
[INFO] [stdout]    = note: this error originates in the derive macro `Reflect` (in Nightly builds, run with -Z macro-backtrace for more info)
[INFO] [stdout] 
[INFO] [stdout] 
[INFO] [stdout] error: aborting due to 10 previous errors
[INFO] [stdout] 
[INFO] [stdout] 
[INFO] [stdout] Some errors have detailed explanations: E0277, E0432, E0433.
[INFO] [stdout] 
[INFO] [stdout] For more information about an error, try `rustc --explain E0277`.
[INFO] [stdout] 
[INFO] [stdout] error: aborting due to 6 previous errors
[INFO] [stdout] 
[INFO] [stdout] 
[INFO] [stdout] Some errors have detailed explanations: E0432, E0433.
[INFO] [stdout] 
[INFO] [stdout] For more information about an error, try `rustc --explain E0432`.
[INFO] [stdout] 
[INFO] [stdout] error: aborting due to 6 previous errors
[INFO] [stdout] 
[INFO] [stdout] 
[INFO] [stdout] Some errors have detailed explanations: E0432, E0433.
[INFO] [stdout] 
[INFO] [stdout] For more information about an error, try `rustc --explain E0432`.
[INFO] [stdout] 
[INFO] [stderr] error: could not compile `bevy-inspector-egui-derive` (test "inspector_options") due to 11 previous errors
[INFO] [stderr] warning: build failed, waiting for other jobs to finish...
[INFO] [stderr] error: could not compile `bevy-inspector-egui-derive` (test "generic_options") due to 7 previous errors
[INFO] [stderr] error: could not compile `bevy-inspector-egui-derive` (test "reflect_ignore") due to 7 previous errors
[INFO] running `Command { std: "docker" "inspect" "baf6767366ff8ac79b5416b075f03dbe27626844d1c1faed255d351c38029464", kill_on_drop: false }`
[INFO] running `Command { std: "docker" "rm" "-f" "baf6767366ff8ac79b5416b075f03dbe27626844d1c1faed255d351c38029464", kill_on_drop: false }`
[INFO] [stdout] baf6767366ff8ac79b5416b075f03dbe27626844d1c1faed255d351c38029464
[INFO] testing bevy-inspector-egui-derive-0.21.0 against beta-2023-12-22 for beta-1.76-1
[INFO] extracting crate bevy-inspector-egui-derive 0.21.0 into /workspace/builds/worker-2-tc2/source
[INFO] validating manifest of crates.io crate bevy-inspector-egui-derive 0.21.0 on toolchain beta-2023-12-22
[INFO] running `Command { std: CARGO_HOME="/workspace/cargo-home" RUSTUP_HOME="/workspace/rustup-home" "/workspace/cargo-home/bin/cargo" "+beta-2023-12-22" "metadata" "--manifest-path" "Cargo.toml" "--no-deps", kill_on_drop: false }`
[INFO] started tweaking crates.io crate bevy-inspector-egui-derive 0.21.0
[INFO] finished tweaking crates.io crate bevy-inspector-egui-derive 0.21.0
[INFO] tweaked toml for crates.io crate bevy-inspector-egui-derive 0.21.0 written to /workspace/builds/worker-2-tc2/source/Cargo.toml
[INFO] running `Command { std: CARGO_HOME="/workspace/cargo-home" RUSTUP_HOME="/workspace/rustup-home" "/workspace/cargo-home/bin/cargo" "+beta-2023-12-22" "generate-lockfile" "--manifest-path" "Cargo.toml", kill_on_drop: false }`
[INFO] [stderr]     Updating crates.io index
[INFO] running `Command { std: CARGO_HOME="/workspace/cargo-home" RUSTUP_HOME="/workspace/rustup-home" "/workspace/cargo-home/bin/cargo" "+beta-2023-12-22" "fetch" "--manifest-path" "Cargo.toml", kill_on_drop: false }`
[INFO] running `Command { std: "docker" "create" "-v" "/var/lib/crater-agent-workspace/builds/worker-2-tc2/target:/opt/rustwide/target:rw,Z" "-v" "/var/lib/crater-agent-workspace/builds/worker-2-tc2/source:/opt/rustwide/workdir:ro,Z" "-v" "/var/lib/crater-agent-workspace/cargo-home:/opt/rustwide/cargo-home:ro,Z" "-v" "/var/lib/crater-agent-workspace/rustup-home:/opt/rustwide/rustup-home:ro,Z" "-e" "SOURCE_DIR=/opt/rustwide/workdir" "-e" "CARGO_TARGET_DIR=/opt/rustwide/target" "-e" "CARGO_HOME=/opt/rustwide/cargo-home" "-e" "RUSTUP_HOME=/opt/rustwide/rustup-home" "-w" "/opt/rustwide/workdir" "-m" "1610612736" "--user" "0:0" "--network" "none" "ghcr.io/rust-lang/crates-build-env/linux@sha256:2788e3201cd34a07e3172128adcd8b3090168a8e3bcc40d7c032b9dda1df7d1c" "/opt/rustwide/cargo-home/bin/cargo" "+beta-2023-12-22" "metadata" "--no-deps" "--format-version=1", kill_on_drop: false }`
[INFO] [stdout] b9b09fd10f27a5a76c9c09ec6940641dce8d887207a295848479ebfc22988f21
[INFO] running `Command { std: "docker" "start" "-a" "b9b09fd10f27a5a76c9c09ec6940641dce8d887207a295848479ebfc22988f21", kill_on_drop: false }`
[INFO] running `Command { std: "docker" "inspect" "b9b09fd10f27a5a76c9c09ec6940641dce8d887207a295848479ebfc22988f21", kill_on_drop: false }`
[INFO] running `Command { std: "docker" "rm" "-f" "b9b09fd10f27a5a76c9c09ec6940641dce8d887207a295848479ebfc22988f21", kill_on_drop: false }`
[INFO] [stdout] b9b09fd10f27a5a76c9c09ec6940641dce8d887207a295848479ebfc22988f21
[INFO] running `Command { std: "docker" "create" "-v" "/var/lib/crater-agent-workspace/builds/worker-2-tc2/target:/opt/rustwide/target:rw,Z" "-v" "/var/lib/crater-agent-workspace/builds/worker-2-tc2/source:/opt/rustwide/workdir:ro,Z" "-v" "/var/lib/crater-agent-workspace/cargo-home:/opt/rustwide/cargo-home:ro,Z" "-v" "/var/lib/crater-agent-workspace/rustup-home:/opt/rustwide/rustup-home:ro,Z" "-e" "SOURCE_DIR=/opt/rustwide/workdir" "-e" "CARGO_TARGET_DIR=/opt/rustwide/target" "-e" "CARGO_INCREMENTAL=0" "-e" "RUST_BACKTRACE=full" "-e" "RUSTFLAGS=--cap-lints=warn" "-e" "RUSTDOCFLAGS=--cap-lints=warn" "-e" "CARGO_HOME=/opt/rustwide/cargo-home" "-e" "RUSTUP_HOME=/opt/rustwide/rustup-home" "-w" "/opt/rustwide/workdir" "-m" "1610612736" "--user" "0:0" "--network" "none" "ghcr.io/rust-lang/crates-build-env/linux@sha256:2788e3201cd34a07e3172128adcd8b3090168a8e3bcc40d7c032b9dda1df7d1c" "/opt/rustwide/cargo-home/bin/cargo" "+beta-2023-12-22" "build" "--frozen" "--message-format=json", kill_on_drop: false }`
[INFO] [stdout] f83e2ac4f7d24842b8130fa78cb5913676822b8449ac239e46803eb9d65d85e7
[INFO] running `Command { std: "docker" "start" "-a" "f83e2ac4f7d24842b8130fa78cb5913676822b8449ac239e46803eb9d65d85e7", kill_on_drop: false }`
[INFO] [stderr]    Compiling proc-macro2 v1.0.75
[INFO] [stderr]    Compiling unicode-ident v1.0.12
[INFO] [stderr]    Compiling quote v1.0.35
[INFO] [stderr]    Compiling syn v2.0.48
[INFO] [stderr]    Compiling bevy-inspector-egui-derive v0.21.0 (/opt/rustwide/workdir)
[INFO] [stderr]     Finished dev [unoptimized + debuginfo] target(s) in 2.60s
[INFO] running `Command { std: "docker" "inspect" "f83e2ac4f7d24842b8130fa78cb5913676822b8449ac239e46803eb9d65d85e7", kill_on_drop: false }`
[INFO] running `Command { std: "docker" "rm" "-f" "f83e2ac4f7d24842b8130fa78cb5913676822b8449ac239e46803eb9d65d85e7", kill_on_drop: false }`
[INFO] [stdout] f83e2ac4f7d24842b8130fa78cb5913676822b8449ac239e46803eb9d65d85e7
[INFO] running `Command { std: "docker" "create" "-v" "/var/lib/crater-agent-workspace/builds/worker-2-tc2/target:/opt/rustwide/target:rw,Z" "-v" "/var/lib/crater-agent-workspace/builds/worker-2-tc2/source:/opt/rustwide/workdir:ro,Z" "-v" "/var/lib/crater-agent-workspace/cargo-home:/opt/rustwide/cargo-home:ro,Z" "-v" "/var/lib/crater-agent-workspace/rustup-home:/opt/rustwide/rustup-home:ro,Z" "-e" "SOURCE_DIR=/opt/rustwide/workdir" "-e" "CARGO_TARGET_DIR=/opt/rustwide/target" "-e" "CARGO_INCREMENTAL=0" "-e" "RUST_BACKTRACE=full" "-e" "RUSTFLAGS=--cap-lints=warn" "-e" "RUSTDOCFLAGS=--cap-lints=warn" "-e" "CARGO_HOME=/opt/rustwide/cargo-home" "-e" "RUSTUP_HOME=/opt/rustwide/rustup-home" "-w" "/opt/rustwide/workdir" "-m" "1610612736" "--user" "0:0" "--network" "none" "ghcr.io/rust-lang/crates-build-env/linux@sha256:2788e3201cd34a07e3172128adcd8b3090168a8e3bcc40d7c032b9dda1df7d1c" "/opt/rustwide/cargo-home/bin/cargo" "+beta-2023-12-22" "test" "--frozen" "--no-run" "--message-format=json", kill_on_drop: false }`
[INFO] [stdout] 8ace45d48cee7f42cec3a626e20bd6e1ba117f2e1127c6dc4a59c7e142fdb69f
[INFO] running `Command { std: "docker" "start" "-a" "8ace45d48cee7f42cec3a626e20bd6e1ba117f2e1127c6dc4a59c7e142fdb69f", kill_on_drop: false }`
[INFO] [stderr]    Compiling cfg-if v1.0.0
[INFO] [stderr]    Compiling libc v0.2.151
[INFO] [stderr]    Compiling proc-macro2 v1.0.75
[INFO] [stderr]    Compiling serde v1.0.194
[INFO] [stderr]    Compiling once_cell v1.19.0
[INFO] [stderr]    Compiling unicode-ident v1.0.12
[INFO] [stderr]    Compiling version_check v0.9.4
[INFO] [stderr]    Compiling zerocopy v0.7.32
[INFO] [stderr]    Compiling pin-project-lite v0.2.13
[INFO] [stderr]    Compiling allocator-api2 v0.2.16
[INFO] [stderr]    Compiling crossbeam-utils v0.8.18
[INFO] [stderr]    Compiling equivalent v1.0.1
[INFO] [stderr]    Compiling parking v2.2.0
[INFO] [stderr]    Compiling winnow v0.5.32
[INFO] [stderr]    Compiling autocfg v1.1.0
[INFO] [stderr]    Compiling toml_datetime v0.6.5
[INFO] [stderr]    Compiling futures-core v0.3.30
[INFO] [stderr]    Compiling rustc-hash v1.1.0
[INFO] [stderr]    Compiling thiserror v1.0.56
[INFO] [stderr]    Compiling fixedbitset v0.4.2
[INFO] [stderr]    Compiling futures-lite v2.1.0
[INFO] [stderr]    Compiling tracing-core v0.1.32
[INFO] [stderr]    Compiling instant v0.1.12
[INFO] [stderr]    Compiling event-listener v2.5.3
[INFO] [stderr]    Compiling memchr v2.7.1
[INFO] [stderr]    Compiling async-task v4.7.0
[INFO] [stderr]    Compiling waker-fn v1.1.1
[INFO] [stderr]    Compiling ahash v0.8.7
[INFO] [stderr]    Compiling fastrand v2.0.1
[INFO] [stderr]    Compiling fastrand v1.9.0
[INFO] [stderr]    Compiling slab v0.4.9
[INFO] [stderr]    Compiling futures-io v0.3.30
[INFO] [stderr]    Compiling nonmax v0.5.5
[INFO] [stderr]    Compiling downcast-rs v1.2.0
[INFO] [stderr]    Compiling quote v1.0.35
[INFO] [stderr]    Compiling tracing v0.1.40
[INFO] [stderr]    Compiling bevy_ptr v0.12.1
[INFO] [stderr]    Compiling bytemuck v1.14.0
[INFO] [stderr]    Compiling thread_local v1.1.7
[INFO] [stderr]    Compiling syn v2.0.48
[INFO] [stderr]    Compiling concurrent-queue v2.4.0
[INFO] [stderr]    Compiling glam v0.24.2
[INFO] [stderr]    Compiling event-listener v4.0.2
[INFO] [stderr]    Compiling async-channel v1.9.0
[INFO] [stderr]    Compiling futures-lite v1.13.0
[INFO] [stderr]    Compiling event-listener-strategy v0.4.0
[INFO] [stderr]    Compiling async-lock v3.2.0
[INFO] [stderr]    Compiling getrandom v0.2.11
[INFO] [stderr]    Compiling async-executor v1.8.0
[INFO] [stderr]    Compiling bevy_tasks v0.12.1
[INFO] [stderr]    Compiling hashbrown v0.14.3
[INFO] [stderr]    Compiling uuid v1.6.1
[INFO] [stderr]    Compiling erased-serde v0.3.31
[INFO] [stderr]    Compiling bevy_math v0.12.1
[INFO] [stderr]    Compiling thiserror-impl v1.0.56
[INFO] [stderr]    Compiling bevy_utils_proc_macros v0.12.1
[INFO] [stderr]    Compiling bevy-inspector-egui-derive v0.21.0 (/opt/rustwide/workdir)
[INFO] [stderr]    Compiling indexmap v2.1.0
[INFO] [stderr]    Compiling toml_edit v0.20.7
[INFO] [stderr]    Compiling petgraph v0.6.4
[INFO] [stderr]    Compiling bevy_macro_utils v0.12.1
[INFO] [stderr]    Compiling bevy_utils v0.12.1
[INFO] [stderr]    Compiling bevy_reflect_derive v0.12.1
[INFO] [stderr]    Compiling bevy_ecs_macros v0.12.1
[INFO] [stderr]    Compiling bevy_ecs v0.12.1
[INFO] [stderr]    Compiling bevy_reflect v0.12.1
[INFO] [stdout] error[E0433]: failed to resolve: use of undeclared crate or module `bevy_inspector_egui`
[INFO] [stdout]  --> tests/reflect_ignore.rs:1:5
[INFO] [stdout]   |
[INFO] [stdout] 1 | use bevy_inspector_egui::{
[INFO] [stdout]   |     ^^^^^^^^^^^^^^^^^^^ use of undeclared crate or module `bevy_inspector_egui`
[INFO] [stdout] 
[INFO] [stdout] 
[INFO] [stdout] error[E0433]: failed to resolve: use of undeclared crate or module `bevy_inspector_egui`
[INFO] [stdout]  --> tests/generic_options.rs:3:5
[INFO] [stdout]   |
[INFO] [stdout] 3 | use bevy_inspector_egui::{
[INFO] [stdout]   |     ^^^^^^^^^^^^^^^^^^^ use of undeclared crate or module `bevy_inspector_egui`
[INFO] [stdout] 
[INFO] [stdout] 
[INFO] [stdout] error[E0433]: failed to resolve: use of undeclared crate or module `bevy_inspector_egui`
[INFO] [stdout]  --> tests/inspector_options.rs:2:5
[INFO] [stdout]   |
[INFO] [stdout] 2 | use bevy_inspector_egui::{
[INFO] [stdout]   |     ^^^^^^^^^^^^^^^^^^^ use of undeclared crate or module `bevy_inspector_egui`
[INFO] [stdout] 
[INFO] [stdout] 
[INFO] [stdout] error[E0432]: unresolved import `bevy_inspector_egui`
[INFO] [stdout]  --> tests/inspector_options.rs:2:5
[INFO] [stdout]   |
[INFO] [stdout] 2 | use bevy_inspector_egui::{
[INFO] [stdout]   |     ^^^^^^^^^^^^^^^^^^^ use of undeclared crate or module `bevy_inspector_egui`
[INFO] [stdout] 
[INFO] [stdout] 
[INFO] [stdout] error[E0432]: unresolved import `bevy_inspector_egui`
[INFO] [stdout]  --> tests/reflect_ignore.rs:1:5
[INFO] [stdout]   |
[INFO] [stdout] 1 | use bevy_inspector_egui::{
[INFO] [stdout]   |     ^^^^^^^^^^^^^^^^^^^ use of undeclared crate or module `bevy_inspector_egui`
[INFO] [stdout] 
[INFO] [stdout] 
[INFO] [stdout] error[E0432]: unresolved import `bevy_inspector_egui`
[INFO] [stdout]  --> tests/generic_options.rs:3:5
[INFO] [stdout]   |
[INFO] [stdout] 3 | use bevy_inspector_egui::{
[INFO] [stdout]   |     ^^^^^^^^^^^^^^^^^^^ use of undeclared crate or module `bevy_inspector_egui`
[INFO] [stdout] 
[INFO] [stdout] 
[INFO] [stdout] error: cannot determine resolution for the derive macro `InspectorOptions`
[INFO] [stdout]   --> tests/inspector_options.rs:14:23
[INFO] [stdout]    |
[INFO] [stdout] 14 |     #[derive(Reflect, InspectorOptions)]
[INFO] [stdout]    |                       ^^^^^^^^^^^^^^^^
[INFO] [stdout]    |
[INFO] [stdout]    = note: import resolution is stuck, try simplifying macro imports
[INFO] [stdout] 
[INFO] [stdout] 
[INFO] [stdout] error: cannot determine resolution for the derive macro `InspectorOptions`
[INFO] [stdout]  --> tests/reflect_ignore.rs:9:23
[INFO] [stdout]   |
[INFO] [stdout] 9 |     #[derive(Reflect, InspectorOptions)]
[INFO] [stdout]   |                       ^^^^^^^^^^^^^^^^
[INFO] [stdout]   |
[INFO] [stdout]   = note: import resolution is stuck, try simplifying macro imports
[INFO] [stdout] 
[INFO] [stdout] 
[INFO] [stdout] error: cannot determine resolution for the derive macro `InspectorOptions`
[INFO] [stdout]   --> tests/generic_options.rs:11:23
[INFO] [stdout]    |
[INFO] [stdout] 11 |     #[derive(Reflect, InspectorOptions)]
[INFO] [stdout]    |                       ^^^^^^^^^^^^^^^^
[INFO] [stdout]    |
[INFO] [stdout]    = note: import resolution is stuck, try simplifying macro imports
[INFO] [stdout] 
[INFO] [stdout] 
[INFO] [stdout] error: cannot find attribute `inspector` in this scope
[INFO] [stdout]   --> tests/reflect_ignore.rs:13:11
[INFO] [stdout]    |
[INFO] [stdout] 13 |         #[inspector(min = 2.0, max = 3.0)]
[INFO] [stdout]    |           ^^^^^^^^^
[INFO] [stdout] 
[INFO] [stdout] 
[INFO] [stdout] error: cannot determine resolution for the derive macro `InspectorOptions`
[INFO] [stdout]   --> tests/reflect_ignore.rs:30:23
[INFO] [stdout]    |
[INFO] [stdout] 30 |     #[derive(Reflect, InspectorOptions)]
[INFO] [stdout]    |                       ^^^^^^^^^^^^^^^^
[INFO] [stdout]    |
[INFO] [stdout]    = note: import resolution is stuck, try simplifying macro imports
[INFO] [stdout] 
[INFO] [stdout] 
[INFO] [stdout] error: cannot find attribute `inspector` in this scope
[INFO] [stdout]   --> tests/inspector_options.rs:16:11
[INFO] [stdout]    |
[INFO] [stdout] 16 |         #[inspector(display = QuatDisplay::Euler)]
[INFO] [stdout]    |           ^^^^^^^^^
[INFO] [stdout] 
[INFO] [stdout] 
[INFO] [stdout] error: cannot find attribute `inspector` in this scope
[INFO] [stdout]   --> tests/reflect_ignore.rs:35:15
[INFO] [stdout]    |
[INFO] [stdout] 35 |             #[inspector(min = 0.0)]
[INFO] [stdout]    |               ^^^^^^^^^
[INFO] [stdout] 
[INFO] [stdout] 
[INFO] [stdout] error: cannot find attribute `inspector` in this scope
[INFO] [stdout]   --> tests/inspector_options.rs:19:11
[INFO] [stdout]    |
[INFO] [stdout] 19 |         #[inspector(min = 0.0)]
[INFO] [stdout]    |           ^^^^^^^^^
[INFO] [stdout] 
[INFO] [stdout] 
[INFO] [stdout] error: cannot find attribute `inspector` in this scope
[INFO] [stdout]   --> tests/generic_options.rs:15:11
[INFO] [stdout]    |
[INFO] [stdout] 15 |         #[inspector(min = 0.0)]
[INFO] [stdout]    |           ^^^^^^^^^
[INFO] [stdout] 
[INFO] [stdout] 
[INFO] [stdout] error: cannot determine resolution for the derive macro `InspectorOptions`
[INFO] [stdout]   --> tests/generic_options.rs:31:23
[INFO] [stdout]    |
[INFO] [stdout] 31 |     #[derive(Reflect, InspectorOptions)]
[INFO] [stdout]    |                       ^^^^^^^^^^^^^^^^
[INFO] [stdout]    |
[INFO] [stdout]    = note: import resolution is stuck, try simplifying macro imports
[INFO] [stdout] 
[INFO] [stdout] 
[INFO] [stdout] error: cannot find attribute `inspector` in this scope
[INFO] [stdout]   --> tests/inspector_options.rs:22:11
[INFO] [stdout]    |
[INFO] [stdout] 22 |         #[inspector(display = EntityDisplay::Id)]
[INFO] [stdout]    |           ^^^^^^^^^
[INFO] [stdout] 
[INFO] [stdout] 
[INFO] [stdout] error: cannot find attribute `inspector` in this scope
[INFO] [stdout]   --> tests/generic_options.rs:36:11
[INFO] [stdout]    |
[INFO] [stdout] 36 |         #[inspector(min = 0.0)]
[INFO] [stdout]    |           ^^^^^^^^^
[INFO] [stdout] 
[INFO] [stdout] 
[INFO] [stdout] error[E0277]: the trait bound `Quat: TypePath` is not satisfied
[INFO] [stdout]   --> tests/inspector_options.rs:14:14
[INFO] [stdout]    |
[INFO] [stdout] 14 |     #[derive(Reflect, InspectorOptions)]
[INFO] [stdout]    |              ^^^^^^^ the trait `TypePath` is not implemented for `Quat`
[INFO] [stdout]    |
[INFO] [stdout]    = help: the following other types implement trait `TypePath`:
[INFO] [stdout]              bool
[INFO] [stdout]              char
[INFO] [stdout]              isize
[INFO] [stdout]              i8
[INFO] [stdout]              i16
[INFO] [stdout]              i32
[INFO] [stdout]              i64
[INFO] [stdout]              i128
[INFO] [stdout]            and 71 others
[INFO] [stdout]    = help: see issue #48214
[INFO] [stdout]    = note: this error originates in the derive macro `Reflect` (in Nightly builds, run with -Z macro-backtrace for more info)
[INFO] [stdout] 
[INFO] [stdout] 
[INFO] [stdout] error[E0277]: the trait bound `Quat: FromReflect` is not satisfied
[INFO] [stdout]   --> tests/inspector_options.rs:14:14
[INFO] [stdout]    |
[INFO] [stdout] 14 |     #[derive(Reflect, InspectorOptions)]
[INFO] [stdout]    |              ^^^^^^^ the trait `FromReflect` is not implemented for `Quat`
[INFO] [stdout]    |
[INFO] [stdout]    = help: the following other types implement trait `FromReflect`:
[INFO] [stdout]              bool
[INFO] [stdout]              char
[INFO] [stdout]              isize
[INFO] [stdout]              i8
[INFO] [stdout]              i16
[INFO] [stdout]              i32
[INFO] [stdout]              i64
[INFO] [stdout]              i128
[INFO] [stdout]            and 59 others
[INFO] [stdout]    = help: see issue #48214
[INFO] [stdout]    = note: this error originates in the derive macro `Reflect` (in Nightly builds, run with -Z macro-backtrace for more info)
[INFO] [stdout] 
[INFO] [stdout] 
[INFO] [stdout] error[E0277]: the trait bound `Entity: TypePath` is not satisfied
[INFO] [stdout]   --> tests/inspector_options.rs:14:14
[INFO] [stdout]    |
[INFO] [stdout] 14 |     #[derive(Reflect, InspectorOptions)]
[INFO] [stdout]    |              ^^^^^^^ the trait `TypePath` is not implemented for `Entity`
[INFO] [stdout]    |
[INFO] [stdout]    = help: the following other types implement trait `TypePath`:
[INFO] [stdout]              bool
[INFO] [stdout]              char
[INFO] [stdout]              isize
[INFO] [stdout]              i8
[INFO] [stdout]              i16
[INFO] [stdout]              i32
[INFO] [stdout]              i64
[INFO] [stdout]              i128
[INFO] [stdout]            and 71 others
[INFO] [stdout]    = note: required for `Vec<Entity>` to implement `TypePath`
[INFO] [stdout]    = help: see issue #48214
[INFO] [stdout]    = note: this error originates in the derive macro `Reflect` (in Nightly builds, run with -Z macro-backtrace for more info)
[INFO] [stdout] 
[INFO] [stdout] 
[INFO] [stdout] error[E0277]: the trait bound `Entity: FromReflect` is not satisfied
[INFO] [stdout]   --> tests/inspector_options.rs:14:14
[INFO] [stdout]    |
[INFO] [stdout] 14 |     #[derive(Reflect, InspectorOptions)]
[INFO] [stdout]    |              ^^^^^^^ the trait `FromReflect` is not implemented for `Entity`
[INFO] [stdout]    |
[INFO] [stdout]    = help: the following other types implement trait `FromReflect`:
[INFO] [stdout]              bool
[INFO] [stdout]              char
[INFO] [stdout]              isize
[INFO] [stdout]              i8
[INFO] [stdout]              i16
[INFO] [stdout]              i32
[INFO] [stdout]              i64
[INFO] [stdout]              i128
[INFO] [stdout]            and 59 others
[INFO] [stdout]    = note: required for `Vec<Entity>` to implement `FromReflect`
[INFO] [stdout]    = help: see issue #48214
[INFO] [stdout]    = note: this error originates in the derive macro `Reflect` (in Nightly builds, run with -Z macro-backtrace for more info)
[INFO] [stdout] 
[INFO] [stdout] 
[INFO] [stdout] error: aborting due to 6 previous errors
[INFO] [stdout] 
[INFO] [stdout] 
[INFO] [stdout] Some errors have detailed explanations: E0432, E0433.
[INFO] [stdout] 
[INFO] [stdout] For more information about an error, try `rustc --explain E0432`.
[INFO] [stdout] 
[INFO] [stdout] error: aborting due to 6 previous errors
[INFO] [stdout] 
[INFO] [stdout] 
[INFO] [stdout] Some errors have detailed explanations: E0432, E0433.
[INFO] [stdout] 
[INFO] [stdout] For more information about an error, try `rustc --explain E0432`.
[INFO] [stdout] 
[INFO] [stderr] error: could not compile `bevy-inspector-egui-derive` (test "generic_options") due to 7 previous errors
[INFO] [stderr] warning: build failed, waiting for other jobs to finish...
[INFO] [stderr] error: could not compile `bevy-inspector-egui-derive` (test "reflect_ignore") due to 7 previous errors
[INFO] [stdout] error: aborting due to 10 previous errors
[INFO] [stdout] 
[INFO] [stdout] 
[INFO] [stdout] Some errors have detailed explanations: E0277, E0432, E0433.
[INFO] [stdout] 
[INFO] [stdout] For more information about an error, try `rustc --explain E0277`.
[INFO] [stdout] 
[INFO] [stderr] error: could not compile `bevy-inspector-egui-derive` (test "inspector_options") due to 11 previous errors
[INFO] running `Command { std: "docker" "inspect" "8ace45d48cee7f42cec3a626e20bd6e1ba117f2e1127c6dc4a59c7e142fdb69f", kill_on_drop: false }`
[INFO] running `Command { std: "docker" "rm" "-f" "8ace45d48cee7f42cec3a626e20bd6e1ba117f2e1127c6dc4a59c7e142fdb69f", kill_on_drop: false }`
[INFO] [stdout] 8ace45d48cee7f42cec3a626e20bd6e1ba117f2e1127c6dc4a59c7e142fdb69f
