[INFO] fetching crate bevy-fpscam 0.7.0...
[INFO] testing bevy-fpscam-0.7.0 against 1.75.0 for beta-1.76-1
[INFO] extracting crate bevy-fpscam 0.7.0 into /workspace/builds/worker-7-tc1/source
[INFO] validating manifest of crates.io crate bevy-fpscam 0.7.0 on toolchain 1.75.0
[INFO] running `Command { std: CARGO_HOME="/workspace/cargo-home" RUSTUP_HOME="/workspace/rustup-home" "/workspace/cargo-home/bin/cargo" "+1.75.0" "metadata" "--manifest-path" "Cargo.toml" "--no-deps", kill_on_drop: false }`
[INFO] started tweaking crates.io crate bevy-fpscam 0.7.0
[INFO] finished tweaking crates.io crate bevy-fpscam 0.7.0
[INFO] tweaked toml for crates.io crate bevy-fpscam 0.7.0 written to /workspace/builds/worker-7-tc1/source/Cargo.toml
[INFO] running `Command { std: CARGO_HOME="/workspace/cargo-home" RUSTUP_HOME="/workspace/rustup-home" "/workspace/cargo-home/bin/cargo" "+1.75.0" "generate-lockfile" "--manifest-path" "Cargo.toml", kill_on_drop: false }`
[INFO] [stderr]     Updating crates.io index
[INFO] running `Command { std: CARGO_HOME="/workspace/cargo-home" RUSTUP_HOME="/workspace/rustup-home" "/workspace/cargo-home/bin/cargo" "+1.75.0" "fetch" "--manifest-path" "Cargo.toml", kill_on_drop: false }`
[INFO] [stderr]  Downloading crates ...
[INFO] [stderr]   Downloaded ndk v0.5.0
[INFO] [stderr]   Downloaded bevy_derive v0.7.0
[INFO] [stderr]   Downloaded bevy_macro_utils v0.7.0
[INFO] [stderr]   Downloaded android_logger v0.10.1
[INFO] [stderr]   Downloaded bevy_log v0.7.0
[INFO] [stderr]   Downloaded ndk-glue v0.5.2
[INFO] [stderr]   Downloaded android_log-sys v0.2.0
[INFO] [stderr]   Downloaded bevy_ecs v0.7.0
[INFO] [stderr]   Downloaded bevy_window v0.7.0
[INFO] [stderr]   Downloaded tracing-log v0.1.4
[INFO] [stderr]   Downloaded bevy_reflect v0.7.0
[INFO] [stderr]   Downloaded gpu-descriptor-types v0.1.2
[INFO] [stderr]   Downloaded inplace_it v0.3.5
[INFO] [stderr]   Downloaded bevy_crevice v0.7.0
[INFO] [stderr]   Downloaded bevy-crevice-derive v0.7.0
[INFO] [stderr]   Downloaded bevy_utils v0.7.0
[INFO] [stderr]   Downloaded ndk-context v0.1.1
[INFO] [stderr]   Downloaded hexasphere v7.2.1
[INFO] [stderr]   Downloaded wgpu-types v0.12.0
[INFO] [stderr]   Downloaded bevy_input v0.7.0
[INFO] [stderr]   Downloaded raw-window-handle v0.4.3
[INFO] [stderr]   Downloaded ron v0.7.1
[INFO] [stderr]   Downloaded glam v0.20.5
[INFO] [stderr]   Downloaded naga v0.8.5
[INFO] [stderr]   Downloaded metal v0.23.1
[INFO] [stderr]   Downloaded web-sys v0.3.57
[INFO] [stderr]   Downloaded glow v0.11.2
[INFO] [stderr]   Downloaded wgpu-core v0.12.2
[INFO] [stderr]   Downloaded bevy v0.7.0
[INFO] [stderr]   Downloaded glam v0.21.3
[INFO] [stderr]   Downloaded ndk-sys v0.2.2
[INFO] [stderr]   Downloaded wgpu v0.12.0
[INFO] [stderr]   Downloaded wgpu-hal v0.12.5
[INFO] [stderr]   Downloaded ash v0.34.0+1.2.203
[INFO] [stderr]   Downloaded slotmap v1.0.7
[INFO] [stderr]   Downloaded bevy_pbr v0.7.0
[INFO] [stderr]   Downloaded cargo-manifest v0.2.9
[INFO] [stderr]   Downloaded objc v0.2.7
[INFO] [stderr]   Downloaded erased-serde v0.3.31
[INFO] [stderr]   Downloaded gpu-alloc v0.5.4
[INFO] [stderr]   Downloaded jni-sys v0.3.0
[INFO] [stderr]   Downloaded bytemuck_derive v1.5.0
[INFO] [stderr]   Downloaded spirv v0.2.0+1.5.4
[INFO] [stderr]   Downloaded bevy_core_pipeline v0.7.0
[INFO] [stderr]   Downloaded block v0.1.6
[INFO] [stderr]   Downloaded bevy_internal v0.7.0
[INFO] [stderr]   Downloaded bevy_asset v0.7.0
[INFO] [stderr]   Downloaded core-graphics-types v0.1.3
[INFO] [stderr]   Downloaded renderdoc-sys v0.7.1
[INFO] [stderr]   Downloaded ndk-macro v0.3.0
[INFO] [stderr]   Downloaded gpu-alloc-types v0.2.0
[INFO] [stderr]   Downloaded cty v0.2.2
[INFO] [stderr]   Downloaded hexf-parse v0.2.1
[INFO] [stderr]   Downloaded malloc_buf v0.0.6
[INFO] [stderr]   Downloaded bevy_ecs_macros v0.7.0
[INFO] [stderr]   Downloaded bevy_render v0.7.0
[INFO] [stderr]   Downloaded bevy_reflect_derive v0.7.0
[INFO] [stderr]   Downloaded bevy_core v0.7.0
[INFO] [stderr]   Downloaded pp-rs v0.2.1
[INFO] [stderr]   Downloaded khronos-egl v4.1.0
[INFO] [stderr]   Downloaded range-alloc v0.1.3
[INFO] [stderr]   Downloaded downcast-rs v1.2.0
[INFO] [stderr]   Downloaded bevy_app v0.7.0
[INFO] [stderr]   Downloaded bevy_tasks v0.7.0
[INFO] [stderr]   Downloaded profiling v1.0.13
[INFO] [stderr]   Downloaded gpu-descriptor v0.2.4
[INFO] [stderr]   Downloaded d3d12 v0.4.1
[INFO] [stderr]   Downloaded tracing-wasm v0.2.1
[INFO] [stderr]   Downloaded bevy_scene v0.7.0
[INFO] [stderr]   Downloaded bevy_hierarchy v0.7.0
[INFO] [stderr]   Downloaded bevy_transform v0.7.0
[INFO] [stderr]   Downloaded objc_exception v0.1.2
[INFO] [stderr]   Downloaded bevy_diagnostic v0.7.0
[INFO] [stderr]   Downloaded bevy_math v0.7.0
[INFO] running `Command { std: "docker" "create" "-v" "/var/lib/crater-agent-workspace/builds/worker-7-tc1/target:/opt/rustwide/target:rw,Z" "-v" "/var/lib/crater-agent-workspace/builds/worker-7-tc1/source:/opt/rustwide/workdir:ro,Z" "-v" "/var/lib/crater-agent-workspace/cargo-home:/opt/rustwide/cargo-home:ro,Z" "-v" "/var/lib/crater-agent-workspace/rustup-home:/opt/rustwide/rustup-home:ro,Z" "-e" "SOURCE_DIR=/opt/rustwide/workdir" "-e" "CARGO_TARGET_DIR=/opt/rustwide/target" "-e" "CARGO_HOME=/opt/rustwide/cargo-home" "-e" "RUSTUP_HOME=/opt/rustwide/rustup-home" "-w" "/opt/rustwide/workdir" "-m" "1610612736" "--user" "0:0" "--network" "none" "ghcr.io/rust-lang/crates-build-env/linux@sha256:2788e3201cd34a07e3172128adcd8b3090168a8e3bcc40d7c032b9dda1df7d1c" "/opt/rustwide/cargo-home/bin/cargo" "+1.75.0" "metadata" "--no-deps" "--format-version=1", kill_on_drop: false }`
[INFO] [stdout] 8364aea6a57ad87ed66578b9bf33d4a40d7ede9927ba686c4910680c0d27491d
[INFO] running `Command { std: "docker" "start" "-a" "8364aea6a57ad87ed66578b9bf33d4a40d7ede9927ba686c4910680c0d27491d", kill_on_drop: false }`
[INFO] running `Command { std: "docker" "inspect" "8364aea6a57ad87ed66578b9bf33d4a40d7ede9927ba686c4910680c0d27491d", kill_on_drop: false }`
[INFO] running `Command { std: "docker" "rm" "-f" "8364aea6a57ad87ed66578b9bf33d4a40d7ede9927ba686c4910680c0d27491d", kill_on_drop: false }`
[INFO] [stdout] 8364aea6a57ad87ed66578b9bf33d4a40d7ede9927ba686c4910680c0d27491d
[INFO] running `Command { std: "docker" "create" "-v" "/var/lib/crater-agent-workspace/builds/worker-7-tc1/target:/opt/rustwide/target:rw,Z" "-v" "/var/lib/crater-agent-workspace/builds/worker-7-tc1/source:/opt/rustwide/workdir:ro,Z" "-v" "/var/lib/crater-agent-workspace/cargo-home:/opt/rustwide/cargo-home:ro,Z" "-v" "/var/lib/crater-agent-workspace/rustup-home:/opt/rustwide/rustup-home:ro,Z" "-e" "SOURCE_DIR=/opt/rustwide/workdir" "-e" "CARGO_TARGET_DIR=/opt/rustwide/target" "-e" "CARGO_INCREMENTAL=0" "-e" "RUST_BACKTRACE=full" "-e" "RUSTFLAGS=--cap-lints=warn" "-e" "RUSTDOCFLAGS=--cap-lints=warn" "-e" "CARGO_HOME=/opt/rustwide/cargo-home" "-e" "RUSTUP_HOME=/opt/rustwide/rustup-home" "-w" "/opt/rustwide/workdir" "-m" "1610612736" "--user" "0:0" "--network" "none" "ghcr.io/rust-lang/crates-build-env/linux@sha256:2788e3201cd34a07e3172128adcd8b3090168a8e3bcc40d7c032b9dda1df7d1c" "/opt/rustwide/cargo-home/bin/cargo" "+1.75.0" "build" "--frozen" "--message-format=json", kill_on_drop: false }`
[INFO] [stdout] 5b44b9823b0f60a9c13301dfe96ca2e728fbed01240283638d789edecdba44a5
[INFO] running `Command { std: "docker" "start" "-a" "5b44b9823b0f60a9c13301dfe96ca2e728fbed01240283638d789edecdba44a5", kill_on_drop: false }`
[INFO] [stderr]    Compiling indexmap v1.9.3
[INFO] [stderr]    Compiling hashbrown v0.12.3
[INFO] [stderr]    Compiling serde v1.0.194
[INFO] [stderr]    Compiling syn v1.0.109
[INFO] [stderr]    Compiling crossbeam-utils v0.8.18
[INFO] [stderr]    Compiling instant v0.1.12
[INFO] [stderr]    Compiling lock_api v0.4.11
[INFO] [stderr]    Compiling parking_lot_core v0.8.6
[INFO] [stderr]    Compiling thiserror v1.0.56
[INFO] [stderr]    Compiling tracing-core v0.1.32
[INFO] [stderr]    Compiling scopeguard v1.2.0
[INFO] [stderr]    Compiling ahash v0.7.7
[INFO] [stderr]    Compiling libc v0.2.151
[INFO] [stderr]    Compiling getrandom v0.2.11
[INFO] [stderr]    Compiling syn v2.0.48
[INFO] [stderr]    Compiling parking v2.2.0
[INFO] [stderr]    Compiling byteorder v1.5.0
[INFO] [stderr]    Compiling fixedbitset v0.4.2
[INFO] [stderr]    Compiling bytemuck v1.14.0
[INFO] [stderr]    Compiling mint v0.5.9
[INFO] [stderr]    Compiling futures-lite v2.1.0
[INFO] [stderr]    Compiling fxhash v0.2.1
[INFO] [stderr]    Compiling async-task v4.7.0
[INFO] [stderr]    Compiling event-listener v2.5.3
[INFO] [stderr]    Compiling waker-fn v1.1.1
[INFO] [stderr]    Compiling downcast-rs v1.2.0
[INFO] [stderr]    Compiling fastrand v2.0.1
[INFO] [stderr]    Compiling fastrand v1.9.0
[INFO] [stderr]    Compiling futures-io v0.3.30
[INFO] [stderr]    Compiling num-traits v0.2.17
[INFO] [stderr]    Compiling ahash v0.8.7
[INFO] [stderr]    Compiling bitflags v1.3.2
[INFO] [stderr]    Compiling zerocopy v0.7.32
[INFO] [stderr]    Compiling futures-lite v1.13.0
[INFO] [stderr]    Compiling allocator-api2 v0.2.16
[INFO] [stderr]    Compiling regex-syntax v0.6.29
[INFO] [stderr]    Compiling overload v0.1.1
[INFO] [stderr]    Compiling concurrent-queue v2.4.0
[INFO] [stderr]    Compiling lazy_static v1.4.0
[INFO] [stderr]    Compiling equivalent v1.0.1
[INFO] [stderr]    Compiling sharded-slab v0.1.7
[INFO] [stderr]    Compiling nu-ansi-term v0.46.0
[INFO] [stderr]    Compiling tracing-log v0.2.0
[INFO] [stderr]    Compiling event-listener v4.0.2
[INFO] [stderr]    Compiling async-channel v1.9.0
[INFO] [stderr]    Compiling thread_local v1.1.7
[INFO] [stderr]    Compiling libloading v0.7.4
[INFO] [stderr]    Compiling num-integer v0.1.45
[INFO] [stderr]    Compiling khronos-egl v4.1.0
[INFO] [stderr]    Compiling unicode-xid v0.2.4
[INFO] [stderr]    Compiling event-listener-strategy v0.4.0
[INFO] [stderr]    Compiling hashbrown v0.14.3
[INFO] [stderr]    Compiling bitflags v2.4.1
[INFO] [stderr]    Compiling cty v0.2.2
[INFO] [stderr]    Compiling async-lock v3.2.0
[INFO] [stderr]    Compiling unicode-width v0.1.11
[INFO] [stderr]    Compiling bit-vec v0.6.3
[INFO] [stderr]    Compiling ash v0.34.0+1.2.203
[INFO] [stderr]    Compiling raw-window-handle v0.4.3
[INFO] [stderr]    Compiling codespan-reporting v0.11.1
[INFO] [stderr]    Compiling gpu-descriptor-types v0.1.2
[INFO] [stderr]    Compiling pp-rs v0.2.1
[INFO] [stderr]    Compiling gpu-alloc-types v0.2.0
[INFO] [stderr]    Compiling tracing-log v0.1.4
[INFO] [stderr]    Compiling bit-set v0.5.3
[INFO] [stderr]    Compiling rand_core v0.6.4
[INFO] [stderr]    Compiling cfg_aliases v0.1.1
[INFO] [stderr]    Compiling anyhow v1.0.79
[INFO] [stderr]    Compiling rustc-hash v1.1.0
[INFO] [stderr]    Compiling hexf-parse v0.2.1
[INFO] [stderr]    Compiling wgpu-core v0.12.2
[INFO] [stderr]    Compiling rand_chacha v0.3.1
[INFO] [stderr]    Compiling gpu-alloc v0.5.4
[INFO] [stderr]    Compiling async-executor v1.8.0
[INFO] [stderr]    Compiling indexmap v2.1.0
[INFO] [stderr]    Compiling gpu-descriptor v0.2.4
[INFO] [stderr]    Compiling spirv v0.2.0+1.5.4
[INFO] [stderr]    Compiling wgpu-types v0.12.0
[INFO] [stderr]    Compiling bevy_tasks v0.7.0
[INFO] [stderr]    Compiling num-iter v0.1.43
[INFO] [stderr]    Compiling num-rational v0.3.2
[INFO] [stderr]    Compiling inplace_it v0.3.5
[INFO] [stderr]    Compiling profiling v1.0.13
[INFO] [stderr]    Compiling renderdoc-sys v0.7.1
[INFO] [stderr]    Compiling arrayvec v0.7.4
[INFO] [stderr]    Compiling glow v0.11.2
[INFO] [stderr]    Compiling rand v0.8.5
[INFO] [stderr]    Compiling petgraph v0.6.4
[INFO] [stderr]    Compiling crossbeam-channel v0.5.10
[INFO] [stderr]    Compiling copyless v0.1.5
[INFO] [stderr]    Compiling glam v0.21.3
[INFO] [stderr]    Compiling regex-automata v0.1.10
[INFO] [stderr]    Compiling base64 v0.13.1
[INFO] [stderr]    Compiling color_quant v1.1.0
[INFO] [stderr]    Compiling image v0.23.14
[INFO] [stderr]    Compiling hex v0.4.3
[INFO] [stderr]    Compiling matchers v0.1.0
[INFO] [stderr]    Compiling toml v0.5.11
[INFO] [stderr]    Compiling uuid v0.8.2
[INFO] [stderr]    Compiling serde_derive v1.0.194
[INFO] [stderr]    Compiling thiserror-impl v1.0.56
[INFO] [stderr]    Compiling tracing-attributes v0.1.27
[INFO] [stderr]    Compiling hexasphere v7.2.1
[INFO] [stderr]    Compiling naga v0.8.5
[INFO] [stderr]    Compiling tracing v0.1.40
[INFO] [stderr]    Compiling cargo-manifest v0.2.9
[INFO] [stderr]    Compiling bevy_macro_utils v0.7.0
[INFO] [stderr]    Compiling bevy_derive v0.7.0
[INFO] [stderr]    Compiling bevy_reflect_derive v0.7.0
[INFO] [stderr]    Compiling bevy_ecs_macros v0.7.0
[INFO] [stderr]    Compiling bevy-crevice-derive v0.7.0
[INFO] [stdout] error[E0432]: unresolved import `syn::ItemFn`
[INFO] [stdout]    --> /opt/rustwide/cargo-home/registry/src/index.crates.io-6f17d22bba15001f/bevy_derive-0.7.0/src/bevy_main.rs:3:30
[INFO] [stdout]     |
[INFO] [stdout] 3   | use syn::{parse_macro_input, ItemFn};
[INFO] [stdout]     |                              ^^^^^^ no `ItemFn` in the root
[INFO] [stdout]     |
[INFO] [stdout] note: found an item that was configured out
[INFO] [stdout]    --> /opt/rustwide/cargo-home/registry/src/index.crates.io-6f17d22bba15001f/syn-1.0.109/src/lib.rs:365:32
[INFO] [stdout]     |
[INFO] [stdout] 365 |     ItemEnum, ItemExternCrate, ItemFn, ItemForeignMod, ItemImpl, ItemMacro, ItemMacro2, ItemMod,
[INFO] [stdout]     |                                ^^^^^^
[INFO] [stdout]     = note: the item is gated behind the `full` feature
[INFO] [stdout] 
[INFO] [stdout] 
[INFO] [stderr]    Compiling smallvec v1.11.2
[INFO] [stderr]    Compiling glam v0.20.5
[INFO] [stderr]    Compiling hashbrown v0.11.2
[INFO] [stderr]    Compiling erased-serde v0.3.31
[INFO] [stderr]    Compiling ron v0.7.1
[INFO] [stdout] error: aborting due to previous error
[INFO] [stdout] 
[INFO] [stdout] 
[INFO] [stdout] For more information about this error, try `rustc --explain E0432`.
[INFO] [stdout] 
[INFO] [stderr] error: could not compile `bevy_derive` (lib) due to 2 previous errors
[INFO] [stderr] warning: build failed, waiting for other jobs to finish...
[INFO] [stdout] error[E0432]: unresolved import `syn::ItemTrait`
[INFO] [stdout]    --> /opt/rustwide/cargo-home/registry/src/index.crates.io-6f17d22bba15001f/bevy_reflect_derive-0.7.0/src/reflect_trait.rs:5:62
[INFO] [stdout]     |
[INFO] [stdout] 5   | use syn::{parse::Parse, parse_macro_input, Attribute, Ident, ItemTrait, Token};
[INFO] [stdout]     |                                                              ^^^^^^^^^ no `ItemTrait` in the root
[INFO] [stdout]     |
[INFO] [stdout] note: found an item that was configured out
[INFO] [stdout]    --> /opt/rustwide/cargo-home/registry/src/index.crates.io-6f17d22bba15001f/syn-1.0.109/src/lib.rs:366:29
[INFO] [stdout]     |
[INFO] [stdout] 366 |     ItemStatic, ItemStruct, ItemTrait, ItemTraitAlias, ItemType, ItemUnion, ItemUse, Receiver,
[INFO] [stdout]     |                             ^^^^^^^^^
[INFO] [stdout]     = note: the item is gated behind the `full` feature
[INFO] [stdout] 
[INFO] [stdout] 
[INFO] [stdout] error: aborting due to previous error
[INFO] [stdout] 
[INFO] [stdout] 
[INFO] [stdout] For more information about this error, try `rustc --explain E0432`.
[INFO] [stdout] 
[INFO] [stderr] error: could not compile `bevy_reflect_derive` (lib) due to 2 previous errors
[INFO] running `Command { std: "docker" "inspect" "5b44b9823b0f60a9c13301dfe96ca2e728fbed01240283638d789edecdba44a5", kill_on_drop: false }`
[INFO] running `Command { std: "docker" "rm" "-f" "5b44b9823b0f60a9c13301dfe96ca2e728fbed01240283638d789edecdba44a5", kill_on_drop: false }`
[INFO] [stdout] 5b44b9823b0f60a9c13301dfe96ca2e728fbed01240283638d789edecdba44a5
[INFO] testing bevy-fpscam-0.7.0 against beta-2023-12-22 for beta-1.76-1
[INFO] extracting crate bevy-fpscam 0.7.0 into /workspace/builds/worker-7-tc2/source
[INFO] validating manifest of crates.io crate bevy-fpscam 0.7.0 on toolchain beta-2023-12-22
[INFO] running `Command { std: CARGO_HOME="/workspace/cargo-home" RUSTUP_HOME="/workspace/rustup-home" "/workspace/cargo-home/bin/cargo" "+beta-2023-12-22" "metadata" "--manifest-path" "Cargo.toml" "--no-deps", kill_on_drop: false }`
[INFO] started tweaking crates.io crate bevy-fpscam 0.7.0
[INFO] finished tweaking crates.io crate bevy-fpscam 0.7.0
[INFO] tweaked toml for crates.io crate bevy-fpscam 0.7.0 written to /workspace/builds/worker-7-tc2/source/Cargo.toml
[INFO] running `Command { std: CARGO_HOME="/workspace/cargo-home" RUSTUP_HOME="/workspace/rustup-home" "/workspace/cargo-home/bin/cargo" "+beta-2023-12-22" "generate-lockfile" "--manifest-path" "Cargo.toml", kill_on_drop: false }`
[INFO] [stderr]     Blocking waiting for file lock on package cache
[INFO] [stderr]     Updating crates.io index
[INFO] running `Command { std: CARGO_HOME="/workspace/cargo-home" RUSTUP_HOME="/workspace/rustup-home" "/workspace/cargo-home/bin/cargo" "+beta-2023-12-22" "fetch" "--manifest-path" "Cargo.toml", kill_on_drop: false }`
[INFO] [stderr]     Blocking waiting for file lock on package cache
[INFO] running `Command { std: "docker" "create" "-v" "/var/lib/crater-agent-workspace/builds/worker-7-tc2/target:/opt/rustwide/target:rw,Z" "-v" "/var/lib/crater-agent-workspace/builds/worker-7-tc2/source:/opt/rustwide/workdir:ro,Z" "-v" "/var/lib/crater-agent-workspace/cargo-home:/opt/rustwide/cargo-home:ro,Z" "-v" "/var/lib/crater-agent-workspace/rustup-home:/opt/rustwide/rustup-home:ro,Z" "-e" "SOURCE_DIR=/opt/rustwide/workdir" "-e" "CARGO_TARGET_DIR=/opt/rustwide/target" "-e" "CARGO_HOME=/opt/rustwide/cargo-home" "-e" "RUSTUP_HOME=/opt/rustwide/rustup-home" "-w" "/opt/rustwide/workdir" "-m" "1610612736" "--user" "0:0" "--network" "none" "ghcr.io/rust-lang/crates-build-env/linux@sha256:2788e3201cd34a07e3172128adcd8b3090168a8e3bcc40d7c032b9dda1df7d1c" "/opt/rustwide/cargo-home/bin/cargo" "+beta-2023-12-22" "metadata" "--no-deps" "--format-version=1", kill_on_drop: false }`
[INFO] [stdout] 4db6e71e422bba51414ce3ca5b23639be7b10c5b0a7733c20d6a263df115c973
[INFO] running `Command { std: "docker" "start" "-a" "4db6e71e422bba51414ce3ca5b23639be7b10c5b0a7733c20d6a263df115c973", kill_on_drop: false }`
[INFO] running `Command { std: "docker" "inspect" "4db6e71e422bba51414ce3ca5b23639be7b10c5b0a7733c20d6a263df115c973", kill_on_drop: false }`
[INFO] running `Command { std: "docker" "rm" "-f" "4db6e71e422bba51414ce3ca5b23639be7b10c5b0a7733c20d6a263df115c973", kill_on_drop: false }`
[INFO] [stdout] 4db6e71e422bba51414ce3ca5b23639be7b10c5b0a7733c20d6a263df115c973
[INFO] running `Command { std: "docker" "create" "-v" "/var/lib/crater-agent-workspace/builds/worker-7-tc2/target:/opt/rustwide/target:rw,Z" "-v" "/var/lib/crater-agent-workspace/builds/worker-7-tc2/source:/opt/rustwide/workdir:ro,Z" "-v" "/var/lib/crater-agent-workspace/cargo-home:/opt/rustwide/cargo-home:ro,Z" "-v" "/var/lib/crater-agent-workspace/rustup-home:/opt/rustwide/rustup-home:ro,Z" "-e" "SOURCE_DIR=/opt/rustwide/workdir" "-e" "CARGO_TARGET_DIR=/opt/rustwide/target" "-e" "CARGO_INCREMENTAL=0" "-e" "RUST_BACKTRACE=full" "-e" "RUSTFLAGS=--cap-lints=warn" "-e" "RUSTDOCFLAGS=--cap-lints=warn" "-e" "CARGO_HOME=/opt/rustwide/cargo-home" "-e" "RUSTUP_HOME=/opt/rustwide/rustup-home" "-w" "/opt/rustwide/workdir" "-m" "1610612736" "--user" "0:0" "--network" "none" "ghcr.io/rust-lang/crates-build-env/linux@sha256:2788e3201cd34a07e3172128adcd8b3090168a8e3bcc40d7c032b9dda1df7d1c" "/opt/rustwide/cargo-home/bin/cargo" "+beta-2023-12-22" "build" "--frozen" "--message-format=json", kill_on_drop: false }`
[INFO] [stdout] 8986f023007292fe5049d475193befdf513e8ff688a3899a46fda0ae7c417314
[INFO] running `Command { std: "docker" "start" "-a" "8986f023007292fe5049d475193befdf513e8ff688a3899a46fda0ae7c417314", kill_on_drop: false }`
[INFO] [stderr]    Compiling indexmap v1.9.3
[INFO] [stderr]    Compiling hashbrown v0.12.3
[INFO] [stderr]    Compiling serde v1.0.194
[INFO] [stderr]    Compiling syn v1.0.109
[INFO] [stderr]    Compiling crossbeam-utils v0.8.18
[INFO] [stderr]    Compiling lock_api v0.4.11
[INFO] [stderr]    Compiling parking_lot_core v0.8.6
[INFO] [stderr]    Compiling thiserror v1.0.56
[INFO] [stderr]    Compiling instant v0.1.12
[INFO] [stderr]    Compiling tracing-core v0.1.32
[INFO] [stderr]    Compiling scopeguard v1.2.0
[INFO] [stderr]    Compiling ahash v0.7.7
[INFO] [stderr]    Compiling libc v0.2.151
[INFO] [stderr]    Compiling getrandom v0.2.11
[INFO] [stderr]    Compiling syn v2.0.48
[INFO] [stderr]    Compiling parking v2.2.0
[INFO] [stderr]    Compiling bytemuck v1.14.0
[INFO] [stderr]    Compiling fixedbitset v0.4.2
[INFO] [stderr]    Compiling byteorder v1.5.0
[INFO] [stderr]    Compiling mint v0.5.9
[INFO] [stderr]    Compiling futures-lite v2.1.0
[INFO] [stderr]    Compiling event-listener v2.5.3
[INFO] [stderr]    Compiling fastrand v2.0.1
[INFO] [stderr]    Compiling async-task v4.7.0
[INFO] [stderr]    Compiling waker-fn v1.1.1
[INFO] [stderr]    Compiling fxhash v0.2.1
[INFO] [stderr]    Compiling futures-io v0.3.30
[INFO] [stderr]    Compiling downcast-rs v1.2.0
[INFO] [stderr]    Compiling fastrand v1.9.0
[INFO] [stderr]    Compiling num-traits v0.2.17
[INFO] [stderr]    Compiling ahash v0.8.7
[INFO] [stderr]    Compiling bitflags v1.3.2
[INFO] [stderr]    Compiling zerocopy v0.7.32
[INFO] [stderr]    Compiling allocator-api2 v0.2.16
[INFO] [stderr]    Compiling regex-syntax v0.6.29
[INFO] [stderr]    Compiling lazy_static v1.4.0
[INFO] [stderr]    Compiling concurrent-queue v2.4.0
[INFO] [stderr]    Compiling futures-lite v1.13.0
[INFO] [stderr]    Compiling overload v0.1.1
[INFO] [stderr]    Compiling equivalent v1.0.1
[INFO] [stderr]    Compiling nu-ansi-term v0.46.0
[INFO] [stderr]    Compiling event-listener v4.0.2
[INFO] [stderr]    Compiling async-channel v1.9.0
[INFO] [stderr]    Compiling sharded-slab v0.1.7
[INFO] [stderr]    Compiling tracing-log v0.2.0
[INFO] [stderr]    Compiling thread_local v1.1.7
[INFO] [stderr]    Compiling libloading v0.7.4
[INFO] [stderr]    Compiling num-integer v0.1.45
[INFO] [stderr]    Compiling cty v0.2.2
[INFO] [stderr]    Compiling event-listener-strategy v0.4.0
[INFO] [stderr]    Compiling unicode-xid v0.2.4
[INFO] [stderr]    Compiling ash v0.34.0+1.2.203
[INFO] [stderr]    Compiling unicode-width v0.1.11
[INFO] [stderr]    Compiling hashbrown v0.14.3
[INFO] [stderr]    Compiling bitflags v2.4.1
[INFO] [stderr]    Compiling async-lock v3.2.0
[INFO] [stderr]    Compiling khronos-egl v4.1.0
[INFO] [stderr]    Compiling bit-vec v0.6.3
[INFO] [stderr]    Compiling pp-rs v0.2.1
[INFO] [stderr]    Compiling codespan-reporting v0.11.1
[INFO] [stderr]    Compiling raw-window-handle v0.4.3
[INFO] [stderr]    Compiling gpu-descriptor-types v0.1.2
[INFO] [stderr]    Compiling gpu-alloc-types v0.2.0
[INFO] [stderr]    Compiling tracing-log v0.1.4
[INFO] [stderr]    Compiling bit-set v0.5.3
[INFO] [stderr]    Compiling rand_core v0.6.4
[INFO] [stderr]    Compiling cfg_aliases v0.1.1
[INFO] [stderr]    Compiling rustc-hash v1.1.0
[INFO] [stderr]    Compiling anyhow v1.0.79
[INFO] [stderr]    Compiling hexf-parse v0.2.1
[INFO] [stderr]    Compiling rand_chacha v0.3.1
[INFO] [stderr]    Compiling wgpu-core v0.12.2
[INFO] [stderr]    Compiling gpu-alloc v0.5.4
[INFO] [stderr]    Compiling async-executor v1.8.0
[INFO] [stderr]    Compiling bevy_tasks v0.7.0
[INFO] [stderr]    Compiling wgpu-types v0.12.0
[INFO] [stderr]    Compiling num-rational v0.3.2
[INFO] [stderr]    Compiling num-iter v0.1.43
[INFO] [stderr]    Compiling indexmap v2.1.0
[INFO] [stderr]    Compiling gpu-descriptor v0.2.4
[INFO] [stderr]    Compiling inplace_it v0.3.5
[INFO] [stderr]    Compiling renderdoc-sys v0.7.1
[INFO] [stderr]    Compiling profiling v1.0.13
[INFO] [stderr]    Compiling arrayvec v0.7.4
[INFO] [stderr]    Compiling glow v0.11.2
[INFO] [stderr]    Compiling spirv v0.2.0+1.5.4
[INFO] [stderr]    Compiling rand v0.8.5
[INFO] [stderr]    Compiling crossbeam-channel v0.5.10
[INFO] [stderr]    Compiling copyless v0.1.5
[INFO] [stderr]    Compiling glam v0.21.3
[INFO] [stderr]    Compiling base64 v0.13.1
[INFO] [stderr]    Compiling regex-automata v0.1.10
[INFO] [stderr]    Compiling color_quant v1.1.0
[INFO] [stderr]    Compiling hex v0.4.3
[INFO] [stderr]    Compiling petgraph v0.6.4
[INFO] [stderr]    Compiling image v0.23.14
[INFO] [stderr]    Compiling toml v0.5.11
[INFO] [stderr]    Compiling uuid v0.8.2
[INFO] [stderr]    Compiling matchers v0.1.0
[INFO] [stderr]    Compiling serde_derive v1.0.194
[INFO] [stderr]    Compiling thiserror-impl v1.0.56
[INFO] [stderr]    Compiling tracing-attributes v0.1.27
[INFO] [stderr]    Compiling hexasphere v7.2.1
[INFO] [stderr]    Compiling naga v0.8.5
[INFO] [stderr]    Compiling tracing v0.1.40
[INFO] [stderr]    Compiling cargo-manifest v0.2.9
[INFO] [stderr]    Compiling bevy_macro_utils v0.7.0
[INFO] [stderr]    Compiling bevy_derive v0.7.0
[INFO] [stderr]    Compiling bevy_reflect_derive v0.7.0
[INFO] [stderr]    Compiling bevy_ecs_macros v0.7.0
[INFO] [stderr]    Compiling bevy-crevice-derive v0.7.0
[INFO] [stdout] error[E0432]: unresolved import `syn::ItemFn`
[INFO] [stdout]    --> /opt/rustwide/cargo-home/registry/src/index.crates.io-6f17d22bba15001f/bevy_derive-0.7.0/src/bevy_main.rs:3:30
[INFO] [stdout]     |
[INFO] [stdout] 3   | use syn::{parse_macro_input, ItemFn};
[INFO] [stdout]     |                              ^^^^^^ no `ItemFn` in the root
[INFO] [stdout]     |
[INFO] [stdout] note: found an item that was configured out
[INFO] [stdout]    --> /opt/rustwide/cargo-home/registry/src/index.crates.io-6f17d22bba15001f/syn-1.0.109/src/lib.rs:365:32
[INFO] [stdout]     |
[INFO] [stdout] 365 |     ItemEnum, ItemExternCrate, ItemFn, ItemForeignMod, ItemImpl, ItemMacro, ItemMacro2, ItemMod,
[INFO] [stdout]     |                                ^^^^^^
[INFO] [stdout]     = note: the item is gated behind the `full` feature
[INFO] [stdout] 
[INFO] [stdout] 
[INFO] [stdout] error: aborting due to 1 previous error
[INFO] [stdout] 
[INFO] [stdout] 
[INFO] [stdout] For more information about this error, try `rustc --explain E0432`.
[INFO] [stdout] 
[INFO] [stderr] error: could not compile `bevy_derive` (lib) due to 2 previous errors
[INFO] [stderr] warning: build failed, waiting for other jobs to finish...
[INFO] [stdout] error[E0432]: unresolved import `syn::ItemTrait`
[INFO] [stdout]    --> /opt/rustwide/cargo-home/registry/src/index.crates.io-6f17d22bba15001f/bevy_reflect_derive-0.7.0/src/reflect_trait.rs:5:62
[INFO] [stdout]     |
[INFO] [stdout] 5   | use syn::{parse::Parse, parse_macro_input, Attribute, Ident, ItemTrait, Token};
[INFO] [stdout]     |                                                              ^^^^^^^^^ no `ItemTrait` in the root
[INFO] [stdout]     |
[INFO] [stdout] note: found an item that was configured out
[INFO] [stdout]    --> /opt/rustwide/cargo-home/registry/src/index.crates.io-6f17d22bba15001f/syn-1.0.109/src/lib.rs:366:29
[INFO] [stdout]     |
[INFO] [stdout] 366 |     ItemStatic, ItemStruct, ItemTrait, ItemTraitAlias, ItemType, ItemUnion, ItemUse, Receiver,
[INFO] [stdout]     |                             ^^^^^^^^^
[INFO] [stdout]     = note: the item is gated behind the `full` feature
[INFO] [stdout] 
[INFO] [stdout] 
[INFO] [stdout] error: aborting due to 1 previous error
[INFO] [stdout] 
[INFO] [stdout] 
[INFO] [stdout] For more information about this error, try `rustc --explain E0432`.
[INFO] [stdout] 
[INFO] [stderr] error: could not compile `bevy_reflect_derive` (lib) due to 2 previous errors
[INFO] running `Command { std: "docker" "inspect" "8986f023007292fe5049d475193befdf513e8ff688a3899a46fda0ae7c417314", kill_on_drop: false }`
[INFO] running `Command { std: "docker" "rm" "-f" "8986f023007292fe5049d475193befdf513e8ff688a3899a46fda0ae7c417314", kill_on_drop: false }`
[INFO] [stdout] 8986f023007292fe5049d475193befdf513e8ff688a3899a46fda0ae7c417314
