[INFO] fetching crate bee-pow 0.2.1...
[INFO] testing bee-pow-0.2.1 against 1.75.0 for beta-1.76-1
[INFO] extracting crate bee-pow 0.2.1 into /workspace/builds/worker-1-tc1/source
[INFO] validating manifest of crates.io crate bee-pow 0.2.1 on toolchain 1.75.0
[INFO] running `Command { std: CARGO_HOME="/workspace/cargo-home" RUSTUP_HOME="/workspace/rustup-home" "/workspace/cargo-home/bin/cargo" "+1.75.0" "metadata" "--manifest-path" "Cargo.toml" "--no-deps", kill_on_drop: false }`
[INFO] started tweaking crates.io crate bee-pow 0.2.1
[INFO] finished tweaking crates.io crate bee-pow 0.2.1
[INFO] tweaked toml for crates.io crate bee-pow 0.2.1 written to /workspace/builds/worker-1-tc1/source/Cargo.toml
[INFO] running `Command { std: CARGO_HOME="/workspace/cargo-home" RUSTUP_HOME="/workspace/rustup-home" "/workspace/cargo-home/bin/cargo" "+1.75.0" "generate-lockfile" "--manifest-path" "Cargo.toml", kill_on_drop: false }`
[INFO] [stderr]     Updating crates.io index
[INFO] running `Command { std: CARGO_HOME="/workspace/cargo-home" RUSTUP_HOME="/workspace/rustup-home" "/workspace/cargo-home/bin/cargo" "+1.75.0" "fetch" "--manifest-path" "Cargo.toml", kill_on_drop: false }`
[INFO] [stderr]  Downloading crates ...
[INFO] [stderr]   Downloaded iota-crypto v0.17.1
[INFO] running `Command { std: "docker" "create" "-v" "/var/lib/crater-agent-workspace/builds/worker-1-tc1/target:/opt/rustwide/target:rw,Z" "-v" "/var/lib/crater-agent-workspace/builds/worker-1-tc1/source:/opt/rustwide/workdir:ro,Z" "-v" "/var/lib/crater-agent-workspace/cargo-home:/opt/rustwide/cargo-home:ro,Z" "-v" "/var/lib/crater-agent-workspace/rustup-home:/opt/rustwide/rustup-home:ro,Z" "-e" "SOURCE_DIR=/opt/rustwide/workdir" "-e" "CARGO_TARGET_DIR=/opt/rustwide/target" "-e" "CARGO_HOME=/opt/rustwide/cargo-home" "-e" "RUSTUP_HOME=/opt/rustwide/rustup-home" "-w" "/opt/rustwide/workdir" "-m" "1610612736" "--user" "0:0" "--network" "none" "ghcr.io/rust-lang/crates-build-env/linux@sha256:2788e3201cd34a07e3172128adcd8b3090168a8e3bcc40d7c032b9dda1df7d1c" "/opt/rustwide/cargo-home/bin/cargo" "+1.75.0" "metadata" "--no-deps" "--format-version=1", kill_on_drop: false }`
[INFO] [stdout] 4fcc78e6e8b31e0ba919bfeb6118c048ba0096ff70700e3a30dfec6adcd69979
[INFO] running `Command { std: "docker" "start" "-a" "4fcc78e6e8b31e0ba919bfeb6118c048ba0096ff70700e3a30dfec6adcd69979", kill_on_drop: false }`
[INFO] running `Command { std: "docker" "inspect" "4fcc78e6e8b31e0ba919bfeb6118c048ba0096ff70700e3a30dfec6adcd69979", kill_on_drop: false }`
[INFO] running `Command { std: "docker" "rm" "-f" "4fcc78e6e8b31e0ba919bfeb6118c048ba0096ff70700e3a30dfec6adcd69979", kill_on_drop: false }`
[INFO] [stdout] 4fcc78e6e8b31e0ba919bfeb6118c048ba0096ff70700e3a30dfec6adcd69979
[INFO] running `Command { std: "docker" "create" "-v" "/var/lib/crater-agent-workspace/builds/worker-1-tc1/target:/opt/rustwide/target:rw,Z" "-v" "/var/lib/crater-agent-workspace/builds/worker-1-tc1/source:/opt/rustwide/workdir:ro,Z" "-v" "/var/lib/crater-agent-workspace/cargo-home:/opt/rustwide/cargo-home:ro,Z" "-v" "/var/lib/crater-agent-workspace/rustup-home:/opt/rustwide/rustup-home:ro,Z" "-e" "SOURCE_DIR=/opt/rustwide/workdir" "-e" "CARGO_TARGET_DIR=/opt/rustwide/target" "-e" "CARGO_INCREMENTAL=0" "-e" "RUST_BACKTRACE=full" "-e" "RUSTFLAGS=--cap-lints=warn" "-e" "RUSTDOCFLAGS=--cap-lints=warn" "-e" "CARGO_HOME=/opt/rustwide/cargo-home" "-e" "RUSTUP_HOME=/opt/rustwide/rustup-home" "-w" "/opt/rustwide/workdir" "-m" "1610612736" "--user" "0:0" "--network" "none" "ghcr.io/rust-lang/crates-build-env/linux@sha256:2788e3201cd34a07e3172128adcd8b3090168a8e3bcc40d7c032b9dda1df7d1c" "/opt/rustwide/cargo-home/bin/cargo" "+1.75.0" "build" "--frozen" "--message-format=json", kill_on_drop: false }`
[INFO] [stdout] 806b11cfdd2f8fd6a80471678e6fb707bfb4e46449f87dee9bf430174a2a76ac
[INFO] running `Command { std: "docker" "start" "-a" "806b11cfdd2f8fd6a80471678e6fb707bfb4e46449f87dee9bf430174a2a76ac", kill_on_drop: false }`
[INFO] [stderr]    Compiling proc-macro2 v1.0.75
[INFO] [stderr]    Compiling typenum v1.17.0
[INFO] [stderr]    Compiling unicode-ident v1.0.12
[INFO] [stderr]    Compiling subtle v2.5.0
[INFO] [stderr]    Compiling serde v1.0.194
[INFO] [stderr]    Compiling thiserror v1.0.56
[INFO] [stderr]    Compiling generic-array v0.14.7
[INFO] [stderr]    Compiling num-traits v0.2.17
[INFO] [stderr]    Compiling iota-crypto v0.17.1
[INFO] [stderr]    Compiling quote v1.0.35
[INFO] [stderr]    Compiling syn v2.0.48
[INFO] [stderr]    Compiling crypto-common v0.1.6
[INFO] [stderr]    Compiling block-buffer v0.10.4
[INFO] [stderr]    Compiling digest v0.10.7
[INFO] [stderr]    Compiling blake2 v0.10.6
[INFO] [stderr]    Compiling serde_derive v1.0.194
[INFO] [stderr]    Compiling thiserror-impl v1.0.56
[INFO] [stderr]    Compiling bee-pow v0.2.1 (/opt/rustwide/workdir)
[INFO] [stderr]     Finished dev [unoptimized + debuginfo] target(s) in 6.25s
[INFO] running `Command { std: "docker" "inspect" "806b11cfdd2f8fd6a80471678e6fb707bfb4e46449f87dee9bf430174a2a76ac", kill_on_drop: false }`
[INFO] running `Command { std: "docker" "rm" "-f" "806b11cfdd2f8fd6a80471678e6fb707bfb4e46449f87dee9bf430174a2a76ac", kill_on_drop: false }`
[INFO] [stdout] 806b11cfdd2f8fd6a80471678e6fb707bfb4e46449f87dee9bf430174a2a76ac
[INFO] running `Command { std: "docker" "create" "-v" "/var/lib/crater-agent-workspace/builds/worker-1-tc1/target:/opt/rustwide/target:rw,Z" "-v" "/var/lib/crater-agent-workspace/builds/worker-1-tc1/source:/opt/rustwide/workdir:ro,Z" "-v" "/var/lib/crater-agent-workspace/cargo-home:/opt/rustwide/cargo-home:ro,Z" "-v" "/var/lib/crater-agent-workspace/rustup-home:/opt/rustwide/rustup-home:ro,Z" "-e" "SOURCE_DIR=/opt/rustwide/workdir" "-e" "CARGO_TARGET_DIR=/opt/rustwide/target" "-e" "CARGO_INCREMENTAL=0" "-e" "RUST_BACKTRACE=full" "-e" "RUSTFLAGS=--cap-lints=warn" "-e" "RUSTDOCFLAGS=--cap-lints=warn" "-e" "CARGO_HOME=/opt/rustwide/cargo-home" "-e" "RUSTUP_HOME=/opt/rustwide/rustup-home" "-w" "/opt/rustwide/workdir" "-m" "1610612736" "--user" "0:0" "--network" "none" "ghcr.io/rust-lang/crates-build-env/linux@sha256:2788e3201cd34a07e3172128adcd8b3090168a8e3bcc40d7c032b9dda1df7d1c" "/opt/rustwide/cargo-home/bin/cargo" "+1.75.0" "test" "--frozen" "--no-run" "--message-format=json", kill_on_drop: false }`
[INFO] [stdout] c0fb16e1712c723bf47b78a6e0fd9f0cf0ef2b85c1d9acb9c3ce2baa776c036d
[INFO] running `Command { std: "docker" "start" "-a" "c0fb16e1712c723bf47b78a6e0fd9f0cf0ef2b85c1d9acb9c3ce2baa776c036d", kill_on_drop: false }`
[INFO] [stderr]    Compiling bee-pow v0.2.1 (/opt/rustwide/workdir)
[INFO] [stdout] error[E0433]: failed to resolve: use of undeclared crate or module `bee_test`
[INFO] [stdout]   --> tests/miner.rs:11:5
[INFO] [stdout]    |
[INFO] [stdout] 11 | use bee_test::rand::bytes::rand_bytes;
[INFO] [stdout]    |     ^^^^^^^^ use of undeclared crate or module `bee_test`
[INFO] [stdout] 
[INFO] [stdout] 
[INFO] [stdout] error[E0433]: failed to resolve: use of undeclared crate or module `bee_test`
[INFO] [stdout]  --> tests/u64.rs:5:5
[INFO] [stdout]   |
[INFO] [stdout] 5 | use bee_test::rand::bytes::rand_bytes;
[INFO] [stdout]   |     ^^^^^^^^ use of undeclared crate or module `bee_test`
[INFO] [stdout] 
[INFO] [stdout] 
[INFO] [stdout] error: aborting due to previous error
[INFO] [stdout] 
[INFO] [stdout] 
[INFO] [stdout] For more information about this error, try `rustc --explain E0433`.
[INFO] [stdout] 
[INFO] [stdout] error: aborting due to previous error
[INFO] [stdout] 
[INFO] [stdout] 
[INFO] [stdout] For more information about this error, try `rustc --explain E0433`.
[INFO] [stdout] 
[INFO] [stderr] error: could not compile `bee-pow` (test "u64") due to 2 previous errors
[INFO] [stderr] warning: build failed, waiting for other jobs to finish...
[INFO] [stderr] error: could not compile `bee-pow` (test "miner") due to 2 previous errors
[INFO] running `Command { std: "docker" "inspect" "c0fb16e1712c723bf47b78a6e0fd9f0cf0ef2b85c1d9acb9c3ce2baa776c036d", kill_on_drop: false }`
[INFO] running `Command { std: "docker" "rm" "-f" "c0fb16e1712c723bf47b78a6e0fd9f0cf0ef2b85c1d9acb9c3ce2baa776c036d", kill_on_drop: false }`
[INFO] [stdout] c0fb16e1712c723bf47b78a6e0fd9f0cf0ef2b85c1d9acb9c3ce2baa776c036d
[INFO] testing bee-pow-0.2.1 against beta-2023-12-22 for beta-1.76-1
[INFO] extracting crate bee-pow 0.2.1 into /workspace/builds/worker-1-tc2/source
[INFO] validating manifest of crates.io crate bee-pow 0.2.1 on toolchain beta-2023-12-22
[INFO] running `Command { std: CARGO_HOME="/workspace/cargo-home" RUSTUP_HOME="/workspace/rustup-home" "/workspace/cargo-home/bin/cargo" "+beta-2023-12-22" "metadata" "--manifest-path" "Cargo.toml" "--no-deps", kill_on_drop: false }`
[INFO] started tweaking crates.io crate bee-pow 0.2.1
[INFO] finished tweaking crates.io crate bee-pow 0.2.1
[INFO] tweaked toml for crates.io crate bee-pow 0.2.1 written to /workspace/builds/worker-1-tc2/source/Cargo.toml
[INFO] running `Command { std: CARGO_HOME="/workspace/cargo-home" RUSTUP_HOME="/workspace/rustup-home" "/workspace/cargo-home/bin/cargo" "+beta-2023-12-22" "generate-lockfile" "--manifest-path" "Cargo.toml", kill_on_drop: false }`
[INFO] [stderr]     Updating crates.io index
[INFO] running `Command { std: CARGO_HOME="/workspace/cargo-home" RUSTUP_HOME="/workspace/rustup-home" "/workspace/cargo-home/bin/cargo" "+beta-2023-12-22" "fetch" "--manifest-path" "Cargo.toml", kill_on_drop: false }`
[INFO] [stderr]     Blocking waiting for file lock on package cache
[INFO] running `Command { std: "docker" "create" "-v" "/var/lib/crater-agent-workspace/builds/worker-1-tc2/target:/opt/rustwide/target:rw,Z" "-v" "/var/lib/crater-agent-workspace/builds/worker-1-tc2/source:/opt/rustwide/workdir:ro,Z" "-v" "/var/lib/crater-agent-workspace/cargo-home:/opt/rustwide/cargo-home:ro,Z" "-v" "/var/lib/crater-agent-workspace/rustup-home:/opt/rustwide/rustup-home:ro,Z" "-e" "SOURCE_DIR=/opt/rustwide/workdir" "-e" "CARGO_TARGET_DIR=/opt/rustwide/target" "-e" "CARGO_HOME=/opt/rustwide/cargo-home" "-e" "RUSTUP_HOME=/opt/rustwide/rustup-home" "-w" "/opt/rustwide/workdir" "-m" "1610612736" "--user" "0:0" "--network" "none" "ghcr.io/rust-lang/crates-build-env/linux@sha256:2788e3201cd34a07e3172128adcd8b3090168a8e3bcc40d7c032b9dda1df7d1c" "/opt/rustwide/cargo-home/bin/cargo" "+beta-2023-12-22" "metadata" "--no-deps" "--format-version=1", kill_on_drop: false }`
[INFO] [stdout] 7e7cd6fccb33a5ab9a8c13e306b02bd432db800bf0405f93f48682ff2ff4b4fd
[INFO] running `Command { std: "docker" "start" "-a" "7e7cd6fccb33a5ab9a8c13e306b02bd432db800bf0405f93f48682ff2ff4b4fd", kill_on_drop: false }`
[INFO] running `Command { std: "docker" "inspect" "7e7cd6fccb33a5ab9a8c13e306b02bd432db800bf0405f93f48682ff2ff4b4fd", kill_on_drop: false }`
[INFO] running `Command { std: "docker" "rm" "-f" "7e7cd6fccb33a5ab9a8c13e306b02bd432db800bf0405f93f48682ff2ff4b4fd", kill_on_drop: false }`
[INFO] [stdout] 7e7cd6fccb33a5ab9a8c13e306b02bd432db800bf0405f93f48682ff2ff4b4fd
[INFO] running `Command { std: "docker" "create" "-v" "/var/lib/crater-agent-workspace/builds/worker-1-tc2/target:/opt/rustwide/target:rw,Z" "-v" "/var/lib/crater-agent-workspace/builds/worker-1-tc2/source:/opt/rustwide/workdir:ro,Z" "-v" "/var/lib/crater-agent-workspace/cargo-home:/opt/rustwide/cargo-home:ro,Z" "-v" "/var/lib/crater-agent-workspace/rustup-home:/opt/rustwide/rustup-home:ro,Z" "-e" "SOURCE_DIR=/opt/rustwide/workdir" "-e" "CARGO_TARGET_DIR=/opt/rustwide/target" "-e" "CARGO_INCREMENTAL=0" "-e" "RUST_BACKTRACE=full" "-e" "RUSTFLAGS=--cap-lints=warn" "-e" "RUSTDOCFLAGS=--cap-lints=warn" "-e" "CARGO_HOME=/opt/rustwide/cargo-home" "-e" "RUSTUP_HOME=/opt/rustwide/rustup-home" "-w" "/opt/rustwide/workdir" "-m" "1610612736" "--user" "0:0" "--network" "none" "ghcr.io/rust-lang/crates-build-env/linux@sha256:2788e3201cd34a07e3172128adcd8b3090168a8e3bcc40d7c032b9dda1df7d1c" "/opt/rustwide/cargo-home/bin/cargo" "+beta-2023-12-22" "build" "--frozen" "--message-format=json", kill_on_drop: false }`
[INFO] [stdout] 06b3180d6aa491fb0610216091640d51bb2305f601c5ee7420a64953b2477d7f
[INFO] running `Command { std: "docker" "start" "-a" "06b3180d6aa491fb0610216091640d51bb2305f601c5ee7420a64953b2477d7f", kill_on_drop: false }`
[INFO] [stderr]    Compiling proc-macro2 v1.0.75
[INFO] [stderr]    Compiling typenum v1.17.0
[INFO] [stderr]    Compiling unicode-ident v1.0.12
[INFO] [stderr]    Compiling generic-array v0.14.7
[INFO] [stderr]    Compiling subtle v2.5.0
[INFO] [stderr]    Compiling serde v1.0.194
[INFO] [stderr]    Compiling thiserror v1.0.56
[INFO] [stderr]    Compiling num-traits v0.2.17
[INFO] [stderr]    Compiling iota-crypto v0.17.1
[INFO] [stderr]    Compiling quote v1.0.35
[INFO] [stderr]    Compiling syn v2.0.48
[INFO] [stderr]    Compiling crypto-common v0.1.6
[INFO] [stderr]    Compiling block-buffer v0.10.4
[INFO] [stderr]    Compiling digest v0.10.7
[INFO] [stderr]    Compiling blake2 v0.10.6
[INFO] [stderr]    Compiling serde_derive v1.0.194
[INFO] [stderr]    Compiling thiserror-impl v1.0.56
[INFO] [stderr]    Compiling bee-pow v0.2.1 (/opt/rustwide/workdir)
[INFO] [stderr]     Finished dev [unoptimized + debuginfo] target(s) in 6.68s
[INFO] running `Command { std: "docker" "inspect" "06b3180d6aa491fb0610216091640d51bb2305f601c5ee7420a64953b2477d7f", kill_on_drop: false }`
[INFO] running `Command { std: "docker" "rm" "-f" "06b3180d6aa491fb0610216091640d51bb2305f601c5ee7420a64953b2477d7f", kill_on_drop: false }`
[INFO] [stdout] 06b3180d6aa491fb0610216091640d51bb2305f601c5ee7420a64953b2477d7f
[INFO] running `Command { std: "docker" "create" "-v" "/var/lib/crater-agent-workspace/builds/worker-1-tc2/target:/opt/rustwide/target:rw,Z" "-v" "/var/lib/crater-agent-workspace/builds/worker-1-tc2/source:/opt/rustwide/workdir:ro,Z" "-v" "/var/lib/crater-agent-workspace/cargo-home:/opt/rustwide/cargo-home:ro,Z" "-v" "/var/lib/crater-agent-workspace/rustup-home:/opt/rustwide/rustup-home:ro,Z" "-e" "SOURCE_DIR=/opt/rustwide/workdir" "-e" "CARGO_TARGET_DIR=/opt/rustwide/target" "-e" "CARGO_INCREMENTAL=0" "-e" "RUST_BACKTRACE=full" "-e" "RUSTFLAGS=--cap-lints=warn" "-e" "RUSTDOCFLAGS=--cap-lints=warn" "-e" "CARGO_HOME=/opt/rustwide/cargo-home" "-e" "RUSTUP_HOME=/opt/rustwide/rustup-home" "-w" "/opt/rustwide/workdir" "-m" "1610612736" "--user" "0:0" "--network" "none" "ghcr.io/rust-lang/crates-build-env/linux@sha256:2788e3201cd34a07e3172128adcd8b3090168a8e3bcc40d7c032b9dda1df7d1c" "/opt/rustwide/cargo-home/bin/cargo" "+beta-2023-12-22" "test" "--frozen" "--no-run" "--message-format=json", kill_on_drop: false }`
[INFO] [stdout] ddc3fd7edb7fd3e8620f6e040d9767a8a95e4a8cf06780b0d2fa507a5d0ef219
[INFO] running `Command { std: "docker" "start" "-a" "ddc3fd7edb7fd3e8620f6e040d9767a8a95e4a8cf06780b0d2fa507a5d0ef219", kill_on_drop: false }`
[INFO] [stderr]    Compiling bee-pow v0.2.1 (/opt/rustwide/workdir)
[INFO] [stdout] error[E0433]: failed to resolve: use of undeclared crate or module `bee_test`
[INFO] [stdout]  --> tests/u64.rs:5:5
[INFO] [stdout]   |
[INFO] [stdout] 5 | use bee_test::rand::bytes::rand_bytes;
[INFO] [stdout]   |     ^^^^^^^^ use of undeclared crate or module `bee_test`
[INFO] [stdout] 
[INFO] [stdout] 
[INFO] [stdout] error[E0433]: failed to resolve: use of undeclared crate or module `bee_test`
[INFO] [stdout]   --> tests/miner.rs:11:5
[INFO] [stdout]    |
[INFO] [stdout] 11 | use bee_test::rand::bytes::rand_bytes;
[INFO] [stdout]    |     ^^^^^^^^ use of undeclared crate or module `bee_test`
[INFO] [stdout] 
[INFO] [stdout] 
[INFO] [stdout] error: aborting due to 1 previous error
[INFO] [stdout] 
[INFO] [stdout] 
[INFO] [stdout] For more information about this error, try `rustc --explain E0433`.
[INFO] [stdout] 
[INFO] [stderr] error: could not compile `bee-pow` (test "u64") due to 2 previous errors
[INFO] [stderr] warning: build failed, waiting for other jobs to finish...
[INFO] [stdout] error: aborting due to 1 previous error
[INFO] [stdout] 
[INFO] [stdout] 
[INFO] [stdout] For more information about this error, try `rustc --explain E0433`.
[INFO] [stdout] 
[INFO] [stderr] error: could not compile `bee-pow` (test "miner") due to 2 previous errors
[INFO] running `Command { std: "docker" "inspect" "ddc3fd7edb7fd3e8620f6e040d9767a8a95e4a8cf06780b0d2fa507a5d0ef219", kill_on_drop: false }`
[INFO] running `Command { std: "docker" "rm" "-f" "ddc3fd7edb7fd3e8620f6e040d9767a8a95e4a8cf06780b0d2fa507a5d0ef219", kill_on_drop: false }`
[INFO] [stdout] ddc3fd7edb7fd3e8620f6e040d9767a8a95e4a8cf06780b0d2fa507a5d0ef219
