[INFO] fetching crate bcrypt-small 0.1.1...
[INFO] testing bcrypt-small-0.1.1 against 1.75.0 for beta-1.76-1
[INFO] extracting crate bcrypt-small 0.1.1 into /workspace/builds/worker-6-tc1/source
[INFO] validating manifest of crates.io crate bcrypt-small 0.1.1 on toolchain 1.75.0
[INFO] running `Command { std: CARGO_HOME="/workspace/cargo-home" RUSTUP_HOME="/workspace/rustup-home" "/workspace/cargo-home/bin/cargo" "+1.75.0" "metadata" "--manifest-path" "Cargo.toml" "--no-deps", kill_on_drop: false }`
[INFO] started tweaking crates.io crate bcrypt-small 0.1.1
[INFO] finished tweaking crates.io crate bcrypt-small 0.1.1
[INFO] tweaked toml for crates.io crate bcrypt-small 0.1.1 written to /workspace/builds/worker-6-tc1/source/Cargo.toml
[INFO] running `Command { std: CARGO_HOME="/workspace/cargo-home" RUSTUP_HOME="/workspace/rustup-home" "/workspace/cargo-home/bin/cargo" "+1.75.0" "generate-lockfile" "--manifest-path" "Cargo.toml", kill_on_drop: false }`
[INFO] [stderr]     Updating crates.io index
[INFO] running `Command { std: CARGO_HOME="/workspace/cargo-home" RUSTUP_HOME="/workspace/rustup-home" "/workspace/cargo-home/bin/cargo" "+1.75.0" "fetch" "--manifest-path" "Cargo.toml", kill_on_drop: false }`
[INFO] [stderr]  Downloading crates ...
[INFO] [stderr]   Downloaded bcrypt-only v0.3.1
[INFO] running `Command { std: "docker" "create" "-v" "/var/lib/crater-agent-workspace/builds/worker-6-tc1/target:/opt/rustwide/target:rw,Z" "-v" "/var/lib/crater-agent-workspace/builds/worker-6-tc1/source:/opt/rustwide/workdir:ro,Z" "-v" "/var/lib/crater-agent-workspace/cargo-home:/opt/rustwide/cargo-home:ro,Z" "-v" "/var/lib/crater-agent-workspace/rustup-home:/opt/rustwide/rustup-home:ro,Z" "-e" "SOURCE_DIR=/opt/rustwide/workdir" "-e" "CARGO_TARGET_DIR=/opt/rustwide/target" "-e" "CARGO_HOME=/opt/rustwide/cargo-home" "-e" "RUSTUP_HOME=/opt/rustwide/rustup-home" "-w" "/opt/rustwide/workdir" "-m" "1610612736" "--user" "0:0" "--network" "none" "ghcr.io/rust-lang/crates-build-env/linux@sha256:2788e3201cd34a07e3172128adcd8b3090168a8e3bcc40d7c032b9dda1df7d1c" "/opt/rustwide/cargo-home/bin/cargo" "+1.75.0" "metadata" "--no-deps" "--format-version=1", kill_on_drop: false }`
[INFO] [stdout] eccb661e73715603f6640ac6c1c3bdc66783cdac5a978637f1cd167690d185a4
[INFO] running `Command { std: "docker" "start" "-a" "eccb661e73715603f6640ac6c1c3bdc66783cdac5a978637f1cd167690d185a4", kill_on_drop: false }`
[INFO] running `Command { std: "docker" "inspect" "eccb661e73715603f6640ac6c1c3bdc66783cdac5a978637f1cd167690d185a4", kill_on_drop: false }`
[INFO] running `Command { std: "docker" "rm" "-f" "eccb661e73715603f6640ac6c1c3bdc66783cdac5a978637f1cd167690d185a4", kill_on_drop: false }`
[INFO] [stdout] eccb661e73715603f6640ac6c1c3bdc66783cdac5a978637f1cd167690d185a4
[INFO] running `Command { std: "docker" "create" "-v" "/var/lib/crater-agent-workspace/builds/worker-6-tc1/target:/opt/rustwide/target:rw,Z" "-v" "/var/lib/crater-agent-workspace/builds/worker-6-tc1/source:/opt/rustwide/workdir:ro,Z" "-v" "/var/lib/crater-agent-workspace/cargo-home:/opt/rustwide/cargo-home:ro,Z" "-v" "/var/lib/crater-agent-workspace/rustup-home:/opt/rustwide/rustup-home:ro,Z" "-e" "SOURCE_DIR=/opt/rustwide/workdir" "-e" "CARGO_TARGET_DIR=/opt/rustwide/target" "-e" "CARGO_INCREMENTAL=0" "-e" "RUST_BACKTRACE=full" "-e" "RUSTFLAGS=--cap-lints=warn" "-e" "RUSTDOCFLAGS=--cap-lints=warn" "-e" "CARGO_HOME=/opt/rustwide/cargo-home" "-e" "RUSTUP_HOME=/opt/rustwide/rustup-home" "-w" "/opt/rustwide/workdir" "-m" "1610612736" "--user" "0:0" "--network" "none" "ghcr.io/rust-lang/crates-build-env/linux@sha256:2788e3201cd34a07e3172128adcd8b3090168a8e3bcc40d7c032b9dda1df7d1c" "/opt/rustwide/cargo-home/bin/cargo" "+1.75.0" "build" "--frozen" "--message-format=json", kill_on_drop: false }`
[INFO] [stdout] aff504c855c4474e9c2b7ef9c076572ad42943a9ff3d955e10b8be59ff6ed89e
[INFO] running `Command { std: "docker" "start" "-a" "aff504c855c4474e9c2b7ef9c076572ad42943a9ff3d955e10b8be59ff6ed89e", kill_on_drop: false }`
[INFO] [stderr]    Compiling libc v0.2.151
[INFO] [stderr]    Compiling getrandom v0.1.16
[INFO] [stderr]    Compiling cfg-if v1.0.0
[INFO] [stderr]    Compiling bcrypt-only v0.3.1
[INFO] [stderr]    Compiling bcrypt-small v0.1.1 (/opt/rustwide/workdir)
[INFO] [stderr]     Finished dev [unoptimized + debuginfo] target(s) in 0.99s
[INFO] running `Command { std: "docker" "inspect" "aff504c855c4474e9c2b7ef9c076572ad42943a9ff3d955e10b8be59ff6ed89e", kill_on_drop: false }`
[INFO] running `Command { std: "docker" "rm" "-f" "aff504c855c4474e9c2b7ef9c076572ad42943a9ff3d955e10b8be59ff6ed89e", kill_on_drop: false }`
[INFO] [stdout] aff504c855c4474e9c2b7ef9c076572ad42943a9ff3d955e10b8be59ff6ed89e
[INFO] running `Command { std: "docker" "create" "-v" "/var/lib/crater-agent-workspace/builds/worker-6-tc1/target:/opt/rustwide/target:rw,Z" "-v" "/var/lib/crater-agent-workspace/builds/worker-6-tc1/source:/opt/rustwide/workdir:ro,Z" "-v" "/var/lib/crater-agent-workspace/cargo-home:/opt/rustwide/cargo-home:ro,Z" "-v" "/var/lib/crater-agent-workspace/rustup-home:/opt/rustwide/rustup-home:ro,Z" "-e" "SOURCE_DIR=/opt/rustwide/workdir" "-e" "CARGO_TARGET_DIR=/opt/rustwide/target" "-e" "CARGO_INCREMENTAL=0" "-e" "RUST_BACKTRACE=full" "-e" "RUSTFLAGS=--cap-lints=warn" "-e" "RUSTDOCFLAGS=--cap-lints=warn" "-e" "CARGO_HOME=/opt/rustwide/cargo-home" "-e" "RUSTUP_HOME=/opt/rustwide/rustup-home" "-w" "/opt/rustwide/workdir" "-m" "1610612736" "--user" "0:0" "--network" "none" "ghcr.io/rust-lang/crates-build-env/linux@sha256:2788e3201cd34a07e3172128adcd8b3090168a8e3bcc40d7c032b9dda1df7d1c" "/opt/rustwide/cargo-home/bin/cargo" "+1.75.0" "test" "--frozen" "--no-run" "--message-format=json", kill_on_drop: false }`
[INFO] [stdout] 6955a58ecaa0618813a7009bf5423bb187cb62a92213b3efad0485729267cb83
[INFO] running `Command { std: "docker" "start" "-a" "6955a58ecaa0618813a7009bf5423bb187cb62a92213b3efad0485729267cb83", kill_on_drop: false }`
[INFO] [stderr]    Compiling bcrypt-small v0.1.1 (/opt/rustwide/workdir)
[INFO] [stdout] error[E0583]: file not found for module `tests`
[INFO] [stdout]  --> src/base64.rs:2:1
[INFO] [stdout]   |
[INFO] [stdout] 2 | mod tests;
[INFO] [stdout]   | ^^^^^^^^^^
[INFO] [stdout]   |
[INFO] [stdout]   = help: to create the module `tests`, create file "src/base64/tests.rs" or "src/base64/tests/mod.rs"
[INFO] [stdout]   = note: if there is a `mod tests` elsewhere in the crate already, import it with `use crate::...` instead
[INFO] [stdout] 
[INFO] [stdout] 
[INFO] [stdout] error[E0583]: file not found for module `tests`
[INFO] [stdout]   --> src/lib.rs:12:1
[INFO] [stdout]    |
[INFO] [stdout] 12 | mod tests;
[INFO] [stdout]    | ^^^^^^^^^^
[INFO] [stdout]    |
[INFO] [stdout]    = help: to create the module `tests`, create file "src/tests.rs" or "src/tests/mod.rs"
[INFO] [stdout]    = note: if there is a `mod tests` elsewhere in the crate already, import it with `use crate::...` instead
[INFO] [stdout] 
[INFO] [stdout] 
[INFO] [stdout] error: aborting due to 2 previous errors
[INFO] [stdout] 
[INFO] [stdout] 
[INFO] [stdout] For more information about this error, try `rustc --explain E0583`.
[INFO] [stdout] 
[INFO] [stderr] error: could not compile `bcrypt-small` (lib test) due to 3 previous errors
[INFO] running `Command { std: "docker" "inspect" "6955a58ecaa0618813a7009bf5423bb187cb62a92213b3efad0485729267cb83", kill_on_drop: false }`
[INFO] running `Command { std: "docker" "rm" "-f" "6955a58ecaa0618813a7009bf5423bb187cb62a92213b3efad0485729267cb83", kill_on_drop: false }`
[INFO] [stdout] 6955a58ecaa0618813a7009bf5423bb187cb62a92213b3efad0485729267cb83
[INFO] testing bcrypt-small-0.1.1 against beta-2023-12-22 for beta-1.76-1
[INFO] extracting crate bcrypt-small 0.1.1 into /workspace/builds/worker-6-tc2/source
[INFO] validating manifest of crates.io crate bcrypt-small 0.1.1 on toolchain beta-2023-12-22
[INFO] running `Command { std: CARGO_HOME="/workspace/cargo-home" RUSTUP_HOME="/workspace/rustup-home" "/workspace/cargo-home/bin/cargo" "+beta-2023-12-22" "metadata" "--manifest-path" "Cargo.toml" "--no-deps", kill_on_drop: false }`
[INFO] started tweaking crates.io crate bcrypt-small 0.1.1
[INFO] finished tweaking crates.io crate bcrypt-small 0.1.1
[INFO] tweaked toml for crates.io crate bcrypt-small 0.1.1 written to /workspace/builds/worker-6-tc2/source/Cargo.toml
[INFO] running `Command { std: CARGO_HOME="/workspace/cargo-home" RUSTUP_HOME="/workspace/rustup-home" "/workspace/cargo-home/bin/cargo" "+beta-2023-12-22" "generate-lockfile" "--manifest-path" "Cargo.toml", kill_on_drop: false }`
[INFO] [stderr]     Updating crates.io index
[INFO] running `Command { std: CARGO_HOME="/workspace/cargo-home" RUSTUP_HOME="/workspace/rustup-home" "/workspace/cargo-home/bin/cargo" "+beta-2023-12-22" "fetch" "--manifest-path" "Cargo.toml", kill_on_drop: false }`
[INFO] running `Command { std: "docker" "create" "-v" "/var/lib/crater-agent-workspace/builds/worker-6-tc2/target:/opt/rustwide/target:rw,Z" "-v" "/var/lib/crater-agent-workspace/builds/worker-6-tc2/source:/opt/rustwide/workdir:ro,Z" "-v" "/var/lib/crater-agent-workspace/cargo-home:/opt/rustwide/cargo-home:ro,Z" "-v" "/var/lib/crater-agent-workspace/rustup-home:/opt/rustwide/rustup-home:ro,Z" "-e" "SOURCE_DIR=/opt/rustwide/workdir" "-e" "CARGO_TARGET_DIR=/opt/rustwide/target" "-e" "CARGO_HOME=/opt/rustwide/cargo-home" "-e" "RUSTUP_HOME=/opt/rustwide/rustup-home" "-w" "/opt/rustwide/workdir" "-m" "1610612736" "--user" "0:0" "--network" "none" "ghcr.io/rust-lang/crates-build-env/linux@sha256:2788e3201cd34a07e3172128adcd8b3090168a8e3bcc40d7c032b9dda1df7d1c" "/opt/rustwide/cargo-home/bin/cargo" "+beta-2023-12-22" "metadata" "--no-deps" "--format-version=1", kill_on_drop: false }`
[INFO] [stdout] 5b74bea37d55eda769938f4063b28c3fe7e311e91d8d214fd7017c0e39b85da1
[INFO] running `Command { std: "docker" "start" "-a" "5b74bea37d55eda769938f4063b28c3fe7e311e91d8d214fd7017c0e39b85da1", kill_on_drop: false }`
[INFO] running `Command { std: "docker" "inspect" "5b74bea37d55eda769938f4063b28c3fe7e311e91d8d214fd7017c0e39b85da1", kill_on_drop: false }`
[INFO] running `Command { std: "docker" "rm" "-f" "5b74bea37d55eda769938f4063b28c3fe7e311e91d8d214fd7017c0e39b85da1", kill_on_drop: false }`
[INFO] [stdout] 5b74bea37d55eda769938f4063b28c3fe7e311e91d8d214fd7017c0e39b85da1
[INFO] running `Command { std: "docker" "create" "-v" "/var/lib/crater-agent-workspace/builds/worker-6-tc2/target:/opt/rustwide/target:rw,Z" "-v" "/var/lib/crater-agent-workspace/builds/worker-6-tc2/source:/opt/rustwide/workdir:ro,Z" "-v" "/var/lib/crater-agent-workspace/cargo-home:/opt/rustwide/cargo-home:ro,Z" "-v" "/var/lib/crater-agent-workspace/rustup-home:/opt/rustwide/rustup-home:ro,Z" "-e" "SOURCE_DIR=/opt/rustwide/workdir" "-e" "CARGO_TARGET_DIR=/opt/rustwide/target" "-e" "CARGO_INCREMENTAL=0" "-e" "RUST_BACKTRACE=full" "-e" "RUSTFLAGS=--cap-lints=warn" "-e" "RUSTDOCFLAGS=--cap-lints=warn" "-e" "CARGO_HOME=/opt/rustwide/cargo-home" "-e" "RUSTUP_HOME=/opt/rustwide/rustup-home" "-w" "/opt/rustwide/workdir" "-m" "1610612736" "--user" "0:0" "--network" "none" "ghcr.io/rust-lang/crates-build-env/linux@sha256:2788e3201cd34a07e3172128adcd8b3090168a8e3bcc40d7c032b9dda1df7d1c" "/opt/rustwide/cargo-home/bin/cargo" "+beta-2023-12-22" "build" "--frozen" "--message-format=json", kill_on_drop: false }`
[INFO] [stdout] a67ba09e8cae40a30787f475a3cd42dc49c53f2af538529a54728895ff9fd0ad
[INFO] running `Command { std: "docker" "start" "-a" "a67ba09e8cae40a30787f475a3cd42dc49c53f2af538529a54728895ff9fd0ad", kill_on_drop: false }`
[INFO] [stderr]    Compiling libc v0.2.151
[INFO] [stderr]    Compiling getrandom v0.1.16
[INFO] [stderr]    Compiling cfg-if v1.0.0
[INFO] [stderr]    Compiling bcrypt-only v0.3.1
[INFO] [stderr]    Compiling bcrypt-small v0.1.1 (/opt/rustwide/workdir)
[INFO] [stderr]     Finished dev [unoptimized + debuginfo] target(s) in 0.78s
[INFO] running `Command { std: "docker" "inspect" "a67ba09e8cae40a30787f475a3cd42dc49c53f2af538529a54728895ff9fd0ad", kill_on_drop: false }`
[INFO] running `Command { std: "docker" "rm" "-f" "a67ba09e8cae40a30787f475a3cd42dc49c53f2af538529a54728895ff9fd0ad", kill_on_drop: false }`
[INFO] [stdout] a67ba09e8cae40a30787f475a3cd42dc49c53f2af538529a54728895ff9fd0ad
[INFO] running `Command { std: "docker" "create" "-v" "/var/lib/crater-agent-workspace/builds/worker-6-tc2/target:/opt/rustwide/target:rw,Z" "-v" "/var/lib/crater-agent-workspace/builds/worker-6-tc2/source:/opt/rustwide/workdir:ro,Z" "-v" "/var/lib/crater-agent-workspace/cargo-home:/opt/rustwide/cargo-home:ro,Z" "-v" "/var/lib/crater-agent-workspace/rustup-home:/opt/rustwide/rustup-home:ro,Z" "-e" "SOURCE_DIR=/opt/rustwide/workdir" "-e" "CARGO_TARGET_DIR=/opt/rustwide/target" "-e" "CARGO_INCREMENTAL=0" "-e" "RUST_BACKTRACE=full" "-e" "RUSTFLAGS=--cap-lints=warn" "-e" "RUSTDOCFLAGS=--cap-lints=warn" "-e" "CARGO_HOME=/opt/rustwide/cargo-home" "-e" "RUSTUP_HOME=/opt/rustwide/rustup-home" "-w" "/opt/rustwide/workdir" "-m" "1610612736" "--user" "0:0" "--network" "none" "ghcr.io/rust-lang/crates-build-env/linux@sha256:2788e3201cd34a07e3172128adcd8b3090168a8e3bcc40d7c032b9dda1df7d1c" "/opt/rustwide/cargo-home/bin/cargo" "+beta-2023-12-22" "test" "--frozen" "--no-run" "--message-format=json", kill_on_drop: false }`
[INFO] [stdout] 8b9c46d45ad868d20fb0ff1b892adf99999a4a7bd72b3af57329c2ecb1011869
[INFO] running `Command { std: "docker" "start" "-a" "8b9c46d45ad868d20fb0ff1b892adf99999a4a7bd72b3af57329c2ecb1011869", kill_on_drop: false }`
[INFO] [stderr]    Compiling bcrypt-small v0.1.1 (/opt/rustwide/workdir)
[INFO] [stdout] error[E0583]: file not found for module `tests`
[INFO] [stdout]  --> src/base64.rs:2:1
[INFO] [stdout]   |
[INFO] [stdout] 2 | mod tests;
[INFO] [stdout]   | ^^^^^^^^^^
[INFO] [stdout]   |
[INFO] [stdout]   = help: to create the module `tests`, create file "src/base64/tests.rs" or "src/base64/tests/mod.rs"
[INFO] [stdout]   = note: if there is a `mod tests` elsewhere in the crate already, import it with `use crate::...` instead
[INFO] [stdout] 
[INFO] [stdout] 
[INFO] [stdout] error[E0583]: file not found for module `tests`
[INFO] [stdout]   --> src/lib.rs:12:1
[INFO] [stdout]    |
[INFO] [stdout] 12 | mod tests;
[INFO] [stdout]    | ^^^^^^^^^^
[INFO] [stdout]    |
[INFO] [stdout]    = help: to create the module `tests`, create file "src/tests.rs" or "src/tests/mod.rs"
[INFO] [stdout]    = note: if there is a `mod tests` elsewhere in the crate already, import it with `use crate::...` instead
[INFO] [stdout] 
[INFO] [stdout] 
[INFO] [stdout] error: aborting due to 2 previous errors
[INFO] [stdout] 
[INFO] [stdout] 
[INFO] [stdout] For more information about this error, try `rustc --explain E0583`.
[INFO] [stdout] 
[INFO] [stderr] error: could not compile `bcrypt-small` (lib test) due to 3 previous errors
[INFO] running `Command { std: "docker" "inspect" "8b9c46d45ad868d20fb0ff1b892adf99999a4a7bd72b3af57329c2ecb1011869", kill_on_drop: false }`
[INFO] running `Command { std: "docker" "rm" "-f" "8b9c46d45ad868d20fb0ff1b892adf99999a4a7bd72b3af57329c2ecb1011869", kill_on_drop: false }`
[INFO] [stdout] 8b9c46d45ad868d20fb0ff1b892adf99999a4a7bd72b3af57329c2ecb1011869
