[INFO] fetching crate bazaar 3.3.4...
[INFO] testing bazaar-3.3.4 against 1.75.0 for beta-1.76-1
[INFO] extracting crate bazaar 3.3.4 into /workspace/builds/worker-3-tc1/source
[INFO] validating manifest of crates.io crate bazaar 3.3.4 on toolchain 1.75.0
[INFO] running `Command { std: CARGO_HOME="/workspace/cargo-home" RUSTUP_HOME="/workspace/rustup-home" "/workspace/cargo-home/bin/cargo" "+1.75.0" "metadata" "--manifest-path" "Cargo.toml" "--no-deps", kill_on_drop: false }`
[INFO] started tweaking crates.io crate bazaar 3.3.4
[INFO] finished tweaking crates.io crate bazaar 3.3.4
[INFO] tweaked toml for crates.io crate bazaar 3.3.4 written to /workspace/builds/worker-3-tc1/source/Cargo.toml
[INFO] running `Command { std: CARGO_HOME="/workspace/cargo-home" RUSTUP_HOME="/workspace/rustup-home" "/workspace/cargo-home/bin/cargo" "+1.75.0" "generate-lockfile" "--manifest-path" "Cargo.toml", kill_on_drop: false }`
[INFO] [stderr]     Updating crates.io index
[INFO] running `Command { std: CARGO_HOME="/workspace/cargo-home" RUSTUP_HOME="/workspace/rustup-home" "/workspace/cargo-home/bin/cargo" "+1.75.0" "fetch" "--manifest-path" "Cargo.toml", kill_on_drop: false }`
[INFO] [stderr]  Downloading crates ...
[INFO] [stderr]   Downloaded redox_termios v0.1.3
[INFO] [stderr]   Downloaded path-clean v1.0.1
[INFO] [stderr]   Downloaded bendy v0.3.3
[INFO] [stderr]   Downloaded termion v2.0.3
[INFO] [stderr]   Downloaded fancy-regex v0.13.0
[INFO] [stderr]   Downloaded breezy-osutils v3.3.4
[INFO] running `Command { std: "docker" "create" "-v" "/var/lib/crater-agent-workspace/builds/worker-3-tc1/target:/opt/rustwide/target:rw,Z" "-v" "/var/lib/crater-agent-workspace/builds/worker-3-tc1/source:/opt/rustwide/workdir:ro,Z" "-v" "/var/lib/crater-agent-workspace/cargo-home:/opt/rustwide/cargo-home:ro,Z" "-v" "/var/lib/crater-agent-workspace/rustup-home:/opt/rustwide/rustup-home:ro,Z" "-e" "SOURCE_DIR=/opt/rustwide/workdir" "-e" "CARGO_TARGET_DIR=/opt/rustwide/target" "-e" "CARGO_HOME=/opt/rustwide/cargo-home" "-e" "RUSTUP_HOME=/opt/rustwide/rustup-home" "-w" "/opt/rustwide/workdir" "-m" "1610612736" "--user" "0:0" "--network" "none" "ghcr.io/rust-lang/crates-build-env/linux@sha256:2788e3201cd34a07e3172128adcd8b3090168a8e3bcc40d7c032b9dda1df7d1c" "/opt/rustwide/cargo-home/bin/cargo" "+1.75.0" "metadata" "--no-deps" "--format-version=1", kill_on_drop: false }`
[INFO] [stdout] 7681545861fb569e72764e680ad39208aec4894875fdc9ba8c0c636a878859dc
[INFO] running `Command { std: "docker" "start" "-a" "7681545861fb569e72764e680ad39208aec4894875fdc9ba8c0c636a878859dc", kill_on_drop: false }`
[INFO] running `Command { std: "docker" "inspect" "7681545861fb569e72764e680ad39208aec4894875fdc9ba8c0c636a878859dc", kill_on_drop: false }`
[INFO] running `Command { std: "docker" "rm" "-f" "7681545861fb569e72764e680ad39208aec4894875fdc9ba8c0c636a878859dc", kill_on_drop: false }`
[INFO] [stdout] 7681545861fb569e72764e680ad39208aec4894875fdc9ba8c0c636a878859dc
[INFO] running `Command { std: "docker" "create" "-v" "/var/lib/crater-agent-workspace/builds/worker-3-tc1/target:/opt/rustwide/target:rw,Z" "-v" "/var/lib/crater-agent-workspace/builds/worker-3-tc1/source:/opt/rustwide/workdir:ro,Z" "-v" "/var/lib/crater-agent-workspace/cargo-home:/opt/rustwide/cargo-home:ro,Z" "-v" "/var/lib/crater-agent-workspace/rustup-home:/opt/rustwide/rustup-home:ro,Z" "-e" "SOURCE_DIR=/opt/rustwide/workdir" "-e" "CARGO_TARGET_DIR=/opt/rustwide/target" "-e" "CARGO_INCREMENTAL=0" "-e" "RUST_BACKTRACE=full" "-e" "RUSTFLAGS=--cap-lints=warn" "-e" "RUSTDOCFLAGS=--cap-lints=warn" "-e" "CARGO_HOME=/opt/rustwide/cargo-home" "-e" "RUSTUP_HOME=/opt/rustwide/rustup-home" "-w" "/opt/rustwide/workdir" "-m" "1610612736" "--user" "0:0" "--network" "none" "ghcr.io/rust-lang/crates-build-env/linux@sha256:2788e3201cd34a07e3172128adcd8b3090168a8e3bcc40d7c032b9dda1df7d1c" "/opt/rustwide/cargo-home/bin/cargo" "+1.75.0" "build" "--frozen" "--message-format=json", kill_on_drop: false }`
[INFO] [stdout] 9120a30113acb1fe805c1021840fc71657ea3d7c3dbc158a8876790ab598b552
[INFO] running `Command { std: "docker" "start" "-a" "9120a30113acb1fe805c1021840fc71657ea3d7c3dbc158a8876790ab598b552", kill_on_drop: false }`
[INFO] [stderr]    Compiling libc v0.2.151
[INFO] [stderr]    Compiling regex-syntax v0.8.2
[INFO] [stderr]    Compiling unicode-xid v0.2.4
[INFO] [stderr]    Compiling aho-corasick v1.1.2
[INFO] [stderr]    Compiling iana-time-zone v0.1.59
[INFO] [stderr]    Compiling match_cfg v0.1.0
[INFO] [stderr]    Compiling numtoa v0.1.0
[INFO] [stderr]    Compiling bitflags v2.4.1
[INFO] [stderr]    Compiling bit-vec v0.6.3
[INFO] [stderr]    Compiling unicode-normalization v0.1.22
[INFO] [stderr]    Compiling block-buffer v0.10.4
[INFO] [stderr]    Compiling crypto-common v0.1.6
[INFO] [stderr]    Compiling whoami v1.4.1
[INFO] [stderr]    Compiling path-clean v1.0.1
[INFO] [stderr]    Compiling xmltree v0.10.3
[INFO] [stderr]    Compiling synstructure v0.12.6
[INFO] [stderr]    Compiling chrono v0.4.31
[INFO] [stderr]    Compiling digest v0.10.7
[INFO] [stderr]    Compiling bit-set v0.5.3
[INFO] [stderr]    Compiling sha1 v0.10.6
[INFO] [stderr]    Compiling failure_derive v0.1.8
[INFO] [stderr]    Compiling cc v1.0.83
[INFO] [stderr]    Compiling backtrace v0.3.69
[INFO] [stderr]    Compiling getrandom v0.2.11
[INFO] [stderr]    Compiling dirs-sys v0.3.7
[INFO] [stderr]    Compiling nix v0.27.1
[INFO] [stderr]    Compiling hostname v0.3.1
[INFO] [stderr]    Compiling termion v2.0.3
[INFO] [stderr]    Compiling num_cpus v1.16.0
[INFO] [stderr]    Compiling dirs v4.0.0
[INFO] [stderr]    Compiling regex-automata v0.4.3
[INFO] [stderr]    Compiling rand_core v0.6.4
[INFO] [stderr]    Compiling rand_chacha v0.3.1
[INFO] [stderr]    Compiling rand v0.8.5
[INFO] [stderr]    Compiling failure v0.1.8
[INFO] [stderr]    Compiling bendy v0.3.3
[INFO] [stderr]    Compiling regex v1.10.2
[INFO] [stderr]    Compiling fancy-regex v0.13.0
[INFO] [stderr]    Compiling breezy-osutils v3.3.4
[INFO] [stdout] error[E0432]: unresolved import `nix::sys::stat`
[INFO] [stdout]   --> /opt/rustwide/cargo-home/registry/src/index.crates.io-6f17d22bba15001f/breezy-osutils-3.3.4/src/lib.rs:98:15
[INFO] [stdout]    |
[INFO] [stdout] 98 | use nix::sys::stat::{umask, Mode};
[INFO] [stdout]    |               ^^^^ could not find `stat` in `sys`
[INFO] [stdout] 
[INFO] [stdout] 
[INFO] [stdout] error[E0432]: unresolved import `nix::sys::stat`
[INFO] [stdout]  --> /opt/rustwide/cargo-home/registry/src/index.crates.io-6f17d22bba15001f/breezy-osutils-3.3.4/src/file.rs:4:15
[INFO] [stdout]   |
[INFO] [stdout] 4 | use nix::sys::stat::SFlag;
[INFO] [stdout]   |               ^^^^ could not find `stat` in `sys`
[INFO] [stdout] 
[INFO] [stdout] 
[INFO] [stdout] error[E0432]: unresolved imports `nix::unistd::chown`, `nix::unistd::Gid`, `nix::unistd::Uid`
[INFO] [stdout]    --> /opt/rustwide/cargo-home/registry/src/index.crates.io-6f17d22bba15001f/breezy-osutils-3.3.4/src/file.rs:55:23
[INFO] [stdout]     |
[INFO] [stdout] 55  |     use nix::unistd::{chown, Gid, Uid};
[INFO] [stdout]     |                       ^^^^^  ^^^  ^^^ no `Uid` in `unistd`
[INFO] [stdout]     |                       |      |
[INFO] [stdout]     |                       |      no `Gid` in `unistd`
[INFO] [stdout]     |                       no `chown` in `unistd`
[INFO] [stdout]     |
[INFO] [stdout] note: found an item that was configured out
[INFO] [stdout]    --> /opt/rustwide/cargo-home/registry/src/index.crates.io-6f17d22bba15001f/nix-0.27.1/src/unistd.rs:725:8
[INFO] [stdout]     |
[INFO] [stdout] 725 | pub fn chown<P: ?Sized + NixPath>(
[INFO] [stdout]     |        ^^^^^
[INFO] [stdout] note: found an item that was configured out
[INFO] [stdout]    --> /opt/rustwide/cargo-home/registry/src/index.crates.io-6f17d22bba15001f/nix-0.27.1/src/unistd.rs:131:12
[INFO] [stdout]     |
[INFO] [stdout] 131 | pub struct Gid(gid_t);
[INFO] [stdout]     |            ^^^
[INFO] [stdout]     = note: the item is gated behind the `user` feature
[INFO] [stdout] note: found an item that was configured out
[INFO] [stdout]    --> /opt/rustwide/cargo-home/registry/src/index.crates.io-6f17d22bba15001f/nix-0.27.1/src/unistd.rs:74:12
[INFO] [stdout]     |
[INFO] [stdout] 74  | pub struct Uid(uid_t);
[INFO] [stdout]     |            ^^^
[INFO] [stdout]     = note: the item is gated behind the `user` feature
[INFO] [stdout] 
[INFO] [stdout] 
[INFO] [stdout] error[E0432]: unresolved import `nix::sys::signal::kill`
[INFO] [stdout]    --> /opt/rustwide/cargo-home/registry/src/index.crates.io-6f17d22bba15001f/breezy-osutils-3.3.4/src/lib.rs:275:9
[INFO] [stdout]     |
[INFO] [stdout] 275 |     use nix::sys::signal::kill;
[INFO] [stdout]     |         ^^^^^^^^^^^^^^^^^^^^^^ no `kill` in `sys::signal`
[INFO] [stdout]     |
[INFO] [stdout] note: found an item that was configured out
[INFO] [stdout]    --> /opt/rustwide/cargo-home/registry/src/index.crates.io-6f17d22bba15001f/nix-0.27.1/src/sys/signal.rs:974:8
[INFO] [stdout]     |
[INFO] [stdout] 974 | pub fn kill<T: Into<Option<Signal>>>(pid: Pid, signal: T) -> Result<()> {
[INFO] [stdout]     |        ^^^^
[INFO] [stdout]     = note: the item is gated behind the `signal` feature
[INFO] [stdout] 
[INFO] [stdout] 
[INFO] [stdout] error[E0432]: unresolved import `nix::unistd::Pid`
[INFO] [stdout]    --> /opt/rustwide/cargo-home/registry/src/index.crates.io-6f17d22bba15001f/breezy-osutils-3.3.4/src/lib.rs:276:9
[INFO] [stdout]     |
[INFO] [stdout] 276 |     use nix::unistd::Pid;
[INFO] [stdout]     |         ^^^^^^^^^^^^^^^^ no `Pid` in `unistd`
[INFO] [stdout]     |
[INFO] [stdout] note: found an item that was configured out
[INFO] [stdout]    --> /opt/rustwide/cargo-home/registry/src/index.crates.io-6f17d22bba15001f/nix-0.27.1/src/unistd.rs:183:12
[INFO] [stdout]     |
[INFO] [stdout] 183 | pub struct Pid(pid_t);
[INFO] [stdout]     |            ^^^
[INFO] [stdout]     = note: the item is gated behind the `process` feature
[INFO] [stdout] 
[INFO] [stdout] 
[INFO] [stdout] error: aborting due to 5 previous errors
[INFO] [stdout] 
[INFO] [stdout] 
[INFO] [stdout] For more information about this error, try `rustc --explain E0432`.
[INFO] [stdout] 
[INFO] [stderr] error: could not compile `breezy-osutils` (lib) due to 6 previous errors
[INFO] [stderr] warning: build failed, waiting for other jobs to finish...
[INFO] running `Command { std: "docker" "inspect" "9120a30113acb1fe805c1021840fc71657ea3d7c3dbc158a8876790ab598b552", kill_on_drop: false }`
[INFO] running `Command { std: "docker" "rm" "-f" "9120a30113acb1fe805c1021840fc71657ea3d7c3dbc158a8876790ab598b552", kill_on_drop: false }`
[INFO] [stdout] 9120a30113acb1fe805c1021840fc71657ea3d7c3dbc158a8876790ab598b552
[INFO] testing bazaar-3.3.4 against beta-2023-12-22 for beta-1.76-1
[INFO] extracting crate bazaar 3.3.4 into /workspace/builds/worker-3-tc2/source
[INFO] validating manifest of crates.io crate bazaar 3.3.4 on toolchain beta-2023-12-22
[INFO] running `Command { std: CARGO_HOME="/workspace/cargo-home" RUSTUP_HOME="/workspace/rustup-home" "/workspace/cargo-home/bin/cargo" "+beta-2023-12-22" "metadata" "--manifest-path" "Cargo.toml" "--no-deps", kill_on_drop: false }`
[INFO] started tweaking crates.io crate bazaar 3.3.4
[INFO] finished tweaking crates.io crate bazaar 3.3.4
[INFO] tweaked toml for crates.io crate bazaar 3.3.4 written to /workspace/builds/worker-3-tc2/source/Cargo.toml
[INFO] running `Command { std: CARGO_HOME="/workspace/cargo-home" RUSTUP_HOME="/workspace/rustup-home" "/workspace/cargo-home/bin/cargo" "+beta-2023-12-22" "generate-lockfile" "--manifest-path" "Cargo.toml", kill_on_drop: false }`
[INFO] [stderr]     Updating crates.io index
[INFO] running `Command { std: CARGO_HOME="/workspace/cargo-home" RUSTUP_HOME="/workspace/rustup-home" "/workspace/cargo-home/bin/cargo" "+beta-2023-12-22" "fetch" "--manifest-path" "Cargo.toml", kill_on_drop: false }`
[INFO] running `Command { std: "docker" "create" "-v" "/var/lib/crater-agent-workspace/builds/worker-3-tc2/target:/opt/rustwide/target:rw,Z" "-v" "/var/lib/crater-agent-workspace/builds/worker-3-tc2/source:/opt/rustwide/workdir:ro,Z" "-v" "/var/lib/crater-agent-workspace/cargo-home:/opt/rustwide/cargo-home:ro,Z" "-v" "/var/lib/crater-agent-workspace/rustup-home:/opt/rustwide/rustup-home:ro,Z" "-e" "SOURCE_DIR=/opt/rustwide/workdir" "-e" "CARGO_TARGET_DIR=/opt/rustwide/target" "-e" "CARGO_HOME=/opt/rustwide/cargo-home" "-e" "RUSTUP_HOME=/opt/rustwide/rustup-home" "-w" "/opt/rustwide/workdir" "-m" "1610612736" "--user" "0:0" "--network" "none" "ghcr.io/rust-lang/crates-build-env/linux@sha256:2788e3201cd34a07e3172128adcd8b3090168a8e3bcc40d7c032b9dda1df7d1c" "/opt/rustwide/cargo-home/bin/cargo" "+beta-2023-12-22" "metadata" "--no-deps" "--format-version=1", kill_on_drop: false }`
[INFO] [stdout] 5e8a9618e005d8d51f2331f267d1818dcea39c919a797f5fc4b2ff8b41afefa4
[INFO] running `Command { std: "docker" "start" "-a" "5e8a9618e005d8d51f2331f267d1818dcea39c919a797f5fc4b2ff8b41afefa4", kill_on_drop: false }`
[INFO] running `Command { std: "docker" "inspect" "5e8a9618e005d8d51f2331f267d1818dcea39c919a797f5fc4b2ff8b41afefa4", kill_on_drop: false }`
[INFO] running `Command { std: "docker" "rm" "-f" "5e8a9618e005d8d51f2331f267d1818dcea39c919a797f5fc4b2ff8b41afefa4", kill_on_drop: false }`
[INFO] [stdout] 5e8a9618e005d8d51f2331f267d1818dcea39c919a797f5fc4b2ff8b41afefa4
[INFO] running `Command { std: "docker" "create" "-v" "/var/lib/crater-agent-workspace/builds/worker-3-tc2/target:/opt/rustwide/target:rw,Z" "-v" "/var/lib/crater-agent-workspace/builds/worker-3-tc2/source:/opt/rustwide/workdir:ro,Z" "-v" "/var/lib/crater-agent-workspace/cargo-home:/opt/rustwide/cargo-home:ro,Z" "-v" "/var/lib/crater-agent-workspace/rustup-home:/opt/rustwide/rustup-home:ro,Z" "-e" "SOURCE_DIR=/opt/rustwide/workdir" "-e" "CARGO_TARGET_DIR=/opt/rustwide/target" "-e" "CARGO_INCREMENTAL=0" "-e" "RUST_BACKTRACE=full" "-e" "RUSTFLAGS=--cap-lints=warn" "-e" "RUSTDOCFLAGS=--cap-lints=warn" "-e" "CARGO_HOME=/opt/rustwide/cargo-home" "-e" "RUSTUP_HOME=/opt/rustwide/rustup-home" "-w" "/opt/rustwide/workdir" "-m" "1610612736" "--user" "0:0" "--network" "none" "ghcr.io/rust-lang/crates-build-env/linux@sha256:2788e3201cd34a07e3172128adcd8b3090168a8e3bcc40d7c032b9dda1df7d1c" "/opt/rustwide/cargo-home/bin/cargo" "+beta-2023-12-22" "build" "--frozen" "--message-format=json", kill_on_drop: false }`
[INFO] [stdout] 8918b3e7b13cf66545f56bca38a0c53a816c58ba4fcbcdb73c87694a974e8342
[INFO] running `Command { std: "docker" "start" "-a" "8918b3e7b13cf66545f56bca38a0c53a816c58ba4fcbcdb73c87694a974e8342", kill_on_drop: false }`
[INFO] [stderr]    Compiling libc v0.2.151
[INFO] [stderr]    Compiling unicode-xid v0.2.4
[INFO] [stderr]    Compiling regex-syntax v0.8.2
[INFO] [stderr]    Compiling aho-corasick v1.1.2
[INFO] [stderr]    Compiling bitflags v2.4.1
[INFO] [stderr]    Compiling numtoa v0.1.0
[INFO] [stderr]    Compiling bit-vec v0.6.3
[INFO] [stderr]    Compiling match_cfg v0.1.0
[INFO] [stderr]    Compiling iana-time-zone v0.1.59
[INFO] [stderr]    Compiling unicode-normalization v0.1.22
[INFO] [stderr]    Compiling block-buffer v0.10.4
[INFO] [stderr]    Compiling crypto-common v0.1.6
[INFO] [stderr]    Compiling path-clean v1.0.1
[INFO] [stderr]    Compiling whoami v1.4.1
[INFO] [stderr]    Compiling xmltree v0.10.3
[INFO] [stderr]    Compiling synstructure v0.12.6
[INFO] [stderr]    Compiling chrono v0.4.31
[INFO] [stderr]    Compiling bit-set v0.5.3
[INFO] [stderr]    Compiling digest v0.10.7
[INFO] [stderr]    Compiling sha1 v0.10.6
[INFO] [stderr]    Compiling cc v1.0.83
[INFO] [stderr]    Compiling failure_derive v0.1.8
[INFO] [stderr]    Compiling backtrace v0.3.69
[INFO] [stderr]    Compiling getrandom v0.2.11
[INFO] [stderr]    Compiling dirs-sys v0.3.7
[INFO] [stderr]    Compiling nix v0.27.1
[INFO] [stderr]    Compiling num_cpus v1.16.0
[INFO] [stderr]    Compiling termion v2.0.3
[INFO] [stderr]    Compiling hostname v0.3.1
[INFO] [stderr]    Compiling regex-automata v0.4.3
[INFO] [stderr]    Compiling rand_core v0.6.4
[INFO] [stderr]    Compiling dirs v4.0.0
[INFO] [stderr]    Compiling rand_chacha v0.3.1
[INFO] [stderr]    Compiling rand v0.8.5
[INFO] [stderr]    Compiling failure v0.1.8
[INFO] [stderr]    Compiling bendy v0.3.3
[INFO] [stderr]    Compiling regex v1.10.2
[INFO] [stderr]    Compiling fancy-regex v0.13.0
[INFO] [stderr]    Compiling breezy-osutils v3.3.4
[INFO] [stdout] error[E0432]: unresolved import `nix::sys::stat`
[INFO] [stdout]   --> /opt/rustwide/cargo-home/registry/src/index.crates.io-6f17d22bba15001f/breezy-osutils-3.3.4/src/lib.rs:98:15
[INFO] [stdout]    |
[INFO] [stdout] 98 | use nix::sys::stat::{umask, Mode};
[INFO] [stdout]    |               ^^^^ could not find `stat` in `sys`
[INFO] [stdout] 
[INFO] [stdout] 
[INFO] [stdout] error[E0432]: unresolved import `nix::sys::stat`
[INFO] [stdout]  --> /opt/rustwide/cargo-home/registry/src/index.crates.io-6f17d22bba15001f/breezy-osutils-3.3.4/src/file.rs:4:15
[INFO] [stdout]   |
[INFO] [stdout] 4 | use nix::sys::stat::SFlag;
[INFO] [stdout]   |               ^^^^ could not find `stat` in `sys`
[INFO] [stdout] 
[INFO] [stdout] 
[INFO] [stdout] error[E0432]: unresolved imports `nix::unistd::chown`, `nix::unistd::Gid`, `nix::unistd::Uid`
[INFO] [stdout]    --> /opt/rustwide/cargo-home/registry/src/index.crates.io-6f17d22bba15001f/breezy-osutils-3.3.4/src/file.rs:55:23
[INFO] [stdout]     |
[INFO] [stdout] 55  |     use nix::unistd::{chown, Gid, Uid};
[INFO] [stdout]     |                       ^^^^^  ^^^  ^^^ no `Uid` in `unistd`
[INFO] [stdout]     |                       |      |
[INFO] [stdout]     |                       |      no `Gid` in `unistd`
[INFO] [stdout]     |                       no `chown` in `unistd`
[INFO] [stdout]     |
[INFO] [stdout] note: found an item that was configured out
[INFO] [stdout]    --> /opt/rustwide/cargo-home/registry/src/index.crates.io-6f17d22bba15001f/nix-0.27.1/src/unistd.rs:725:8
[INFO] [stdout]     |
[INFO] [stdout] 725 | pub fn chown<P: ?Sized + NixPath>(
[INFO] [stdout]     |        ^^^^^
[INFO] [stdout] note: found an item that was configured out
[INFO] [stdout]    --> /opt/rustwide/cargo-home/registry/src/index.crates.io-6f17d22bba15001f/nix-0.27.1/src/unistd.rs:131:12
[INFO] [stdout]     |
[INFO] [stdout] 131 | pub struct Gid(gid_t);
[INFO] [stdout]     |            ^^^
[INFO] [stdout]     = note: the item is gated behind the `user` feature
[INFO] [stdout] note: found an item that was configured out
[INFO] [stdout]    --> /opt/rustwide/cargo-home/registry/src/index.crates.io-6f17d22bba15001f/nix-0.27.1/src/unistd.rs:74:12
[INFO] [stdout]     |
[INFO] [stdout] 74  | pub struct Uid(uid_t);
[INFO] [stdout]     |            ^^^
[INFO] [stdout]     = note: the item is gated behind the `user` feature
[INFO] [stdout] 
[INFO] [stdout] 
[INFO] [stdout] error[E0432]: unresolved import `nix::sys::signal::kill`
[INFO] [stdout]    --> /opt/rustwide/cargo-home/registry/src/index.crates.io-6f17d22bba15001f/breezy-osutils-3.3.4/src/lib.rs:275:9
[INFO] [stdout]     |
[INFO] [stdout] 275 |     use nix::sys::signal::kill;
[INFO] [stdout]     |         ^^^^^^^^^^^^^^^^^^^^^^ no `kill` in `sys::signal`
[INFO] [stdout]     |
[INFO] [stdout] note: found an item that was configured out
[INFO] [stdout]    --> /opt/rustwide/cargo-home/registry/src/index.crates.io-6f17d22bba15001f/nix-0.27.1/src/sys/signal.rs:974:8
[INFO] [stdout]     |
[INFO] [stdout] 974 | pub fn kill<T: Into<Option<Signal>>>(pid: Pid, signal: T) -> Result<()> {
[INFO] [stdout]     |        ^^^^
[INFO] [stdout]     = note: the item is gated behind the `signal` feature
[INFO] [stdout] 
[INFO] [stdout] 
[INFO] [stdout] error[E0432]: unresolved import `nix::unistd::Pid`
[INFO] [stdout]    --> /opt/rustwide/cargo-home/registry/src/index.crates.io-6f17d22bba15001f/breezy-osutils-3.3.4/src/lib.rs:276:9
[INFO] [stdout]     |
[INFO] [stdout] 276 |     use nix::unistd::Pid;
[INFO] [stdout]     |         ^^^^^^^^^^^^^^^^ no `Pid` in `unistd`
[INFO] [stdout]     |
[INFO] [stdout] note: found an item that was configured out
[INFO] [stdout]    --> /opt/rustwide/cargo-home/registry/src/index.crates.io-6f17d22bba15001f/nix-0.27.1/src/unistd.rs:183:12
[INFO] [stdout]     |
[INFO] [stdout] 183 | pub struct Pid(pid_t);
[INFO] [stdout]     |            ^^^
[INFO] [stdout]     = note: the item is gated behind the `process` feature
[INFO] [stdout] 
[INFO] [stdout] 
[INFO] [stdout] error: aborting due to 5 previous errors
[INFO] [stdout] 
[INFO] [stdout] 
[INFO] [stdout] For more information about this error, try `rustc --explain E0432`.
[INFO] [stdout] 
[INFO] [stderr] error: could not compile `breezy-osutils` (lib) due to 6 previous errors
[INFO] [stderr] warning: build failed, waiting for other jobs to finish...
[INFO] running `Command { std: "docker" "inspect" "8918b3e7b13cf66545f56bca38a0c53a816c58ba4fcbcdb73c87694a974e8342", kill_on_drop: false }`
[INFO] running `Command { std: "docker" "rm" "-f" "8918b3e7b13cf66545f56bca38a0c53a816c58ba4fcbcdb73c87694a974e8342", kill_on_drop: false }`
[INFO] [stdout] 8918b3e7b13cf66545f56bca38a0c53a816c58ba4fcbcdb73c87694a974e8342
