[INFO] fetching crate battlecats 0.1.0...
[INFO] testing battlecats-0.1.0 against 1.75.0 for beta-1.76-1
[INFO] extracting crate battlecats 0.1.0 into /workspace/builds/worker-4-tc1/source
[INFO] validating manifest of crates.io crate battlecats 0.1.0 on toolchain 1.75.0
[INFO] running `Command { std: CARGO_HOME="/workspace/cargo-home" RUSTUP_HOME="/workspace/rustup-home" "/workspace/cargo-home/bin/cargo" "+1.75.0" "metadata" "--manifest-path" "Cargo.toml" "--no-deps", kill_on_drop: false }`
[INFO] started tweaking crates.io crate battlecats 0.1.0
[INFO] finished tweaking crates.io crate battlecats 0.1.0
[INFO] tweaked toml for crates.io crate battlecats 0.1.0 written to /workspace/builds/worker-4-tc1/source/Cargo.toml
[INFO] running `Command { std: CARGO_HOME="/workspace/cargo-home" RUSTUP_HOME="/workspace/rustup-home" "/workspace/cargo-home/bin/cargo" "+1.75.0" "generate-lockfile" "--manifest-path" "Cargo.toml", kill_on_drop: false }`
[INFO] [stderr]     Updating crates.io index
[INFO] running `Command { std: CARGO_HOME="/workspace/cargo-home" RUSTUP_HOME="/workspace/rustup-home" "/workspace/cargo-home/bin/cargo" "+1.75.0" "fetch" "--manifest-path" "Cargo.toml", kill_on_drop: false }`
[INFO] [stderr]  Downloading crates ...
[INFO] [stderr]   Downloaded find_folder v0.3.0
[INFO] [stderr]   Downloaded lzw v0.10.0
[INFO] [stderr]   Downloaded scoped_threadpool v0.1.9
[INFO] [stderr]   Downloaded inflate v0.4.5
[INFO] [stderr]   Downloaded num-derive v0.2.5
[INFO] [stderr]   Downloaded gif v0.10.3
[INFO] [stderr]   Downloaded xml-rs v0.7.0
[INFO] [stderr]   Downloaded image v0.19.0
[INFO] [stderr]   Downloaded jpeg-decoder v0.1.22
[INFO] [stderr]   Downloaded deflate v0.7.20
[INFO] [stderr]   Downloaded png v0.12.0
[INFO] [stderr]   Downloaded core-foundation-sys v0.5.1
[INFO] [stderr]   Downloaded ordered-float v0.5.2
[INFO] [stderr]   Downloaded pistoncore-event_loop v0.36.0
[INFO] [stderr]   Downloaded memmap v0.6.2
[INFO] [stderr]   Downloaded piston-texture v0.6.0
[INFO] [stderr]   Downloaded gl v0.10.0
[INFO] [stderr]   Downloaded shader_version v0.3.0
[INFO] [stderr]   Downloaded token_store v0.1.2
[INFO] [stderr]   Downloaded piston-ai_behavior v0.23.0
[INFO] [stderr]   Downloaded stb_truetype v0.2.8
[INFO] [stderr]   Downloaded pistoncore-input v0.20.0
[INFO] [stderr]   Downloaded interpolation v0.1.0
[INFO] [stderr]   Downloaded piston-float v0.3.0
[INFO] [stderr]   Downloaded vecmath v0.3.1
[INFO] [stderr]   Downloaded wayland-sys v0.12.5
[INFO] [stderr]   Downloaded read_color v1.0.0
[INFO] [stderr]   Downloaded piston-viewport v0.3.0
[INFO] [stderr]   Downloaded piston-shaders_graphics2d v0.3.1
[INFO] [stderr]   Downloaded pistoncore-window v0.31.0
[INFO] [stderr]   Downloaded core-foundation v0.5.1
[INFO] [stderr]   Downloaded wayland-client v0.12.5
[INFO] [stderr]   Downloaded wayland-scanner v0.12.5
[INFO] [stderr]   Downloaded cocoa v0.14.0
[INFO] [stderr]   Downloaded gl_generator v0.9.0
[INFO] [stderr]   Downloaded rusttype v0.4.3
[INFO] [stderr]   Downloaded core-graphics v0.13.0
[INFO] [stderr]   Downloaded wayland-kbd v0.13.1
[INFO] [stderr]   Downloaded glutin v0.14.0
[INFO] [stderr]   Downloaded piston2d-graphics v0.26.0
[INFO] [stderr]   Downloaded winit v0.12.0
[INFO] [stderr]   Downloaded piston v0.36.0
[INFO] [stderr]   Downloaded wayland-protocols v0.12.5
[INFO] [stderr]   Downloaded khronos_api v2.2.0
[INFO] [stderr]   Downloaded piston2d-sprite v0.44.0
[INFO] [stderr]   Downloaded piston2d-opengl_graphics v0.53.0
[INFO] [stderr]   Downloaded wayland-window v0.13.3
[INFO] [stderr]   Downloaded pistoncore-glutin_window v0.46.0
[INFO] running `Command { std: "docker" "create" "-v" "/var/lib/crater-agent-workspace/builds/worker-4-tc1/target:/opt/rustwide/target:rw,Z" "-v" "/var/lib/crater-agent-workspace/builds/worker-4-tc1/source:/opt/rustwide/workdir:ro,Z" "-v" "/var/lib/crater-agent-workspace/cargo-home:/opt/rustwide/cargo-home:ro,Z" "-v" "/var/lib/crater-agent-workspace/rustup-home:/opt/rustwide/rustup-home:ro,Z" "-e" "SOURCE_DIR=/opt/rustwide/workdir" "-e" "CARGO_TARGET_DIR=/opt/rustwide/target" "-e" "CARGO_HOME=/opt/rustwide/cargo-home" "-e" "RUSTUP_HOME=/opt/rustwide/rustup-home" "-w" "/opt/rustwide/workdir" "-m" "1610612736" "--user" "0:0" "--network" "none" "ghcr.io/rust-lang/crates-build-env/linux@sha256:2788e3201cd34a07e3172128adcd8b3090168a8e3bcc40d7c032b9dda1df7d1c" "/opt/rustwide/cargo-home/bin/cargo" "+1.75.0" "metadata" "--no-deps" "--format-version=1", kill_on_drop: false }`
[INFO] [stdout] f7f59413c0faa6d527ccceca0f1921f2331e609beeb14b3559faac467c1a58d6
[INFO] running `Command { std: "docker" "start" "-a" "f7f59413c0faa6d527ccceca0f1921f2331e609beeb14b3559faac467c1a58d6", kill_on_drop: false }`
[INFO] running `Command { std: "docker" "inspect" "f7f59413c0faa6d527ccceca0f1921f2331e609beeb14b3559faac467c1a58d6", kill_on_drop: false }`
[INFO] running `Command { std: "docker" "rm" "-f" "f7f59413c0faa6d527ccceca0f1921f2331e609beeb14b3559faac467c1a58d6", kill_on_drop: false }`
[INFO] [stdout] f7f59413c0faa6d527ccceca0f1921f2331e609beeb14b3559faac467c1a58d6
[INFO] running `Command { std: "docker" "create" "-v" "/var/lib/crater-agent-workspace/builds/worker-4-tc1/target:/opt/rustwide/target:rw,Z" "-v" "/var/lib/crater-agent-workspace/builds/worker-4-tc1/source:/opt/rustwide/workdir:ro,Z" "-v" "/var/lib/crater-agent-workspace/cargo-home:/opt/rustwide/cargo-home:ro,Z" "-v" "/var/lib/crater-agent-workspace/rustup-home:/opt/rustwide/rustup-home:ro,Z" "-e" "SOURCE_DIR=/opt/rustwide/workdir" "-e" "CARGO_TARGET_DIR=/opt/rustwide/target" "-e" "CARGO_INCREMENTAL=0" "-e" "RUST_BACKTRACE=full" "-e" "RUSTFLAGS=--cap-lints=warn" "-e" "RUSTDOCFLAGS=--cap-lints=warn" "-e" "CARGO_HOME=/opt/rustwide/cargo-home" "-e" "RUSTUP_HOME=/opt/rustwide/rustup-home" "-w" "/opt/rustwide/workdir" "-m" "1610612736" "--user" "0:0" "--network" "none" "ghcr.io/rust-lang/crates-build-env/linux@sha256:2788e3201cd34a07e3172128adcd8b3090168a8e3bcc40d7c032b9dda1df7d1c" "/opt/rustwide/cargo-home/bin/cargo" "+1.75.0" "build" "--frozen" "--message-format=json", kill_on_drop: false }`
[INFO] [stdout] 1f1af461692bc69ef79e30130e3c102cf1fe9d4103f83c104b82b2ebe4e01e93
[INFO] running `Command { std: "docker" "start" "-a" "1f1af461692bc69ef79e30130e3c102cf1fe9d4103f83c104b82b2ebe4e01e93", kill_on_drop: false }`
[INFO] [stderr]    Compiling xml-rs v0.7.0
[INFO] [stderr]    Compiling libc v0.2.151
[INFO] [stderr]    Compiling num-traits v0.2.17
[INFO] [stderr]    Compiling khronos_api v2.2.0
[INFO] [stderr]    Compiling piston-float v0.3.0
[INFO] [stderr]    Compiling libloading v0.6.7
[INFO] [stderr]    Compiling serde v1.0.194
[INFO] [stderr]    Compiling num-integer v0.1.45
[INFO] [stderr]    Compiling token_store v0.1.2
[INFO] [stderr]    Compiling proc-macro2 v0.4.30
[INFO] [stderr]    Compiling rustix v0.38.28
[INFO] [stderr]    Compiling void v1.0.2
[INFO] [stderr]    Compiling linux-raw-sys v0.4.12
[INFO] [stderr]    Compiling arrayvec v0.4.12
[INFO] [stderr]    Compiling syn v2.0.48
[INFO] [stderr]    Compiling crossbeam-epoch v0.9.17
[INFO] [stderr]    Compiling piston-viewport v0.3.0
[INFO] [stderr]    Compiling unicode-xid v0.1.0
[INFO] [stderr]    Compiling dlib v0.4.2
[INFO] [stderr]    Compiling rayon-core v1.12.0
[INFO] [stderr]    Compiling wayland-sys v0.12.5
[INFO] [stderr]    Compiling unreachable v1.0.0
[INFO] [stderr]    Compiling x11-dl v2.21.0
[INFO] [stderr]    Compiling stb_truetype v0.3.1
[INFO] [stderr]    Compiling crossbeam-deque v0.8.4
[INFO] [stderr]    Compiling num-iter v0.1.43
[INFO] [stderr]    Compiling adler32 v1.2.0
[INFO] [stderr]    Compiling shader_version v0.3.0
[INFO] [stderr]    Compiling nodrop v0.1.14
[INFO] [stderr]    Compiling syn v0.15.44
[INFO] [stderr]    Compiling stb_truetype v0.2.8
[INFO] [stderr]    Compiling wayland-scanner v0.12.5
[INFO] [stderr]    Compiling gl_generator v0.9.0
[INFO] [stderr]    Compiling num-derive v0.2.5
[INFO] [stderr]    Compiling deflate v0.7.20
[INFO] [stderr]    Compiling quote v0.6.13
[INFO] [stderr]    Compiling inflate v0.4.5
[INFO] [stderr]    Compiling vecmath v0.3.1
[INFO] [stderr]    Compiling color_quant v1.1.0
[INFO] [stderr]    Compiling rayon v1.8.0
[INFO] [stderr]    Compiling percent-encoding v1.0.1
[INFO] [stderr]    Compiling piston-texture v0.6.0
[INFO] [stderr]    Compiling wayland-client v0.12.5
[INFO] [stderr]    Compiling wayland-protocols v0.12.5
[INFO] [stderr]    Compiling read_color v1.0.0
[INFO] [stderr]    Compiling lzw v0.10.0
[INFO] [stderr]    Compiling interpolation v0.1.0
[INFO] [stderr]    Compiling scoped_threadpool v0.1.9
[INFO] [stderr]    Compiling cfg-if v0.1.10
[INFO] [stderr]    Compiling gl v0.10.0
[INFO] [stderr]    Compiling glutin v0.14.0
[INFO] [stderr]    Compiling gif v0.10.3
[INFO] [stderr]    Compiling piston-shaders_graphics2d v0.3.1
[INFO] [stderr]    Compiling find_folder v0.3.0
[INFO] [stderr]    Compiling num-traits v0.1.43
[INFO] [stderr]    Compiling ordered-float v0.5.2
[INFO] [stderr]    Compiling memmap v0.6.2
[INFO] [stderr]    Compiling rusttype v0.4.3
[INFO] [stderr]    Compiling tempfile v3.9.0
[INFO] [stderr]    Compiling shared_library v0.1.9
[INFO] [stderr]    Compiling png v0.12.0
[INFO] [stderr]    Compiling num-rational v0.1.42
[INFO] [stderr]    Compiling piston2d-graphics v0.26.0
[INFO] [stderr]    Compiling osmesa-sys v0.1.2
[INFO] [stderr]    Compiling serde_derive v1.0.194
[INFO] [stderr]    Compiling rand v0.4.6
[INFO] [stderr]    Compiling jpeg-decoder v0.1.22
[INFO] [stderr]    Compiling uuid v0.6.5
[INFO] [stderr]    Compiling wayland-kbd v0.13.1
[INFO] [stderr]    Compiling image v0.19.0
[INFO] [stderr]    Compiling wayland-window v0.13.3
[INFO] [stderr]    Compiling pistoncore-input v0.20.0
[INFO] [stderr]    Compiling winit v0.12.0
[INFO] [stderr]    Compiling pistoncore-window v0.31.0
[INFO] [stderr]    Compiling piston-ai_behavior v0.23.0
[INFO] [stderr]    Compiling pistoncore-event_loop v0.36.0
[INFO] [stderr]    Compiling piston v0.36.0
[INFO] [stderr]    Compiling piston2d-sprite v0.44.0
[INFO] [stderr]    Compiling piston2d-opengl_graphics v0.53.0
[INFO] [stderr]    Compiling pistoncore-glutin_window v0.46.0
[INFO] [stderr]    Compiling battlecats v0.1.0 (/opt/rustwide/workdir)
[INFO] [stderr]     Finished dev [unoptimized + debuginfo] target(s) in 9.85s
[INFO] running `Command { std: "docker" "inspect" "1f1af461692bc69ef79e30130e3c102cf1fe9d4103f83c104b82b2ebe4e01e93", kill_on_drop: false }`
[INFO] running `Command { std: "docker" "rm" "-f" "1f1af461692bc69ef79e30130e3c102cf1fe9d4103f83c104b82b2ebe4e01e93", kill_on_drop: false }`
[INFO] [stdout] 1f1af461692bc69ef79e30130e3c102cf1fe9d4103f83c104b82b2ebe4e01e93
[INFO] running `Command { std: "docker" "create" "-v" "/var/lib/crater-agent-workspace/builds/worker-4-tc1/target:/opt/rustwide/target:rw,Z" "-v" "/var/lib/crater-agent-workspace/builds/worker-4-tc1/source:/opt/rustwide/workdir:ro,Z" "-v" "/var/lib/crater-agent-workspace/cargo-home:/opt/rustwide/cargo-home:ro,Z" "-v" "/var/lib/crater-agent-workspace/rustup-home:/opt/rustwide/rustup-home:ro,Z" "-e" "SOURCE_DIR=/opt/rustwide/workdir" "-e" "CARGO_TARGET_DIR=/opt/rustwide/target" "-e" "CARGO_INCREMENTAL=0" "-e" "RUST_BACKTRACE=full" "-e" "RUSTFLAGS=--cap-lints=warn" "-e" "RUSTDOCFLAGS=--cap-lints=warn" "-e" "CARGO_HOME=/opt/rustwide/cargo-home" "-e" "RUSTUP_HOME=/opt/rustwide/rustup-home" "-w" "/opt/rustwide/workdir" "-m" "1610612736" "--user" "0:0" "--network" "none" "ghcr.io/rust-lang/crates-build-env/linux@sha256:2788e3201cd34a07e3172128adcd8b3090168a8e3bcc40d7c032b9dda1df7d1c" "/opt/rustwide/cargo-home/bin/cargo" "+1.75.0" "test" "--frozen" "--no-run" "--message-format=json", kill_on_drop: false }`
[INFO] [stdout] f7061b0689ea6f347bb3094c1c0429dd20c9b0d8eb719175cfb93c62630e6f53
[INFO] running `Command { std: "docker" "start" "-a" "f7061b0689ea6f347bb3094c1c0429dd20c9b0d8eb719175cfb93c62630e6f53", kill_on_drop: false }`
[INFO] [stderr]    Compiling battlecats v0.1.0 (/opt/rustwide/workdir)
[INFO] [stdout] error: expected item, found `import`
[INFO] [stdout]  --> tests/cattests.rs:1:1
[INFO] [stdout]   |
[INFO] [stdout] 1 | import battlecats::LeftCat;
[INFO] [stdout]   | ^^^^^^ help: items are imported using the `use` keyword
[INFO] [stdout] 
[INFO] [stdout] 
[INFO] [stdout] error[E0432]: unresolved import `battlecats`
[INFO] [stdout]  --> tests/cattests.rs:1:8
[INFO] [stdout]   |
[INFO] [stdout] 1 | import battlecats::LeftCat;
[INFO] [stdout]   |        ^^^^^^^^^^ maybe a missing crate `battlecats`?
[INFO] [stdout]   |
[INFO] [stdout]   = help: consider adding `extern crate battlecats` to use the `battlecats` crate
[INFO] [stdout] 
[INFO] [stdout] 
[INFO] [stdout] error[E0432]: unresolved import `battlecats`
[INFO] [stdout]  --> tests/cattests.rs:3:5
[INFO] [stdout]   |
[INFO] [stdout] 3 | use battlecats::LeftCat;
[INFO] [stdout]   |     ^^^^^^^^^^ maybe a missing crate `battlecats`?
[INFO] [stdout]   |
[INFO] [stdout]   = help: consider adding `extern crate battlecats` to use the `battlecats` crate
[INFO] [stdout] 
[INFO] [stdout] 
[INFO] [stdout] error[E0432]: unresolved import `battlecats`
[INFO] [stdout]  --> tests/cattests.rs:4:5
[INFO] [stdout]   |
[INFO] [stdout] 4 | use battlecats::RightCat;
[INFO] [stdout]   |     ^^^^^^^^^^ maybe a missing crate `battlecats`?
[INFO] [stdout]   |
[INFO] [stdout]   = help: consider adding `extern crate battlecats` to use the `battlecats` crate
[INFO] [stdout] 
[INFO] [stdout] 
[INFO] [stdout] error[E0432]: unresolved import `battlecats`
[INFO] [stdout]  --> tests/cattests.rs:5:5
[INFO] [stdout]   |
[INFO] [stdout] 5 | use battlecats::hiss;
[INFO] [stdout]   |     ^^^^^^^^^^ maybe a missing crate `battlecats`?
[INFO] [stdout]   |
[INFO] [stdout]   = help: consider adding `extern crate battlecats` to use the `battlecats` crate
[INFO] [stdout] 
[INFO] [stdout] 
[INFO] [stdout] error[E0432]: unresolved import `battlecats`
[INFO] [stdout]  --> tests/cattests.rs:6:5
[INFO] [stdout]   |
[INFO] [stdout] 6 | use battlecats::hissed;
[INFO] [stdout]   |     ^^^^^^^^^^ maybe a missing crate `battlecats`?
[INFO] [stdout]   |
[INFO] [stdout]   = help: consider adding `extern crate battlecats` to use the `battlecats` crate
[INFO] [stdout] 
[INFO] [stdout] 
[INFO] [stdout] error: aborting due to 6 previous errors
[INFO] [stdout] 
[INFO] [stdout] 
[INFO] [stdout] For more information about this error, try `rustc --explain E0432`.
[INFO] [stdout] 
[INFO] [stderr] error: could not compile `battlecats` (test "cattests") due to 7 previous errors
[INFO] [stderr] warning: build failed, waiting for other jobs to finish...
[INFO] running `Command { std: "docker" "inspect" "f7061b0689ea6f347bb3094c1c0429dd20c9b0d8eb719175cfb93c62630e6f53", kill_on_drop: false }`
[INFO] running `Command { std: "docker" "rm" "-f" "f7061b0689ea6f347bb3094c1c0429dd20c9b0d8eb719175cfb93c62630e6f53", kill_on_drop: false }`
[INFO] [stdout] f7061b0689ea6f347bb3094c1c0429dd20c9b0d8eb719175cfb93c62630e6f53
