[INFO] fetching crate bat 0.24.0...
[INFO] testing bat-0.24.0 against 1.75.0 for beta-1.76-1
[INFO] extracting crate bat 0.24.0 into /workspace/builds/worker-1-tc1/source
[INFO] validating manifest of crates.io crate bat 0.24.0 on toolchain 1.75.0
[INFO] running `Command { std: CARGO_HOME="/workspace/cargo-home" RUSTUP_HOME="/workspace/rustup-home" "/workspace/cargo-home/bin/cargo" "+1.75.0" "metadata" "--manifest-path" "Cargo.toml" "--no-deps", kill_on_drop: false }`
[INFO] started tweaking crates.io crate bat 0.24.0
[INFO] finished tweaking crates.io crate bat 0.24.0
[INFO] tweaked toml for crates.io crate bat 0.24.0 written to /workspace/builds/worker-1-tc1/source/Cargo.toml
[INFO] crate crates.io crate bat 0.24.0 already has a lockfile, it will not be regenerated
[INFO] running `Command { std: CARGO_HOME="/workspace/cargo-home" RUSTUP_HOME="/workspace/rustup-home" "/workspace/cargo-home/bin/cargo" "+1.75.0" "fetch" "--manifest-path" "Cargo.toml", kill_on_drop: false }`
[INFO] [stderr]     Updating crates.io index
[INFO] [stderr]  Downloading crates ...
[INFO] [stderr]   Downloaded expect-test v1.4.1
[INFO] [stderr]   Downloaded line-wrap v0.1.1
[INFO] [stderr]   Downloaded wild v2.1.0
[INFO] [stderr]   Downloaded shell-escape v0.1.5
[INFO] [stderr]   Downloaded git-version-macro v0.3.5
[INFO] [stderr]   Downloaded bugreport v0.5.0
[INFO] [stderr]   Downloaded serde_derive v1.0.163
[INFO] [stderr]   Downloaded normalize-line-endings v0.3.0
[INFO] [stderr]   Downloaded termtree v0.2.4
[INFO] [stderr]   Downloaded globset v0.4.10
[INFO] [stderr]   Downloaded onig v6.4.0
[INFO] [stderr]   Downloaded dunce v1.0.3
[INFO] [stderr]   Downloaded dissimilar v1.0.5
[INFO] [stderr]   Downloaded plist v1.4.3
[INFO] [stderr]   Downloaded time v0.3.14
[INFO] [stderr]   Downloaded bstr v1.6.0
[INFO] [stderr]   Downloaded syntect v5.0.0
[INFO] [stderr]   Downloaded fsio v0.4.0
[INFO] [stderr]   Downloaded onig_sys v69.8.1
[INFO] [stderr]   Downloaded libgit2-sys v0.16.1+1.7.1
[INFO] [stderr]   Downloaded regex-syntax v0.7.2
[INFO] [stderr]   Downloaded quick-xml v0.28.1
[INFO] [stderr]   Downloaded nix v0.26.2
[INFO] [stderr]   Downloaded serde_json v1.0.85
[INFO] [stderr]   Downloaded git2 v0.18.0
[INFO] [stderr]   Downloaded regex v1.8.3
[INFO] [stderr]   Downloaded serde v1.0.163
[INFO] [stderr]   Downloaded fancy-regex v0.7.1
[INFO] [stderr]   Downloaded bytemuck v1.12.1
[INFO] [stderr]   Downloaded unicode-ident v1.0.4
[INFO] [stderr]   Downloaded serial_test v2.0.0
[INFO] [stderr]   Downloaded ansi_colours v1.2.1
[INFO] [stderr]   Downloaded terminal_size v0.3.0
[INFO] [stderr]   Downloaded content_inspector v0.2.4
[INFO] [stderr]   Downloaded nu-ansi-term v0.49.0
[INFO] [stderr]   Downloaded predicates v3.0.3
[INFO] [stderr]   Downloaded clircle v0.4.0
[INFO] [stderr]   Downloaded rgb v0.8.34
[INFO] [stderr]   Downloaded predicates-tree v1.0.5
[INFO] [stderr]   Downloaded etcetera v0.8.0
[INFO] [stderr]   Downloaded itoa v1.0.3
[INFO] [stderr]   Downloaded float-cmp v0.9.0
[INFO] [stderr]   Downloaded home v0.5.5
[INFO] [stderr]   Downloaded serial_test_derive v2.0.0
[INFO] [stderr]   Downloaded git-version v0.3.5
[INFO] [stderr]   Downloaded assert_cmd v2.0.10
[INFO] [stderr]   Downloaded grep-cli v0.1.9
[INFO] [stderr]   Downloaded run_script v0.10.0
[INFO] running `Command { std: "docker" "create" "-v" "/var/lib/crater-agent-workspace/builds/worker-1-tc1/target:/opt/rustwide/target:rw,Z" "-v" "/var/lib/crater-agent-workspace/builds/worker-1-tc1/source:/opt/rustwide/workdir:ro,Z" "-v" "/var/lib/crater-agent-workspace/cargo-home:/opt/rustwide/cargo-home:ro,Z" "-v" "/var/lib/crater-agent-workspace/rustup-home:/opt/rustwide/rustup-home:ro,Z" "-e" "SOURCE_DIR=/opt/rustwide/workdir" "-e" "CARGO_TARGET_DIR=/opt/rustwide/target" "-e" "CARGO_HOME=/opt/rustwide/cargo-home" "-e" "RUSTUP_HOME=/opt/rustwide/rustup-home" "-w" "/opt/rustwide/workdir" "-m" "1610612736" "--user" "0:0" "--network" "none" "ghcr.io/rust-lang/crates-build-env/linux@sha256:2788e3201cd34a07e3172128adcd8b3090168a8e3bcc40d7c032b9dda1df7d1c" "/opt/rustwide/cargo-home/bin/cargo" "+1.75.0" "metadata" "--no-deps" "--format-version=1", kill_on_drop: false }`
[INFO] [stdout] 6a663c0eaa5edfe9a253d1cfd618f7fcf08f18b3ac963fe2b75ea0277bc641d3
[INFO] running `Command { std: "docker" "start" "-a" "6a663c0eaa5edfe9a253d1cfd618f7fcf08f18b3ac963fe2b75ea0277bc641d3", kill_on_drop: false }`
[INFO] running `Command { std: "docker" "inspect" "6a663c0eaa5edfe9a253d1cfd618f7fcf08f18b3ac963fe2b75ea0277bc641d3", kill_on_drop: false }`
[INFO] running `Command { std: "docker" "rm" "-f" "6a663c0eaa5edfe9a253d1cfd618f7fcf08f18b3ac963fe2b75ea0277bc641d3", kill_on_drop: false }`
[INFO] [stdout] 6a663c0eaa5edfe9a253d1cfd618f7fcf08f18b3ac963fe2b75ea0277bc641d3
[INFO] running `Command { std: "docker" "create" "-v" "/var/lib/crater-agent-workspace/builds/worker-1-tc1/target:/opt/rustwide/target:rw,Z" "-v" "/var/lib/crater-agent-workspace/builds/worker-1-tc1/source:/opt/rustwide/workdir:ro,Z" "-v" "/var/lib/crater-agent-workspace/cargo-home:/opt/rustwide/cargo-home:ro,Z" "-v" "/var/lib/crater-agent-workspace/rustup-home:/opt/rustwide/rustup-home:ro,Z" "-e" "SOURCE_DIR=/opt/rustwide/workdir" "-e" "CARGO_TARGET_DIR=/opt/rustwide/target" "-e" "CARGO_INCREMENTAL=0" "-e" "RUST_BACKTRACE=full" "-e" "RUSTFLAGS=--cap-lints=warn" "-e" "RUSTDOCFLAGS=--cap-lints=warn" "-e" "CARGO_HOME=/opt/rustwide/cargo-home" "-e" "RUSTUP_HOME=/opt/rustwide/rustup-home" "-w" "/opt/rustwide/workdir" "-m" "1610612736" "--user" "0:0" "--network" "none" "ghcr.io/rust-lang/crates-build-env/linux@sha256:2788e3201cd34a07e3172128adcd8b3090168a8e3bcc40d7c032b9dda1df7d1c" "/opt/rustwide/cargo-home/bin/cargo" "+1.75.0" "build" "--frozen" "--message-format=json", kill_on_drop: false }`
[INFO] [stdout] 8ceccb712dfd696173f5775d03e26e3e83768bfbfa722491ee5c8cc34addd91a
[INFO] running `Command { std: "docker" "start" "-a" "8ceccb712dfd696173f5775d03e26e3e83768bfbfa722491ee5c8cc34addd91a", kill_on_drop: false }`
[INFO] [stderr]    Compiling libc v0.2.147
[INFO] [stderr]    Compiling proc-macro2 v1.0.66
[INFO] [stderr]    Compiling unicode-ident v1.0.4
[INFO] [stderr]    Compiling quote v1.0.26
[INFO] [stderr]    Compiling memchr v2.5.0
[INFO] [stderr]    Compiling pkg-config v0.3.25
[INFO] [stderr]    Compiling serde v1.0.163
[INFO] [stderr]    Compiling rustix v0.38.11
[INFO] [stderr]    Compiling bitflags v2.4.0
[INFO] [stderr]    Compiling utf8parse v0.2.1
[INFO] [stderr]    Compiling linux-raw-sys v0.4.5
[INFO] [stderr]    Compiling log v0.4.17
[INFO] [stderr]    Compiling proc-macro-hack v0.5.19
[INFO] [stderr]    Compiling anstyle-query v1.0.0
[INFO] [stderr]    Compiling itoa v1.0.3
[INFO] [stderr]    Compiling syn v1.0.104
[INFO] [stderr]    Compiling anstyle-parse v0.2.0
[INFO] [stderr]    Compiling colorchoice v1.0.0
[INFO] [stderr]    Compiling tinyvec_macros v0.1.0
[INFO] [stderr]    Compiling anstyle v1.0.0
[INFO] [stderr]    Compiling tinyvec v1.6.0
[INFO] [stderr]    Compiling indexmap v1.9.1
[INFO] [stderr]    Compiling crc32fast v1.3.2
[INFO] [stderr]    Compiling strsim v0.10.0
[INFO] [stderr]    Compiling clap_lex v0.5.0
[INFO] [stderr]    Compiling anstream v0.6.4
[INFO] [stderr]    Compiling unicode-bidi v0.3.8
[INFO] [stderr]    Compiling num_threads v0.1.6
[INFO] [stderr]    Compiling adler v1.0.2
[INFO] [stderr]    Compiling serde_json v1.0.85
[INFO] [stderr]    Compiling lazy_static v1.4.0
[INFO] [stderr]    Compiling hashbrown v0.12.3
[INFO] [stderr]    Compiling regex-automata v0.3.7
[INFO] [stderr]    Compiling percent-encoding v2.2.0
[INFO] [stderr]    Compiling ryu v1.0.11
[INFO] [stderr]    Compiling same-file v1.0.6
[INFO] [stderr]    Compiling regex-syntax v0.7.2
[INFO] [stderr]    Compiling safemem v0.3.3
[INFO] [stderr]    Compiling line-wrap v0.1.1
[INFO] [stderr]    Compiling form_urlencoded v1.1.0
[INFO] [stderr]    Compiling miniz_oxide v0.7.1
[INFO] [stderr]    Compiling semver v1.0.17
[INFO] [stderr]    Compiling aho-corasick v1.0.1
[INFO] [stderr]    Compiling aho-corasick v0.7.19
[INFO] [stderr]    Compiling quick-xml v0.28.1
[INFO] [stderr]    Compiling syn v2.0.12
[INFO] [stderr]    Compiling unicode-normalization v0.1.22
[INFO] [stderr]    Compiling bitflags v1.3.2
[INFO] [stderr]    Compiling once_cell v1.18.0
[INFO] [stderr]    Compiling linked-hash-map v0.5.6
[INFO] [stderr]    Compiling base64 v0.21.0
[INFO] [stderr]    Compiling bytemuck v1.12.1
[INFO] [stderr]    Compiling bugreport v0.5.0
[INFO] [stderr]    Compiling hashbrown v0.14.1
[INFO] [stderr]    Compiling rgb v0.8.34
[INFO] [stderr]    Compiling bstr v1.6.0
[INFO] [stderr]    Compiling idna v0.3.0
[INFO] [stderr]    Compiling yaml-rust v0.4.5
[INFO] [stderr]    Compiling flate2 v1.0.27
[INFO] [stderr]    Compiling jobserver v0.1.25
[INFO] [stderr]    Compiling time v0.3.14
[INFO] [stderr]    Compiling cc v1.0.73
[INFO] [stderr]    Compiling indexmap v2.0.2
[INFO] [stderr]    Compiling walkdir v2.3.3
[INFO] [stderr]    Compiling url v2.3.1
[INFO] [stderr]    Compiling std_prelude v0.2.12
[INFO] [stderr]    Compiling home v0.5.5
[INFO] [stderr]    Compiling unicode-width v0.1.10
[INFO] [stderr]    Compiling termcolor v1.1.3
[INFO] [stderr]    Compiling unsafe-libyaml v0.2.9
[INFO] [stderr]    Compiling regex-syntax v0.6.27
[INFO] [stderr]    Compiling shell-escape v0.1.5
[INFO] [stderr]    Compiling console v0.15.5
[INFO] [stderr]    Compiling terminal_size v0.3.0
[INFO] [stderr]    Compiling clap_builder v4.4.6
[INFO] [stderr]    Compiling etcetera v0.8.0
[INFO] [stderr]    Compiling path_abs v0.5.1
[INFO] [stderr]    Compiling regex v1.8.3
[INFO] [stderr]    Compiling ansi_colours v1.2.1
[INFO] [stderr]    Compiling content_inspector v0.2.4
[INFO] [stderr]    Compiling libz-sys v1.1.8
[INFO] [stderr]    Compiling sys-info v0.9.1
[INFO] [stderr]    Compiling onig_sys v69.8.1
[INFO] [stderr]    Compiling libgit2-sys v0.16.1+1.7.1
[INFO] [stderr]    Compiling bytesize v1.3.0
[INFO] [stderr]    Compiling shell-words v1.1.0
[INFO] [stderr]    Compiling wild v2.1.0
[INFO] [stderr]    Compiling nu-ansi-term v0.49.0
[INFO] [stderr]    Compiling globset v0.4.10
[INFO] [stderr]    Compiling git-version-macro v0.3.5
[INFO] [stderr]    Compiling grep-cli v0.1.9
[INFO] [stderr]    Compiling git-version v0.3.5
[INFO] [stderr]    Compiling serde_derive v1.0.163
[INFO] [stderr]    Compiling thiserror-impl v1.0.40
[INFO] [stderr]    Compiling clap v4.4.6
[INFO] [stderr]    Compiling thiserror v1.0.40
[INFO] [stderr]    Compiling onig v6.4.0
[INFO] [stderr]    Compiling bat v0.24.0 (/opt/rustwide/workdir)
[INFO] [stderr]    Compiling git2 v0.18.0
[INFO] [stderr]    Compiling bincode v1.3.3
[INFO] [stderr]    Compiling plist v1.4.3
[INFO] [stderr]    Compiling clircle v0.4.0
[INFO] [stderr]    Compiling serde_yaml v0.9.25
[INFO] [stderr]    Compiling syntect v5.0.0
[INFO] [stderr]     Finished dev [unoptimized + debuginfo] target(s) in 17.75s
[INFO] running `Command { std: "docker" "inspect" "8ceccb712dfd696173f5775d03e26e3e83768bfbfa722491ee5c8cc34addd91a", kill_on_drop: false }`
[INFO] running `Command { std: "docker" "rm" "-f" "8ceccb712dfd696173f5775d03e26e3e83768bfbfa722491ee5c8cc34addd91a", kill_on_drop: false }`
[INFO] [stdout] 8ceccb712dfd696173f5775d03e26e3e83768bfbfa722491ee5c8cc34addd91a
[INFO] running `Command { std: "docker" "create" "-v" "/var/lib/crater-agent-workspace/builds/worker-1-tc1/target:/opt/rustwide/target:rw,Z" "-v" "/var/lib/crater-agent-workspace/builds/worker-1-tc1/source:/opt/rustwide/workdir:ro,Z" "-v" "/var/lib/crater-agent-workspace/cargo-home:/opt/rustwide/cargo-home:ro,Z" "-v" "/var/lib/crater-agent-workspace/rustup-home:/opt/rustwide/rustup-home:ro,Z" "-e" "SOURCE_DIR=/opt/rustwide/workdir" "-e" "CARGO_TARGET_DIR=/opt/rustwide/target" "-e" "CARGO_INCREMENTAL=0" "-e" "RUST_BACKTRACE=full" "-e" "RUSTFLAGS=--cap-lints=warn" "-e" "RUSTDOCFLAGS=--cap-lints=warn" "-e" "CARGO_HOME=/opt/rustwide/cargo-home" "-e" "RUSTUP_HOME=/opt/rustwide/rustup-home" "-w" "/opt/rustwide/workdir" "-m" "1610612736" "--user" "0:0" "--network" "none" "ghcr.io/rust-lang/crates-build-env/linux@sha256:2788e3201cd34a07e3172128adcd8b3090168a8e3bcc40d7c032b9dda1df7d1c" "/opt/rustwide/cargo-home/bin/cargo" "+1.75.0" "test" "--frozen" "--no-run" "--message-format=json", kill_on_drop: false }`
[INFO] [stdout] 99ca0feb803d8141d337d0428696f81986e8b36648f6bc8218ffdb704301c5cc
[INFO] running `Command { std: "docker" "start" "-a" "99ca0feb803d8141d337d0428696f81986e8b36648f6bc8218ffdb704301c5cc", kill_on_drop: false }`
[INFO] [stderr]    Compiling num-traits v0.2.15
[INFO] [stderr]    Compiling lock_api v0.4.9
[INFO] [stderr]    Compiling parking_lot_core v0.9.7
[INFO] [stderr]    Compiling scopeguard v1.1.0
[INFO] [stderr]    Compiling smallvec v1.10.0
[INFO] [stderr]    Compiling either v1.8.0
[INFO] [stderr]    Compiling predicates-core v1.0.6
[INFO] [stderr]    Compiling doc-comment v0.3.3
[INFO] [stderr]    Compiling normalize-line-endings v0.3.0
[INFO] [stderr]    Compiling termtree v0.2.4
[INFO] [stderr]    Compiling difflib v0.4.0
[INFO] [stderr]    Compiling serial_test_derive v2.0.0
[INFO] [stderr]    Compiling wait-timeout v0.2.0
[INFO] [stderr]    Compiling fastrand v2.0.0
[INFO] [stderr]    Compiling static_assertions v1.1.0
[INFO] [stderr]    Compiling anstyle v0.3.5
[INFO] [stderr]    Compiling dissimilar v1.0.5
[INFO] [stderr]    Compiling predicates-tree v1.0.5
[INFO] [stderr]    Compiling nix v0.26.2
[INFO] [stderr]    Compiling itertools v0.10.5
[INFO] [stderr]    Compiling tempfile v3.8.0
[INFO] [stderr]    Compiling expect-test v1.4.1
[INFO] [stderr]    Compiling parking_lot v0.12.1
[INFO] [stderr]    Compiling dashmap v5.4.0
[INFO] [stderr]    Compiling serial_test v2.0.0
[INFO] [stderr]    Compiling float-cmp v0.9.0
[INFO] [stderr]    Compiling predicates v3.0.3
[INFO] [stderr]    Compiling assert_cmd v2.0.10
[INFO] [stderr]    Compiling bat v0.24.0 (/opt/rustwide/workdir)
[INFO] [stderr] error: could not compile `bat` (bin "bat" test)
[INFO] [stderr] 
[INFO] [stderr] Caused by:
[INFO] [stderr]   process didn't exit successfully: `/opt/rustwide/rustup-home/toolchains/1.75.0-x86_64-unknown-linux-gnu/bin/rustc --crate-name bat --edition=2018 src/bin/bat/main.rs --error-format=json --json=diagnostic-rendered-ansi,artifacts,future-incompat --emit=dep-info,link -C embed-bitcode=no -C debuginfo=2 --test --cfg 'feature="application"' --cfg 'feature="bugreport"' --cfg 'feature="build-assets"' --cfg 'feature="clap"' --cfg 'feature="default"' --cfg 'feature="etcetera"' --cfg 'feature="git"' --cfg 'feature="git2"' --cfg 'feature="grep-cli"' --cfg 'feature="minimal-application"' --cfg 'feature="paging"' --cfg 'feature="regex"' --cfg 'feature="regex-onig"' --cfg 'feature="shell-words"' --cfg 'feature="walkdir"' --cfg 'feature="wild"' -C metadata=21a56ea7f25eda06 -C extra-filename=-21a56ea7f25eda06 --out-dir /opt/rustwide/target/debug/deps -L dependency=/opt/rustwide/target/debug/deps --extern ansi_colours=/opt/rustwide/target/debug/deps/libansi_colours-596cc4945d4a9ae5.rlib --extern assert_cmd=/opt/rustwide/target/debug/deps/libassert_cmd-8bbf0aed009ce91d.rlib --extern bat=/opt/rustwide/target/debug/deps/libbat-94cfd4e0c74ce626.rlib --extern bincode=/opt/rustwide/target/debug/deps/libbincode-b8e25933ed55facd.rlib --extern bugreport=/opt/rustwide/target/debug/deps/libbugreport-4d32588c56c67e1f.rlib --extern bytesize=/opt/rustwide/target/debug/deps/libbytesize-285d47fa7669856c.rlib --extern clap=/opt/rustwide/target/debug/deps/libclap-01b6bc8385b38871.rlib --extern clircle=/opt/rustwide/target/debug/deps/libclircle-eea5f203b65dc1ae.rlib --extern console=/opt/rustwide/target/debug/deps/libconsole-7bfbba924ae41a61.rlib --extern content_inspector=/opt/rustwide/target/debug/deps/libcontent_inspector-0f13dfe982ca2ca9.rlib --extern encoding_rs=/opt/rustwide/target/debug/deps/libencoding_rs-000c97fafd38c2ed.rlib --extern etcetera=/opt/rustwide/target/debug/deps/libetcetera-56637fb8365c5f20.rlib --extern expect_test=/opt/rustwide/target/debug/deps/libexpect_test-04b79a7c801569d7.rlib --extern flate2=/opt/rustwide/target/debug/deps/libflate2-97e0673cd6bbc160.rlib --extern git2=/opt/rustwide/target/debug/deps/libgit2-d379c6ea3be84a8b.rlib --extern globset=/opt/rustwide/target/debug/deps/libglobset-44d6901952153838.rlib --extern grep_cli=/opt/rustwide/target/debug/deps/libgrep_cli-6085f9af5424918c.rlib --extern nix=/opt/rustwide/target/debug/deps/libnix-eecbbf5cb34e7992.rlib --extern nu_ansi_term=/opt/rustwide/target/debug/deps/libnu_ansi_term-d778eb6b6df14b92.rlib --extern once_cell=/opt/rustwide/target/debug/deps/libonce_cell-865e1c5018a0303a.rlib --extern path_abs=/opt/rustwide/target/debug/deps/libpath_abs-a8c47852f4bed37d.rlib --extern predicates=/opt/rustwide/target/debug/deps/libpredicates-af0fc447ddd6bf62.rlib --extern regex=/opt/rustwide/target/debug/deps/libregex-31e41685d3246335.rlib --extern semver=/opt/rustwide/target/debug/deps/libsemver-452cf4afa1a532fd.rlib --extern serde=/opt/rustwide/target/debug/deps/libserde-878709c888c61cd2.rlib --extern serde_yaml=/opt/rustwide/target/debug/deps/libserde_yaml-ab12e0a01bdecf69.rlib --extern serial_test=/opt/rustwide/target/debug/deps/libserial_test-4796e6b5ed6d5a3e.rlib --extern shell_words=/opt/rustwide/target/debug/deps/libshell_words-ef839c818afe7be7.rlib --extern syntect=/opt/rustwide/target/debug/deps/libsyntect-6db3fd685cb0508a.rlib --extern tempfile=/opt/rustwide/target/debug/deps/libtempfile-3f6515a4cd4f5d6b.rlib --extern thiserror=/opt/rustwide/target/debug/deps/libthiserror-4aaa49fc995a9507.rlib --extern unicode_width=/opt/rustwide/target/debug/deps/libunicode_width-aeff842d70fe38c8.rlib --extern wait_timeout=/opt/rustwide/target/debug/deps/libwait_timeout-54eedb296fafec2c.rlib --extern walkdir=/opt/rustwide/target/debug/deps/libwalkdir-1e1e3f79bb01416f.rlib --extern wild=/opt/rustwide/target/debug/deps/libwild-4c515ad670cb851f.rlib --cap-lints=warn -L native=/opt/rustwide/target/debug/build/sys-info-15f323f2f603e61e/out -L native=/opt/rustwide/target/debug/build/libgit2-sys-2fe609eda58c100a/out/build -L native=/opt/rustwide/target/debug/build/onig_sys-de0a6a931c9350be/out` (signal: 9, SIGKILL: kill)
[INFO] [stderr] warning: build failed, waiting for other jobs to finish...
[INFO] [stderr] error: could not compile `bat` (lib test)
[INFO] [stderr] 
[INFO] [stderr] Caused by:
[INFO] [stderr]   process didn't exit successfully: `/opt/rustwide/rustup-home/toolchains/1.75.0-x86_64-unknown-linux-gnu/bin/rustc --crate-name bat --edition=2018 src/lib.rs --error-format=json --json=diagnostic-rendered-ansi,artifacts,future-incompat --emit=dep-info,link -C embed-bitcode=no -C debuginfo=2 --test --cfg 'feature="application"' --cfg 'feature="bugreport"' --cfg 'feature="build-assets"' --cfg 'feature="clap"' --cfg 'feature="default"' --cfg 'feature="etcetera"' --cfg 'feature="git"' --cfg 'feature="git2"' --cfg 'feature="grep-cli"' --cfg 'feature="minimal-application"' --cfg 'feature="paging"' --cfg 'feature="regex"' --cfg 'feature="regex-onig"' --cfg 'feature="shell-words"' --cfg 'feature="walkdir"' --cfg 'feature="wild"' -C metadata=ac787dd7cad8e175 -C extra-filename=-ac787dd7cad8e175 --out-dir /opt/rustwide/target/debug/deps -L dependency=/opt/rustwide/target/debug/deps --extern ansi_colours=/opt/rustwide/target/debug/deps/libansi_colours-596cc4945d4a9ae5.rlib --extern assert_cmd=/opt/rustwide/target/debug/deps/libassert_cmd-8bbf0aed009ce91d.rlib --extern bincode=/opt/rustwide/target/debug/deps/libbincode-b8e25933ed55facd.rlib --extern bugreport=/opt/rustwide/target/debug/deps/libbugreport-4d32588c56c67e1f.rlib --extern bytesize=/opt/rustwide/target/debug/deps/libbytesize-285d47fa7669856c.rlib --extern clap=/opt/rustwide/target/debug/deps/libclap-01b6bc8385b38871.rlib --extern clircle=/opt/rustwide/target/debug/deps/libclircle-eea5f203b65dc1ae.rlib --extern console=/opt/rustwide/target/debug/deps/libconsole-7bfbba924ae41a61.rlib --extern content_inspector=/opt/rustwide/target/debug/deps/libcontent_inspector-0f13dfe982ca2ca9.rlib --extern encoding_rs=/opt/rustwide/target/debug/deps/libencoding_rs-000c97fafd38c2ed.rlib --extern etcetera=/opt/rustwide/target/debug/deps/libetcetera-56637fb8365c5f20.rlib --extern expect_test=/opt/rustwide/target/debug/deps/libexpect_test-04b79a7c801569d7.rlib --extern flate2=/opt/rustwide/target/debug/deps/libflate2-97e0673cd6bbc160.rlib --extern git2=/opt/rustwide/target/debug/deps/libgit2-d379c6ea3be84a8b.rlib --extern globset=/opt/rustwide/target/debug/deps/libglobset-44d6901952153838.rlib --extern grep_cli=/opt/rustwide/target/debug/deps/libgrep_cli-6085f9af5424918c.rlib --extern nix=/opt/rustwide/target/debug/deps/libnix-eecbbf5cb34e7992.rlib --extern nu_ansi_term=/opt/rustwide/target/debug/deps/libnu_ansi_term-d778eb6b6df14b92.rlib --extern once_cell=/opt/rustwide/target/debug/deps/libonce_cell-865e1c5018a0303a.rlib --extern path_abs=/opt/rustwide/target/debug/deps/libpath_abs-a8c47852f4bed37d.rlib --extern predicates=/opt/rustwide/target/debug/deps/libpredicates-af0fc447ddd6bf62.rlib --extern regex=/opt/rustwide/target/debug/deps/libregex-31e41685d3246335.rlib --extern semver=/opt/rustwide/target/debug/deps/libsemver-452cf4afa1a532fd.rlib --extern serde=/opt/rustwide/target/debug/deps/libserde-878709c888c61cd2.rlib --extern serde_yaml=/opt/rustwide/target/debug/deps/libserde_yaml-ab12e0a01bdecf69.rlib --extern serial_test=/opt/rustwide/target/debug/deps/libserial_test-4796e6b5ed6d5a3e.rlib --extern shell_words=/opt/rustwide/target/debug/deps/libshell_words-ef839c818afe7be7.rlib --extern syntect=/opt/rustwide/target/debug/deps/libsyntect-6db3fd685cb0508a.rlib --extern tempfile=/opt/rustwide/target/debug/deps/libtempfile-3f6515a4cd4f5d6b.rlib --extern thiserror=/opt/rustwide/target/debug/deps/libthiserror-4aaa49fc995a9507.rlib --extern unicode_width=/opt/rustwide/target/debug/deps/libunicode_width-aeff842d70fe38c8.rlib --extern wait_timeout=/opt/rustwide/target/debug/deps/libwait_timeout-54eedb296fafec2c.rlib --extern walkdir=/opt/rustwide/target/debug/deps/libwalkdir-1e1e3f79bb01416f.rlib --extern wild=/opt/rustwide/target/debug/deps/libwild-4c515ad670cb851f.rlib --cap-lints=warn -L native=/opt/rustwide/target/debug/build/sys-info-15f323f2f603e61e/out -L native=/opt/rustwide/target/debug/build/libgit2-sys-2fe609eda58c100a/out/build -L native=/opt/rustwide/target/debug/build/onig_sys-de0a6a931c9350be/out` (signal: 9, SIGKILL: kill)
[INFO] [stderr] error: could not compile `bat` (test "integration_tests")
[INFO] [stderr] 
[INFO] [stderr] Caused by:
[INFO] [stderr]   process didn't exit successfully: `/opt/rustwide/rustup-home/toolchains/1.75.0-x86_64-unknown-linux-gnu/bin/rustc --crate-name integration_tests --edition=2018 tests/integration_tests.rs --error-format=json --json=diagnostic-rendered-ansi,artifacts,future-incompat --emit=dep-info,link -C embed-bitcode=no -C debuginfo=2 --test --cfg 'feature="application"' --cfg 'feature="bugreport"' --cfg 'feature="build-assets"' --cfg 'feature="clap"' --cfg 'feature="default"' --cfg 'feature="etcetera"' --cfg 'feature="git"' --cfg 'feature="git2"' --cfg 'feature="grep-cli"' --cfg 'feature="minimal-application"' --cfg 'feature="paging"' --cfg 'feature="regex"' --cfg 'feature="regex-onig"' --cfg 'feature="shell-words"' --cfg 'feature="walkdir"' --cfg 'feature="wild"' -C metadata=6aefa3ff6ab7d1b4 -C extra-filename=-6aefa3ff6ab7d1b4 --out-dir /opt/rustwide/target/debug/deps -L dependency=/opt/rustwide/target/debug/deps --extern ansi_colours=/opt/rustwide/target/debug/deps/libansi_colours-596cc4945d4a9ae5.rlib --extern assert_cmd=/opt/rustwide/target/debug/deps/libassert_cmd-8bbf0aed009ce91d.rlib --extern bat=/opt/rustwide/target/debug/deps/libbat-94cfd4e0c74ce626.rlib --extern bincode=/opt/rustwide/target/debug/deps/libbincode-b8e25933ed55facd.rlib --extern bugreport=/opt/rustwide/target/debug/deps/libbugreport-4d32588c56c67e1f.rlib --extern bytesize=/opt/rustwide/target/debug/deps/libbytesize-285d47fa7669856c.rlib --extern clap=/opt/rustwide/target/debug/deps/libclap-01b6bc8385b38871.rlib --extern clircle=/opt/rustwide/target/debug/deps/libclircle-eea5f203b65dc1ae.rlib --extern console=/opt/rustwide/target/debug/deps/libconsole-7bfbba924ae41a61.rlib --extern content_inspector=/opt/rustwide/target/debug/deps/libcontent_inspector-0f13dfe982ca2ca9.rlib --extern encoding_rs=/opt/rustwide/target/debug/deps/libencoding_rs-000c97fafd38c2ed.rlib --extern etcetera=/opt/rustwide/target/debug/deps/libetcetera-56637fb8365c5f20.rlib --extern expect_test=/opt/rustwide/target/debug/deps/libexpect_test-04b79a7c801569d7.rlib --extern flate2=/opt/rustwide/target/debug/deps/libflate2-97e0673cd6bbc160.rlib --extern git2=/opt/rustwide/target/debug/deps/libgit2-d379c6ea3be84a8b.rlib --extern globset=/opt/rustwide/target/debug/deps/libglobset-44d6901952153838.rlib --extern grep_cli=/opt/rustwide/target/debug/deps/libgrep_cli-6085f9af5424918c.rlib --extern nix=/opt/rustwide/target/debug/deps/libnix-eecbbf5cb34e7992.rlib --extern nu_ansi_term=/opt/rustwide/target/debug/deps/libnu_ansi_term-d778eb6b6df14b92.rlib --extern once_cell=/opt/rustwide/target/debug/deps/libonce_cell-865e1c5018a0303a.rlib --extern path_abs=/opt/rustwide/target/debug/deps/libpath_abs-a8c47852f4bed37d.rlib --extern predicates=/opt/rustwide/target/debug/deps/libpredicates-af0fc447ddd6bf62.rlib --extern regex=/opt/rustwide/target/debug/deps/libregex-31e41685d3246335.rlib --extern semver=/opt/rustwide/target/debug/deps/libsemver-452cf4afa1a532fd.rlib --extern serde=/opt/rustwide/target/debug/deps/libserde-878709c888c61cd2.rlib --extern serde_yaml=/opt/rustwide/target/debug/deps/libserde_yaml-ab12e0a01bdecf69.rlib --extern serial_test=/opt/rustwide/target/debug/deps/libserial_test-4796e6b5ed6d5a3e.rlib --extern shell_words=/opt/rustwide/target/debug/deps/libshell_words-ef839c818afe7be7.rlib --extern syntect=/opt/rustwide/target/debug/deps/libsyntect-6db3fd685cb0508a.rlib --extern tempfile=/opt/rustwide/target/debug/deps/libtempfile-3f6515a4cd4f5d6b.rlib --extern thiserror=/opt/rustwide/target/debug/deps/libthiserror-4aaa49fc995a9507.rlib --extern unicode_width=/opt/rustwide/target/debug/deps/libunicode_width-aeff842d70fe38c8.rlib --extern wait_timeout=/opt/rustwide/target/debug/deps/libwait_timeout-54eedb296fafec2c.rlib --extern walkdir=/opt/rustwide/target/debug/deps/libwalkdir-1e1e3f79bb01416f.rlib --extern wild=/opt/rustwide/target/debug/deps/libwild-4c515ad670cb851f.rlib --cap-lints=warn -L native=/opt/rustwide/target/debug/build/sys-info-15f323f2f603e61e/out -L native=/opt/rustwide/target/debug/build/libgit2-sys-2fe609eda58c100a/out/build -L native=/opt/rustwide/target/debug/build/onig_sys-de0a6a931c9350be/out` (signal: 9, SIGKILL: kill)
[INFO] [stdout] error: linking with `cc` failed: exit status: 1
[INFO] [stdout]   |
[INFO] [stdout]   = note: LC_ALL="C" PATH="/opt/rustwide/rustup-home/toolchains/1.75.0-x86_64-unknown-linux-gnu/lib/rustlib/x86_64-unknown-linux-gnu/bin:/opt/rustwide/cargo-home/bin:/usr/local/sbin:/usr/local/bin:/usr/sbin:/usr/bin:/sbin:/bin" VSLANG="1033" "cc" "-m64" "/tmp/rustcsd6H14/symbols.o" "/opt/rustwide/target/debug/examples/inputs-79c52d3253e047f5.inputs.678ec84d55862d89-cgu.0.rcgu.o" "/opt/rustwide/target/debug/examples/inputs-79c52d3253e047f5.3okwg3wyrrj22fhe.rcgu.o" "-Wl,--as-needed" "-L" "/opt/rustwide/target/debug/deps" "-L" "/opt/rustwide/target/debug/build/sys-info-15f323f2f603e61e/out" "-L" "/opt/rustwide/target/debug/build/libgit2-sys-2fe609eda58c100a/out/build" "-L" "/opt/rustwide/target/debug/build/onig_sys-de0a6a931c9350be/out" "-L" "/opt/rustwide/rustup-home/toolchains/1.75.0-x86_64-unknown-linux-gnu/lib/rustlib/x86_64-unknown-linux-gnu/lib" "-Wl,-Bstatic" "/opt/rustwide/target/debug/deps/libbat-94cfd4e0c74ce626.rlib" "/opt/rustwide/target/debug/deps/libansi_colours-596cc4945d4a9ae5.rlib" "/opt/rustwide/target/debug/deps/librgb-19d3c374a7cda60e.rlib" "/opt/rustwide/target/debug/deps/libbytemuck-f8164ba824b3f0aa.rlib" "/opt/rustwide/target/debug/deps/libgrep_cli-6085f9af5424918c.rlib" "/opt/rustwide/target/debug/deps/libtermcolor-8398fdf37ae29334.rlib" "/opt/rustwide/target/debug/deps/libserde_yaml-ab12e0a01bdecf69.rlib" "/opt/rustwide/target/debug/deps/libindexmap-df205b791808d994.rlib" "/opt/rustwide/target/debug/deps/libequivalent-daf5c71f5fc642dd.rlib" "/opt/rustwide/target/debug/deps/libhashbrown-4868080fa3833897.rlib" "/opt/rustwide/target/debug/deps/libunsafe_libyaml-1a8199d39575d0ac.rlib" "/opt/rustwide/target/debug/deps/libglobset-44d6901952153838.rlib" "/opt/rustwide/target/debug/deps/libbstr-8cc7d76e0af1908d.rlib" "/opt/rustwide/target/debug/deps/libregex_automata-b2db2dbc9fc17c93.rlib" "/opt/rustwide/target/debug/deps/libaho_corasick-4afb869e3e7aedd2.rlib" "/opt/rustwide/target/debug/deps/libencoding_rs-000c97fafd38c2ed.rlib" "/opt/rustwide/target/debug/deps/libbytesize-285d47fa7669856c.rlib" "/opt/rustwide/target/debug/deps/libconsole-7bfbba924ae41a61.rlib" "/opt/rustwide/target/debug/deps/libunicode_width-aeff842d70fe38c8.rlib" "/opt/rustwide/target/debug/deps/libshell_words-ef839c818afe7be7.rlib" "/opt/rustwide/target/debug/deps/libcontent_inspector-0f13dfe982ca2ca9.rlib" "/opt/rustwide/target/debug/deps/libgit2-d379c6ea3be84a8b.rlib" "/opt/rustwide/target/debug/deps/liburl-766f8fa2770c8650.rlib" "/opt/rustwide/target/debug/deps/libidna-c62e120fb9daafd7.rlib" "/opt/rustwide/target/debug/deps/libunicode_normalization-9a523c060fbda597.rlib" "/opt/rustwide/target/debug/deps/libtinyvec-e78be141da4aa4a4.rlib" "/opt/rustwide/target/debug/deps/libtinyvec_macros-bfeb7a087f0273ce.rlib" "/opt/rustwide/target/debug/deps/libunicode_bidi-6e4d9a1bf3170bfc.rlib" "/opt/rustwide/target/debug/deps/libform_urlencoded-e8c43e838ad28fa4.rlib" "/opt/rustwide/target/debug/deps/libpercent_encoding-c39f6500503dd269.rlib" "/opt/rustwide/target/debug/deps/liblog-3ad322dff60a4fea.rlib" "/opt/rustwide/target/debug/deps/liblibgit2_sys-a88dc047553d0ab0.rlib" "/opt/rustwide/target/debug/deps/liblibz_sys-ba9d2266ab9dc23d.rlib" "/opt/rustwide/target/debug/deps/libbitflags-78da337a9db99d1b.rlib" "/opt/rustwide/target/debug/deps/libnu_ansi_term-d778eb6b6df14b92.rlib" "/opt/rustwide/target/debug/deps/libclircle-eea5f203b65dc1ae.rlib" "/opt/rustwide/target/debug/deps/liblibc-eb440e55dfb137ff.rlib" "/opt/rustwide/target/debug/deps/libregex-31e41685d3246335.rlib" "/opt/rustwide/target/debug/deps/libaho_corasick-07444be8bb34ef9e.rlib" "/opt/rustwide/target/debug/deps/libregex_syntax-9bf174677eb3a180.rlib" "/opt/rustwide/target/debug/deps/libsemver-452cf4afa1a532fd.rlib" "/opt/rustwide/target/debug/deps/libpath_abs-a8c47852f4bed37d.rlib" "/opt/rustwide/target/debug/deps/libstd_prelude-1d2f6bc4e139cd85.rlib" "/opt/rustwide/target/debug/deps/libsyntect-6db3fd685cb0508a.rlib" "/opt/rustwide/target/debug/deps/libthiserror-4aaa49fc995a9507.rlib" "/opt/rustwide/target/debug/deps/libwalkdir-1e1e3f79bb01416f.rlib" "/opt/rustwide/target/debug/deps/libsame_file-06a4c01142053b65.rlib" "/opt/rustwide/target/debug/deps/libonig-60037bd373595f9f.rlib" "/opt/rustwide/target/debug/deps/libonig_sys-01be4e062f262218.rlib" "/opt/rustwide/target/debug/deps/libyaml_rust-dadeb9b0a1ae3c6e.rlib" "/opt/rustwide/target/debug/deps/liblinked_hash_map-55396135ba6b4b1c.rlib" "/opt/rustwide/target/debug/deps/libregex_syntax-edde019f48871409.rlib" "/opt/rustwide/target/debug/deps/libfnv-18bf5144d055e772.rlib" "/opt/rustwide/target/debug/deps/libbitflags-b7cee2ca4fb438d0.rlib" "/opt/rustwide/target/debug/deps/libserde_json-624e6eba1246396a.rlib" "/opt/rustwide/target/debug/deps/libryu-80596ff4214e4d03.rlib" "/opt/rustwide/target/debug/deps/libplist-27a9b6596b1f68b3.rlib" "/opt/rustwide/target/debug/deps/libline_wrap-8d5d671595e9c530.rlib" "/opt/rustwide/target/debug/deps/libsafemem-4745ed10c8b13fe0.rlib" "/opt/rustwide/target/debug/deps/libtime-1b88aa4950caa19e.rlib" "/opt/rustwide/target/debug/deps/libitoa-324a29e856512b52.rlib" "/opt/rustwide/target/debug/deps/libquick_xml-92eae9b7245ff542.rlib" "/opt/rustwide/target/debug/deps/libmemchr-4fdcfd9ddfba30cb.rlib" "/opt/rustwide/target/debug/deps/libbase64-01d5e7f2237ad80c.rlib" "/opt/rustwide/target/debug/deps/libindexmap-3187813efea58647.rlib" "/opt/rustwide/target/debug/deps/libhashbrown-567986452cb9bc94.rlib" "/opt/rustwide/target/debug/deps/libflate2-97e0673cd6bbc160.rlib" "/opt/rustwide/target/debug/deps/libminiz_oxide-f272f5814aa49507.rlib" "/opt/rustwide/target/debug/deps/libadler-c8f2240c56a0abca.rlib" "/opt/rustwide/target/debug/deps/libcrc32fast-664446237529ebff.rlib" "/opt/rustwide/target/debug/deps/libcfg_if-61dc7a6799e72b18.rlib" "/opt/rustwide/target/debug/deps/libbincode-b8e25933ed55facd.rlib" "/opt/rustwide/target/debug/deps/libserde-878709c888c61cd2.rlib" "/opt/rustwide/target/debug/deps/liblazy_static-591486ebcb9a7ead.rlib" "/opt/rustwide/target/debug/deps/libonce_cell-865e1c5018a0303a.rlib" "/opt/rustwide/rustup-home/toolchains/1.75.0-x86_64-unknown-linux-gnu/lib/rustlib/x86_64-unknown-linux-gnu/lib/libstd-90f6ddbf82de36ec.rlib" "/opt/rustwide/rustup-home/toolchains/1.75.0-x86_64-unknown-linux-gnu/lib/rustlib/x86_64-unknown-linux-gnu/lib/libpanic_unwind-480c41e9d4e1f677.rlib" "/opt/rustwide/rustup-home/toolchains/1.75.0-x86_64-unknown-linux-gnu/lib/rustlib/x86_64-unknown-linux-gnu/lib/libobject-db744c0ca03eed1d.rlib" "/opt/rustwide/rustup-home/toolchains/1.75.0-x86_64-unknown-linux-gnu/lib/rustlib/x86_64-unknown-linux-gnu/lib/libmemchr-8ba652dc7d4b285a.rlib" "/opt/rustwide/rustup-home/toolchains/1.75.0-x86_64-unknown-linux-gnu/lib/rustlib/x86_64-unknown-linux-gnu/lib/libaddr2line-d5f4520a9ebc0d58.rlib" "/opt/rustwide/rustup-home/toolchains/1.75.0-x86_64-unknown-linux-gnu/lib/rustlib/x86_64-unknown-linux-gnu/lib/libgimli-4ad84de58f0cb463.rlib" "/opt/rustwide/rustup-home/toolchains/1.75.0-x86_64-unknown-linux-gnu/lib/rustlib/x86_64-unknown-linux-gnu/lib/librustc_demangle-0d10aae2e0f38735.rlib" "/opt/rustwide/rustup-home/toolchains/1.75.0-x86_64-unknown-linux-gnu/lib/rustlib/x86_64-unknown-linux-gnu/lib/libstd_detect-0c17cff739e6745b.rlib" "/opt/rustwide/rustup-home/toolchains/1.75.0-x86_64-unknown-linux-gnu/lib/rustlib/x86_64-unknown-linux-gnu/lib/libhashbrown-b29e17139dde1aa8.rlib" "/opt/rustwide/rustup-home/toolchains/1.75.0-x86_64-unknown-linux-gnu/lib/rustlib/x86_64-unknown-linux-gnu/lib/librustc_std_workspace_alloc-1f975299829cc7bd.rlib" "/opt/rustwide/rustup-home/toolchains/1.75.0-x86_64-unknown-linux-gnu/lib/rustlib/x86_64-unknown-linux-gnu/lib/libminiz_oxide-86bae3bc3079f89b.rlib" "/opt/rustwide/rustup-home/toolchains/1.75.0-x86_64-unknown-linux-gnu/lib/rustlib/x86_64-unknown-linux-gnu/lib/libadler-321b82c30dffdf5f.rlib" "/opt/rustwide/rustup-home/toolchains/1.75.0-x86_64-unknown-linux-gnu/lib/rustlib/x86_64-unknown-linux-gnu/lib/libunwind-3dd8a6810a0bdfef.rlib" "/opt/rustwide/rustup-home/toolchains/1.75.0-x86_64-unknown-linux-gnu/lib/rustlib/x86_64-unknown-linux-gnu/lib/libcfg_if-eb39a61c0c879984.rlib" "/opt/rustwide/rustup-home/toolchains/1.75.0-x86_64-unknown-linux-gnu/lib/rustlib/x86_64-unknown-linux-gnu/lib/liblibc-aa769569f91c3548.rlib" "/opt/rustwide/rustup-home/toolchains/1.75.0-x86_64-unknown-linux-gnu/lib/rustlib/x86_64-unknown-linux-gnu/lib/liballoc-510a192a50a983ed.rlib" "/opt/rustwide/rustup-home/toolchains/1.75.0-x86_64-unknown-linux-gnu/lib/rustlib/x86_64-unknown-linux-gnu/lib/librustc_std_workspace_core-0577018320f99037.rlib" "/opt/rustwide/rustup-home/toolchains/1.75.0-x86_64-unknown-linux-gnu/lib/rustlib/x86_64-unknown-linux-gnu/lib/libcore-193cf992125ccd4c.rlib" "/opt/rustwide/rustup-home/toolchains/1.75.0-x86_64-unknown-linux-gnu/lib/rustlib/x86_64-unknown-linux-gnu/lib/libcompiler_builtins-8e138eaf26ebb4a8.rlib" "-Wl,-Bdynamic" "-lz" "-lgcc_s" "-lutil" "-lrt" "-lpthread" "-lm" "-ldl" "-lc" "-Wl,--eh-frame-hdr" "-Wl,-z,noexecstack" "-L" "/opt/rustwide/rustup-home/toolchains/1.75.0-x86_64-unknown-linux-gnu/lib/rustlib/x86_64-unknown-linux-gnu/lib" "-o" "/opt/rustwide/target/debug/examples/inputs-79c52d3253e047f5" "-Wl,--gc-sections" "-pie" "-Wl,-z,relro,-z,now" "-nodefaultlibs"
[INFO] [stdout]   = note: collect2: fatal error: ld terminated with signal 9 [Killed]
[INFO] [stdout]           compilation terminated.
[INFO] [stdout]           
[INFO] [stdout] 
[INFO] [stdout] 
[INFO] [stdout] error: aborting due to previous error
[INFO] [stdout] 
[INFO] [stdout] 
[INFO] [stderr] error: could not compile `bat` (example "inputs") due to 2 previous errors
[INFO] [stdout] error: linking with `cc` failed: exit status: 1
[INFO] [stdout]   |
[INFO] [stdout]   = note: LC_ALL="C" PATH="/opt/rustwide/rustup-home/toolchains/1.75.0-x86_64-unknown-linux-gnu/lib/rustlib/x86_64-unknown-linux-gnu/bin:/opt/rustwide/cargo-home/bin:/usr/local/sbin:/usr/local/bin:/usr/sbin:/usr/bin:/sbin:/bin" VSLANG="1033" "cc" "-m64" "/tmp/rustcy3FvrU/symbols.o" "/opt/rustwide/target/debug/deps/assets-12714d6fe8f6a62e.assets.36710da9d3ab3bce-cgu.0.rcgu.o" "/opt/rustwide/target/debug/deps/assets-12714d6fe8f6a62e.assets.36710da9d3ab3bce-cgu.1.rcgu.o" "/opt/rustwide/target/debug/deps/assets-12714d6fe8f6a62e.2y535bet8gwn8w1m.rcgu.o" "-Wl,--as-needed" "-L" "/opt/rustwide/target/debug/deps" "-L" "/opt/rustwide/target/debug/build/sys-info-15f323f2f603e61e/out" "-L" "/opt/rustwide/target/debug/build/libgit2-sys-2fe609eda58c100a/out/build" "-L" "/opt/rustwide/target/debug/build/onig_sys-de0a6a931c9350be/out" "-L" "/opt/rustwide/rustup-home/toolchains/1.75.0-x86_64-unknown-linux-gnu/lib/rustlib/x86_64-unknown-linux-gnu/lib" "-Wl,-Bstatic" "/opt/rustwide/rustup-home/toolchains/1.75.0-x86_64-unknown-linux-gnu/lib/rustlib/x86_64-unknown-linux-gnu/lib/libtest-3df1bed8075ce1de.rlib" "/opt/rustwide/rustup-home/toolchains/1.75.0-x86_64-unknown-linux-gnu/lib/rustlib/x86_64-unknown-linux-gnu/lib/libgetopts-2076fd86b325cb5d.rlib" "/opt/rustwide/rustup-home/toolchains/1.75.0-x86_64-unknown-linux-gnu/lib/rustlib/x86_64-unknown-linux-gnu/lib/libunicode_width-caa7152ee70c190f.rlib" "/opt/rustwide/rustup-home/toolchains/1.75.0-x86_64-unknown-linux-gnu/lib/rustlib/x86_64-unknown-linux-gnu/lib/librustc_std_workspace_std-04e6425e07f02a3c.rlib" "/opt/rustwide/target/debug/deps/libbat-94cfd4e0c74ce626.rlib" "/opt/rustwide/target/debug/deps/libansi_colours-596cc4945d4a9ae5.rlib" "/opt/rustwide/target/debug/deps/librgb-19d3c374a7cda60e.rlib" "/opt/rustwide/target/debug/deps/libbytemuck-f8164ba824b3f0aa.rlib" "/opt/rustwide/target/debug/deps/libgrep_cli-6085f9af5424918c.rlib" "/opt/rustwide/target/debug/deps/libtermcolor-8398fdf37ae29334.rlib" "/opt/rustwide/target/debug/deps/libserde_yaml-ab12e0a01bdecf69.rlib" "/opt/rustwide/target/debug/deps/libindexmap-df205b791808d994.rlib" "/opt/rustwide/target/debug/deps/libequivalent-daf5c71f5fc642dd.rlib" "/opt/rustwide/target/debug/deps/libhashbrown-4868080fa3833897.rlib" "/opt/rustwide/target/debug/deps/libunsafe_libyaml-1a8199d39575d0ac.rlib" "/opt/rustwide/target/debug/deps/libglobset-44d6901952153838.rlib" "/opt/rustwide/target/debug/deps/libbstr-8cc7d76e0af1908d.rlib" "/opt/rustwide/target/debug/deps/libregex_automata-b2db2dbc9fc17c93.rlib" "/opt/rustwide/target/debug/deps/libaho_corasick-4afb869e3e7aedd2.rlib" "/opt/rustwide/target/debug/deps/libencoding_rs-000c97fafd38c2ed.rlib" "/opt/rustwide/target/debug/deps/libbytesize-285d47fa7669856c.rlib" "/opt/rustwide/target/debug/deps/libconsole-7bfbba924ae41a61.rlib" "/opt/rustwide/target/debug/deps/libunicode_width-aeff842d70fe38c8.rlib" "/opt/rustwide/target/debug/deps/libshell_words-ef839c818afe7be7.rlib" "/opt/rustwide/target/debug/deps/libcontent_inspector-0f13dfe982ca2ca9.rlib" "/opt/rustwide/target/debug/deps/libgit2-d379c6ea3be84a8b.rlib" "/opt/rustwide/target/debug/deps/liburl-766f8fa2770c8650.rlib" "/opt/rustwide/target/debug/deps/libidna-c62e120fb9daafd7.rlib" "/opt/rustwide/target/debug/deps/libunicode_normalization-9a523c060fbda597.rlib" "/opt/rustwide/target/debug/deps/libtinyvec-e78be141da4aa4a4.rlib" "/opt/rustwide/target/debug/deps/libtinyvec_macros-bfeb7a087f0273ce.rlib" "/opt/rustwide/target/debug/deps/libunicode_bidi-6e4d9a1bf3170bfc.rlib" "/opt/rustwide/target/debug/deps/libform_urlencoded-e8c43e838ad28fa4.rlib" "/opt/rustwide/target/debug/deps/libpercent_encoding-c39f6500503dd269.rlib" "/opt/rustwide/target/debug/deps/liblog-3ad322dff60a4fea.rlib" "/opt/rustwide/target/debug/deps/liblibgit2_sys-a88dc047553d0ab0.rlib" "/opt/rustwide/target/debug/deps/liblibz_sys-ba9d2266ab9dc23d.rlib" "/opt/rustwide/target/debug/deps/libbitflags-78da337a9db99d1b.rlib" "/opt/rustwide/target/debug/deps/libnu_ansi_term-d778eb6b6df14b92.rlib" "/opt/rustwide/target/debug/deps/libclircle-eea5f203b65dc1ae.rlib" "/opt/rustwide/target/debug/deps/liblibc-eb440e55dfb137ff.rlib" "/opt/rustwide/target/debug/deps/libregex-31e41685d3246335.rlib" "/opt/rustwide/target/debug/deps/libaho_corasick-07444be8bb34ef9e.rlib" "/opt/rustwide/target/debug/deps/libregex_syntax-9bf174677eb3a180.rlib" "/opt/rustwide/target/debug/deps/libsemver-452cf4afa1a532fd.rlib" "/opt/rustwide/target/debug/deps/libpath_abs-a8c47852f4bed37d.rlib" "/opt/rustwide/target/debug/deps/libstd_prelude-1d2f6bc4e139cd85.rlib" "/opt/rustwide/target/debug/deps/libsyntect-6db3fd685cb0508a.rlib" "/opt/rustwide/target/debug/deps/libthiserror-4aaa49fc995a9507.rlib" "/opt/rustwide/target/debug/deps/libwalkdir-1e1e3f79bb01416f.rlib" "/opt/rustwide/target/debug/deps/libsame_file-06a4c01142053b65.rlib" "/opt/rustwide/target/debug/deps/libonig-60037bd373595f9f.rlib" "/opt/rustwide/target/debug/deps/libonig_sys-01be4e062f262218.rlib" "/opt/rustwide/target/debug/deps/libyaml_rust-dadeb9b0a1ae3c6e.rlib" "/opt/rustwide/target/debug/deps/liblinked_hash_map-55396135ba6b4b1c.rlib" "/opt/rustwide/target/debug/deps/libregex_syntax-edde019f48871409.rlib" "/opt/rustwide/target/debug/deps/libfnv-18bf5144d055e772.rlib" "/opt/rustwide/target/debug/deps/libbitflags-b7cee2ca4fb438d0.rlib" "/opt/rustwide/target/debug/deps/libserde_json-624e6eba1246396a.rlib" "/opt/rustwide/target/debug/deps/libryu-80596ff4214e4d03.rlib" "/opt/rustwide/target/debug/deps/libplist-27a9b6596b1f68b3.rlib" "/opt/rustwide/target/debug/deps/libline_wrap-8d5d671595e9c530.rlib" "/opt/rustwide/target/debug/deps/libsafemem-4745ed10c8b13fe0.rlib" "/opt/rustwide/target/debug/deps/libtime-1b88aa4950caa19e.rlib" "/opt/rustwide/target/debug/deps/libitoa-324a29e856512b52.rlib" "/opt/rustwide/target/debug/deps/libquick_xml-92eae9b7245ff542.rlib" "/opt/rustwide/target/debug/deps/libmemchr-4fdcfd9ddfba30cb.rlib" "/opt/rustwide/target/debug/deps/libbase64-01d5e7f2237ad80c.rlib" "/opt/rustwide/target/debug/deps/libindexmap-3187813efea58647.rlib" "/opt/rustwide/target/debug/deps/libhashbrown-567986452cb9bc94.rlib" "/opt/rustwide/target/debug/deps/libflate2-97e0673cd6bbc160.rlib" "/opt/rustwide/target/debug/deps/libminiz_oxide-f272f5814aa49507.rlib" "/opt/rustwide/target/debug/deps/libadler-c8f2240c56a0abca.rlib" "/opt/rustwide/target/debug/deps/libcrc32fast-664446237529ebff.rlib" "/opt/rustwide/target/debug/deps/libcfg_if-61dc7a6799e72b18.rlib" "/opt/rustwide/target/debug/deps/libbincode-b8e25933ed55facd.rlib" "/opt/rustwide/target/debug/deps/libserde-878709c888c61cd2.rlib" "/opt/rustwide/target/debug/deps/liblazy_static-591486ebcb9a7ead.rlib" "/opt/rustwide/target/debug/deps/libonce_cell-865e1c5018a0303a.rlib" "/opt/rustwide/rustup-home/toolchains/1.75.0-x86_64-unknown-linux-gnu/lib/rustlib/x86_64-unknown-linux-gnu/lib/libstd-90f6ddbf82de36ec.rlib" "/opt/rustwide/rustup-home/toolchains/1.75.0-x86_64-unknown-linux-gnu/lib/rustlib/x86_64-unknown-linux-gnu/lib/libpanic_unwind-480c41e9d4e1f677.rlib" "/opt/rustwide/rustup-home/toolchains/1.75.0-x86_64-unknown-linux-gnu/lib/rustlib/x86_64-unknown-linux-gnu/lib/libobject-db744c0ca03eed1d.rlib" "/opt/rustwide/rustup-home/toolchains/1.75.0-x86_64-unknown-linux-gnu/lib/rustlib/x86_64-unknown-linux-gnu/lib/libmemchr-8ba652dc7d4b285a.rlib" "/opt/rustwide/rustup-home/toolchains/1.75.0-x86_64-unknown-linux-gnu/lib/rustlib/x86_64-unknown-linux-gnu/lib/libaddr2line-d5f4520a9ebc0d58.rlib" "/opt/rustwide/rustup-home/toolchains/1.75.0-x86_64-unknown-linux-gnu/lib/rustlib/x86_64-unknown-linux-gnu/lib/libgimli-4ad84de58f0cb463.rlib" "/opt/rustwide/rustup-home/toolchains/1.75.0-x86_64-unknown-linux-gnu/lib/rustlib/x86_64-unknown-linux-gnu/lib/librustc_demangle-0d10aae2e0f38735.rlib" "/opt/rustwide/rustup-home/toolchains/1.75.0-x86_64-unknown-linux-gnu/lib/rustlib/x86_64-unknown-linux-gnu/lib/libstd_detect-0c17cff739e6745b.rlib" "/opt/rustwide/rustup-home/toolchains/1.75.0-x86_64-unknown-linux-gnu/lib/rustlib/x86_64-unknown-linux-gnu/lib/libhashbrown-b29e17139dde1aa8.rlib" "/opt/rustwide/rustup-home/toolchains/1.75.0-x86_64-unknown-linux-gnu/lib/rustlib/x86_64-unknown-linux-gnu/lib/librustc_std_workspace_alloc-1f975299829cc7bd.rlib" "/opt/rustwide/rustup-home/toolchains/1.75.0-x86_64-unknown-linux-gnu/lib/rustlib/x86_64-unknown-linux-gnu/lib/libminiz_oxide-86bae3bc3079f89b.rlib" "/opt/rustwide/rustup-home/toolchains/1.75.0-x86_64-unknown-linux-gnu/lib/rustlib/x86_64-unknown-linux-gnu/lib/libadler-321b82c30dffdf5f.rlib" "/opt/rustwide/rustup-home/toolchains/1.75.0-x86_64-unknown-linux-gnu/lib/rustlib/x86_64-unknown-linux-gnu/lib/libunwind-3dd8a6810a0bdfef.rlib" "/opt/rustwide/rustup-home/toolchains/1.75.0-x86_64-unknown-linux-gnu/lib/rustlib/x86_64-unknown-linux-gnu/lib/libcfg_if-eb39a61c0c879984.rlib" "/opt/rustwide/rustup-home/toolchains/1.75.0-x86_64-unknown-linux-gnu/lib/rustlib/x86_64-unknown-linux-gnu/lib/liblibc-aa769569f91c3548.rlib" "/opt/rustwide/rustup-home/toolchains/1.75.0-x86_64-unknown-linux-gnu/lib/rustlib/x86_64-unknown-linux-gnu/lib/liballoc-510a192a50a983ed.rlib" "/opt/rustwide/rustup-home/toolchains/1.75.0-x86_64-unknown-linux-gnu/lib/rustlib/x86_64-unknown-linux-gnu/lib/librustc_std_workspace_core-0577018320f99037.rlib" "/opt/rustwide/rustup-home/toolchains/1.75.0-x86_64-unknown-linux-gnu/lib/rustlib/x86_64-unknown-linux-gnu/lib/libcore-193cf992125ccd4c.rlib" "/opt/rustwide/rustup-home/toolchains/1.75.0-x86_64-unknown-linux-gnu/lib/rustlib/x86_64-unknown-linux-gnu/lib/libcompiler_builtins-8e138eaf26ebb4a8.rlib" "-Wl,-Bdynamic" "-lz" "-lgcc_s" "-lutil" "-lrt" "-lpthread" "-lm" "-ldl" "-lc" "-Wl,--eh-frame-hdr" "-Wl,-z,noexecstack" "-L" "/opt/rustwide/rustup-home/toolchains/1.75.0-x86_64-unknown-linux-gnu/lib/rustlib/x86_64-unknown-linux-gnu/lib" "-o" "/opt/rustwide/target/debug/deps/assets-12714d6fe8f6a62e" "-Wl,--gc-sections" "-pie" "-Wl,-z,relro,-z,now" "-nodefaultlibs"
[INFO] [stdout]   = note: collect2: fatal error: ld terminated with signal 9 [Killed]
[INFO] [stdout]           compilation terminated.
[INFO] [stdout]           
[INFO] [stdout] 
[INFO] [stdout] 
[INFO] [stdout] error: aborting due to previous error
[INFO] [stdout] 
[INFO] [stdout] 
[INFO] [stderr] error: could not compile `bat` (test "assets") due to 2 previous errors
[INFO] [stdout] error: linking with `cc` failed: exit status: 1
[INFO] [stdout]   |
[INFO] [stdout]   = note: LC_ALL="C" PATH="/opt/rustwide/rustup-home/toolchains/1.75.0-x86_64-unknown-linux-gnu/lib/rustlib/x86_64-unknown-linux-gnu/bin:/opt/rustwide/cargo-home/bin:/usr/local/sbin:/usr/local/bin:/usr/sbin:/usr/bin:/sbin:/bin" VSLANG="1033" "cc" "-m64" "/tmp/rustcmuCApz/symbols.o" "/opt/rustwide/target/debug/examples/simple-a37d8231fce9b010.simple.9dcddea4ec31fe7f-cgu.0.rcgu.o" "/opt/rustwide/target/debug/examples/simple-a37d8231fce9b010.34d6iv9azy916hgs.rcgu.o" "-Wl,--as-needed" "-L" "/opt/rustwide/target/debug/deps" "-L" "/opt/rustwide/target/debug/build/sys-info-15f323f2f603e61e/out" "-L" "/opt/rustwide/target/debug/build/libgit2-sys-2fe609eda58c100a/out/build" "-L" "/opt/rustwide/target/debug/build/onig_sys-de0a6a931c9350be/out" "-L" "/opt/rustwide/rustup-home/toolchains/1.75.0-x86_64-unknown-linux-gnu/lib/rustlib/x86_64-unknown-linux-gnu/lib" "-Wl,-Bstatic" "/opt/rustwide/target/debug/deps/libbat-94cfd4e0c74ce626.rlib" "/opt/rustwide/target/debug/deps/libansi_colours-596cc4945d4a9ae5.rlib" "/opt/rustwide/target/debug/deps/librgb-19d3c374a7cda60e.rlib" "/opt/rustwide/target/debug/deps/libbytemuck-f8164ba824b3f0aa.rlib" "/opt/rustwide/target/debug/deps/libgrep_cli-6085f9af5424918c.rlib" "/opt/rustwide/target/debug/deps/libtermcolor-8398fdf37ae29334.rlib" "/opt/rustwide/target/debug/deps/libserde_yaml-ab12e0a01bdecf69.rlib" "/opt/rustwide/target/debug/deps/libindexmap-df205b791808d994.rlib" "/opt/rustwide/target/debug/deps/libequivalent-daf5c71f5fc642dd.rlib" "/opt/rustwide/target/debug/deps/libhashbrown-4868080fa3833897.rlib" "/opt/rustwide/target/debug/deps/libunsafe_libyaml-1a8199d39575d0ac.rlib" "/opt/rustwide/target/debug/deps/libglobset-44d6901952153838.rlib" "/opt/rustwide/target/debug/deps/libbstr-8cc7d76e0af1908d.rlib" "/opt/rustwide/target/debug/deps/libregex_automata-b2db2dbc9fc17c93.rlib" "/opt/rustwide/target/debug/deps/libaho_corasick-4afb869e3e7aedd2.rlib" "/opt/rustwide/target/debug/deps/libencoding_rs-000c97fafd38c2ed.rlib" "/opt/rustwide/target/debug/deps/libbytesize-285d47fa7669856c.rlib" "/opt/rustwide/target/debug/deps/libconsole-7bfbba924ae41a61.rlib" "/opt/rustwide/target/debug/deps/libunicode_width-aeff842d70fe38c8.rlib" "/opt/rustwide/target/debug/deps/libshell_words-ef839c818afe7be7.rlib" "/opt/rustwide/target/debug/deps/libcontent_inspector-0f13dfe982ca2ca9.rlib" "/opt/rustwide/target/debug/deps/libgit2-d379c6ea3be84a8b.rlib" "/opt/rustwide/target/debug/deps/liburl-766f8fa2770c8650.rlib" "/opt/rustwide/target/debug/deps/libidna-c62e120fb9daafd7.rlib" "/opt/rustwide/target/debug/deps/libunicode_normalization-9a523c060fbda597.rlib" "/opt/rustwide/target/debug/deps/libtinyvec-e78be141da4aa4a4.rlib" "/opt/rustwide/target/debug/deps/libtinyvec_macros-bfeb7a087f0273ce.rlib" "/opt/rustwide/target/debug/deps/libunicode_bidi-6e4d9a1bf3170bfc.rlib" "/opt/rustwide/target/debug/deps/libform_urlencoded-e8c43e838ad28fa4.rlib" "/opt/rustwide/target/debug/deps/libpercent_encoding-c39f6500503dd269.rlib" "/opt/rustwide/target/debug/deps/liblog-3ad322dff60a4fea.rlib" "/opt/rustwide/target/debug/deps/liblibgit2_sys-a88dc047553d0ab0.rlib" "/opt/rustwide/target/debug/deps/liblibz_sys-ba9d2266ab9dc23d.rlib" "/opt/rustwide/target/debug/deps/libbitflags-78da337a9db99d1b.rlib" "/opt/rustwide/target/debug/deps/libnu_ansi_term-d778eb6b6df14b92.rlib" "/opt/rustwide/target/debug/deps/libclircle-eea5f203b65dc1ae.rlib" "/opt/rustwide/target/debug/deps/liblibc-eb440e55dfb137ff.rlib" "/opt/rustwide/target/debug/deps/libregex-31e41685d3246335.rlib" "/opt/rustwide/target/debug/deps/libaho_corasick-07444be8bb34ef9e.rlib" "/opt/rustwide/target/debug/deps/libregex_syntax-9bf174677eb3a180.rlib" "/opt/rustwide/target/debug/deps/libsemver-452cf4afa1a532fd.rlib" "/opt/rustwide/target/debug/deps/libpath_abs-a8c47852f4bed37d.rlib" "/opt/rustwide/target/debug/deps/libstd_prelude-1d2f6bc4e139cd85.rlib" "/opt/rustwide/target/debug/deps/libsyntect-6db3fd685cb0508a.rlib" "/opt/rustwide/target/debug/deps/libthiserror-4aaa49fc995a9507.rlib" "/opt/rustwide/target/debug/deps/libwalkdir-1e1e3f79bb01416f.rlib" "/opt/rustwide/target/debug/deps/libsame_file-06a4c01142053b65.rlib" "/opt/rustwide/target/debug/deps/libonig-60037bd373595f9f.rlib" "/opt/rustwide/target/debug/deps/libonig_sys-01be4e062f262218.rlib" "/opt/rustwide/target/debug/deps/libyaml_rust-dadeb9b0a1ae3c6e.rlib" "/opt/rustwide/target/debug/deps/liblinked_hash_map-55396135ba6b4b1c.rlib" "/opt/rustwide/target/debug/deps/libregex_syntax-edde019f48871409.rlib" "/opt/rustwide/target/debug/deps/libfnv-18bf5144d055e772.rlib" "/opt/rustwide/target/debug/deps/libbitflags-b7cee2ca4fb438d0.rlib" "/opt/rustwide/target/debug/deps/libserde_json-624e6eba1246396a.rlib" "/opt/rustwide/target/debug/deps/libryu-80596ff4214e4d03.rlib" "/opt/rustwide/target/debug/deps/libplist-27a9b6596b1f68b3.rlib" "/opt/rustwide/target/debug/deps/libline_wrap-8d5d671595e9c530.rlib" "/opt/rustwide/target/debug/deps/libsafemem-4745ed10c8b13fe0.rlib" "/opt/rustwide/target/debug/deps/libtime-1b88aa4950caa19e.rlib" "/opt/rustwide/target/debug/deps/libitoa-324a29e856512b52.rlib" "/opt/rustwide/target/debug/deps/libquick_xml-92eae9b7245ff542.rlib" "/opt/rustwide/target/debug/deps/libmemchr-4fdcfd9ddfba30cb.rlib" "/opt/rustwide/target/debug/deps/libbase64-01d5e7f2237ad80c.rlib" "/opt/rustwide/target/debug/deps/libindexmap-3187813efea58647.rlib" "/opt/rustwide/target/debug/deps/libhashbrown-567986452cb9bc94.rlib" "/opt/rustwide/target/debug/deps/libflate2-97e0673cd6bbc160.rlib" "/opt/rustwide/target/debug/deps/libminiz_oxide-f272f5814aa49507.rlib" "/opt/rustwide/target/debug/deps/libadler-c8f2240c56a0abca.rlib" "/opt/rustwide/target/debug/deps/libcrc32fast-664446237529ebff.rlib" "/opt/rustwide/target/debug/deps/libcfg_if-61dc7a6799e72b18.rlib" "/opt/rustwide/target/debug/deps/libbincode-b8e25933ed55facd.rlib" "/opt/rustwide/target/debug/deps/libserde-878709c888c61cd2.rlib" "/opt/rustwide/target/debug/deps/liblazy_static-591486ebcb9a7ead.rlib" "/opt/rustwide/target/debug/deps/libonce_cell-865e1c5018a0303a.rlib" "/opt/rustwide/rustup-home/toolchains/1.75.0-x86_64-unknown-linux-gnu/lib/rustlib/x86_64-unknown-linux-gnu/lib/libstd-90f6ddbf82de36ec.rlib" "/opt/rustwide/rustup-home/toolchains/1.75.0-x86_64-unknown-linux-gnu/lib/rustlib/x86_64-unknown-linux-gnu/lib/libpanic_unwind-480c41e9d4e1f677.rlib" "/opt/rustwide/rustup-home/toolchains/1.75.0-x86_64-unknown-linux-gnu/lib/rustlib/x86_64-unknown-linux-gnu/lib/libobject-db744c0ca03eed1d.rlib" "/opt/rustwide/rustup-home/toolchains/1.75.0-x86_64-unknown-linux-gnu/lib/rustlib/x86_64-unknown-linux-gnu/lib/libmemchr-8ba652dc7d4b285a.rlib" "/opt/rustwide/rustup-home/toolchains/1.75.0-x86_64-unknown-linux-gnu/lib/rustlib/x86_64-unknown-linux-gnu/lib/libaddr2line-d5f4520a9ebc0d58.rlib" "/opt/rustwide/rustup-home/toolchains/1.75.0-x86_64-unknown-linux-gnu/lib/rustlib/x86_64-unknown-linux-gnu/lib/libgimli-4ad84de58f0cb463.rlib" "/opt/rustwide/rustup-home/toolchains/1.75.0-x86_64-unknown-linux-gnu/lib/rustlib/x86_64-unknown-linux-gnu/lib/librustc_demangle-0d10aae2e0f38735.rlib" "/opt/rustwide/rustup-home/toolchains/1.75.0-x86_64-unknown-linux-gnu/lib/rustlib/x86_64-unknown-linux-gnu/lib/libstd_detect-0c17cff739e6745b.rlib" "/opt/rustwide/rustup-home/toolchains/1.75.0-x86_64-unknown-linux-gnu/lib/rustlib/x86_64-unknown-linux-gnu/lib/libhashbrown-b29e17139dde1aa8.rlib" "/opt/rustwide/rustup-home/toolchains/1.75.0-x86_64-unknown-linux-gnu/lib/rustlib/x86_64-unknown-linux-gnu/lib/librustc_std_workspace_alloc-1f975299829cc7bd.rlib" "/opt/rustwide/rustup-home/toolchains/1.75.0-x86_64-unknown-linux-gnu/lib/rustlib/x86_64-unknown-linux-gnu/lib/libminiz_oxide-86bae3bc3079f89b.rlib" "/opt/rustwide/rustup-home/toolchains/1.75.0-x86_64-unknown-linux-gnu/lib/rustlib/x86_64-unknown-linux-gnu/lib/libadler-321b82c30dffdf5f.rlib" "/opt/rustwide/rustup-home/toolchains/1.75.0-x86_64-unknown-linux-gnu/lib/rustlib/x86_64-unknown-linux-gnu/lib/libunwind-3dd8a6810a0bdfef.rlib" "/opt/rustwide/rustup-home/toolchains/1.75.0-x86_64-unknown-linux-gnu/lib/rustlib/x86_64-unknown-linux-gnu/lib/libcfg_if-eb39a61c0c879984.rlib" "/opt/rustwide/rustup-home/toolchains/1.75.0-x86_64-unknown-linux-gnu/lib/rustlib/x86_64-unknown-linux-gnu/lib/liblibc-aa769569f91c3548.rlib" "/opt/rustwide/rustup-home/toolchains/1.75.0-x86_64-unknown-linux-gnu/lib/rustlib/x86_64-unknown-linux-gnu/lib/liballoc-510a192a50a983ed.rlib" "/opt/rustwide/rustup-home/toolchains/1.75.0-x86_64-unknown-linux-gnu/lib/rustlib/x86_64-unknown-linux-gnu/lib/librustc_std_workspace_core-0577018320f99037.rlib" "/opt/rustwide/rustup-home/toolchains/1.75.0-x86_64-unknown-linux-gnu/lib/rustlib/x86_64-unknown-linux-gnu/lib/libcore-193cf992125ccd4c.rlib" "/opt/rustwide/rustup-home/toolchains/1.75.0-x86_64-unknown-linux-gnu/lib/rustlib/x86_64-unknown-linux-gnu/lib/libcompiler_builtins-8e138eaf26ebb4a8.rlib" "-Wl,-Bdynamic" "-lz" "-lgcc_s" "-lutil" "-lrt" "-lpthread" "-lm" "-ldl" "-lc" "-Wl,--eh-frame-hdr" "-Wl,-z,noexecstack" "-L" "/opt/rustwide/rustup-home/toolchains/1.75.0-x86_64-unknown-linux-gnu/lib/rustlib/x86_64-unknown-linux-gnu/lib" "-o" "/opt/rustwide/target/debug/examples/simple-a37d8231fce9b010" "-Wl,--gc-sections" "-pie" "-Wl,-z,relro,-z,now" "-nodefaultlibs"
[INFO] [stdout]   = note: collect2: fatal error: ld terminated with signal 9 [Killed]
[INFO] [stdout]           compilation terminated.
[INFO] [stdout]           
[INFO] [stdout] 
[INFO] [stdout] 
[INFO] [stdout] error: aborting due to previous error
[INFO] [stdout] 
[INFO] [stdout] 
[INFO] [stderr] error: could not compile `bat` (example "simple") due to 2 previous errors
[INFO] [stdout] error: linking with `cc` failed: exit status: 1
[INFO] [stdout]   |
[INFO] [stdout]   = note: LC_ALL="C" PATH="/opt/rustwide/rustup-home/toolchains/1.75.0-x86_64-unknown-linux-gnu/lib/rustlib/x86_64-unknown-linux-gnu/bin:/opt/rustwide/cargo-home/bin:/usr/local/sbin:/usr/local/bin:/usr/sbin:/usr/bin:/sbin:/bin" VSLANG="1033" "cc" "-m64" "/tmp/rustcL8jtmj/symbols.o" "/opt/rustwide/target/debug/deps/test_pretty_printer-c46cb787906abcab.test_pretty_printer.2c320e48afef4dba-cgu.0.rcgu.o" "/opt/rustwide/target/debug/deps/test_pretty_printer-c46cb787906abcab.1nn44vapf2vv9x61.rcgu.o" "-Wl,--as-needed" "-L" "/opt/rustwide/target/debug/deps" "-L" "/opt/rustwide/target/debug/build/sys-info-15f323f2f603e61e/out" "-L" "/opt/rustwide/target/debug/build/libgit2-sys-2fe609eda58c100a/out/build" "-L" "/opt/rustwide/target/debug/build/onig_sys-de0a6a931c9350be/out" "-L" "/opt/rustwide/rustup-home/toolchains/1.75.0-x86_64-unknown-linux-gnu/lib/rustlib/x86_64-unknown-linux-gnu/lib" "-Wl,-Bstatic" "/opt/rustwide/rustup-home/toolchains/1.75.0-x86_64-unknown-linux-gnu/lib/rustlib/x86_64-unknown-linux-gnu/lib/libtest-3df1bed8075ce1de.rlib" "/opt/rustwide/rustup-home/toolchains/1.75.0-x86_64-unknown-linux-gnu/lib/rustlib/x86_64-unknown-linux-gnu/lib/libgetopts-2076fd86b325cb5d.rlib" "/opt/rustwide/rustup-home/toolchains/1.75.0-x86_64-unknown-linux-gnu/lib/rustlib/x86_64-unknown-linux-gnu/lib/libunicode_width-caa7152ee70c190f.rlib" "/opt/rustwide/rustup-home/toolchains/1.75.0-x86_64-unknown-linux-gnu/lib/rustlib/x86_64-unknown-linux-gnu/lib/librustc_std_workspace_std-04e6425e07f02a3c.rlib" "/opt/rustwide/target/debug/deps/libbat-94cfd4e0c74ce626.rlib" "/opt/rustwide/target/debug/deps/libansi_colours-596cc4945d4a9ae5.rlib" "/opt/rustwide/target/debug/deps/librgb-19d3c374a7cda60e.rlib" "/opt/rustwide/target/debug/deps/libbytemuck-f8164ba824b3f0aa.rlib" "/opt/rustwide/target/debug/deps/libgrep_cli-6085f9af5424918c.rlib" "/opt/rustwide/target/debug/deps/libtermcolor-8398fdf37ae29334.rlib" "/opt/rustwide/target/debug/deps/libserde_yaml-ab12e0a01bdecf69.rlib" "/opt/rustwide/target/debug/deps/libindexmap-df205b791808d994.rlib" "/opt/rustwide/target/debug/deps/libequivalent-daf5c71f5fc642dd.rlib" "/opt/rustwide/target/debug/deps/libhashbrown-4868080fa3833897.rlib" "/opt/rustwide/target/debug/deps/libunsafe_libyaml-1a8199d39575d0ac.rlib" "/opt/rustwide/target/debug/deps/libglobset-44d6901952153838.rlib" "/opt/rustwide/target/debug/deps/libbstr-8cc7d76e0af1908d.rlib" "/opt/rustwide/target/debug/deps/libregex_automata-b2db2dbc9fc17c93.rlib" "/opt/rustwide/target/debug/deps/libaho_corasick-4afb869e3e7aedd2.rlib" "/opt/rustwide/target/debug/deps/libencoding_rs-000c97fafd38c2ed.rlib" "/opt/rustwide/target/debug/deps/libbytesize-285d47fa7669856c.rlib" "/opt/rustwide/target/debug/deps/libconsole-7bfbba924ae41a61.rlib" "/opt/rustwide/target/debug/deps/libunicode_width-aeff842d70fe38c8.rlib" "/opt/rustwide/target/debug/deps/libshell_words-ef839c818afe7be7.rlib" "/opt/rustwide/target/debug/deps/libcontent_inspector-0f13dfe982ca2ca9.rlib" "/opt/rustwide/target/debug/deps/libgit2-d379c6ea3be84a8b.rlib" "/opt/rustwide/target/debug/deps/liburl-766f8fa2770c8650.rlib" "/opt/rustwide/target/debug/deps/libidna-c62e120fb9daafd7.rlib" "/opt/rustwide/target/debug/deps/libunicode_normalization-9a523c060fbda597.rlib" "/opt/rustwide/target/debug/deps/libtinyvec-e78be141da4aa4a4.rlib" "/opt/rustwide/target/debug/deps/libtinyvec_macros-bfeb7a087f0273ce.rlib" "/opt/rustwide/target/debug/deps/libunicode_bidi-6e4d9a1bf3170bfc.rlib" "/opt/rustwide/target/debug/deps/libform_urlencoded-e8c43e838ad28fa4.rlib" "/opt/rustwide/target/debug/deps/libpercent_encoding-c39f6500503dd269.rlib" "/opt/rustwide/target/debug/deps/liblog-3ad322dff60a4fea.rlib" "/opt/rustwide/target/debug/deps/liblibgit2_sys-a88dc047553d0ab0.rlib" "/opt/rustwide/target/debug/deps/liblibz_sys-ba9d2266ab9dc23d.rlib" "/opt/rustwide/target/debug/deps/libbitflags-78da337a9db99d1b.rlib" "/opt/rustwide/target/debug/deps/libnu_ansi_term-d778eb6b6df14b92.rlib" "/opt/rustwide/target/debug/deps/libclircle-eea5f203b65dc1ae.rlib" "/opt/rustwide/target/debug/deps/liblibc-eb440e55dfb137ff.rlib" "/opt/rustwide/target/debug/deps/libregex-31e41685d3246335.rlib" "/opt/rustwide/target/debug/deps/libaho_corasick-07444be8bb34ef9e.rlib" "/opt/rustwide/target/debug/deps/libregex_syntax-9bf174677eb3a180.rlib" "/opt/rustwide/target/debug/deps/libsemver-452cf4afa1a532fd.rlib" "/opt/rustwide/target/debug/deps/libpath_abs-a8c47852f4bed37d.rlib" "/opt/rustwide/target/debug/deps/libstd_prelude-1d2f6bc4e139cd85.rlib" "/opt/rustwide/target/debug/deps/libsyntect-6db3fd685cb0508a.rlib" "/opt/rustwide/target/debug/deps/libthiserror-4aaa49fc995a9507.rlib" "/opt/rustwide/target/debug/deps/libwalkdir-1e1e3f79bb01416f.rlib" "/opt/rustwide/target/debug/deps/libsame_file-06a4c01142053b65.rlib" "/opt/rustwide/target/debug/deps/libonig-60037bd373595f9f.rlib" "/opt/rustwide/target/debug/deps/libonig_sys-01be4e062f262218.rlib" "/opt/rustwide/target/debug/deps/libyaml_rust-dadeb9b0a1ae3c6e.rlib" "/opt/rustwide/target/debug/deps/liblinked_hash_map-55396135ba6b4b1c.rlib" "/opt/rustwide/target/debug/deps/libregex_syntax-edde019f48871409.rlib" "/opt/rustwide/target/debug/deps/libfnv-18bf5144d055e772.rlib" "/opt/rustwide/target/debug/deps/libbitflags-b7cee2ca4fb438d0.rlib" "/opt/rustwide/target/debug/deps/libserde_json-624e6eba1246396a.rlib" "/opt/rustwide/target/debug/deps/libryu-80596ff4214e4d03.rlib" "/opt/rustwide/target/debug/deps/libplist-27a9b6596b1f68b3.rlib" "/opt/rustwide/target/debug/deps/libline_wrap-8d5d671595e9c530.rlib" "/opt/rustwide/target/debug/deps/libsafemem-4745ed10c8b13fe0.rlib" "/opt/rustwide/target/debug/deps/libtime-1b88aa4950caa19e.rlib" "/opt/rustwide/target/debug/deps/libitoa-324a29e856512b52.rlib" "/opt/rustwide/target/debug/deps/libquick_xml-92eae9b7245ff542.rlib" "/opt/rustwide/target/debug/deps/libmemchr-4fdcfd9ddfba30cb.rlib" "/opt/rustwide/target/debug/deps/libbase64-01d5e7f2237ad80c.rlib" "/opt/rustwide/target/debug/deps/libindexmap-3187813efea58647.rlib" "/opt/rustwide/target/debug/deps/libhashbrown-567986452cb9bc94.rlib" "/opt/rustwide/target/debug/deps/libflate2-97e0673cd6bbc160.rlib" "/opt/rustwide/target/debug/deps/libminiz_oxide-f272f5814aa49507.rlib" "/opt/rustwide/target/debug/deps/libadler-c8f2240c56a0abca.rlib" "/opt/rustwide/target/debug/deps/libcrc32fast-664446237529ebff.rlib" "/opt/rustwide/target/debug/deps/libcfg_if-61dc7a6799e72b18.rlib" "/opt/rustwide/target/debug/deps/libbincode-b8e25933ed55facd.rlib" "/opt/rustwide/target/debug/deps/libserde-878709c888c61cd2.rlib" "/opt/rustwide/target/debug/deps/liblazy_static-591486ebcb9a7ead.rlib" "/opt/rustwide/target/debug/deps/libonce_cell-865e1c5018a0303a.rlib" "/opt/rustwide/rustup-home/toolchains/1.75.0-x86_64-unknown-linux-gnu/lib/rustlib/x86_64-unknown-linux-gnu/lib/libstd-90f6ddbf82de36ec.rlib" "/opt/rustwide/rustup-home/toolchains/1.75.0-x86_64-unknown-linux-gnu/lib/rustlib/x86_64-unknown-linux-gnu/lib/libpanic_unwind-480c41e9d4e1f677.rlib" "/opt/rustwide/rustup-home/toolchains/1.75.0-x86_64-unknown-linux-gnu/lib/rustlib/x86_64-unknown-linux-gnu/lib/libobject-db744c0ca03eed1d.rlib" "/opt/rustwide/rustup-home/toolchains/1.75.0-x86_64-unknown-linux-gnu/lib/rustlib/x86_64-unknown-linux-gnu/lib/libmemchr-8ba652dc7d4b285a.rlib" "/opt/rustwide/rustup-home/toolchains/1.75.0-x86_64-unknown-linux-gnu/lib/rustlib/x86_64-unknown-linux-gnu/lib/libaddr2line-d5f4520a9ebc0d58.rlib" "/opt/rustwide/rustup-home/toolchains/1.75.0-x86_64-unknown-linux-gnu/lib/rustlib/x86_64-unknown-linux-gnu/lib/libgimli-4ad84de58f0cb463.rlib" "/opt/rustwide/rustup-home/toolchains/1.75.0-x86_64-unknown-linux-gnu/lib/rustlib/x86_64-unknown-linux-gnu/lib/librustc_demangle-0d10aae2e0f38735.rlib" "/opt/rustwide/rustup-home/toolchains/1.75.0-x86_64-unknown-linux-gnu/lib/rustlib/x86_64-unknown-linux-gnu/lib/libstd_detect-0c17cff739e6745b.rlib" "/opt/rustwide/rustup-home/toolchains/1.75.0-x86_64-unknown-linux-gnu/lib/rustlib/x86_64-unknown-linux-gnu/lib/libhashbrown-b29e17139dde1aa8.rlib" "/opt/rustwide/rustup-home/toolchains/1.75.0-x86_64-unknown-linux-gnu/lib/rustlib/x86_64-unknown-linux-gnu/lib/librustc_std_workspace_alloc-1f975299829cc7bd.rlib" "/opt/rustwide/rustup-home/toolchains/1.75.0-x86_64-unknown-linux-gnu/lib/rustlib/x86_64-unknown-linux-gnu/lib/libminiz_oxide-86bae3bc3079f89b.rlib" "/opt/rustwide/rustup-home/toolchains/1.75.0-x86_64-unknown-linux-gnu/lib/rustlib/x86_64-unknown-linux-gnu/lib/libadler-321b82c30dffdf5f.rlib" "/opt/rustwide/rustup-home/toolchains/1.75.0-x86_64-unknown-linux-gnu/lib/rustlib/x86_64-unknown-linux-gnu/lib/libunwind-3dd8a6810a0bdfef.rlib" "/opt/rustwide/rustup-home/toolchains/1.75.0-x86_64-unknown-linux-gnu/lib/rustlib/x86_64-unknown-linux-gnu/lib/libcfg_if-eb39a61c0c879984.rlib" "/opt/rustwide/rustup-home/toolchains/1.75.0-x86_64-unknown-linux-gnu/lib/rustlib/x86_64-unknown-linux-gnu/lib/liblibc-aa769569f91c3548.rlib" "/opt/rustwide/rustup-home/toolchains/1.75.0-x86_64-unknown-linux-gnu/lib/rustlib/x86_64-unknown-linux-gnu/lib/liballoc-510a192a50a983ed.rlib" "/opt/rustwide/rustup-home/toolchains/1.75.0-x86_64-unknown-linux-gnu/lib/rustlib/x86_64-unknown-linux-gnu/lib/librustc_std_workspace_core-0577018320f99037.rlib" "/opt/rustwide/rustup-home/toolchains/1.75.0-x86_64-unknown-linux-gnu/lib/rustlib/x86_64-unknown-linux-gnu/lib/libcore-193cf992125ccd4c.rlib" "/opt/rustwide/rustup-home/toolchains/1.75.0-x86_64-unknown-linux-gnu/lib/rustlib/x86_64-unknown-linux-gnu/lib/libcompiler_builtins-8e138eaf26ebb4a8.rlib" "-Wl,-Bdynamic" "-lz" "-lgcc_s" "-lutil" "-lrt" "-lpthread" "-lm" "-ldl" "-lc" "-Wl,--eh-frame-hdr" "-Wl,-z,noexecstack" "-L" "/opt/rustwide/rustup-home/toolchains/1.75.0-x86_64-unknown-linux-gnu/lib/rustlib/x86_64-unknown-linux-gnu/lib" "-o" "/opt/rustwide/target/debug/deps/test_pretty_printer-c46cb787906abcab" "-Wl,--gc-sections" "-pie" "-Wl,-z,relro,-z,now" "-nodefaultlibs"
[INFO] [stdout]   = note: collect2: fatal error: ld terminated with signal 9 [Killed]
[INFO] [stdout]           compilation terminated.
[INFO] [stdout]           
[INFO] [stdout] 
[INFO] [stdout] 
[INFO] [stdout] error: aborting due to previous error
[INFO] [stdout] 
[INFO] [stdout] 
[INFO] [stderr] error: could not compile `bat` (test "test_pretty_printer") due to 2 previous errors
[INFO] [stdout] error: linking with `cc` failed: exit status: 1
[INFO] [stdout]   |
[INFO] [stdout]   = note: LC_ALL="C" PATH="/opt/rustwide/rustup-home/toolchains/1.75.0-x86_64-unknown-linux-gnu/lib/rustlib/x86_64-unknown-linux-gnu/bin:/opt/rustwide/cargo-home/bin:/usr/local/sbin:/usr/local/bin:/usr/sbin:/usr/bin:/sbin:/bin" VSLANG="1033" "cc" "-m64" "/tmp/rustctX6ZvW/symbols.o" "/opt/rustwide/target/debug/examples/list_syntaxes_and_themes-2877bcc03b91b69b.list_syntaxes_and_themes.bb08c2b8ed7cb5ed-cgu.0.rcgu.o" "/opt/rustwide/target/debug/examples/list_syntaxes_and_themes-2877bcc03b91b69b.5blv6a9rp80vjamx.rcgu.o" "-Wl,--as-needed" "-L" "/opt/rustwide/target/debug/deps" "-L" "/opt/rustwide/target/debug/build/sys-info-15f323f2f603e61e/out" "-L" "/opt/rustwide/target/debug/build/libgit2-sys-2fe609eda58c100a/out/build" "-L" "/opt/rustwide/target/debug/build/onig_sys-de0a6a931c9350be/out" "-L" "/opt/rustwide/rustup-home/toolchains/1.75.0-x86_64-unknown-linux-gnu/lib/rustlib/x86_64-unknown-linux-gnu/lib" "-Wl,-Bstatic" "/opt/rustwide/target/debug/deps/libbat-94cfd4e0c74ce626.rlib" "/opt/rustwide/target/debug/deps/libansi_colours-596cc4945d4a9ae5.rlib" "/opt/rustwide/target/debug/deps/librgb-19d3c374a7cda60e.rlib" "/opt/rustwide/target/debug/deps/libbytemuck-f8164ba824b3f0aa.rlib" "/opt/rustwide/target/debug/deps/libgrep_cli-6085f9af5424918c.rlib" "/opt/rustwide/target/debug/deps/libtermcolor-8398fdf37ae29334.rlib" "/opt/rustwide/target/debug/deps/libserde_yaml-ab12e0a01bdecf69.rlib" "/opt/rustwide/target/debug/deps/libindexmap-df205b791808d994.rlib" "/opt/rustwide/target/debug/deps/libequivalent-daf5c71f5fc642dd.rlib" "/opt/rustwide/target/debug/deps/libhashbrown-4868080fa3833897.rlib" "/opt/rustwide/target/debug/deps/libunsafe_libyaml-1a8199d39575d0ac.rlib" "/opt/rustwide/target/debug/deps/libglobset-44d6901952153838.rlib" "/opt/rustwide/target/debug/deps/libbstr-8cc7d76e0af1908d.rlib" "/opt/rustwide/target/debug/deps/libregex_automata-b2db2dbc9fc17c93.rlib" "/opt/rustwide/target/debug/deps/libaho_corasick-4afb869e3e7aedd2.rlib" "/opt/rustwide/target/debug/deps/libencoding_rs-000c97fafd38c2ed.rlib" "/opt/rustwide/target/debug/deps/libbytesize-285d47fa7669856c.rlib" "/opt/rustwide/target/debug/deps/libconsole-7bfbba924ae41a61.rlib" "/opt/rustwide/target/debug/deps/libunicode_width-aeff842d70fe38c8.rlib" "/opt/rustwide/target/debug/deps/libshell_words-ef839c818afe7be7.rlib" "/opt/rustwide/target/debug/deps/libcontent_inspector-0f13dfe982ca2ca9.rlib" "/opt/rustwide/target/debug/deps/libgit2-d379c6ea3be84a8b.rlib" "/opt/rustwide/target/debug/deps/liburl-766f8fa2770c8650.rlib" "/opt/rustwide/target/debug/deps/libidna-c62e120fb9daafd7.rlib" "/opt/rustwide/target/debug/deps/libunicode_normalization-9a523c060fbda597.rlib" "/opt/rustwide/target/debug/deps/libtinyvec-e78be141da4aa4a4.rlib" "/opt/rustwide/target/debug/deps/libtinyvec_macros-bfeb7a087f0273ce.rlib" "/opt/rustwide/target/debug/deps/libunicode_bidi-6e4d9a1bf3170bfc.rlib" "/opt/rustwide/target/debug/deps/libform_urlencoded-e8c43e838ad28fa4.rlib" "/opt/rustwide/target/debug/deps/libpercent_encoding-c39f6500503dd269.rlib" "/opt/rustwide/target/debug/deps/liblog-3ad322dff60a4fea.rlib" "/opt/rustwide/target/debug/deps/liblibgit2_sys-a88dc047553d0ab0.rlib" "/opt/rustwide/target/debug/deps/liblibz_sys-ba9d2266ab9dc23d.rlib" "/opt/rustwide/target/debug/deps/libbitflags-78da337a9db99d1b.rlib" "/opt/rustwide/target/debug/deps/libnu_ansi_term-d778eb6b6df14b92.rlib" "/opt/rustwide/target/debug/deps/libclircle-eea5f203b65dc1ae.rlib" "/opt/rustwide/target/debug/deps/liblibc-eb440e55dfb137ff.rlib" "/opt/rustwide/target/debug/deps/libregex-31e41685d3246335.rlib" "/opt/rustwide/target/debug/deps/libaho_corasick-07444be8bb34ef9e.rlib" "/opt/rustwide/target/debug/deps/libregex_syntax-9bf174677eb3a180.rlib" "/opt/rustwide/target/debug/deps/libsemver-452cf4afa1a532fd.rlib" "/opt/rustwide/target/debug/deps/libpath_abs-a8c47852f4bed37d.rlib" "/opt/rustwide/target/debug/deps/libstd_prelude-1d2f6bc4e139cd85.rlib" "/opt/rustwide/target/debug/deps/libsyntect-6db3fd685cb0508a.rlib" "/opt/rustwide/target/debug/deps/libthiserror-4aaa49fc995a9507.rlib" "/opt/rustwide/target/debug/deps/libwalkdir-1e1e3f79bb01416f.rlib" "/opt/rustwide/target/debug/deps/libsame_file-06a4c01142053b65.rlib" "/opt/rustwide/target/debug/deps/libonig-60037bd373595f9f.rlib" "/opt/rustwide/target/debug/deps/libonig_sys-01be4e062f262218.rlib" "/opt/rustwide/target/debug/deps/libyaml_rust-dadeb9b0a1ae3c6e.rlib" "/opt/rustwide/target/debug/deps/liblinked_hash_map-55396135ba6b4b1c.rlib" "/opt/rustwide/target/debug/deps/libregex_syntax-edde019f48871409.rlib" "/opt/rustwide/target/debug/deps/libfnv-18bf5144d055e772.rlib" "/opt/rustwide/target/debug/deps/libbitflags-b7cee2ca4fb438d0.rlib" "/opt/rustwide/target/debug/deps/libserde_json-624e6eba1246396a.rlib" "/opt/rustwide/target/debug/deps/libryu-80596ff4214e4d03.rlib" "/opt/rustwide/target/debug/deps/libplist-27a9b6596b1f68b3.rlib" "/opt/rustwide/target/debug/deps/libline_wrap-8d5d671595e9c530.rlib" "/opt/rustwide/target/debug/deps/libsafemem-4745ed10c8b13fe0.rlib" "/opt/rustwide/target/debug/deps/libtime-1b88aa4950caa19e.rlib" "/opt/rustwide/target/debug/deps/libitoa-324a29e856512b52.rlib" "/opt/rustwide/target/debug/deps/libquick_xml-92eae9b7245ff542.rlib" "/opt/rustwide/target/debug/deps/libmemchr-4fdcfd9ddfba30cb.rlib" "/opt/rustwide/target/debug/deps/libbase64-01d5e7f2237ad80c.rlib" "/opt/rustwide/target/debug/deps/libindexmap-3187813efea58647.rlib" "/opt/rustwide/target/debug/deps/libhashbrown-567986452cb9bc94.rlib" "/opt/rustwide/target/debug/deps/libflate2-97e0673cd6bbc160.rlib" "/opt/rustwide/target/debug/deps/libminiz_oxide-f272f5814aa49507.rlib" "/opt/rustwide/target/debug/deps/libadler-c8f2240c56a0abca.rlib" "/opt/rustwide/target/debug/deps/libcrc32fast-664446237529ebff.rlib" "/opt/rustwide/target/debug/deps/libcfg_if-61dc7a6799e72b18.rlib" "/opt/rustwide/target/debug/deps/libbincode-b8e25933ed55facd.rlib" "/opt/rustwide/target/debug/deps/libserde-878709c888c61cd2.rlib" "/opt/rustwide/target/debug/deps/liblazy_static-591486ebcb9a7ead.rlib" "/opt/rustwide/target/debug/deps/libonce_cell-865e1c5018a0303a.rlib" "/opt/rustwide/rustup-home/toolchains/1.75.0-x86_64-unknown-linux-gnu/lib/rustlib/x86_64-unknown-linux-gnu/lib/libstd-90f6ddbf82de36ec.rlib" "/opt/rustwide/rustup-home/toolchains/1.75.0-x86_64-unknown-linux-gnu/lib/rustlib/x86_64-unknown-linux-gnu/lib/libpanic_unwind-480c41e9d4e1f677.rlib" "/opt/rustwide/rustup-home/toolchains/1.75.0-x86_64-unknown-linux-gnu/lib/rustlib/x86_64-unknown-linux-gnu/lib/libobject-db744c0ca03eed1d.rlib" "/opt/rustwide/rustup-home/toolchains/1.75.0-x86_64-unknown-linux-gnu/lib/rustlib/x86_64-unknown-linux-gnu/lib/libmemchr-8ba652dc7d4b285a.rlib" "/opt/rustwide/rustup-home/toolchains/1.75.0-x86_64-unknown-linux-gnu/lib/rustlib/x86_64-unknown-linux-gnu/lib/libaddr2line-d5f4520a9ebc0d58.rlib" "/opt/rustwide/rustup-home/toolchains/1.75.0-x86_64-unknown-linux-gnu/lib/rustlib/x86_64-unknown-linux-gnu/lib/libgimli-4ad84de58f0cb463.rlib" "/opt/rustwide/rustup-home/toolchains/1.75.0-x86_64-unknown-linux-gnu/lib/rustlib/x86_64-unknown-linux-gnu/lib/librustc_demangle-0d10aae2e0f38735.rlib" "/opt/rustwide/rustup-home/toolchains/1.75.0-x86_64-unknown-linux-gnu/lib/rustlib/x86_64-unknown-linux-gnu/lib/libstd_detect-0c17cff739e6745b.rlib" "/opt/rustwide/rustup-home/toolchains/1.75.0-x86_64-unknown-linux-gnu/lib/rustlib/x86_64-unknown-linux-gnu/lib/libhashbrown-b29e17139dde1aa8.rlib" "/opt/rustwide/rustup-home/toolchains/1.75.0-x86_64-unknown-linux-gnu/lib/rustlib/x86_64-unknown-linux-gnu/lib/librustc_std_workspace_alloc-1f975299829cc7bd.rlib" "/opt/rustwide/rustup-home/toolchains/1.75.0-x86_64-unknown-linux-gnu/lib/rustlib/x86_64-unknown-linux-gnu/lib/libminiz_oxide-86bae3bc3079f89b.rlib" "/opt/rustwide/rustup-home/toolchains/1.75.0-x86_64-unknown-linux-gnu/lib/rustlib/x86_64-unknown-linux-gnu/lib/libadler-321b82c30dffdf5f.rlib" "/opt/rustwide/rustup-home/toolchains/1.75.0-x86_64-unknown-linux-gnu/lib/rustlib/x86_64-unknown-linux-gnu/lib/libunwind-3dd8a6810a0bdfef.rlib" "/opt/rustwide/rustup-home/toolchains/1.75.0-x86_64-unknown-linux-gnu/lib/rustlib/x86_64-unknown-linux-gnu/lib/libcfg_if-eb39a61c0c879984.rlib" "/opt/rustwide/rustup-home/toolchains/1.75.0-x86_64-unknown-linux-gnu/lib/rustlib/x86_64-unknown-linux-gnu/lib/liblibc-aa769569f91c3548.rlib" "/opt/rustwide/rustup-home/toolchains/1.75.0-x86_64-unknown-linux-gnu/lib/rustlib/x86_64-unknown-linux-gnu/lib/liballoc-510a192a50a983ed.rlib" "/opt/rustwide/rustup-home/toolchains/1.75.0-x86_64-unknown-linux-gnu/lib/rustlib/x86_64-unknown-linux-gnu/lib/librustc_std_workspace_core-0577018320f99037.rlib" "/opt/rustwide/rustup-home/toolchains/1.75.0-x86_64-unknown-linux-gnu/lib/rustlib/x86_64-unknown-linux-gnu/lib/libcore-193cf992125ccd4c.rlib" "/opt/rustwide/rustup-home/toolchains/1.75.0-x86_64-unknown-linux-gnu/lib/rustlib/x86_64-unknown-linux-gnu/lib/libcompiler_builtins-8e138eaf26ebb4a8.rlib" "-Wl,-Bdynamic" "-lz" "-lgcc_s" "-lutil" "-lrt" "-lpthread" "-lm" "-ldl" "-lc" "-Wl,--eh-frame-hdr" "-Wl,-z,noexecstack" "-L" "/opt/rustwide/rustup-home/toolchains/1.75.0-x86_64-unknown-linux-gnu/lib/rustlib/x86_64-unknown-linux-gnu/lib" "-o" "/opt/rustwide/target/debug/examples/list_syntaxes_and_themes-2877bcc03b91b69b" "-Wl,--gc-sections" "-pie" "-Wl,-z,relro,-z,now" "-nodefaultlibs"
[INFO] [stdout]   = note: collect2: fatal error: ld terminated with signal 9 [Killed]
[INFO] [stdout]           compilation terminated.
[INFO] [stdout]           
[INFO] [stdout] 
[INFO] [stdout] 
[INFO] [stdout] error: aborting due to previous error
[INFO] [stdout] 
[INFO] [stdout] 
[INFO] [stderr] error: could not compile `bat` (example "list_syntaxes_and_themes") due to 2 previous errors
[INFO] running `Command { std: "docker" "inspect" "99ca0feb803d8141d337d0428696f81986e8b36648f6bc8218ffdb704301c5cc", kill_on_drop: false }`
[INFO] running `Command { std: "docker" "rm" "-f" "99ca0feb803d8141d337d0428696f81986e8b36648f6bc8218ffdb704301c5cc", kill_on_drop: false }`
[INFO] [stdout] 99ca0feb803d8141d337d0428696f81986e8b36648f6bc8218ffdb704301c5cc
