[INFO] fetching crate basin2-protocol 578.1.0...
[INFO] testing basin2-protocol-578.1.0 against 1.75.0 for beta-1.76-1
[INFO] extracting crate basin2-protocol 578.1.0 into /workspace/builds/worker-4-tc1/source
[INFO] validating manifest of crates.io crate basin2-protocol 578.1.0 on toolchain 1.75.0
[INFO] running `Command { std: CARGO_HOME="/workspace/cargo-home" RUSTUP_HOME="/workspace/rustup-home" "/workspace/cargo-home/bin/cargo" "+1.75.0" "metadata" "--manifest-path" "Cargo.toml" "--no-deps", kill_on_drop: false }`
[INFO] started tweaking crates.io crate basin2-protocol 578.1.0
[INFO] finished tweaking crates.io crate basin2-protocol 578.1.0
[INFO] tweaked toml for crates.io crate basin2-protocol 578.1.0 written to /workspace/builds/worker-4-tc1/source/Cargo.toml
[INFO] running `Command { std: CARGO_HOME="/workspace/cargo-home" RUSTUP_HOME="/workspace/rustup-home" "/workspace/cargo-home/bin/cargo" "+1.75.0" "generate-lockfile" "--manifest-path" "Cargo.toml", kill_on_drop: false }`
[INFO] [stderr]     Updating crates.io index
[INFO] running `Command { std: CARGO_HOME="/workspace/cargo-home" RUSTUP_HOME="/workspace/rustup-home" "/workspace/cargo-home/bin/cargo" "+1.75.0" "fetch" "--manifest-path" "Cargo.toml", kill_on_drop: false }`
[INFO] [stderr]  Downloading crates ...
[INFO] [stderr]   Downloaded pkg-version v1.0.0
[INFO] [stderr]   Downloaded pkg-version-impl v0.1.1
[INFO] [stderr]   Downloaded enum_primitive v0.1.1
[INFO] [stderr]   Downloaded num-traits v0.1.43
[INFO] [stderr]   Downloaded uuid v0.5.1
[INFO] [stderr]   Downloaded basin2-lib v152.1.0
[INFO] [stderr]   Downloaded cenum v1.1.1
[INFO] [stderr]   Downloaded mio-named-pipes v0.1.7
[INFO] [stderr]   Downloaded tokio-util v0.2.0
[INFO] [stderr]   Downloaded basin2-data v152.1.0
[INFO] [stderr]   Downloaded env_logger v0.6.2
[INFO] [stderr]   Downloaded openssl-src v300.2.1+3.2.0
[INFO] running `Command { std: "docker" "create" "-v" "/var/lib/crater-agent-workspace/builds/worker-4-tc1/target:/opt/rustwide/target:rw,Z" "-v" "/var/lib/crater-agent-workspace/builds/worker-4-tc1/source:/opt/rustwide/workdir:ro,Z" "-v" "/var/lib/crater-agent-workspace/cargo-home:/opt/rustwide/cargo-home:ro,Z" "-v" "/var/lib/crater-agent-workspace/rustup-home:/opt/rustwide/rustup-home:ro,Z" "-e" "SOURCE_DIR=/opt/rustwide/workdir" "-e" "CARGO_TARGET_DIR=/opt/rustwide/target" "-e" "CARGO_HOME=/opt/rustwide/cargo-home" "-e" "RUSTUP_HOME=/opt/rustwide/rustup-home" "-w" "/opt/rustwide/workdir" "-m" "1610612736" "--user" "0:0" "--network" "none" "ghcr.io/rust-lang/crates-build-env/linux@sha256:2788e3201cd34a07e3172128adcd8b3090168a8e3bcc40d7c032b9dda1df7d1c" "/opt/rustwide/cargo-home/bin/cargo" "+1.75.0" "metadata" "--no-deps" "--format-version=1", kill_on_drop: false }`
[INFO] [stdout] 5b2a5aaa165be6b6349465d8ab52a759a2125abe0f8d967674ebf720c13235eb
[INFO] running `Command { std: "docker" "start" "-a" "5b2a5aaa165be6b6349465d8ab52a759a2125abe0f8d967674ebf720c13235eb", kill_on_drop: false }`
[INFO] running `Command { std: "docker" "inspect" "5b2a5aaa165be6b6349465d8ab52a759a2125abe0f8d967674ebf720c13235eb", kill_on_drop: false }`
[INFO] running `Command { std: "docker" "rm" "-f" "5b2a5aaa165be6b6349465d8ab52a759a2125abe0f8d967674ebf720c13235eb", kill_on_drop: false }`
[INFO] [stdout] 5b2a5aaa165be6b6349465d8ab52a759a2125abe0f8d967674ebf720c13235eb
[INFO] running `Command { std: "docker" "create" "-v" "/var/lib/crater-agent-workspace/builds/worker-4-tc1/target:/opt/rustwide/target:rw,Z" "-v" "/var/lib/crater-agent-workspace/builds/worker-4-tc1/source:/opt/rustwide/workdir:ro,Z" "-v" "/var/lib/crater-agent-workspace/cargo-home:/opt/rustwide/cargo-home:ro,Z" "-v" "/var/lib/crater-agent-workspace/rustup-home:/opt/rustwide/rustup-home:ro,Z" "-e" "SOURCE_DIR=/opt/rustwide/workdir" "-e" "CARGO_TARGET_DIR=/opt/rustwide/target" "-e" "CARGO_INCREMENTAL=0" "-e" "RUST_BACKTRACE=full" "-e" "RUSTFLAGS=--cap-lints=warn" "-e" "RUSTDOCFLAGS=--cap-lints=warn" "-e" "CARGO_HOME=/opt/rustwide/cargo-home" "-e" "RUSTUP_HOME=/opt/rustwide/rustup-home" "-w" "/opt/rustwide/workdir" "-m" "1610612736" "--user" "0:0" "--network" "none" "ghcr.io/rust-lang/crates-build-env/linux@sha256:2788e3201cd34a07e3172128adcd8b3090168a8e3bcc40d7c032b9dda1df7d1c" "/opt/rustwide/cargo-home/bin/cargo" "+1.75.0" "build" "--frozen" "--message-format=json", kill_on_drop: false }`
[INFO] [stdout] 9ab227fc25d7a6a3a2c81d76dc86100a004b177a34885691a670f48468475f36
[INFO] running `Command { std: "docker" "start" "-a" "9ab227fc25d7a6a3a2c81d76dc86100a004b177a34885691a670f48468475f36", kill_on_drop: false }`
[INFO] [stderr]    Compiling proc-macro2 v1.0.75
[INFO] [stderr]    Compiling libc v0.2.151
[INFO] [stderr]    Compiling unicode-ident v1.0.12
[INFO] [stderr]    Compiling autocfg v1.1.0
[INFO] [stderr]    Compiling memchr v2.7.1
[INFO] [stderr]    Compiling syn v1.0.109
[INFO] [stderr]    Compiling version_check v0.9.4
[INFO] [stderr]    Compiling log v0.4.20
[INFO] [stderr]    Compiling serde v1.0.194
[INFO] [stderr]    Compiling proc-macro-hack v0.5.20+deprecated
[INFO] [stderr]    Compiling futures-core v0.3.30
[INFO] [stderr]    Compiling slab v0.4.9
[INFO] [stderr]    Compiling num-traits v0.2.17
[INFO] [stderr]    Compiling aho-corasick v1.1.2
[INFO] [stderr]    Compiling standback v0.2.17
[INFO] [stderr]    Compiling quote v1.0.35
[INFO] [stderr]    Compiling vcpkg v0.2.15
[INFO] [stderr]    Compiling syn v2.0.48
[INFO] [stderr]    Compiling cc v1.0.83
[INFO] [stderr]    Compiling pkg-config v0.3.28
[INFO] [stderr]    Compiling futures-sink v0.3.30
[INFO] [stderr]    Compiling cfg-if v0.1.10
[INFO] [stderr]    Compiling regex-syntax v0.8.2
[INFO] [stderr]    Compiling net2 v0.2.39
[INFO] [stderr]    Compiling openssl-src v300.2.1+3.2.0
[INFO] [stderr]    Compiling rand v0.4.6
[INFO] [stderr]    Compiling iovec v0.1.4
[INFO] [stderr]    Compiling async-trait v0.1.77
[INFO] [stderr]    Compiling openssl-sys v0.9.98
[INFO] [stderr]    Compiling serde_json v1.0.111
[INFO] [stderr]    Compiling bytes v0.5.6
[INFO] [stderr]    Compiling lazy_static v1.4.0
[INFO] [stderr]    Compiling quick-error v1.2.3
[INFO] [stderr]    Compiling regex-automata v0.4.3
[INFO] [stderr]    Compiling humantime v1.3.0
[INFO] [stderr]    Compiling num-traits v0.1.43
[INFO] [stderr]    Compiling rand v0.3.23
[INFO] [stderr]    Compiling mio v0.6.23
[INFO] [stderr]    Compiling futures-channel v0.3.30
[INFO] [stderr]    Compiling atty v0.2.14
[INFO] [stderr]    Compiling cfg-if v1.0.0
[INFO] [stderr]    Compiling itoa v1.0.10
[INFO] [stderr]    Compiling futures-io v0.3.30
[INFO] [stderr]    Compiling ryu v1.0.16
[INFO] [stderr]    Compiling const_fn v0.4.9
[INFO] [stderr]    Compiling futures-task v0.3.30
[INFO] [stderr]    Compiling crc32fast v1.3.2
[INFO] [stderr]    Compiling pin-utils v0.1.0
[INFO] [stderr]    Compiling pin-project-lite v0.2.13
[INFO] [stderr]    Compiling termcolor v1.4.0
[INFO] [stderr]    Compiling mio-uds v0.6.8
[INFO] [stderr]    Compiling enum_primitive v0.1.1
[INFO] [stderr]    Compiling num_cpus v1.16.0
[INFO] [stderr]    Compiling signal-hook-registry v1.4.1
[INFO] [stderr]    Compiling regex v1.10.2
[INFO] [stderr]    Compiling time v0.2.27
[INFO] [stderr]    Compiling openssl v0.10.62
[INFO] [stderr]    Compiling fnv v1.0.7
[INFO] [stderr]    Compiling env_logger v0.6.2
[INFO] [stderr]    Compiling foreign-types-shared v0.1.1
[INFO] [stderr]    Compiling either v1.9.0
[INFO] [stderr]    Compiling linked-hash-map v0.5.6
[INFO] [stderr]    Compiling pin-project-lite v0.1.12
[INFO] [stderr]    Compiling adler v1.0.2
[INFO] [stderr]    Compiling foreign-types v0.3.2
[INFO] [stderr]    Compiling miniz_oxide v0.7.1
[INFO] [stderr]    Compiling pkg-version-impl v0.1.1
[INFO] [stderr]    Compiling bitflags v2.4.1
[INFO] [stderr]    Compiling once_cell v1.19.0
[INFO] [stderr]    Compiling serde_derive v1.0.194
[INFO] [stderr]    Compiling futures-macro v0.3.30
[INFO] [stderr]    Compiling openssl-macros v0.1.1
[INFO] [stderr]    Compiling pkg-version v1.0.0
[INFO] [stderr]    Compiling flate2 v1.0.28
[INFO] [stderr]    Compiling tokio-macros v0.2.6
[INFO] [stderr]    Compiling time-macros-impl v0.1.2
[INFO] [stderr]    Compiling cenum v1.1.1
[INFO] [stderr]    Compiling futures-util v0.3.30
[INFO] [stderr]    Compiling tokio v0.2.25
[INFO] [stderr]    Compiling time-macros v0.1.1
[INFO] [stderr]    Compiling futures-executor v0.3.30
[INFO] [stderr]    Compiling futures v0.3.30
[INFO] [stderr]    Compiling tokio-util v0.2.0
[INFO] [stderr]    Compiling uuid v0.5.1
[INFO] [stderr]    Compiling basin2-lib v152.1.0
[INFO] [stderr]    Compiling basin2-data v152.1.0
[INFO] [stdout] error[E0432]: unresolved import `cenum::Cenum`
[INFO] [stdout]  --> /opt/rustwide/cargo-home/registry/src/index.crates.io-6f17d22bba15001f/basin2-data-152.1.0/src/blocks/states.rs:1:5
[INFO] [stdout]   |
[INFO] [stdout] 1 | use cenum::Cenum;
[INFO] [stdout]   |     ^^^^^^^-----
[INFO] [stdout]   |     |      |
[INFO] [stdout]   |     |      help: a similar name exists in the module (notice the capitalization): `cenum`
[INFO] [stdout]   |     no `Cenum` in the root
[INFO] [stdout] 
[INFO] [stdout] 
[INFO] [stdout] error[E0119]: conflicting implementations of trait `Copy` for type `Axis`
[INFO] [stdout]   --> /opt/rustwide/cargo-home/registry/src/index.crates.io-6f17d22bba15001f/basin2-data-152.1.0/src/blocks/states.rs:57:10
[INFO] [stdout]    |
[INFO] [stdout] 56 | #[cenum]
[INFO] [stdout]    | -------- first implementation here
[INFO] [stdout] 57 | #[derive(Copy)]
[INFO] [stdout]    |          ^^^^ conflicting implementation for `Axis`
[INFO] [stdout]    |
[INFO] [stdout]    = note: this error originates in the derive macro `Copy` (in Nightly builds, run with -Z macro-backtrace for more info)
[INFO] [stdout] 
[INFO] [stdout] 
[INFO] [stdout] error[E0119]: conflicting implementations of trait `Copy` for type `Facing`
[INFO] [stdout]   --> /opt/rustwide/cargo-home/registry/src/index.crates.io-6f17d22bba15001f/basin2-data-152.1.0/src/blocks/states.rs:84:10
[INFO] [stdout]    |
[INFO] [stdout] 83 | #[cenum]
[INFO] [stdout]    | -------- first implementation here
[INFO] [stdout] 84 | #[derive(Copy)]
[INFO] [stdout]    |          ^^^^ conflicting implementation for `Facing`
[INFO] [stdout]    |
[INFO] [stdout]    = note: this error originates in the derive macro `Copy` (in Nightly builds, run with -Z macro-backtrace for more info)
[INFO] [stdout] 
[INFO] [stdout] 
[INFO] [stdout] error[E0119]: conflicting implementations of trait `Copy` for type `Instrument`
[INFO] [stdout]    --> /opt/rustwide/cargo-home/registry/src/index.crates.io-6f17d22bba15001f/basin2-data-152.1.0/src/blocks/states.rs:117:10
[INFO] [stdout]     |
[INFO] [stdout] 116 | #[cenum]
[INFO] [stdout]     | -------- first implementation here
[INFO] [stdout] 117 | #[derive(Copy)]
[INFO] [stdout]     |          ^^^^ conflicting implementation for `Instrument`
[INFO] [stdout]     |
[INFO] [stdout]     = note: this error originates in the derive macro `Copy` (in Nightly builds, run with -Z macro-backtrace for more info)
[INFO] [stdout] 
[INFO] [stdout] 
[INFO] [stdout] error[E0119]: conflicting implementations of trait `Copy` for type `FacingHorizontal`
[INFO] [stdout]    --> /opt/rustwide/cargo-home/registry/src/index.crates.io-6f17d22bba15001f/basin2-data-152.1.0/src/blocks/states.rs:170:10
[INFO] [stdout]     |
[INFO] [stdout] 169 | #[cenum]
[INFO] [stdout]     | -------- first implementation here
[INFO] [stdout] 170 | #[derive(Copy)]
[INFO] [stdout]     |          ^^^^ conflicting implementation for `FacingHorizontal`
[INFO] [stdout]     |
[INFO] [stdout]     = note: this error originates in the derive macro `Copy` (in Nightly builds, run with -Z macro-backtrace for more info)
[INFO] [stdout] 
[INFO] [stdout] 
[INFO] [stdout] error[E0119]: conflicting implementations of trait `Copy` for type `Part`
[INFO] [stdout]    --> /opt/rustwide/cargo-home/registry/src/index.crates.io-6f17d22bba15001f/basin2-data-152.1.0/src/blocks/states.rs:199:10
[INFO] [stdout]     |
[INFO] [stdout] 198 | #[cenum]
[INFO] [stdout]     | -------- first implementation here
[INFO] [stdout] 199 | #[derive(Copy)]
[INFO] [stdout]     |          ^^^^ conflicting implementation for `Part`
[INFO] [stdout]     |
[INFO] [stdout]     = note: this error originates in the derive macro `Copy` (in Nightly builds, run with -Z macro-backtrace for more info)
[INFO] [stdout] 
[INFO] [stdout] 
[INFO] [stdout] error[E0119]: conflicting implementations of trait `Copy` for type `StraightRailShape`
[INFO] [stdout]    --> /opt/rustwide/cargo-home/registry/src/index.crates.io-6f17d22bba15001f/basin2-data-152.1.0/src/blocks/states.rs:224:10
[INFO] [stdout]     |
[INFO] [stdout] 223 | #[cenum]
[INFO] [stdout]     | -------- first implementation here
[INFO] [stdout] 224 | #[derive(Copy)]
[INFO] [stdout]     |          ^^^^ conflicting implementation for `StraightRailShape`
[INFO] [stdout]     |
[INFO] [stdout]     = note: this error originates in the derive macro `Copy` (in Nightly builds, run with -Z macro-backtrace for more info)
[INFO] [stdout] 
[INFO] [stdout] 
[INFO] [stdout] error[E0119]: conflicting implementations of trait `Copy` for type `Flower`
[INFO] [stdout]    --> /opt/rustwide/cargo-home/registry/src/index.crates.io-6f17d22bba15001f/basin2-data-152.1.0/src/blocks/states.rs:257:10
[INFO] [stdout]     |
[INFO] [stdout] 256 | #[cenum]
[INFO] [stdout]     | -------- first implementation here
[INFO] [stdout] 257 | #[derive(Copy)]
[INFO] [stdout]     |          ^^^^ conflicting implementation for `Flower`
[INFO] [stdout]     |
[INFO] [stdout]     = note: this error originates in the derive macro `Copy` (in Nightly builds, run with -Z macro-backtrace for more info)
[INFO] [stdout] 
[INFO] [stdout] 
[INFO] [stdout] error[E0119]: conflicting implementations of trait `Copy` for type `PistonType`
[INFO] [stdout]    --> /opt/rustwide/cargo-home/registry/src/index.crates.io-6f17d22bba15001f/basin2-data-152.1.0/src/blocks/states.rs:282:10
[INFO] [stdout]     |
[INFO] [stdout] 281 | #[cenum]
[INFO] [stdout]     | -------- first implementation here
[INFO] [stdout] 282 | #[derive(Copy)]
[INFO] [stdout]     |          ^^^^ conflicting implementation for `PistonType`
[INFO] [stdout]     |
[INFO] [stdout]     = note: this error originates in the derive macro `Copy` (in Nightly builds, run with -Z macro-backtrace for more info)
[INFO] [stdout] 
[INFO] [stdout] 
[INFO] [stdout] error[E0119]: conflicting implementations of trait `Copy` for type `Stairs`
[INFO] [stdout]    --> /opt/rustwide/cargo-home/registry/src/index.crates.io-6f17d22bba15001f/basin2-data-152.1.0/src/blocks/states.rs:307:10
[INFO] [stdout]     |
[INFO] [stdout] 306 | #[cenum]
[INFO] [stdout]     | -------- first implementation here
[INFO] [stdout] 307 | #[derive(Copy)]
[INFO] [stdout]     |          ^^^^ conflicting implementation for `Stairs`
[INFO] [stdout]     |
[INFO] [stdout]     = note: this error originates in the derive macro `Copy` (in Nightly builds, run with -Z macro-backtrace for more info)
[INFO] [stdout] 
[INFO] [stdout] 
[INFO] [stdout] error[E0119]: conflicting implementations of trait `Copy` for type `StairShape`
[INFO] [stdout]    --> /opt/rustwide/cargo-home/registry/src/index.crates.io-6f17d22bba15001f/basin2-data-152.1.0/src/blocks/states.rs:332:10
[INFO] [stdout]     |
[INFO] [stdout] 331 | #[cenum]
[INFO] [stdout]     | -------- first implementation here
[INFO] [stdout] 332 | #[derive(Copy)]
[INFO] [stdout]     |          ^^^^ conflicting implementation for `StairShape`
[INFO] [stdout]     |
[INFO] [stdout]     = note: this error originates in the derive macro `Copy` (in Nightly builds, run with -Z macro-backtrace for more info)
[INFO] [stdout] 
[INFO] [stdout] 
[INFO] [stdout] error[E0119]: conflicting implementations of trait `Copy` for type `ChestType`
[INFO] [stdout]    --> /opt/rustwide/cargo-home/registry/src/index.crates.io-6f17d22bba15001f/basin2-data-152.1.0/src/blocks/states.rs:363:10
[INFO] [stdout]     |
[INFO] [stdout] 362 | #[cenum]
[INFO] [stdout]     | -------- first implementation here
[INFO] [stdout] 363 | #[derive(Copy)]
[INFO] [stdout]     |          ^^^^ conflicting implementation for `ChestType`
[INFO] [stdout]     |
[INFO] [stdout]     = note: this error originates in the derive macro `Copy` (in Nightly builds, run with -Z macro-backtrace for more info)
[INFO] [stdout] 
[INFO] [stdout] 
[INFO] [stdout] error[E0119]: conflicting implementations of trait `Copy` for type `East`
[INFO] [stdout]    --> /opt/rustwide/cargo-home/registry/src/index.crates.io-6f17d22bba15001f/basin2-data-152.1.0/src/blocks/states.rs:390:10
[INFO] [stdout]     |
[INFO] [stdout] 389 | #[cenum]
[INFO] [stdout]     | -------- first implementation here
[INFO] [stdout] 390 | #[derive(Copy)]
[INFO] [stdout]     |          ^^^^ conflicting implementation for `East`
[INFO] [stdout]     |
[INFO] [stdout]     = note: this error originates in the derive macro `Copy` (in Nightly builds, run with -Z macro-backtrace for more info)
[INFO] [stdout] 
[INFO] [stdout] 
[INFO] [stdout] error[E0119]: conflicting implementations of trait `Copy` for type `North`
[INFO] [stdout]    --> /opt/rustwide/cargo-home/registry/src/index.crates.io-6f17d22bba15001f/basin2-data-152.1.0/src/blocks/states.rs:417:10
[INFO] [stdout]     |
[INFO] [stdout] 416 | #[cenum]
[INFO] [stdout]     | -------- first implementation here
[INFO] [stdout] 417 | #[derive(Copy)]
[INFO] [stdout]     |          ^^^^ conflicting implementation for `North`
[INFO] [stdout]     |
[INFO] [stdout]     = note: this error originates in the derive macro `Copy` (in Nightly builds, run with -Z macro-backtrace for more info)
[INFO] [stdout] 
[INFO] [stdout] 
[INFO] [stdout] error[E0119]: conflicting implementations of trait `Copy` for type `South`
[INFO] [stdout]    --> /opt/rustwide/cargo-home/registry/src/index.crates.io-6f17d22bba15001f/basin2-data-152.1.0/src/blocks/states.rs:444:10
[INFO] [stdout]     |
[INFO] [stdout] 443 | #[cenum]
[INFO] [stdout]     | -------- first implementation here
[INFO] [stdout] 444 | #[derive(Copy)]
[INFO] [stdout]     |          ^^^^ conflicting implementation for `South`
[INFO] [stdout]     |
[INFO] [stdout]     = note: this error originates in the derive macro `Copy` (in Nightly builds, run with -Z macro-backtrace for more info)
[INFO] [stdout] 
[INFO] [stdout] 
[INFO] [stdout] error[E0119]: conflicting implementations of trait `Copy` for type `West`
[INFO] [stdout]    --> /opt/rustwide/cargo-home/registry/src/index.crates.io-6f17d22bba15001f/basin2-data-152.1.0/src/blocks/states.rs:471:10
[INFO] [stdout]     |
[INFO] [stdout] 470 | #[cenum]
[INFO] [stdout]     | -------- first implementation here
[INFO] [stdout] 471 | #[derive(Copy)]
[INFO] [stdout]     |          ^^^^ conflicting implementation for `West`
[INFO] [stdout]     |
[INFO] [stdout]     = note: this error originates in the derive macro `Copy` (in Nightly builds, run with -Z macro-backtrace for more info)
[INFO] [stdout] 
[INFO] [stdout] 
[INFO] [stdout] error[E0119]: conflicting implementations of trait `Copy` for type `Hinge`
[INFO] [stdout]    --> /opt/rustwide/cargo-home/registry/src/index.crates.io-6f17d22bba15001f/basin2-data-152.1.0/src/blocks/states.rs:498:10
[INFO] [stdout]     |
[INFO] [stdout] 497 | #[cenum]
[INFO] [stdout]     | -------- first implementation here
[INFO] [stdout] 498 | #[derive(Copy)]
[INFO] [stdout]     |          ^^^^ conflicting implementation for `Hinge`
[INFO] [stdout]     |
[INFO] [stdout]     = note: this error originates in the derive macro `Copy` (in Nightly builds, run with -Z macro-backtrace for more info)
[INFO] [stdout] 
[INFO] [stdout] 
[INFO] [stdout] error[E0119]: conflicting implementations of trait `Copy` for type `RailShape`
[INFO] [stdout]    --> /opt/rustwide/cargo-home/registry/src/index.crates.io-6f17d22bba15001f/basin2-data-152.1.0/src/blocks/states.rs:523:10
[INFO] [stdout]     |
[INFO] [stdout] 522 | #[cenum]
[INFO] [stdout]     | -------- first implementation here
[INFO] [stdout] 523 | #[derive(Copy)]
[INFO] [stdout]     |          ^^^^ conflicting implementation for `RailShape`
[INFO] [stdout]     |
[INFO] [stdout]     = note: this error originates in the derive macro `Copy` (in Nightly builds, run with -Z macro-backtrace for more info)
[INFO] [stdout] 
[INFO] [stdout] 
[INFO] [stdout] error[E0119]: conflicting implementations of trait `Copy` for type `Face`
[INFO] [stdout]    --> /opt/rustwide/cargo-home/registry/src/index.crates.io-6f17d22bba15001f/basin2-data-152.1.0/src/blocks/states.rs:564:10
[INFO] [stdout]     |
[INFO] [stdout] 563 | #[cenum]
[INFO] [stdout]     | -------- first implementation here
[INFO] [stdout] 564 | #[derive(Copy)]
[INFO] [stdout]     |          ^^^^ conflicting implementation for `Face`
[INFO] [stdout]     |
[INFO] [stdout]     = note: this error originates in the derive macro `Copy` (in Nightly builds, run with -Z macro-backtrace for more info)
[INFO] [stdout] 
[INFO] [stdout] 
[INFO] [stdout] error[E0119]: conflicting implementations of trait `Copy` for type `HorizontalAxis`
[INFO] [stdout]    --> /opt/rustwide/cargo-home/registry/src/index.crates.io-6f17d22bba15001f/basin2-data-152.1.0/src/blocks/states.rs:591:10
[INFO] [stdout]     |
[INFO] [stdout] 590 | #[cenum]
[INFO] [stdout]     | -------- first implementation here
[INFO] [stdout] 591 | #[derive(Copy)]
[INFO] [stdout]     |          ^^^^ conflicting implementation for `HorizontalAxis`
[INFO] [stdout]     |
[INFO] [stdout]     = note: this error originates in the derive macro `Copy` (in Nightly builds, run with -Z macro-backtrace for more info)
[INFO] [stdout] 
[INFO] [stdout] 
[INFO] [stdout] error[E0119]: conflicting implementations of trait `Copy` for type `ComparatorMode`
[INFO] [stdout]    --> /opt/rustwide/cargo-home/registry/src/index.crates.io-6f17d22bba15001f/basin2-data-152.1.0/src/blocks/states.rs:616:10
[INFO] [stdout]     |
[INFO] [stdout] 615 | #[cenum]
[INFO] [stdout]     | -------- first implementation here
[INFO] [stdout] 616 | #[derive(Copy)]
[INFO] [stdout]     |          ^^^^ conflicting implementation for `ComparatorMode`
[INFO] [stdout]     |
[INFO] [stdout]     = note: this error originates in the derive macro `Copy` (in Nightly builds, run with -Z macro-backtrace for more info)
[INFO] [stdout] 
[INFO] [stdout] 
[INFO] [stdout] error[E0119]: conflicting implementations of trait `Copy` for type `FacingDownable`
[INFO] [stdout]    --> /opt/rustwide/cargo-home/registry/src/index.crates.io-6f17d22bba15001f/basin2-data-152.1.0/src/blocks/states.rs:641:10
[INFO] [stdout]     |
[INFO] [stdout] 640 | #[cenum]
[INFO] [stdout]     | -------- first implementation here
[INFO] [stdout] 641 | #[derive(Copy)]
[INFO] [stdout]     |          ^^^^ conflicting implementation for `FacingDownable`
[INFO] [stdout]     |
[INFO] [stdout]     = note: this error originates in the derive macro `Copy` (in Nightly builds, run with -Z macro-backtrace for more info)
[INFO] [stdout] 
[INFO] [stdout] 
[INFO] [stdout] error[E0119]: conflicting implementations of trait `Copy` for type `SlabType`
[INFO] [stdout]    --> /opt/rustwide/cargo-home/registry/src/index.crates.io-6f17d22bba15001f/basin2-data-152.1.0/src/blocks/states.rs:672:10
[INFO] [stdout]     |
[INFO] [stdout] 671 | #[cenum]
[INFO] [stdout]     | -------- first implementation here
[INFO] [stdout] 672 | #[derive(Copy)]
[INFO] [stdout]     |          ^^^^ conflicting implementation for `SlabType`
[INFO] [stdout]     |
[INFO] [stdout]     = note: this error originates in the derive macro `Copy` (in Nightly builds, run with -Z macro-backtrace for more info)
[INFO] [stdout] 
[INFO] [stdout] 
[INFO] [stdout] error[E0119]: conflicting implementations of trait `Copy` for type `Leaves`
[INFO] [stdout]    --> /opt/rustwide/cargo-home/registry/src/index.crates.io-6f17d22bba15001f/basin2-data-152.1.0/src/blocks/states.rs:699:10
[INFO] [stdout]     |
[INFO] [stdout] 698 | #[cenum]
[INFO] [stdout]     | -------- first implementation here
[INFO] [stdout] 699 | #[derive(Copy)]
[INFO] [stdout]     |          ^^^^ conflicting implementation for `Leaves`
[INFO] [stdout]     |
[INFO] [stdout]     = note: this error originates in the derive macro `Copy` (in Nightly builds, run with -Z macro-backtrace for more info)
[INFO] [stdout] 
[INFO] [stdout] 
[INFO] [stdout] error[E0119]: conflicting implementations of trait `Copy` for type `Attachment`
[INFO] [stdout]    --> /opt/rustwide/cargo-home/registry/src/index.crates.io-6f17d22bba15001f/basin2-data-152.1.0/src/blocks/states.rs:726:10
[INFO] [stdout]     |
[INFO] [stdout] 725 | #[cenum]
[INFO] [stdout]     | -------- first implementation here
[INFO] [stdout] 726 | #[derive(Copy)]
[INFO] [stdout]     |          ^^^^ conflicting implementation for `Attachment`
[INFO] [stdout]     |
[INFO] [stdout]     = note: this error originates in the derive macro `Copy` (in Nightly builds, run with -Z macro-backtrace for more info)
[INFO] [stdout] 
[INFO] [stdout] 
[INFO] [stdout] error[E0119]: conflicting implementations of trait `Copy` for type `StructureMode`
[INFO] [stdout]    --> /opt/rustwide/cargo-home/registry/src/index.crates.io-6f17d22bba15001f/basin2-data-152.1.0/src/blocks/states.rs:755:10
[INFO] [stdout]     |
[INFO] [stdout] 754 | #[cenum]
[INFO] [stdout]     | -------- first implementation here
[INFO] [stdout] 755 | #[derive(Copy)]
[INFO] [stdout]     |          ^^^^ conflicting implementation for `StructureMode`
[INFO] [stdout]     |
[INFO] [stdout]     = note: this error originates in the derive macro `Copy` (in Nightly builds, run with -Z macro-backtrace for more info)
[INFO] [stdout] 
[INFO] [stdout] 
[INFO] [stdout] error: aborting due to 26 previous errors
[INFO] [stdout] 
[INFO] [stdout] 
[INFO] [stdout] Some errors have detailed explanations: E0119, E0432.
[INFO] [stdout] 
[INFO] [stdout] For more information about an error, try `rustc --explain E0119`.
[INFO] [stdout] 
[INFO] [stderr] error: could not compile `basin2-data` (lib) due to 27 previous errors
[INFO] [stderr] warning: build failed, waiting for other jobs to finish...
[INFO] running `Command { std: "docker" "inspect" "9ab227fc25d7a6a3a2c81d76dc86100a004b177a34885691a670f48468475f36", kill_on_drop: false }`
[INFO] running `Command { std: "docker" "rm" "-f" "9ab227fc25d7a6a3a2c81d76dc86100a004b177a34885691a670f48468475f36", kill_on_drop: false }`
[INFO] [stdout] 9ab227fc25d7a6a3a2c81d76dc86100a004b177a34885691a670f48468475f36
