[INFO] fetching crate bao-tree 0.9.1...
[INFO] testing bao-tree-0.9.1 against 1.75.0 for beta-1.76-1
[INFO] extracting crate bao-tree 0.9.1 into /workspace/builds/worker-6-tc1/source
[INFO] validating manifest of crates.io crate bao-tree 0.9.1 on toolchain 1.75.0
[INFO] running `Command { std: CARGO_HOME="/workspace/cargo-home" RUSTUP_HOME="/workspace/rustup-home" "/workspace/cargo-home/bin/cargo" "+1.75.0" "metadata" "--manifest-path" "Cargo.toml" "--no-deps", kill_on_drop: false }`
[INFO] started tweaking crates.io crate bao-tree 0.9.1
[INFO] finished tweaking crates.io crate bao-tree 0.9.1
[INFO] tweaked toml for crates.io crate bao-tree 0.9.1 written to /workspace/builds/worker-6-tc1/source/Cargo.toml
[INFO] crate crates.io crate bao-tree 0.9.1 already has a lockfile, it will not be regenerated
[INFO] running `Command { std: CARGO_HOME="/workspace/cargo-home" RUSTUP_HOME="/workspace/rustup-home" "/workspace/cargo-home/bin/cargo" "+1.75.0" "fetch" "--manifest-path" "Cargo.toml", kill_on_drop: false }`
[INFO] [stderr]     Updating crates.io index
[INFO] [stderr]     Blocking waiting for file lock on package cache
[INFO] [stderr]  Downloading crates ...
[INFO] [stderr]   Downloaded atomic-polyfill v0.1.11
[INFO] [stderr]   Downloaded rustls-pemfile v1.0.3
[INFO] [stderr]   Downloaded structmeta v0.2.0
[INFO] [stderr]   Downloaded pin-project v1.1.2
[INFO] [stderr]   Downloaded hash32 v0.2.1
[INFO] [stderr]   Downloaded os_str_bytes v6.5.1
[INFO] [stderr]   Downloaded inplace-vec-builder v0.1.1
[INFO] [stderr]   Downloaded tempfile v3.7.0
[INFO] [stderr]   Downloaded anstream v0.5.0
[INFO] [stderr]   Downloaded clap_derive v4.4.2
[INFO] [stderr]   Downloaded self_cell v1.0.1
[INFO] [stderr]   Downloaded iroh-io v0.3.0
[INFO] [stderr]   Downloaded structmeta-derive v0.2.0
[INFO] [stderr]   Downloaded tungstenite v0.18.0
[INFO] [stderr]   Downloaded ref-cast v1.0.20
[INFO] [stderr]   Downloaded tokio-tungstenite v0.18.0
[INFO] [stderr]   Downloaded libm v0.2.7
[INFO] [stderr]   Downloaded serde_json v1.0.104
[INFO] [stderr]   Downloaded proptest v1.2.0
[INFO] [stderr]   Downloaded clap_builder v4.4.5
[INFO] [stderr]   Downloaded rustix v0.38.4
[INFO] [stderr]   Downloaded regex-automata v0.3.4
[INFO] [stderr]   Downloaded syn v2.0.32
[INFO] [stderr]   Downloaded blake3 v1.4.1
[INFO] [stderr]   Downloaded anstyle-wincon v2.1.0
[INFO] [stderr]   Downloaded iroh-blake3 v1.4.3
[INFO] [stderr]   Downloaded bao v0.12.1
[INFO] [stderr]   Downloaded heapless v0.7.16
[INFO] [stderr]   Downloaded headers v0.3.8
[INFO] [stderr]   Downloaded postcard v1.0.8
[INFO] [stderr]   Downloaded quote v1.0.32
[INFO] [stderr]   Downloaded semver v1.0.19
[INFO] [stderr]   Downloaded embedded-io v0.4.0
[INFO] [stderr]   Downloaded clap v4.4.5
[INFO] [stderr]   Downloaded crossbeam-epoch v0.9.15
[INFO] [stderr]   Downloaded test-strategy v0.3.1
[INFO] [stderr]   Downloaded cobs v0.2.3
[INFO] [stderr]   Downloaded ref-cast-impl v1.0.20
[INFO] [stderr]   Downloaded binary-merge v0.1.2
[INFO] [stderr]   Downloaded pin-project-internal v1.1.2
[INFO] [stderr]   Downloaded warp v0.3.5
[INFO] [stderr]   Downloaded range-collections v0.4.5
[INFO] [stderr]   Downloaded positioned-io v0.3.1
[INFO] running `Command { std: "docker" "create" "-v" "/var/lib/crater-agent-workspace/builds/worker-6-tc1/target:/opt/rustwide/target:rw,Z" "-v" "/var/lib/crater-agent-workspace/builds/worker-6-tc1/source:/opt/rustwide/workdir:ro,Z" "-v" "/var/lib/crater-agent-workspace/cargo-home:/opt/rustwide/cargo-home:ro,Z" "-v" "/var/lib/crater-agent-workspace/rustup-home:/opt/rustwide/rustup-home:ro,Z" "-e" "SOURCE_DIR=/opt/rustwide/workdir" "-e" "CARGO_TARGET_DIR=/opt/rustwide/target" "-e" "CARGO_HOME=/opt/rustwide/cargo-home" "-e" "RUSTUP_HOME=/opt/rustwide/rustup-home" "-w" "/opt/rustwide/workdir" "-m" "1610612736" "--user" "0:0" "--network" "none" "ghcr.io/rust-lang/crates-build-env/linux@sha256:2788e3201cd34a07e3172128adcd8b3090168a8e3bcc40d7c032b9dda1df7d1c" "/opt/rustwide/cargo-home/bin/cargo" "+1.75.0" "metadata" "--no-deps" "--format-version=1", kill_on_drop: false }`
[INFO] [stdout] 9452e515f04e0faf5d58ae007deec70d81bc127d7d2f6197cfd66737cc240eff
[INFO] running `Command { std: "docker" "start" "-a" "9452e515f04e0faf5d58ae007deec70d81bc127d7d2f6197cfd66737cc240eff", kill_on_drop: false }`
[INFO] running `Command { std: "docker" "inspect" "9452e515f04e0faf5d58ae007deec70d81bc127d7d2f6197cfd66737cc240eff", kill_on_drop: false }`
[INFO] running `Command { std: "docker" "rm" "-f" "9452e515f04e0faf5d58ae007deec70d81bc127d7d2f6197cfd66737cc240eff", kill_on_drop: false }`
[INFO] [stdout] 9452e515f04e0faf5d58ae007deec70d81bc127d7d2f6197cfd66737cc240eff
[INFO] running `Command { std: "docker" "create" "-v" "/var/lib/crater-agent-workspace/builds/worker-6-tc1/target:/opt/rustwide/target:rw,Z" "-v" "/var/lib/crater-agent-workspace/builds/worker-6-tc1/source:/opt/rustwide/workdir:ro,Z" "-v" "/var/lib/crater-agent-workspace/cargo-home:/opt/rustwide/cargo-home:ro,Z" "-v" "/var/lib/crater-agent-workspace/rustup-home:/opt/rustwide/rustup-home:ro,Z" "-e" "SOURCE_DIR=/opt/rustwide/workdir" "-e" "CARGO_TARGET_DIR=/opt/rustwide/target" "-e" "CARGO_INCREMENTAL=0" "-e" "RUST_BACKTRACE=full" "-e" "RUSTFLAGS=--cap-lints=warn" "-e" "RUSTDOCFLAGS=--cap-lints=warn" "-e" "CARGO_HOME=/opt/rustwide/cargo-home" "-e" "RUSTUP_HOME=/opt/rustwide/rustup-home" "-w" "/opt/rustwide/workdir" "-m" "1610612736" "--user" "0:0" "--network" "none" "ghcr.io/rust-lang/crates-build-env/linux@sha256:2788e3201cd34a07e3172128adcd8b3090168a8e3bcc40d7c032b9dda1df7d1c" "/opt/rustwide/cargo-home/bin/cargo" "+1.75.0" "build" "--frozen" "--message-format=json", kill_on_drop: false }`
[INFO] [stdout] 8e007f8bb97d85d773053962a7b06af383884c0f9592ae44a0f47a4616a176a7
[INFO] running `Command { std: "docker" "start" "-a" "8e007f8bb97d85d773053962a7b06af383884c0f9592ae44a0f47a4616a176a7", kill_on_drop: false }`
[INFO] [stderr]    Compiling proc-macro2 v1.0.66
[INFO] [stderr]    Compiling unicode-ident v1.0.11
[INFO] [stderr]    Compiling futures-core v0.3.28
[INFO] [stderr]    Compiling futures-channel v0.3.28
[INFO] [stderr]    Compiling memchr v2.5.0
[INFO] [stderr]    Compiling futures-task v0.3.28
[INFO] [stderr]    Compiling futures-sink v0.3.28
[INFO] [stderr]    Compiling pin-project-lite v0.2.10
[INFO] [stderr]    Compiling futures-util v0.3.28
[INFO] [stderr]    Compiling futures-io v0.3.28
[INFO] [stderr]    Compiling ref-cast v1.0.20
[INFO] [stderr]    Compiling libc v0.2.147
[INFO] [stderr]    Compiling cc v1.0.79
[INFO] [stderr]    Compiling smallvec v1.11.0
[INFO] [stderr]    Compiling slab v0.4.8
[INFO] [stderr]    Compiling tokio v1.29.1
[INFO] [stderr]    Compiling bytes v1.4.0
[INFO] [stderr]    Compiling arrayvec v0.7.4
[INFO] [stderr]    Compiling constant_time_eq v0.3.0
[INFO] [stderr]    Compiling arrayref v0.3.7
[INFO] [stderr]    Compiling binary-merge v0.1.2
[INFO] [stderr]    Compiling self_cell v1.0.1
[INFO] [stderr]    Compiling inplace-vec-builder v0.1.1
[INFO] [stderr]    Compiling quote v1.0.32
[INFO] [stderr]    Compiling iroh-blake3 v1.4.3
[INFO] [stderr]    Compiling syn v2.0.32
[INFO] [stderr]    Compiling positioned-io v0.3.1
[INFO] [stderr]    Compiling futures-macro v0.3.28
[INFO] [stderr]    Compiling ref-cast-impl v1.0.20
[INFO] [stderr]    Compiling pin-project-internal v1.1.2
[INFO] [stderr]    Compiling range-collections v0.4.5
[INFO] [stderr]    Compiling pin-project v1.1.2
[INFO] [stderr]    Compiling futures-executor v0.3.28
[INFO] [stderr]    Compiling futures v0.3.28
[INFO] [stderr]    Compiling iroh-io v0.3.0
[INFO] [stderr]    Compiling bao-tree v0.9.1 (/opt/rustwide/workdir)
[INFO] [stderr]     Finished dev [unoptimized + debuginfo] target(s) in 8.36s
[INFO] running `Command { std: "docker" "inspect" "8e007f8bb97d85d773053962a7b06af383884c0f9592ae44a0f47a4616a176a7", kill_on_drop: false }`
[INFO] running `Command { std: "docker" "rm" "-f" "8e007f8bb97d85d773053962a7b06af383884c0f9592ae44a0f47a4616a176a7", kill_on_drop: false }`
[INFO] [stdout] 8e007f8bb97d85d773053962a7b06af383884c0f9592ae44a0f47a4616a176a7
[INFO] running `Command { std: "docker" "create" "-v" "/var/lib/crater-agent-workspace/builds/worker-6-tc1/target:/opt/rustwide/target:rw,Z" "-v" "/var/lib/crater-agent-workspace/builds/worker-6-tc1/source:/opt/rustwide/workdir:ro,Z" "-v" "/var/lib/crater-agent-workspace/cargo-home:/opt/rustwide/cargo-home:ro,Z" "-v" "/var/lib/crater-agent-workspace/rustup-home:/opt/rustwide/rustup-home:ro,Z" "-e" "SOURCE_DIR=/opt/rustwide/workdir" "-e" "CARGO_TARGET_DIR=/opt/rustwide/target" "-e" "CARGO_INCREMENTAL=0" "-e" "RUST_BACKTRACE=full" "-e" "RUSTFLAGS=--cap-lints=warn" "-e" "RUSTDOCFLAGS=--cap-lints=warn" "-e" "CARGO_HOME=/opt/rustwide/cargo-home" "-e" "RUSTUP_HOME=/opt/rustwide/rustup-home" "-w" "/opt/rustwide/workdir" "-m" "1610612736" "--user" "0:0" "--network" "none" "ghcr.io/rust-lang/crates-build-env/linux@sha256:2788e3201cd34a07e3172128adcd8b3090168a8e3bcc40d7c032b9dda1df7d1c" "/opt/rustwide/cargo-home/bin/cargo" "+1.75.0" "test" "--frozen" "--no-run" "--message-format=json", kill_on_drop: false }`
[INFO] [stdout] b7720307caa78c8dd30c5f82cd5bea7965768762daf1b420bfdf129028e07ed9
[INFO] running `Command { std: "docker" "start" "-a" "b7720307caa78c8dd30c5f82cd5bea7965768762daf1b420bfdf129028e07ed9", kill_on_drop: false }`
[INFO] [stderr]    Compiling unicode-ident v1.0.11
[INFO] [stderr]    Compiling lock_api v0.4.10
[INFO] [stderr]    Compiling futures-core v0.3.28
[INFO] [stderr]    Compiling itoa v1.0.9
[INFO] [stderr]    Compiling typenum v1.16.0
[INFO] [stderr]    Compiling futures-channel v0.3.28
[INFO] [stderr]    Compiling proc-macro2 v1.0.66
[INFO] [stderr]    Compiling parking_lot_core v0.9.8
[INFO] [stderr]    Compiling futures-sink v0.3.28
[INFO] [stderr]    Compiling tokio v1.29.1
[INFO] [stderr]    Compiling num_cpus v1.16.0
[INFO] [stderr]    Compiling serde v1.0.188
[INFO] [stderr]    Compiling socket2 v0.4.9
[INFO] [stderr]    Compiling mio v0.8.8
[INFO] [stderr]    Compiling signal-hook-registry v1.4.1
[INFO] [stderr]    Compiling getrandom v0.2.10
[INFO] [stderr]    Compiling log v0.4.19
[INFO] [stderr]    Compiling crossbeam-utils v0.8.16
[INFO] [stderr]    Compiling http v0.2.9
[INFO] [stderr]    Compiling rand_core v0.6.4
[INFO] [stderr]    Compiling indexmap v1.9.3
[INFO] [stderr]    Compiling memoffset v0.9.0
[INFO] [stderr]    Compiling semver v1.0.19
[INFO] [stderr]    Compiling byteorder v1.4.3
[INFO] [stderr]    Compiling unicase v2.6.0
[INFO] [stderr]    Compiling quote v1.0.32
[INFO] [stderr]    Compiling parking_lot v0.12.1
[INFO] [stderr]    Compiling crossbeam-epoch v0.9.15
[INFO] [stderr]    Compiling once_cell v1.18.0
[INFO] [stderr]    Compiling percent-encoding v2.3.0
[INFO] [stderr]    Compiling libm v0.2.7
[INFO] [stderr]    Compiling rand_chacha v0.3.1
[INFO] [stderr]    Compiling syn v2.0.32
[INFO] [stderr]    Compiling tracing-core v0.1.31
[INFO] [stderr]    Compiling form_urlencoded v1.2.0
[INFO] [stderr]    Compiling num-traits v0.2.16
[INFO] [stderr]    Compiling thiserror v1.0.44
[INFO] [stderr]    Compiling bitflags v1.3.2
[INFO] [stderr]    Compiling rustix v0.38.4
[INFO] [stderr]    Compiling cpufeatures v0.2.9
[INFO] [stderr]    Compiling unicode-bidi v0.3.13
[INFO] [stderr]    Compiling ryu v1.0.15
[INFO] [stderr]    Compiling serde_json v1.0.104
[INFO] [stderr]    Compiling rustc_version v0.4.0
[INFO] [stderr]    Compiling rand v0.8.5
[INFO] [stderr]    Compiling spin v0.9.8
[INFO] [stderr]    Compiling tracing v0.1.37
[INFO] [stderr]    Compiling idna v0.4.0
[INFO] [stderr]    Compiling arrayvec v0.7.4
[INFO] [stderr]    Compiling bitflags v2.3.3
[INFO] [stderr]    Compiling rayon-core v1.11.0
[INFO] [stderr]    Compiling utf8parse v0.2.1
[INFO] [stderr]    Compiling either v1.9.0
[INFO] [stderr]    Compiling linux-raw-sys v0.4.3
[INFO] [stderr]    Compiling heapless v0.7.16
[INFO] [stderr]    Compiling anstyle-parse v0.2.1
[INFO] [stderr]    Compiling generic-array v0.14.7
[INFO] [stderr]    Compiling mime_guess v2.0.4
[INFO] [stderr]    Compiling crossbeam-deque v0.8.3
[INFO] [stderr]    Compiling crossbeam-channel v0.5.8
[INFO] [stderr]    Compiling blake3 v1.4.1
[INFO] [stderr]    Compiling multer v2.1.0
[INFO] [stderr]    Compiling utf-8 v0.7.6
[INFO] [stderr]    Compiling try-lock v0.2.4
[INFO] [stderr]    Compiling regex-syntax v0.7.4
[INFO] [stderr]    Compiling url v2.4.0
[INFO] [stderr]    Compiling anstyle v1.0.1
[INFO] [stderr]    Compiling anstyle-query v1.0.0
[INFO] [stderr]    Compiling ciborium-io v0.2.1
[INFO] [stderr]    Compiling httpdate v1.0.2
[INFO] [stderr]    Compiling plotters-backend v0.3.5
[INFO] [stderr]    Compiling os_str_bytes v6.5.1
[INFO] [stderr]    Compiling colorchoice v1.0.0
[INFO] [stderr]    Compiling fastrand v2.0.0
[INFO] [stderr]    Compiling half v1.8.2
[INFO] [stderr]    Compiling anstream v0.5.0
[INFO] [stderr]    Compiling crypto-common v0.1.6
[INFO] [stderr]    Compiling block-buffer v0.10.4
[INFO] [stderr]    Compiling digest v0.10.7
[INFO] [stderr]    Compiling ciborium-ll v0.2.1
[INFO] [stderr]    Compiling clap_lex v0.2.4
[INFO] [stderr]    Compiling plotters-svg v0.3.5
[INFO] [stderr]    Compiling want v0.3.1
[INFO] [stderr]    Compiling itertools v0.10.5
[INFO] [stderr]    Compiling headers-core v0.2.0
[INFO] [stderr]    Compiling http-body v0.4.5
[INFO] [stderr]    Compiling hash32 v0.2.1
[INFO] [stderr]    Compiling wait-timeout v0.2.0
[INFO] [stderr]    Compiling sha1 v0.10.5
[INFO] [stderr]    Compiling encoding_rs v0.8.32
[INFO] [stderr]    Compiling stable_deref_trait v1.2.0
[INFO] [stderr]    Compiling same-file v1.0.6
[INFO] [stderr]    Compiling textwrap v0.16.0
[INFO] [stderr]    Compiling quick-error v1.2.3
[INFO] [stderr]    Compiling lazy_static v1.4.0
[INFO] [stderr]    Compiling bit-vec v0.6.3
[INFO] [stderr]    Compiling clap_lex v0.5.0
[INFO] [stderr]    Compiling cast v0.3.0
[INFO] [stderr]    Compiling anyhow v1.0.75
[INFO] [stderr]    Compiling strsim v0.10.0
[INFO] [stderr]    Compiling base64 v0.21.2
[INFO] [stderr]    Compiling bit-set v0.5.3
[INFO] [stderr]    Compiling clap v3.2.25
[INFO] [stderr]    Compiling clap_builder v4.4.5
[INFO] [stderr]    Compiling regex-automata v0.3.4
[INFO] [stderr]    Compiling headers v0.3.8
[INFO] [stderr]    Compiling walkdir v2.3.3
[INFO] [stderr]    Compiling rayon v1.7.0
[INFO] [stderr]    Compiling rustls-pemfile v1.0.3
[INFO] [stderr]    Compiling plotters v0.3.5
[INFO] [stderr]    Compiling iroh-blake3 v1.4.3
[INFO] [stderr]    Compiling tempfile v3.7.0
[INFO] [stderr]    Compiling rusty-fork v0.3.0
[INFO] [stderr]    Compiling criterion-plot v0.5.0
[INFO] [stderr]    Compiling rand_xorshift v0.3.0
[INFO] [stderr]    Compiling atty v0.2.14
[INFO] [stderr]    Compiling anes v0.1.6
[INFO] [stderr]    Compiling scoped-tls v1.0.1
[INFO] [stderr]    Compiling unarray v0.1.4
[INFO] [stderr]    Compiling oorandom v11.1.3
[INFO] [stderr]    Compiling cobs v0.2.3
[INFO] [stderr]    Compiling embedded-io v0.4.0
[INFO] [stderr]    Compiling proptest v1.2.0
[INFO] [stderr]    Compiling bao v0.12.1
[INFO] [stderr]    Compiling hex v0.4.3
[INFO] [stderr]    Compiling regex v1.9.1
[INFO] [stderr]    Compiling futures-macro v0.3.28
[INFO] [stderr]    Compiling serde_derive v1.0.188
[INFO] [stderr]    Compiling tokio-macros v2.1.0
[INFO] [stderr]    Compiling thiserror-impl v1.0.44
[INFO] [stderr]    Compiling pin-project-internal v1.1.2
[INFO] [stderr]    Compiling ref-cast-impl v1.0.20
[INFO] [stderr]    Compiling structmeta-derive v0.2.0
[INFO] [stderr]    Compiling clap_derive v4.4.2
[INFO] [stderr]    Compiling futures-util v0.3.28
[INFO] [stderr]    Compiling ref-cast v1.0.20
[INFO] [stderr]    Compiling range-collections v0.4.5
[INFO] [stderr]    Compiling pin-project v1.1.2
[INFO] [stderr]    Compiling structmeta v0.2.0
[INFO] [stderr]    Compiling tungstenite v0.18.0
[INFO] [stderr]    Compiling test-strategy v0.3.1
[INFO] [stderr]    Compiling clap v4.4.5
[INFO] [stderr]    Compiling futures-executor v0.3.28
[INFO] [stderr]    Compiling futures v0.3.28
[INFO] [stderr]    Compiling tokio-util v0.7.8
[INFO] [stderr]    Compiling tokio-stream v0.1.14
[INFO] [stderr]    Compiling tokio-tungstenite v0.18.0
[INFO] [stderr]    Compiling iroh-io v0.3.0
[INFO] [stderr]    Compiling serde_urlencoded v0.7.1
[INFO] [stderr]    Compiling ciborium v0.2.1
[INFO] [stderr]    Compiling bao-tree v0.9.1 (/opt/rustwide/workdir)
[INFO] [stderr]    Compiling h2 v0.3.20
[INFO] [stderr]    Compiling postcard v1.0.8
[INFO] [stderr]    Compiling tinytemplate v1.2.1
[INFO] [stderr]    Compiling criterion v0.4.0
[INFO] [stderr]    Compiling hyper v0.14.27
[INFO] [stderr]    Compiling warp v0.3.5
[INFO] [stdout] error[E0433]: failed to resolve: use of undeclared crate or module `abao`
[INFO] [stdout]   --> src/tests.rs:53:23
[INFO] [stdout]    |
[INFO] [stdout] 53 |     let mut encoder = abao::encode::Encoder::new_outboard(cursor);
[INFO] [stdout]    |                       ^^^^ use of undeclared crate or module `abao`
[INFO] [stdout]    |
[INFO] [stdout] help: there is a crate or module with a similar name
[INFO] [stdout]    |
[INFO] [stdout] 53 |     let mut encoder = bao::encode::Encoder::new_outboard(cursor);
[INFO] [stdout]    |                       ~~~
[INFO] [stdout] help: consider importing this struct
[INFO] [stdout]    |
[INFO] [stdout] 1  + use bao::encode::Encoder;
[INFO] [stdout]    |
[INFO] [stdout] help: if you import `Encoder`, refer to it directly
[INFO] [stdout]    |
[INFO] [stdout] 53 -     let mut encoder = abao::encode::Encoder::new_outboard(cursor);
[INFO] [stdout] 53 +     let mut encoder = Encoder::new_outboard(cursor);
[INFO] [stdout]    |
[INFO] [stdout] 
[INFO] [stdout] 
[INFO] [stdout] error[E0433]: failed to resolve: use of undeclared crate or module `abao`
[INFO] [stdout]   --> src/tests.rs:83:28
[INFO] [stdout]    |
[INFO] [stdout] 83 |     let (outboard, hash) = abao::encode::outboard(data);
[INFO] [stdout]    |                            ^^^^ use of undeclared crate or module `abao`
[INFO] [stdout]    |
[INFO] [stdout] help: there is a crate or module with a similar name
[INFO] [stdout]    |
[INFO] [stdout] 83 |     let (outboard, hash) = bao::encode::outboard(data);
[INFO] [stdout]    |                            ~~~
[INFO] [stdout] help: consider importing this module
[INFO] [stdout]    |
[INFO] [stdout] 1  + use bao::encode;
[INFO] [stdout]    |
[INFO] [stdout] help: if you import `encode`, refer to it directly
[INFO] [stdout]    |
[INFO] [stdout] 83 -     let (outboard, hash) = abao::encode::outboard(data);
[INFO] [stdout] 83 +     let (outboard, hash) = encode::outboard(data);
[INFO] [stdout]    |
[INFO] [stdout] 
[INFO] [stdout] 
[INFO] [stdout] error[E0433]: failed to resolve: use of undeclared crate or module `abao`
[INFO] [stdout]   --> src/tests.rs:86:23
[INFO] [stdout]    |
[INFO] [stdout] 86 |     let mut encoder = abao::encode::SliceExtractor::new_outboard(
[INFO] [stdout]    |                       ^^^^ use of undeclared crate or module `abao`
[INFO] [stdout]    |
[INFO] [stdout] help: there is a crate or module with a similar name
[INFO] [stdout]    |
[INFO] [stdout] 86 |     let mut encoder = bao::encode::SliceExtractor::new_outboard(
[INFO] [stdout]    |                       ~~~
[INFO] [stdout] help: consider importing this struct
[INFO] [stdout]    |
[INFO] [stdout] 1  + use bao::encode::SliceExtractor;
[INFO] [stdout]    |
[INFO] [stdout] help: if you import `SliceExtractor`, refer to it directly
[INFO] [stdout]    |
[INFO] [stdout] 86 -     let mut encoder = abao::encode::SliceExtractor::new_outboard(
[INFO] [stdout] 86 +     let mut encoder = SliceExtractor::new_outboard(
[INFO] [stdout]    |
[INFO] [stdout] 
[INFO] [stdout] 
[INFO] [stdout] error: aborting due to 3 previous errors
[INFO] [stdout] 
[INFO] [stdout] 
[INFO] [stdout] For more information about this error, try `rustc --explain E0433`.
[INFO] [stdout] 
[INFO] [stderr] error: could not compile `bao-tree` (lib test) due to 4 previous errors
[INFO] [stderr] warning: build failed, waiting for other jobs to finish...
[INFO] running `Command { std: "docker" "inspect" "b7720307caa78c8dd30c5f82cd5bea7965768762daf1b420bfdf129028e07ed9", kill_on_drop: false }`
[INFO] running `Command { std: "docker" "rm" "-f" "b7720307caa78c8dd30c5f82cd5bea7965768762daf1b420bfdf129028e07ed9", kill_on_drop: false }`
[INFO] [stdout] b7720307caa78c8dd30c5f82cd5bea7965768762daf1b420bfdf129028e07ed9
[INFO] testing bao-tree-0.9.1 against beta-2023-12-22 for beta-1.76-1
[INFO] extracting crate bao-tree 0.9.1 into /workspace/builds/worker-6-tc2/source
[INFO] validating manifest of crates.io crate bao-tree 0.9.1 on toolchain beta-2023-12-22
[INFO] running `Command { std: CARGO_HOME="/workspace/cargo-home" RUSTUP_HOME="/workspace/rustup-home" "/workspace/cargo-home/bin/cargo" "+beta-2023-12-22" "metadata" "--manifest-path" "Cargo.toml" "--no-deps", kill_on_drop: false }`
[INFO] started tweaking crates.io crate bao-tree 0.9.1
[INFO] finished tweaking crates.io crate bao-tree 0.9.1
[INFO] tweaked toml for crates.io crate bao-tree 0.9.1 written to /workspace/builds/worker-6-tc2/source/Cargo.toml
[INFO] crate crates.io crate bao-tree 0.9.1 already has a lockfile, it will not be regenerated
[INFO] running `Command { std: CARGO_HOME="/workspace/cargo-home" RUSTUP_HOME="/workspace/rustup-home" "/workspace/cargo-home/bin/cargo" "+beta-2023-12-22" "fetch" "--manifest-path" "Cargo.toml", kill_on_drop: false }`
[INFO] running `Command { std: "docker" "create" "-v" "/var/lib/crater-agent-workspace/builds/worker-6-tc2/target:/opt/rustwide/target:rw,Z" "-v" "/var/lib/crater-agent-workspace/builds/worker-6-tc2/source:/opt/rustwide/workdir:ro,Z" "-v" "/var/lib/crater-agent-workspace/cargo-home:/opt/rustwide/cargo-home:ro,Z" "-v" "/var/lib/crater-agent-workspace/rustup-home:/opt/rustwide/rustup-home:ro,Z" "-e" "SOURCE_DIR=/opt/rustwide/workdir" "-e" "CARGO_TARGET_DIR=/opt/rustwide/target" "-e" "CARGO_HOME=/opt/rustwide/cargo-home" "-e" "RUSTUP_HOME=/opt/rustwide/rustup-home" "-w" "/opt/rustwide/workdir" "-m" "1610612736" "--user" "0:0" "--network" "none" "ghcr.io/rust-lang/crates-build-env/linux@sha256:2788e3201cd34a07e3172128adcd8b3090168a8e3bcc40d7c032b9dda1df7d1c" "/opt/rustwide/cargo-home/bin/cargo" "+beta-2023-12-22" "metadata" "--no-deps" "--format-version=1", kill_on_drop: false }`
[INFO] [stdout] 4cb1b80f31d31ebea376d27c2fec3bdfe94256979d1487ecbbcaae87a2e47e46
[INFO] running `Command { std: "docker" "start" "-a" "4cb1b80f31d31ebea376d27c2fec3bdfe94256979d1487ecbbcaae87a2e47e46", kill_on_drop: false }`
[INFO] running `Command { std: "docker" "inspect" "4cb1b80f31d31ebea376d27c2fec3bdfe94256979d1487ecbbcaae87a2e47e46", kill_on_drop: false }`
[INFO] running `Command { std: "docker" "rm" "-f" "4cb1b80f31d31ebea376d27c2fec3bdfe94256979d1487ecbbcaae87a2e47e46", kill_on_drop: false }`
[INFO] [stdout] 4cb1b80f31d31ebea376d27c2fec3bdfe94256979d1487ecbbcaae87a2e47e46
[INFO] running `Command { std: "docker" "create" "-v" "/var/lib/crater-agent-workspace/builds/worker-6-tc2/target:/opt/rustwide/target:rw,Z" "-v" "/var/lib/crater-agent-workspace/builds/worker-6-tc2/source:/opt/rustwide/workdir:ro,Z" "-v" "/var/lib/crater-agent-workspace/cargo-home:/opt/rustwide/cargo-home:ro,Z" "-v" "/var/lib/crater-agent-workspace/rustup-home:/opt/rustwide/rustup-home:ro,Z" "-e" "SOURCE_DIR=/opt/rustwide/workdir" "-e" "CARGO_TARGET_DIR=/opt/rustwide/target" "-e" "CARGO_INCREMENTAL=0" "-e" "RUST_BACKTRACE=full" "-e" "RUSTFLAGS=--cap-lints=warn" "-e" "RUSTDOCFLAGS=--cap-lints=warn" "-e" "CARGO_HOME=/opt/rustwide/cargo-home" "-e" "RUSTUP_HOME=/opt/rustwide/rustup-home" "-w" "/opt/rustwide/workdir" "-m" "1610612736" "--user" "0:0" "--network" "none" "ghcr.io/rust-lang/crates-build-env/linux@sha256:2788e3201cd34a07e3172128adcd8b3090168a8e3bcc40d7c032b9dda1df7d1c" "/opt/rustwide/cargo-home/bin/cargo" "+beta-2023-12-22" "build" "--frozen" "--message-format=json", kill_on_drop: false }`
[INFO] [stdout] 213a82effe444da43a43d30e83c99ec8ff6fd6fd20b7877046bf28c68878e4a6
[INFO] running `Command { std: "docker" "start" "-a" "213a82effe444da43a43d30e83c99ec8ff6fd6fd20b7877046bf28c68878e4a6", kill_on_drop: false }`
[INFO] [stderr]    Compiling proc-macro2 v1.0.66
[INFO] [stderr]    Compiling unicode-ident v1.0.11
[INFO] [stderr]    Compiling futures-core v0.3.28
[INFO] [stderr]    Compiling futures-channel v0.3.28
[INFO] [stderr]    Compiling futures-task v0.3.28
[INFO] [stderr]    Compiling memchr v2.5.0
[INFO] [stderr]    Compiling pin-project-lite v0.2.10
[INFO] [stderr]    Compiling futures-util v0.3.28
[INFO] [stderr]    Compiling futures-sink v0.3.28
[INFO] [stderr]    Compiling futures-io v0.3.28
[INFO] [stderr]    Compiling ref-cast v1.0.20
[INFO] [stderr]    Compiling cc v1.0.79
[INFO] [stderr]    Compiling libc v0.2.147
[INFO] [stderr]    Compiling smallvec v1.11.0
[INFO] [stderr]    Compiling slab v0.4.8
[INFO] [stderr]    Compiling tokio v1.29.1
[INFO] [stderr]    Compiling bytes v1.4.0
[INFO] [stderr]    Compiling binary-merge v0.1.2
[INFO] [stderr]    Compiling arrayref v0.3.7
[INFO] [stderr]    Compiling constant_time_eq v0.3.0
[INFO] [stderr]    Compiling arrayvec v0.7.4
[INFO] [stderr]    Compiling self_cell v1.0.1
[INFO] [stderr]    Compiling inplace-vec-builder v0.1.1
[INFO] [stderr]    Compiling quote v1.0.32
[INFO] [stderr]    Compiling iroh-blake3 v1.4.3
[INFO] [stderr]    Compiling syn v2.0.32
[INFO] [stderr]    Compiling positioned-io v0.3.1
[INFO] [stderr]    Compiling futures-macro v0.3.28
[INFO] [stderr]    Compiling pin-project-internal v1.1.2
[INFO] [stderr]    Compiling ref-cast-impl v1.0.20
[INFO] [stderr]    Compiling range-collections v0.4.5
[INFO] [stderr]    Compiling pin-project v1.1.2
[INFO] [stderr]    Compiling futures-executor v0.3.28
[INFO] [stderr]    Compiling futures v0.3.28
[INFO] [stderr]    Compiling iroh-io v0.3.0
[INFO] [stderr]    Compiling bao-tree v0.9.1 (/opt/rustwide/workdir)
[INFO] [stderr]     Finished dev [unoptimized + debuginfo] target(s) in 6.06s
[INFO] running `Command { std: "docker" "inspect" "213a82effe444da43a43d30e83c99ec8ff6fd6fd20b7877046bf28c68878e4a6", kill_on_drop: false }`
[INFO] running `Command { std: "docker" "rm" "-f" "213a82effe444da43a43d30e83c99ec8ff6fd6fd20b7877046bf28c68878e4a6", kill_on_drop: false }`
[INFO] [stdout] 213a82effe444da43a43d30e83c99ec8ff6fd6fd20b7877046bf28c68878e4a6
[INFO] running `Command { std: "docker" "create" "-v" "/var/lib/crater-agent-workspace/builds/worker-6-tc2/target:/opt/rustwide/target:rw,Z" "-v" "/var/lib/crater-agent-workspace/builds/worker-6-tc2/source:/opt/rustwide/workdir:ro,Z" "-v" "/var/lib/crater-agent-workspace/cargo-home:/opt/rustwide/cargo-home:ro,Z" "-v" "/var/lib/crater-agent-workspace/rustup-home:/opt/rustwide/rustup-home:ro,Z" "-e" "SOURCE_DIR=/opt/rustwide/workdir" "-e" "CARGO_TARGET_DIR=/opt/rustwide/target" "-e" "CARGO_INCREMENTAL=0" "-e" "RUST_BACKTRACE=full" "-e" "RUSTFLAGS=--cap-lints=warn" "-e" "RUSTDOCFLAGS=--cap-lints=warn" "-e" "CARGO_HOME=/opt/rustwide/cargo-home" "-e" "RUSTUP_HOME=/opt/rustwide/rustup-home" "-w" "/opt/rustwide/workdir" "-m" "1610612736" "--user" "0:0" "--network" "none" "ghcr.io/rust-lang/crates-build-env/linux@sha256:2788e3201cd34a07e3172128adcd8b3090168a8e3bcc40d7c032b9dda1df7d1c" "/opt/rustwide/cargo-home/bin/cargo" "+beta-2023-12-22" "test" "--frozen" "--no-run" "--message-format=json", kill_on_drop: false }`
[INFO] [stdout] ad6e92774e221e73c75b7c104047c6054d3aa5fab77a1e6e0071fec68a26eb01
[INFO] running `Command { std: "docker" "start" "-a" "ad6e92774e221e73c75b7c104047c6054d3aa5fab77a1e6e0071fec68a26eb01", kill_on_drop: false }`
[INFO] [stderr]    Compiling unicode-ident v1.0.11
[INFO] [stderr]    Compiling lock_api v0.4.10
[INFO] [stderr]    Compiling futures-core v0.3.28
[INFO] [stderr]    Compiling itoa v1.0.9
[INFO] [stderr]    Compiling typenum v1.16.0
[INFO] [stderr]    Compiling futures-sink v0.3.28
[INFO] [stderr]    Compiling parking_lot_core v0.9.8
[INFO] [stderr]    Compiling proc-macro2 v1.0.66
[INFO] [stderr]    Compiling futures-channel v0.3.28
[INFO] [stderr]    Compiling tokio v1.29.1
[INFO] [stderr]    Compiling num_cpus v1.16.0
[INFO] [stderr]    Compiling serde v1.0.188
[INFO] [stderr]    Compiling mio v0.8.8
[INFO] [stderr]    Compiling signal-hook-registry v1.4.1
[INFO] [stderr]    Compiling socket2 v0.4.9
[INFO] [stderr]    Compiling getrandom v0.2.10
[INFO] [stderr]    Compiling log v0.4.19
[INFO] [stderr]    Compiling crossbeam-utils v0.8.16
[INFO] [stderr]    Compiling http v0.2.9
[INFO] [stderr]    Compiling rand_core v0.6.4
[INFO] [stderr]    Compiling indexmap v1.9.3
[INFO] [stderr]    Compiling memoffset v0.9.0
[INFO] [stderr]    Compiling byteorder v1.4.3
[INFO] [stderr]    Compiling semver v1.0.19
[INFO] [stderr]    Compiling unicase v2.6.0
[INFO] [stderr]    Compiling quote v1.0.32
[INFO] [stderr]    Compiling parking_lot v0.12.1
[INFO] [stderr]    Compiling crossbeam-epoch v0.9.15
[INFO] [stderr]    Compiling percent-encoding v2.3.0
[INFO] [stderr]    Compiling once_cell v1.18.0
[INFO] [stderr]    Compiling libm v0.2.7
[INFO] [stderr]    Compiling rand_chacha v0.3.1
[INFO] [stderr]    Compiling syn v2.0.32
[INFO] [stderr]    Compiling form_urlencoded v1.2.0
[INFO] [stderr]    Compiling tracing-core v0.1.31
[INFO] [stderr]    Compiling num-traits v0.2.16
[INFO] [stderr]    Compiling ryu v1.0.15
[INFO] [stderr]    Compiling cpufeatures v0.2.9
[INFO] [stderr]    Compiling bitflags v1.3.2
[INFO] [stderr]    Compiling serde_json v1.0.104
[INFO] [stderr]    Compiling thiserror v1.0.44
[INFO] [stderr]    Compiling unicode-bidi v0.3.13
[INFO] [stderr]    Compiling rustix v0.38.4
[INFO] [stderr]    Compiling rustc_version v0.4.0
[INFO] [stderr]    Compiling rand v0.8.5
[INFO] [stderr]    Compiling spin v0.9.8
[INFO] [stderr]    Compiling tracing v0.1.37
[INFO] [stderr]    Compiling idna v0.4.0
[INFO] [stderr]    Compiling utf8parse v0.2.1
[INFO] [stderr]    Compiling arrayvec v0.7.4
[INFO] [stderr]    Compiling linux-raw-sys v0.4.3
[INFO] [stderr]    Compiling bitflags v2.3.3
[INFO] [stderr]    Compiling rayon-core v1.11.0
[INFO] [stderr]    Compiling either v1.9.0
[INFO] [stderr]    Compiling anstyle-parse v0.2.1
[INFO] [stderr]    Compiling heapless v0.7.16
[INFO] [stderr]    Compiling mime_guess v2.0.4
[INFO] [stderr]    Compiling crossbeam-deque v0.8.3
[INFO] [stderr]    Compiling generic-array v0.14.7
[INFO] [stderr]    Compiling crossbeam-channel v0.5.8
[INFO] [stderr]    Compiling blake3 v1.4.1
[INFO] [stderr]    Compiling multer v2.1.0
[INFO] [stderr]    Compiling utf-8 v0.7.6
[INFO] [stderr]    Compiling ciborium-io v0.2.1
[INFO] [stderr]    Compiling anstyle v1.0.1
[INFO] [stderr]    Compiling colorchoice v1.0.0
[INFO] [stderr]    Compiling url v2.4.0
[INFO] [stderr]    Compiling half v1.8.2
[INFO] [stderr]    Compiling httpdate v1.0.2
[INFO] [stderr]    Compiling try-lock v0.2.4
[INFO] [stderr]    Compiling anstyle-query v1.0.0
[INFO] [stderr]    Compiling fastrand v2.0.0
[INFO] [stderr]    Compiling plotters-backend v0.3.5
[INFO] [stderr]    Compiling regex-syntax v0.7.4
[INFO] [stderr]    Compiling os_str_bytes v6.5.1
[INFO] [stderr]    Compiling ciborium-ll v0.2.1
[INFO] [stderr]    Compiling plotters-svg v0.3.5
[INFO] [stderr]    Compiling block-buffer v0.10.4
[INFO] [stderr]    Compiling crypto-common v0.1.6
[INFO] [stderr]    Compiling clap_lex v0.2.4
[INFO] [stderr]    Compiling want v0.3.1
[INFO] [stderr]    Compiling anstream v0.5.0
[INFO] [stderr]    Compiling itertools v0.10.5
[INFO] [stderr]    Compiling headers-core v0.2.0
[INFO] [stderr]    Compiling http-body v0.4.5
[INFO] [stderr]    Compiling digest v0.10.7
[INFO] [stderr]    Compiling hash32 v0.2.1
[INFO] [stderr]    Compiling wait-timeout v0.2.0
[INFO] [stderr]    Compiling encoding_rs v0.8.32
[INFO] [stderr]    Compiling anyhow v1.0.75
[INFO] [stderr]    Compiling lazy_static v1.4.0
[INFO] [stderr]    Compiling same-file v1.0.6
[INFO] [stderr]    Compiling cast v0.3.0
[INFO] [stderr]    Compiling stable_deref_trait v1.2.0
[INFO] [stderr]    Compiling sha1 v0.10.5
[INFO] [stderr]    Compiling clap_lex v0.5.0
[INFO] [stderr]    Compiling bit-vec v0.6.3
[INFO] [stderr]    Compiling base64 v0.21.2
[INFO] [stderr]    Compiling quick-error v1.2.3
[INFO] [stderr]    Compiling textwrap v0.16.0
[INFO] [stderr]    Compiling strsim v0.10.0
[INFO] [stderr]    Compiling headers v0.3.8
[INFO] [stderr]    Compiling plotters v0.3.5
[INFO] [stderr]    Compiling bit-set v0.5.3
[INFO] [stderr]    Compiling rayon v1.7.0
[INFO] [stderr]    Compiling walkdir v2.3.3
[INFO] [stderr]    Compiling clap_builder v4.4.5
[INFO] [stderr]    Compiling clap v3.2.25
[INFO] [stderr]    Compiling rustls-pemfile v1.0.3
[INFO] [stderr]    Compiling regex-automata v0.3.4
[INFO] [stderr]    Compiling iroh-blake3 v1.4.3
[INFO] [stderr]    Compiling rand_xorshift v0.3.0
[INFO] [stderr]    Compiling atty v0.2.14
[INFO] [stderr]    Compiling cobs v0.2.3
[INFO] [stderr]    Compiling tempfile v3.7.0
[INFO] [stderr]    Compiling criterion-plot v0.5.0
[INFO] [stderr]    Compiling oorandom v11.1.3
[INFO] [stderr]    Compiling scoped-tls v1.0.1
[INFO] [stderr]    Compiling rusty-fork v0.3.0
[INFO] [stderr]    Compiling unarray v0.1.4
[INFO] [stderr]    Compiling embedded-io v0.4.0
[INFO] [stderr]    Compiling anes v0.1.6
[INFO] [stderr]    Compiling bao v0.12.1
[INFO] [stderr]    Compiling proptest v1.2.0
[INFO] [stderr]    Compiling hex v0.4.3
[INFO] [stderr]    Compiling regex v1.9.1
[INFO] [stderr]    Compiling futures-macro v0.3.28
[INFO] [stderr]    Compiling serde_derive v1.0.188
[INFO] [stderr]    Compiling tokio-macros v2.1.0
[INFO] [stderr]    Compiling thiserror-impl v1.0.44
[INFO] [stderr]    Compiling pin-project-internal v1.1.2
[INFO] [stderr]    Compiling ref-cast-impl v1.0.20
[INFO] [stderr]    Compiling structmeta-derive v0.2.0
[INFO] [stderr]    Compiling clap_derive v4.4.2
[INFO] [stderr]    Compiling ref-cast v1.0.20
[INFO] [stderr]    Compiling range-collections v0.4.5
[INFO] [stderr]    Compiling futures-util v0.3.28
[INFO] [stderr]    Compiling pin-project v1.1.2
[INFO] [stderr]    Compiling structmeta v0.2.0
[INFO] [stderr]    Compiling tungstenite v0.18.0
[INFO] [stderr]    Compiling test-strategy v0.3.1
[INFO] [stderr]    Compiling clap v4.4.5
[INFO] [stderr]    Compiling futures-executor v0.3.28
[INFO] [stderr]    Compiling futures v0.3.28
[INFO] [stderr]    Compiling tokio-util v0.7.8
[INFO] [stderr]    Compiling iroh-io v0.3.0
[INFO] [stderr]    Compiling tokio-tungstenite v0.18.0
[INFO] [stderr]    Compiling tokio-stream v0.1.14
[INFO] [stderr]    Compiling bao-tree v0.9.1 (/opt/rustwide/workdir)
[INFO] [stderr]    Compiling h2 v0.3.20
[INFO] [stderr]    Compiling ciborium v0.2.1
[INFO] [stderr]    Compiling serde_urlencoded v0.7.1
[INFO] [stderr]    Compiling postcard v1.0.8
[INFO] [stderr]    Compiling tinytemplate v1.2.1
[INFO] [stderr]    Compiling criterion v0.4.0
[INFO] [stderr]    Compiling hyper v0.14.27
[INFO] [stderr]    Compiling warp v0.3.5
[INFO] [stdout] error[E0433]: failed to resolve: use of undeclared crate or module `abao`
[INFO] [stdout]   --> src/tests.rs:53:23
[INFO] [stdout]    |
[INFO] [stdout] 53 |     let mut encoder = abao::encode::Encoder::new_outboard(cursor);
[INFO] [stdout]    |                       ^^^^ use of undeclared crate or module `abao`
[INFO] [stdout]    |
[INFO] [stdout] help: there is a crate or module with a similar name
[INFO] [stdout]    |
[INFO] [stdout] 53 |     let mut encoder = bao::encode::Encoder::new_outboard(cursor);
[INFO] [stdout]    |                       ~~~
[INFO] [stdout] help: consider importing this struct
[INFO] [stdout]    |
[INFO] [stdout] 1  + use bao::encode::Encoder;
[INFO] [stdout]    |
[INFO] [stdout] help: if you import `Encoder`, refer to it directly
[INFO] [stdout]    |
[INFO] [stdout] 53 -     let mut encoder = abao::encode::Encoder::new_outboard(cursor);
[INFO] [stdout] 53 +     let mut encoder = Encoder::new_outboard(cursor);
[INFO] [stdout]    |
[INFO] [stdout] 
[INFO] [stdout] 
[INFO] [stdout] error[E0433]: failed to resolve: use of undeclared crate or module `abao`
[INFO] [stdout]   --> src/tests.rs:83:28
[INFO] [stdout]    |
[INFO] [stdout] 83 |     let (outboard, hash) = abao::encode::outboard(data);
[INFO] [stdout]    |                            ^^^^ use of undeclared crate or module `abao`
[INFO] [stdout]    |
[INFO] [stdout] help: there is a crate or module with a similar name
[INFO] [stdout]    |
[INFO] [stdout] 83 |     let (outboard, hash) = bao::encode::outboard(data);
[INFO] [stdout]    |                            ~~~
[INFO] [stdout] help: consider importing this module
[INFO] [stdout]    |
[INFO] [stdout] 1  + use bao::encode;
[INFO] [stdout]    |
[INFO] [stdout] help: if you import `encode`, refer to it directly
[INFO] [stdout]    |
[INFO] [stdout] 83 -     let (outboard, hash) = abao::encode::outboard(data);
[INFO] [stdout] 83 +     let (outboard, hash) = encode::outboard(data);
[INFO] [stdout]    |
[INFO] [stdout] 
[INFO] [stdout] 
[INFO] [stdout] error[E0433]: failed to resolve: use of undeclared crate or module `abao`
[INFO] [stdout]   --> src/tests.rs:86:23
[INFO] [stdout]    |
[INFO] [stdout] 86 |     let mut encoder = abao::encode::SliceExtractor::new_outboard(
[INFO] [stdout]    |                       ^^^^ use of undeclared crate or module `abao`
[INFO] [stdout]    |
[INFO] [stdout] help: there is a crate or module with a similar name
[INFO] [stdout]    |
[INFO] [stdout] 86 |     let mut encoder = bao::encode::SliceExtractor::new_outboard(
[INFO] [stdout]    |                       ~~~
[INFO] [stdout] help: consider importing this struct
[INFO] [stdout]    |
[INFO] [stdout] 1  + use bao::encode::SliceExtractor;
[INFO] [stdout]    |
[INFO] [stdout] help: if you import `SliceExtractor`, refer to it directly
[INFO] [stdout]    |
[INFO] [stdout] 86 -     let mut encoder = abao::encode::SliceExtractor::new_outboard(
[INFO] [stdout] 86 +     let mut encoder = SliceExtractor::new_outboard(
[INFO] [stdout]    |
[INFO] [stdout] 
[INFO] [stdout] 
[INFO] [stdout] error: aborting due to 3 previous errors
[INFO] [stdout] 
[INFO] [stdout] 
[INFO] [stdout] For more information about this error, try `rustc --explain E0433`.
[INFO] [stdout] 
[INFO] [stderr] error: could not compile `bao-tree` (lib test) due to 4 previous errors
[INFO] [stderr] warning: build failed, waiting for other jobs to finish...
[INFO] running `Command { std: "docker" "inspect" "ad6e92774e221e73c75b7c104047c6054d3aa5fab77a1e6e0071fec68a26eb01", kill_on_drop: false }`
[INFO] running `Command { std: "docker" "rm" "-f" "ad6e92774e221e73c75b7c104047c6054d3aa5fab77a1e6e0071fec68a26eb01", kill_on_drop: false }`
[INFO] [stdout] ad6e92774e221e73c75b7c104047c6054d3aa5fab77a1e6e0071fec68a26eb01
