[INFO] fetching crate azalea 0.8.0...
[INFO] testing azalea-0.8.0 against 1.75.0 for beta-1.76-1
[INFO] extracting crate azalea 0.8.0 into /workspace/builds/worker-4-tc1/source
[INFO] validating manifest of crates.io crate azalea 0.8.0 on toolchain 1.75.0
[INFO] running `Command { std: CARGO_HOME="/workspace/cargo-home" RUSTUP_HOME="/workspace/rustup-home" "/workspace/cargo-home/bin/cargo" "+1.75.0" "metadata" "--manifest-path" "Cargo.toml" "--no-deps", kill_on_drop: false }`
[INFO] started tweaking crates.io crate azalea 0.8.0
[INFO] finished tweaking crates.io crate azalea 0.8.0
[INFO] tweaked toml for crates.io crate azalea 0.8.0 written to /workspace/builds/worker-4-tc1/source/Cargo.toml
[INFO] crate crates.io crate azalea 0.8.0 already has a lockfile, it will not be regenerated
[INFO] running `Command { std: CARGO_HOME="/workspace/cargo-home" RUSTUP_HOME="/workspace/rustup-home" "/workspace/cargo-home/bin/cargo" "+1.75.0" "fetch" "--manifest-path" "Cargo.toml", kill_on_drop: false }`
[INFO] [stderr]     Updating crates.io index
[INFO] [stderr]  Downloading crates ...
[INFO] [stderr]   Downloaded priority-queue v1.3.2
[INFO] [stderr]   Downloaded erased-serde v0.3.29
[INFO] [stderr]   Downloaded azalea-block-macros v0.8.0
[INFO] [stderr]   Downloaded bevy_reflect_derive v0.11.2
[INFO] [stderr]   Downloaded async-compression v0.4.2
[INFO] [stderr]   Downloaded bevy_macro_utils v0.11.2
[INFO] [stderr]   Downloaded trust-dns-proto v0.23.0
[INFO] [stderr]   Downloaded bevy_ecs v0.11.2
[INFO] [stderr]   Downloaded bevy_time v0.11.2
[INFO] [stderr]   Downloaded der v0.7.7
[INFO] [stderr]   Downloaded rsa v0.9.2
[INFO] [stderr]   Downloaded const-oid v0.9.4
[INFO] [stderr]   Downloaded async-recursion v1.0.5
[INFO] [stderr]   Downloaded trust-dns-resolver v0.23.0
[INFO] [stderr]   Downloaded compact_str v0.7.1
[INFO] [stderr]   Downloaded castaway v0.2.2
[INFO] [stderr]   Downloaded rustversion v1.0.13
[INFO] [stderr]   Downloaded simple_asn1 v0.5.4
[INFO] [stderr]   Downloaded enum-as-inner v0.6.0
[INFO] [stderr]   Downloaded android_log-sys v0.3.1
[INFO] [stderr]   Downloaded tracing-wasm v0.2.1
[INFO] [stderr]   Downloaded bevy_reflect v0.11.2
[INFO] [stderr]   Downloaded thread-id v4.1.0
[INFO] [stderr]   Downloaded glam v0.24.1
[INFO] [stderr]   Downloaded petgraph v0.6.3
[INFO] [stderr]   Downloaded rsa_public_encrypt_pkcs1 v0.4.0
[INFO] [stderr]   Downloaded azalea-chat v0.8.0
[INFO] [stderr]   Downloaded cfb8 v0.8.1
[INFO] [stderr]   Downloaded bevy_utils_proc_macros v0.11.2
[INFO] [stderr]   Downloaded bevy_log v0.11.2
[INFO] [stderr]   Downloaded azalea-crypto v0.8.0
[INFO] [stderr]   Downloaded azalea-buf-macros v0.8.0
[INFO] [stderr]   Downloaded bevy_ecs_macros v0.11.2
[INFO] [stderr]   Downloaded bevy_tasks v0.11.2
[INFO] [stderr]   Downloaded azalea-inventory v0.8.0
[INFO] [stderr]   Downloaded bevy_ptr v0.11.2
[INFO] [stderr]   Downloaded azalea-world v0.8.0
[INFO] [stderr]   Downloaded bevy_utils v0.11.2
[INFO] [stderr]   Downloaded azalea-protocol-macros v0.8.0
[INFO] [stderr]   Downloaded azalea-nbt v0.8.0
[INFO] [stderr]   Downloaded bevy_derive v0.11.2
[INFO] [stderr]   Downloaded bevy_math v0.11.2
[INFO] [stderr]   Downloaded azalea-brigadier v0.8.0
[INFO] [stderr]   Downloaded azalea-inventory-macros v0.8.0
[INFO] [stderr]   Downloaded azalea-buf v0.8.0
[INFO] [stderr]   Downloaded azalea-block v0.8.0
[INFO] [stderr]   Downloaded azalea-registry-macros v0.8.0
[INFO] [stderr]   Downloaded azalea-core v0.8.0
[INFO] [stderr]   Downloaded azalea-entity v0.8.0
[INFO] [stderr]   Downloaded azalea-auth v0.8.0
[INFO] [stderr]   Downloaded bevy_app v0.11.2
[INFO] [stderr]   Downloaded azalea-client v0.8.0
[INFO] [stderr]   Downloaded azalea-protocol v0.8.0
[INFO] [stderr]   Downloaded azalea-language v0.8.0
[INFO] [stderr]   Downloaded azalea-physics v0.8.0
[INFO] [stderr]   Downloaded azalea-registry v0.8.0
[INFO] running `Command { std: "docker" "create" "-v" "/var/lib/crater-agent-workspace/builds/worker-4-tc1/target:/opt/rustwide/target:rw,Z" "-v" "/var/lib/crater-agent-workspace/builds/worker-4-tc1/source:/opt/rustwide/workdir:ro,Z" "-v" "/var/lib/crater-agent-workspace/cargo-home:/opt/rustwide/cargo-home:ro,Z" "-v" "/var/lib/crater-agent-workspace/rustup-home:/opt/rustwide/rustup-home:ro,Z" "-e" "SOURCE_DIR=/opt/rustwide/workdir" "-e" "CARGO_TARGET_DIR=/opt/rustwide/target" "-e" "CARGO_HOME=/opt/rustwide/cargo-home" "-e" "RUSTUP_HOME=/opt/rustwide/rustup-home" "-w" "/opt/rustwide/workdir" "-m" "1610612736" "--user" "0:0" "--network" "none" "ghcr.io/rust-lang/crates-build-env/linux@sha256:2788e3201cd34a07e3172128adcd8b3090168a8e3bcc40d7c032b9dda1df7d1c" "/opt/rustwide/cargo-home/bin/cargo" "+1.75.0" "metadata" "--no-deps" "--format-version=1", kill_on_drop: false }`
[INFO] [stdout] e2cf0684fc8790f9f4ec4c1f0ea6a98b6203f7dc9c65fa831d204cd002b943e9
[INFO] running `Command { std: "docker" "start" "-a" "e2cf0684fc8790f9f4ec4c1f0ea6a98b6203f7dc9c65fa831d204cd002b943e9", kill_on_drop: false }`
[INFO] running `Command { std: "docker" "inspect" "e2cf0684fc8790f9f4ec4c1f0ea6a98b6203f7dc9c65fa831d204cd002b943e9", kill_on_drop: false }`
[INFO] running `Command { std: "docker" "rm" "-f" "e2cf0684fc8790f9f4ec4c1f0ea6a98b6203f7dc9c65fa831d204cd002b943e9", kill_on_drop: false }`
[INFO] [stdout] e2cf0684fc8790f9f4ec4c1f0ea6a98b6203f7dc9c65fa831d204cd002b943e9
[INFO] running `Command { std: "docker" "create" "-v" "/var/lib/crater-agent-workspace/builds/worker-4-tc1/target:/opt/rustwide/target:rw,Z" "-v" "/var/lib/crater-agent-workspace/builds/worker-4-tc1/source:/opt/rustwide/workdir:ro,Z" "-v" "/var/lib/crater-agent-workspace/cargo-home:/opt/rustwide/cargo-home:ro,Z" "-v" "/var/lib/crater-agent-workspace/rustup-home:/opt/rustwide/rustup-home:ro,Z" "-e" "SOURCE_DIR=/opt/rustwide/workdir" "-e" "CARGO_TARGET_DIR=/opt/rustwide/target" "-e" "CARGO_INCREMENTAL=0" "-e" "RUST_BACKTRACE=full" "-e" "RUSTFLAGS=--cap-lints=warn" "-e" "RUSTDOCFLAGS=--cap-lints=warn" "-e" "CARGO_HOME=/opt/rustwide/cargo-home" "-e" "RUSTUP_HOME=/opt/rustwide/rustup-home" "-w" "/opt/rustwide/workdir" "-m" "1610612736" "--user" "0:0" "--network" "none" "ghcr.io/rust-lang/crates-build-env/linux@sha256:2788e3201cd34a07e3172128adcd8b3090168a8e3bcc40d7c032b9dda1df7d1c" "/opt/rustwide/cargo-home/bin/cargo" "+1.75.0" "build" "--frozen" "--message-format=json", kill_on_drop: false }`
[INFO] [stdout] ce8dd39a60728c43467d60f67c5550176e031806553439ff4073b39b00cb2b04
[INFO] running `Command { std: "docker" "start" "-a" "ce8dd39a60728c43467d60f67c5550176e031806553439ff4073b39b00cb2b04", kill_on_drop: false }`
[INFO] [stderr]    Compiling proc-macro2 v1.0.66
[INFO] [stderr]    Compiling unicode-ident v1.0.11
[INFO] [stderr]    Compiling libc v0.2.147
[INFO] [stderr]    Compiling serde v1.0.188
[INFO] [stderr]    Compiling once_cell v1.18.0
[INFO] [stderr]    Compiling memchr v2.6.3
[INFO] [stderr]    Compiling futures-core v0.3.28
[INFO] [stderr]    Compiling thiserror v1.0.48
[INFO] [stderr]    Compiling itoa v1.0.9
[INFO] [stderr]    Compiling hashbrown v0.12.3
[INFO] [stderr]    Compiling futures-io v0.3.28
[INFO] [stderr]    Compiling indexmap v1.9.3
[INFO] [stderr]    Compiling libm v0.2.7
[INFO] [stderr]    Compiling log v0.4.20
[INFO] [stderr]    Compiling num-traits v0.2.16
[INFO] [stderr]    Compiling adler v1.0.2
[INFO] [stderr]    Compiling miniz_oxide v0.7.1
[INFO] [stderr]    Compiling tracing-core v0.1.31
[INFO] [stderr]    Compiling ryu v1.0.15
[INFO] [stderr]    Compiling serde_json v1.0.105
[INFO] [stderr]    Compiling typenum v1.16.0
[INFO] [stderr]    Compiling spin v0.5.2
[INFO] [stderr]    Compiling fixedbitset v0.4.2
[INFO] [stderr]    Compiling equivalent v1.0.1
[INFO] [stderr]    Compiling crossbeam-utils v0.8.16
[INFO] [stderr]    Compiling gimli v0.28.0
[INFO] [stderr]    Compiling byteorder v1.4.3
[INFO] [stderr]    Compiling hashbrown v0.14.0
[INFO] [stderr]    Compiling lock_api v0.4.10
[INFO] [stderr]    Compiling rustc-demangle v0.1.23
[INFO] [stderr]    Compiling toml_datetime v0.6.3
[INFO] [stderr]    Compiling parking_lot_core v0.9.8
[INFO] [stderr]    Compiling winnow v0.5.15
[INFO] [stderr]    Compiling cc v1.0.83
[INFO] [stderr]    Compiling quote v1.0.33
[INFO] [stderr]    Compiling object v0.32.1
[INFO] [stderr]    Compiling getrandom v0.2.10
[INFO] [stderr]    Compiling petgraph v0.6.3
[INFO] [stderr]    Compiling thread-id v4.1.0
[INFO] [stderr]    Compiling syn v2.0.31
[INFO] [stderr]    Compiling indexmap v2.0.0
[INFO] [stderr]    Compiling ahash v0.8.3
[INFO] [stderr]    Compiling scopeguard v1.2.0
[INFO] [stderr]    Compiling rustc-hash v1.1.0
[INFO] [stderr]    Compiling num-integer v0.1.45
[INFO] [stderr]    Compiling futures-channel v0.3.28
[INFO] [stderr]    Compiling event-listener v2.5.3
[INFO] [stderr]    Compiling futures-task v0.3.28
[INFO] [stderr]    Compiling futures-sink v0.3.28
[INFO] [stderr]    Compiling concurrent-queue v2.2.0
[INFO] [stderr]    Compiling num_cpus v1.16.0
[INFO] [stderr]    Compiling mio v0.8.8
[INFO] [stderr]    Compiling generic-array v0.14.7
[INFO] [stderr]    Compiling socket2 v0.5.3
[INFO] [stderr]    Compiling fastrand v1.9.0
[INFO] [stderr]    Compiling erased-serde v0.3.29
[INFO] [stderr]    Compiling futures-util v0.3.28
[INFO] [stderr]    Compiling parking v2.1.0
[INFO] [stderr]    Compiling const-oid v0.9.4
[INFO] [stderr]    Compiling allocator-api2 v0.2.16
[INFO] [stderr]    Compiling waker-fn v1.1.0
[INFO] [stderr]    Compiling bit-vec v0.6.3
[INFO] [stderr]    Compiling bytemuck v1.14.0
[INFO] [stderr]    Compiling futures-lite v1.13.0
[INFO] [stderr]    Compiling uuid v1.4.1
[INFO] [stderr]    Compiling bit-set v0.5.3
[INFO] [stderr]    Compiling crypto-common v0.1.6
[INFO] [stderr]    Compiling async-lock v2.8.0
[INFO] [stderr]    Compiling rand_core v0.6.4
[INFO] [stderr]    Compiling instant v0.1.12
[INFO] [stderr]    Compiling rustversion v1.0.13
[INFO] [stderr]    Compiling async-task v4.4.0
[INFO] [stderr]    Compiling crc32fast v1.3.2
[INFO] [stderr]    Compiling async-channel v1.9.0
[INFO] [stderr]    Compiling thread_local v1.1.7
[INFO] [stderr]    Compiling downcast-rs v1.2.0
[INFO] [stderr]    Compiling ppv-lite86 v0.2.17
[INFO] [stderr]    Compiling heck v0.4.1
[INFO] [stderr]    Compiling bevy_ptr v0.11.2
[INFO] [stderr]    Compiling smol_str v0.2.0
[INFO] [stderr]    Compiling lazy_static v1.4.0
[INFO] [stderr]    Compiling num-iter v0.1.43
[INFO] [stderr]    Compiling num-bigint v0.4.4
[INFO] [stderr]    Compiling base64ct v1.6.0
[INFO] [stderr]    Compiling tinyvec_macros v0.1.1
[INFO] [stderr]    Compiling backtrace v0.3.69
[INFO] [stderr]    Compiling ring v0.16.20
[INFO] [stderr]    Compiling zeroize v1.6.0
[INFO] [stderr]    Compiling untrusted v0.7.1
[INFO] [stderr]    Compiling async-executor v1.5.1
[INFO] [stderr]    Compiling tinyvec v1.6.0
[INFO] [stderr]    Compiling block-buffer v0.10.4
[INFO] [stderr]    Compiling percent-encoding v2.3.0
[INFO] [stderr]    Compiling rand_chacha v0.3.1
[INFO] [stderr]    Compiling flate2 v1.0.27
[INFO] [stderr]    Compiling static_assertions v1.1.0
[INFO] [stderr]    Compiling bevy_tasks v0.11.2
[INFO] [stderr]    Compiling pem-rfc7468 v0.7.0
[INFO] [stderr]    Compiling digest v0.10.7
[INFO] [stderr]    Compiling rand v0.8.5
[INFO] [stderr]    Compiling addr2line v0.21.0
[INFO] [stderr]    Compiling der v0.7.7
[INFO] [stderr]    Compiling form_urlencoded v1.2.0
[INFO] [stderr]    Compiling http v0.2.9
[INFO] [stderr]    Compiling num-rational v0.4.1
[INFO] [stderr]    Compiling syn v1.0.109
[INFO] [stderr]    Compiling cpufeatures v0.2.9
[INFO] [stderr]    Compiling unicode-bidi v0.3.13
[INFO] [stderr]    Compiling rustls v0.21.7
[INFO] [stderr]    Compiling castaway v0.2.2
[INFO] [stderr]    Compiling toml_edit v0.19.14
[INFO] [stderr]    Compiling inout v0.1.3
[INFO] [stderr]    Compiling try-lock v0.2.4
[INFO] [stderr]    Compiling num-bigint-dig v0.8.4
[INFO] [stderr]    Compiling want v0.3.1
[INFO] [stderr]    Compiling cipher v0.4.4
[INFO] [stderr]    Compiling num-complex v0.4.3
[INFO] [stderr]    Compiling socket2 v0.4.9
[INFO] [stderr]    Compiling unicode-normalization v0.1.22
[INFO] [stderr]    Compiling ipnet v2.8.0
[INFO] [stderr]    Compiling async-trait v0.1.73
[INFO] [stderr]    Compiling convert_case v0.4.0
[INFO] [stderr]    Compiling sha2 v0.10.7
[INFO] [stderr]    Compiling http-body v0.4.5
[INFO] [stderr]    Compiling idna v0.4.0
[INFO] [stderr]    Compiling signature v2.1.0
[INFO] [stderr]    Compiling aho-corasick v1.0.5
[INFO] [stderr]    Compiling spki v0.7.2
[INFO] [stderr]    Compiling base64 v0.21.3
[INFO] [stderr]    Compiling nohash-hasher v0.2.0
[INFO] [stderr]    Compiling pkcs8 v0.10.2
[INFO] [stderr]    Compiling regex-syntax v0.6.29
[INFO] [stderr]    Compiling regex-syntax v0.7.5
[INFO] [stderr]    Compiling aes v0.8.3
[INFO] [stderr]    Compiling url v2.4.1
[INFO] [stderr]    Compiling num v0.4.1
[INFO] [stderr]    Compiling pkcs1 v0.7.5
[INFO] [stderr]    Compiling rustls-pemfile v1.0.3
[INFO] [stderr]    Compiling cfb8 v0.8.1
[INFO] [stderr]    Compiling sha-1 v0.10.1
[INFO] [stderr]    Compiling encoding_rs v0.8.33
[INFO] [stderr]    Compiling linked-hash-map v0.5.6
[INFO] [stderr]    Compiling webpki-roots v0.25.2
[INFO] [stderr]    Compiling mime v0.3.17
[INFO] [stderr]    Compiling data-encoding v2.4.0
[INFO] [stderr]    Compiling overload v0.1.1
[INFO] [stderr]    Compiling nu-ansi-term v0.46.0
[INFO] [stderr]    Compiling lru-cache v0.1.2
[INFO] [stderr]    Compiling tracing-log v0.1.3
[INFO] [stderr]    Compiling sharded-slab v0.1.4
[INFO] [stderr]    Compiling anyhow v1.0.75
[INFO] [stderr]    Compiling bevy_macro_utils v0.11.2
[INFO] [stderr]    Compiling crossbeam-channel v0.5.8
[INFO] [stderr]    Compiling priority-queue v1.3.2
[INFO] [stderr]    Compiling regex-automata v0.1.10
[INFO] [stderr]    Compiling derive_more v0.99.17
[INFO] [stderr]    Compiling regex-automata v0.3.8
[INFO] [stderr]    Compiling sct v0.7.0
[INFO] [stderr]    Compiling rustls-webpki v0.101.4
[INFO] [stderr]    Compiling matchers v0.1.0
[INFO] [stderr]    Compiling serde_derive v1.0.188
[INFO] [stderr]    Compiling thiserror-impl v1.0.48
[INFO] [stderr]    Compiling tracing-attributes v0.1.26
[INFO] [stderr]    Compiling azalea-buf-macros v0.8.0
[INFO] [stderr]    Compiling tokio-macros v2.1.0
[INFO] [stderr]    Compiling bevy_utils_proc_macros v0.11.2
[INFO] [stderr]    Compiling futures-macro v0.3.28
[INFO] [stderr]    Compiling bevy_reflect_derive v0.11.2
[INFO] [stderr]    Compiling enum-as-inner v0.6.0
[INFO] [stderr]    Compiling bevy_ecs_macros v0.11.2
[INFO] [stderr]    Compiling azalea-registry-macros v0.8.0
[INFO] [stderr]    Compiling azalea-inventory-macros v0.8.0
[INFO] [stderr]    Compiling bevy_derive v0.11.2
[INFO] [stderr]    Compiling azalea-block-macros v0.8.0
[INFO] [stderr]    Compiling tokio v1.32.0
[INFO] [stderr]    Compiling azalea-protocol-macros v0.8.0
[INFO] [stderr]    Compiling async-recursion v1.0.5
[INFO] [stderr]    Compiling tracing v0.1.37
[INFO] [stderr]    Compiling regex v1.9.5
[INFO] [stderr]    Compiling futures-executor v0.3.28
[INFO] [stderr]    Compiling futures v0.3.28
[INFO] [stderr]    Compiling tokio-util v0.7.8
[INFO] [stderr]    Compiling tokio-rustls v0.24.1
[INFO] [stderr]    Compiling async-compression v0.4.2
[INFO] [stderr]    Compiling h2 v0.3.21
[INFO] [stderr]    Compiling smallvec v1.11.0
[INFO] [stderr]    Compiling glam v0.24.1
[INFO] [stderr]    Compiling compact_str v0.7.1
[INFO] [stderr]    Compiling chrono v0.4.30
[INFO] [stderr]    Compiling serde_urlencoded v0.7.1
[INFO] [stderr]    Compiling trust-dns-proto v0.23.0
[INFO] [stderr]    Compiling tracing-subscriber v0.3.17
[INFO] [stderr]    Compiling azalea-buf v0.8.0
[INFO] [stderr]    Compiling azalea-language v0.8.0
[INFO] [stdout] error[E0432]: unresolved import `thiserror`
[INFO] [stdout]    --> /opt/rustwide/cargo-home/registry/src/index.crates.io-6f17d22bba15001f/azalea-buf-0.8.0/src/read.rs:12:10
[INFO] [stdout]     |
[INFO] [stdout] 12  | #[derive(Error, Debug)]
[INFO] [stdout]     |          ^^^^^ no `ThiserrorProvide` in `__private`
[INFO] [stdout]     |
[INFO] [stdout] note: found an item that was configured out
[INFO] [stdout]    --> /opt/rustwide/cargo-home/registry/src/index.crates.io-6f17d22bba15001f/thiserror-1.0.48/src/lib.rs:256:29
[INFO] [stdout]     |
[INFO] [stdout] 256 |     pub use crate::provide::ThiserrorProvide;
[INFO] [stdout]     |                             ^^^^^^^^^^^^^^^^
[INFO] [stdout]     = note: this error originates in the derive macro `Error` (in Nightly builds, run with -Z macro-backtrace for more info)
[INFO] [stdout] 
[INFO] [stdout] 
[INFO] [stderr]    Compiling parking_lot v0.12.1
[INFO] [stdout] error[E0554]: `#![feature]` may not be used on the stable release channel
[INFO] [stdout]  --> /opt/rustwide/cargo-home/registry/src/index.crates.io-6f17d22bba15001f/azalea-buf-0.8.0/src/lib.rs:2:1
[INFO] [stdout]   |
[INFO] [stdout] 2 | #![feature(min_specialization)]
[INFO] [stdout]   | ^^^^^^^^^^^^^^^^^^^^^^^^^^^^^^^
[INFO] [stdout] 
[INFO] [stdout] 
[INFO] [stdout] error[E0554]: `#![feature]` may not be used on the stable release channel
[INFO] [stdout]  --> /opt/rustwide/cargo-home/registry/src/index.crates.io-6f17d22bba15001f/azalea-buf-0.8.0/src/lib.rs:4:1
[INFO] [stdout]   |
[INFO] [stdout] 4 | #![feature(error_generic_member_access)]
[INFO] [stdout]   | ^^^^^^^^^^^^^^^^^^^^^^^^^^^^^^^^^^^^^^^^
[INFO] [stdout] 
[INFO] [stdout] 
[INFO] [stdout] error[E0554]: `#![feature]` may not be used on the stable release channel
[INFO] [stdout]  --> /opt/rustwide/cargo-home/registry/src/index.crates.io-6f17d22bba15001f/azalea-buf-0.8.0/src/lib.rs:4:12
[INFO] [stdout]   |
[INFO] [stdout] 4 | #![feature(error_generic_member_access)]
[INFO] [stdout]   |            ^^^^^^^^^^^^^^^^^^^^^^^^^^^
[INFO] [stdout] 
[INFO] [stdout] 
[INFO] [stdout] error[E0599]: no method named `thiserror_provide` found for reference `&std::io::Error` in the current scope
[INFO] [stdout]   --> /opt/rustwide/cargo-home/registry/src/index.crates.io-6f17d22bba15001f/azalea-buf-0.8.0/src/read.rs:26:9
[INFO] [stdout]    |
[INFO] [stdout] 26 |         source: std::io::Error,
[INFO] [stdout]    |         ^^^^^^ method not found in `&Error`
[INFO] [stdout] 
[INFO] [stdout] 
[INFO] [stdout] error[E0599]: no method named `thiserror_provide` found for reference `&serde_json::Error` in the current scope
[INFO] [stdout]   --> /opt/rustwide/cargo-home/registry/src/index.crates.io-6f17d22bba15001f/azalea-buf-0.8.0/src/read.rs:51:9
[INFO] [stdout]    |
[INFO] [stdout] 51 |         source: serde_json::Error,
[INFO] [stdout]    |         ^^^^^^ method not found in `&Error`
[INFO] [stdout] 
[INFO] [stdout] 
[INFO] [stdout] error: aborting due to 6 previous errors
[INFO] [stdout] 
[INFO] [stdout] 
[INFO] [stdout] Some errors have detailed explanations: E0432, E0554, E0599.
[INFO] [stdout] 
[INFO] [stdout] For more information about an error, try `rustc --explain E0432`.
[INFO] [stdout] 
[INFO] [stderr] error: could not compile `azalea-buf` (lib) due to 7 previous errors
[INFO] [stderr] warning: build failed, waiting for other jobs to finish...
[INFO] running `Command { std: "docker" "inspect" "ce8dd39a60728c43467d60f67c5550176e031806553439ff4073b39b00cb2b04", kill_on_drop: false }`
[INFO] running `Command { std: "docker" "rm" "-f" "ce8dd39a60728c43467d60f67c5550176e031806553439ff4073b39b00cb2b04", kill_on_drop: false }`
[INFO] [stdout] ce8dd39a60728c43467d60f67c5550176e031806553439ff4073b39b00cb2b04
[INFO] testing azalea-0.8.0 against beta-2023-12-22 for beta-1.76-1
[INFO] extracting crate azalea 0.8.0 into /workspace/builds/worker-4-tc2/source
[INFO] validating manifest of crates.io crate azalea 0.8.0 on toolchain beta-2023-12-22
[INFO] running `Command { std: CARGO_HOME="/workspace/cargo-home" RUSTUP_HOME="/workspace/rustup-home" "/workspace/cargo-home/bin/cargo" "+beta-2023-12-22" "metadata" "--manifest-path" "Cargo.toml" "--no-deps", kill_on_drop: false }`
[INFO] started tweaking crates.io crate azalea 0.8.0
[INFO] finished tweaking crates.io crate azalea 0.8.0
[INFO] tweaked toml for crates.io crate azalea 0.8.0 written to /workspace/builds/worker-4-tc2/source/Cargo.toml
[INFO] crate crates.io crate azalea 0.8.0 already has a lockfile, it will not be regenerated
[INFO] running `Command { std: CARGO_HOME="/workspace/cargo-home" RUSTUP_HOME="/workspace/rustup-home" "/workspace/cargo-home/bin/cargo" "+beta-2023-12-22" "fetch" "--manifest-path" "Cargo.toml", kill_on_drop: false }`
[INFO] running `Command { std: "docker" "create" "-v" "/var/lib/crater-agent-workspace/builds/worker-4-tc2/target:/opt/rustwide/target:rw,Z" "-v" "/var/lib/crater-agent-workspace/builds/worker-4-tc2/source:/opt/rustwide/workdir:ro,Z" "-v" "/var/lib/crater-agent-workspace/cargo-home:/opt/rustwide/cargo-home:ro,Z" "-v" "/var/lib/crater-agent-workspace/rustup-home:/opt/rustwide/rustup-home:ro,Z" "-e" "SOURCE_DIR=/opt/rustwide/workdir" "-e" "CARGO_TARGET_DIR=/opt/rustwide/target" "-e" "CARGO_HOME=/opt/rustwide/cargo-home" "-e" "RUSTUP_HOME=/opt/rustwide/rustup-home" "-w" "/opt/rustwide/workdir" "-m" "1610612736" "--user" "0:0" "--network" "none" "ghcr.io/rust-lang/crates-build-env/linux@sha256:2788e3201cd34a07e3172128adcd8b3090168a8e3bcc40d7c032b9dda1df7d1c" "/opt/rustwide/cargo-home/bin/cargo" "+beta-2023-12-22" "metadata" "--no-deps" "--format-version=1", kill_on_drop: false }`
[INFO] [stdout] a3473f57f31c07d165a3ee2ec1f389fb59cc146b2d21cdeda93fdf1dbd61ff1d
[INFO] running `Command { std: "docker" "start" "-a" "a3473f57f31c07d165a3ee2ec1f389fb59cc146b2d21cdeda93fdf1dbd61ff1d", kill_on_drop: false }`
[INFO] running `Command { std: "docker" "inspect" "a3473f57f31c07d165a3ee2ec1f389fb59cc146b2d21cdeda93fdf1dbd61ff1d", kill_on_drop: false }`
[INFO] running `Command { std: "docker" "rm" "-f" "a3473f57f31c07d165a3ee2ec1f389fb59cc146b2d21cdeda93fdf1dbd61ff1d", kill_on_drop: false }`
[INFO] [stdout] a3473f57f31c07d165a3ee2ec1f389fb59cc146b2d21cdeda93fdf1dbd61ff1d
[INFO] running `Command { std: "docker" "create" "-v" "/var/lib/crater-agent-workspace/builds/worker-4-tc2/target:/opt/rustwide/target:rw,Z" "-v" "/var/lib/crater-agent-workspace/builds/worker-4-tc2/source:/opt/rustwide/workdir:ro,Z" "-v" "/var/lib/crater-agent-workspace/cargo-home:/opt/rustwide/cargo-home:ro,Z" "-v" "/var/lib/crater-agent-workspace/rustup-home:/opt/rustwide/rustup-home:ro,Z" "-e" "SOURCE_DIR=/opt/rustwide/workdir" "-e" "CARGO_TARGET_DIR=/opt/rustwide/target" "-e" "CARGO_INCREMENTAL=0" "-e" "RUST_BACKTRACE=full" "-e" "RUSTFLAGS=--cap-lints=warn" "-e" "RUSTDOCFLAGS=--cap-lints=warn" "-e" "CARGO_HOME=/opt/rustwide/cargo-home" "-e" "RUSTUP_HOME=/opt/rustwide/rustup-home" "-w" "/opt/rustwide/workdir" "-m" "1610612736" "--user" "0:0" "--network" "none" "ghcr.io/rust-lang/crates-build-env/linux@sha256:2788e3201cd34a07e3172128adcd8b3090168a8e3bcc40d7c032b9dda1df7d1c" "/opt/rustwide/cargo-home/bin/cargo" "+beta-2023-12-22" "build" "--frozen" "--message-format=json", kill_on_drop: false }`
[INFO] [stdout] 8d31920af0fbcc92691bc98e471d59f73d9d9197a4e075f59f9c8d3727320f83
[INFO] running `Command { std: "docker" "start" "-a" "8d31920af0fbcc92691bc98e471d59f73d9d9197a4e075f59f9c8d3727320f83", kill_on_drop: false }`
[INFO] [stderr]    Compiling proc-macro2 v1.0.66
[INFO] [stderr]    Compiling unicode-ident v1.0.11
[INFO] [stderr]    Compiling libc v0.2.147
[INFO] [stderr]    Compiling serde v1.0.188
[INFO] [stderr]    Compiling once_cell v1.18.0
[INFO] [stderr]    Compiling memchr v2.6.3
[INFO] [stderr]    Compiling futures-core v0.3.28
[INFO] [stderr]    Compiling thiserror v1.0.48
[INFO] [stderr]    Compiling itoa v1.0.9
[INFO] [stderr]    Compiling hashbrown v0.12.3
[INFO] [stderr]    Compiling futures-io v0.3.28
[INFO] [stderr]    Compiling indexmap v1.9.3
[INFO] [stderr]    Compiling log v0.4.20
[INFO] [stderr]    Compiling libm v0.2.7
[INFO] [stderr]    Compiling num-traits v0.2.16
[INFO] [stderr]    Compiling adler v1.0.2
[INFO] [stderr]    Compiling tracing-core v0.1.31
[INFO] [stderr]    Compiling miniz_oxide v0.7.1
[INFO] [stderr]    Compiling ryu v1.0.15
[INFO] [stderr]    Compiling serde_json v1.0.105
[INFO] [stderr]    Compiling typenum v1.16.0
[INFO] [stderr]    Compiling spin v0.5.2
[INFO] [stderr]    Compiling byteorder v1.4.3
[INFO] [stderr]    Compiling hashbrown v0.14.0
[INFO] [stderr]    Compiling crossbeam-utils v0.8.16
[INFO] [stderr]    Compiling equivalent v1.0.1
[INFO] [stderr]    Compiling gimli v0.28.0
[INFO] [stderr]    Compiling fixedbitset v0.4.2
[INFO] [stderr]    Compiling lock_api v0.4.10
[INFO] [stderr]    Compiling object v0.32.1
[INFO] [stderr]    Compiling quote v1.0.33
[INFO] [stderr]    Compiling toml_datetime v0.6.3
[INFO] [stderr]    Compiling parking_lot_core v0.9.8
[INFO] [stderr]    Compiling syn v2.0.31
[INFO] [stderr]    Compiling cc v1.0.83
[INFO] [stderr]    Compiling indexmap v2.0.0
[INFO] [stderr]    Compiling rustc-demangle v0.1.23
[INFO] [stderr]    Compiling getrandom v0.2.10
[INFO] [stderr]    Compiling winnow v0.5.15
[INFO] [stderr]    Compiling petgraph v0.6.3
[INFO] [stderr]    Compiling thread-id v4.1.0
[INFO] [stderr]    Compiling ahash v0.8.3
[INFO] [stderr]    Compiling scopeguard v1.2.0
[INFO] [stderr]    Compiling rustc-hash v1.1.0
[INFO] [stderr]    Compiling num-integer v0.1.45
[INFO] [stderr]    Compiling futures-sink v0.3.28
[INFO] [stderr]    Compiling event-listener v2.5.3
[INFO] [stderr]    Compiling futures-channel v0.3.28
[INFO] [stderr]    Compiling futures-task v0.3.28
[INFO] [stderr]    Compiling socket2 v0.5.3
[INFO] [stderr]    Compiling generic-array v0.14.7
[INFO] [stderr]    Compiling concurrent-queue v2.2.0
[INFO] [stderr]    Compiling mio v0.8.8
[INFO] [stderr]    Compiling num_cpus v1.16.0
[INFO] [stderr]    Compiling bytemuck v1.14.0
[INFO] [stderr]    Compiling const-oid v0.9.4
[INFO] [stderr]    Compiling waker-fn v1.1.0
[INFO] [stderr]    Compiling erased-serde v0.3.29
[INFO] [stderr]    Compiling allocator-api2 v0.2.16
[INFO] [stderr]    Compiling fastrand v1.9.0
[INFO] [stderr]    Compiling bit-vec v0.6.3
[INFO] [stderr]    Compiling futures-util v0.3.28
[INFO] [stderr]    Compiling parking v2.1.0
[INFO] [stderr]    Compiling bit-set v0.5.3
[INFO] [stderr]    Compiling crypto-common v0.1.6
[INFO] [stderr]    Compiling futures-lite v1.13.0
[INFO] [stderr]    Compiling uuid v1.4.1
[INFO] [stderr]    Compiling async-lock v2.8.0
[INFO] [stderr]    Compiling rand_core v0.6.4
[INFO] [stderr]    Compiling instant v0.1.12
[INFO] [stderr]    Compiling crc32fast v1.3.2
[INFO] [stderr]    Compiling async-task v4.4.0
[INFO] [stderr]    Compiling rustversion v1.0.13
[INFO] [stderr]    Compiling backtrace v0.3.69
[INFO] [stderr]    Compiling ring v0.16.20
[INFO] [stderr]    Compiling async-channel v1.9.0
[INFO] [stderr]    Compiling thread_local v1.1.7
[INFO] [stderr]    Compiling downcast-rs v1.2.0
[INFO] [stderr]    Compiling heck v0.4.1
[INFO] [stderr]    Compiling ppv-lite86 v0.2.17
[INFO] [stderr]    Compiling bevy_ptr v0.11.2
[INFO] [stderr]    Compiling smol_str v0.2.0
[INFO] [stderr]    Compiling lazy_static v1.4.0
[INFO] [stderr]    Compiling num-iter v0.1.43
[INFO] [stderr]    Compiling num-bigint v0.4.4
[INFO] [stderr]    Compiling zeroize v1.6.0
[INFO] [stderr]    Compiling addr2line v0.21.0
[INFO] [stderr]    Compiling untrusted v0.7.1
[INFO] [stderr]    Compiling tinyvec_macros v0.1.1
[INFO] [stderr]    Compiling base64ct v1.6.0
[INFO] [stderr]    Compiling flate2 v1.0.27
[INFO] [stderr]    Compiling block-buffer v0.10.4
[INFO] [stderr]    Compiling rand_chacha v0.3.1
[INFO] [stderr]    Compiling tinyvec v1.6.0
[INFO] [stderr]    Compiling static_assertions v1.1.0
[INFO] [stderr]    Compiling async-executor v1.5.1
[INFO] [stderr]    Compiling percent-encoding v2.3.0
[INFO] [stderr]    Compiling form_urlencoded v1.2.0
[INFO] [stderr]    Compiling toml_edit v0.19.14
[INFO] [stderr]    Compiling http v0.2.9
[INFO] [stderr]    Compiling bevy_tasks v0.11.2
[INFO] [stderr]    Compiling pem-rfc7468 v0.7.0
[INFO] [stderr]    Compiling rand v0.8.5
[INFO] [stderr]    Compiling digest v0.10.7
[INFO] [stderr]    Compiling num-rational v0.4.1
[INFO] [stderr]    Compiling der v0.7.7
[INFO] [stderr]    Compiling cpufeatures v0.2.9
[INFO] [stderr]    Compiling syn v1.0.109
[INFO] [stderr]    Compiling unicode-bidi v0.3.13
[INFO] [stderr]    Compiling rustls v0.21.7
[INFO] [stderr]    Compiling unicode-normalization v0.1.22
[INFO] [stderr]    Compiling inout v0.1.3
[INFO] [stderr]    Compiling try-lock v0.2.4
[INFO] [stderr]    Compiling num-bigint-dig v0.8.4
[INFO] [stderr]    Compiling castaway v0.2.2
[INFO] [stderr]    Compiling want v0.3.1
[INFO] [stderr]    Compiling cipher v0.4.4
[INFO] [stderr]    Compiling idna v0.4.0
[INFO] [stderr]    Compiling num-complex v0.4.3
[INFO] [stderr]    Compiling socket2 v0.4.9
[INFO] [stderr]    Compiling convert_case v0.4.0
[INFO] [stderr]    Compiling ipnet v2.8.0
[INFO] [stderr]    Compiling async-trait v0.1.73
[INFO] [stderr]    Compiling http-body v0.4.5
[INFO] [stderr]    Compiling url v2.4.1
[INFO] [stderr]    Compiling bevy_macro_utils v0.11.2
[INFO] [stderr]    Compiling sha2 v0.10.7
[INFO] [stderr]    Compiling signature v2.1.0
[INFO] [stderr]    Compiling aho-corasick v1.0.5
[INFO] [stderr]    Compiling base64 v0.21.3
[INFO] [stderr]    Compiling regex-syntax v0.7.5
[INFO] [stderr]    Compiling regex-syntax v0.6.29
[INFO] [stderr]    Compiling nohash-hasher v0.2.0
[INFO] [stderr]    Compiling spki v0.7.2
[INFO] [stderr]    Compiling rustls-pemfile v1.0.3
[INFO] [stderr]    Compiling pkcs8 v0.10.2
[INFO] [stderr]    Compiling aes v0.8.3
[INFO] [stderr]    Compiling pkcs1 v0.7.5
[INFO] [stderr]    Compiling cfb8 v0.8.1
[INFO] [stderr]    Compiling sha-1 v0.10.1
[INFO] [stderr]    Compiling num v0.4.1
[INFO] [stderr]    Compiling encoding_rs v0.8.33
[INFO] [stderr]    Compiling data-encoding v2.4.0
[INFO] [stderr]    Compiling mime v0.3.17
[INFO] [stderr]    Compiling overload v0.1.1
[INFO] [stderr]    Compiling webpki-roots v0.25.2
[INFO] [stderr]    Compiling linked-hash-map v0.5.6
[INFO] [stderr]    Compiling nu-ansi-term v0.46.0
[INFO] [stderr]    Compiling sharded-slab v0.1.4
[INFO] [stderr]    Compiling lru-cache v0.1.2
[INFO] [stderr]    Compiling tracing-log v0.1.3
[INFO] [stderr]    Compiling anyhow v1.0.75
[INFO] [stderr]    Compiling crossbeam-channel v0.5.8
[INFO] [stderr]    Compiling priority-queue v1.3.2
[INFO] [stderr]    Compiling rustls-webpki v0.101.4
[INFO] [stderr]    Compiling sct v0.7.0
[INFO] [stderr]    Compiling regex-automata v0.3.8
[INFO] [stderr]    Compiling regex-automata v0.1.10
[INFO] [stderr]    Compiling derive_more v0.99.17
[INFO] [stderr]    Compiling serde_derive v1.0.188
[INFO] [stderr]    Compiling thiserror-impl v1.0.48
[INFO] [stderr]    Compiling tracing-attributes v0.1.26
[INFO] [stderr]    Compiling azalea-buf-macros v0.8.0
[INFO] [stderr]    Compiling tokio-macros v2.1.0
[INFO] [stderr]    Compiling futures-macro v0.3.28
[INFO] [stderr]    Compiling bevy_utils_proc_macros v0.11.2
[INFO] [stderr]    Compiling bevy_reflect_derive v0.11.2
[INFO] [stderr]    Compiling bevy_ecs_macros v0.11.2
[INFO] [stderr]    Compiling enum-as-inner v0.6.0
[INFO] [stderr]    Compiling azalea-registry-macros v0.8.0
[INFO] [stderr]    Compiling bevy_derive v0.11.2
[INFO] [stderr]    Compiling azalea-inventory-macros v0.8.0
[INFO] [stderr]    Compiling azalea-block-macros v0.8.0
[INFO] [stderr]    Compiling tokio v1.32.0
[INFO] [stderr]    Compiling matchers v0.1.0
[INFO] [stderr]    Compiling azalea-protocol-macros v0.8.0
[INFO] [stderr]    Compiling async-recursion v1.0.5
[INFO] [stderr]    Compiling regex v1.9.5
[INFO] [stderr]    Compiling tracing v0.1.37
[INFO] [stderr]    Compiling futures-executor v0.3.28
[INFO] [stderr]    Compiling futures v0.3.28
[INFO] [stderr]    Compiling tokio-util v0.7.8
[INFO] [stderr]    Compiling tokio-rustls v0.24.1
[INFO] [stderr]    Compiling async-compression v0.4.2
[INFO] [stderr]    Compiling h2 v0.3.21
[INFO] [stderr]    Compiling smallvec v1.11.0
[INFO] [stderr]    Compiling glam v0.24.1
[INFO] [stderr]    Compiling compact_str v0.7.1
[INFO] [stderr]    Compiling chrono v0.4.30
[INFO] [stderr]    Compiling serde_urlencoded v0.7.1
[INFO] [stderr]    Compiling trust-dns-proto v0.23.0
[INFO] [stderr]    Compiling tracing-subscriber v0.3.17
[INFO] [stderr]    Compiling parking_lot v0.12.1
[INFO] [stderr]    Compiling bevy_utils v0.11.2
[INFO] [stderr]    Compiling simple_asn1 v0.5.4
[INFO] [stderr]    Compiling azalea-buf v0.8.0
[INFO] [stderr]    Compiling azalea-language v0.8.0
[INFO] [stdout] error[E0432]: unresolved import `thiserror`
[INFO] [stdout]    --> /opt/rustwide/cargo-home/registry/src/index.crates.io-6f17d22bba15001f/azalea-buf-0.8.0/src/read.rs:12:10
[INFO] [stdout]     |
[INFO] [stdout] 12  | #[derive(Error, Debug)]
[INFO] [stdout]     |          ^^^^^ no `ThiserrorProvide` in `__private`
[INFO] [stdout]     |
[INFO] [stdout] note: found an item that was configured out
[INFO] [stdout]    --> /opt/rustwide/cargo-home/registry/src/index.crates.io-6f17d22bba15001f/thiserror-1.0.48/src/lib.rs:256:29
[INFO] [stdout]     |
[INFO] [stdout] 256 |     pub use crate::provide::ThiserrorProvide;
[INFO] [stdout]     |                             ^^^^^^^^^^^^^^^^
[INFO] [stdout]     = note: this error originates in the derive macro `Error` (in Nightly builds, run with -Z macro-backtrace for more info)
[INFO] [stdout] 
[INFO] [stdout] 
[INFO] [stdout] error[E0554]: `#![feature]` may not be used on the beta release channel
[INFO] [stdout]  --> /opt/rustwide/cargo-home/registry/src/index.crates.io-6f17d22bba15001f/azalea-buf-0.8.0/src/lib.rs:2:1
[INFO] [stdout]   |
[INFO] [stdout] 2 | #![feature(min_specialization)]
[INFO] [stdout]   | ^^^^^^^^^^^^^^^^^^^^^^^^^^^^^^^
[INFO] [stdout] 
[INFO] [stdout] 
[INFO] [stdout] error[E0554]: `#![feature]` may not be used on the beta release channel
[INFO] [stdout]  --> /opt/rustwide/cargo-home/registry/src/index.crates.io-6f17d22bba15001f/azalea-buf-0.8.0/src/lib.rs:4:1
[INFO] [stdout]   |
[INFO] [stdout] 4 | #![feature(error_generic_member_access)]
[INFO] [stdout]   | ^^^^^^^^^^^^^^^^^^^^^^^^^^^^^^^^^^^^^^^^
[INFO] [stdout] 
[INFO] [stdout] 
[INFO] [stdout] error[E0554]: `#![feature]` may not be used on the beta release channel
[INFO] [stdout]  --> /opt/rustwide/cargo-home/registry/src/index.crates.io-6f17d22bba15001f/azalea-buf-0.8.0/src/lib.rs:4:12
[INFO] [stdout]   |
[INFO] [stdout] 4 | #![feature(error_generic_member_access)]
[INFO] [stdout]   |            ^^^^^^^^^^^^^^^^^^^^^^^^^^^
[INFO] [stdout] 
[INFO] [stdout] 
[INFO] [stdout] error[E0599]: no method named `thiserror_provide` found for reference `&std::io::Error` in the current scope
[INFO] [stdout]   --> /opt/rustwide/cargo-home/registry/src/index.crates.io-6f17d22bba15001f/azalea-buf-0.8.0/src/read.rs:26:9
[INFO] [stdout]    |
[INFO] [stdout] 26 |         source: std::io::Error,
[INFO] [stdout]    |         ^^^^^^ method not found in `&Error`
[INFO] [stdout] 
[INFO] [stdout] 
[INFO] [stdout] error[E0599]: no method named `thiserror_provide` found for reference `&serde_json::Error` in the current scope
[INFO] [stdout]   --> /opt/rustwide/cargo-home/registry/src/index.crates.io-6f17d22bba15001f/azalea-buf-0.8.0/src/read.rs:51:9
[INFO] [stdout]    |
[INFO] [stdout] 51 |         source: serde_json::Error,
[INFO] [stdout]    |         ^^^^^^ method not found in `&Error`
[INFO] [stdout] 
[INFO] [stdout] 
[INFO] [stdout] error: aborting due to 6 previous errors
[INFO] [stdout] 
[INFO] [stdout] 
[INFO] [stderr]    Compiling rsa_public_encrypt_pkcs1 v0.4.0
[INFO] [stdout] Some errors have detailed explanations: E0432, E0554, E0599.
[INFO] [stdout] 
[INFO] [stdout] For more information about an error, try `rustc --explain E0432`.
[INFO] [stdout] 
[INFO] [stderr] error: could not compile `azalea-buf` (lib) due to 7 previous errors
[INFO] [stderr] warning: build failed, waiting for other jobs to finish...
[INFO] running `Command { std: "docker" "inspect" "8d31920af0fbcc92691bc98e471d59f73d9d9197a4e075f59f9c8d3727320f83", kill_on_drop: false }`
[INFO] running `Command { std: "docker" "rm" "-f" "8d31920af0fbcc92691bc98e471d59f73d9d9197a4e075f59f9c8d3727320f83", kill_on_drop: false }`
[INFO] [stdout] 8d31920af0fbcc92691bc98e471d59f73d9d9197a4e075f59f9c8d3727320f83
