[INFO] fetching crate axum-sqlx-tx 0.7.0...
[INFO] testing axum-sqlx-tx-0.7.0 against 1.75.0 for beta-1.76-1
[INFO] extracting crate axum-sqlx-tx 0.7.0 into /workspace/builds/worker-4-tc1/source
[INFO] validating manifest of crates.io crate axum-sqlx-tx 0.7.0 on toolchain 1.75.0
[INFO] running `Command { std: CARGO_HOME="/workspace/cargo-home" RUSTUP_HOME="/workspace/rustup-home" "/workspace/cargo-home/bin/cargo" "+1.75.0" "metadata" "--manifest-path" "Cargo.toml" "--no-deps", kill_on_drop: false }`
[INFO] started tweaking crates.io crate axum-sqlx-tx 0.7.0
[INFO] finished tweaking crates.io crate axum-sqlx-tx 0.7.0
[INFO] tweaked toml for crates.io crate axum-sqlx-tx 0.7.0 written to /workspace/builds/worker-4-tc1/source/Cargo.toml
[INFO] crate crates.io crate axum-sqlx-tx 0.7.0 already has a lockfile, it will not be regenerated
[INFO] running `Command { std: CARGO_HOME="/workspace/cargo-home" RUSTUP_HOME="/workspace/rustup-home" "/workspace/cargo-home/bin/cargo" "+1.75.0" "fetch" "--manifest-path" "Cargo.toml", kill_on_drop: false }`
[INFO] [stderr]     Updating crates.io index
[INFO] [stderr]  Downloading crates ...
[INFO] [stderr]   Downloaded proc-macro2 v1.0.70
[INFO] [stderr]   Downloaded etcetera v0.8.0
[INFO] [stderr]   Downloaded sqlx-mysql v0.7.3
[INFO] [stderr]   Downloaded atomic-write-file v0.1.2
[INFO] [stderr]   Downloaded sqlx-macros-core v0.7.3
[INFO] [stderr]   Downloaded dotenvy v0.15.7
[INFO] [stderr]   Downloaded futures-intrusive v0.5.0
[INFO] [stderr]   Downloaded zerocopy v0.7.27
[INFO] [stderr]   Downloaded zerocopy-derive v0.7.27
[INFO] [stderr]   Downloaded openssl v0.10.60
[INFO] [stderr]   Downloaded sqlx v0.7.3
[INFO] [stderr]   Downloaded libsqlite3-sys v0.27.0
[INFO] [stderr]   Downloaded ring v0.17.6
[INFO] [stderr]   Downloaded rustls v0.21.9
[INFO] [stderr]   Downloaded rustix v0.38.26
[INFO] [stderr]   Downloaded openssl-sys v0.9.96
[INFO] [stderr]   Downloaded sqlx-core v0.7.3
[INFO] [stderr]   Downloaded sqlx-sqlite v0.7.3
[INFO] [stderr]   Downloaded serde_path_to_error v0.1.14
[INFO] [stderr]   Downloaded rsa v0.9.5
[INFO] [stderr]   Downloaded sqlx-postgres v0.7.3
[INFO] [stderr]   Downloaded sqlformat v0.2.2
[INFO] [stderr]   Downloaded sqlx-macros v0.7.3
[INFO] [stderr]   Downloaded atoi v2.0.0
[INFO] running `Command { std: "docker" "create" "-v" "/var/lib/crater-agent-workspace/builds/worker-4-tc1/target:/opt/rustwide/target:rw,Z" "-v" "/var/lib/crater-agent-workspace/builds/worker-4-tc1/source:/opt/rustwide/workdir:ro,Z" "-v" "/var/lib/crater-agent-workspace/cargo-home:/opt/rustwide/cargo-home:ro,Z" "-v" "/var/lib/crater-agent-workspace/rustup-home:/opt/rustwide/rustup-home:ro,Z" "-e" "SOURCE_DIR=/opt/rustwide/workdir" "-e" "CARGO_TARGET_DIR=/opt/rustwide/target" "-e" "CARGO_HOME=/opt/rustwide/cargo-home" "-e" "RUSTUP_HOME=/opt/rustwide/rustup-home" "-w" "/opt/rustwide/workdir" "-m" "1610612736" "--user" "0:0" "--network" "none" "ghcr.io/rust-lang/crates-build-env/linux@sha256:2788e3201cd34a07e3172128adcd8b3090168a8e3bcc40d7c032b9dda1df7d1c" "/opt/rustwide/cargo-home/bin/cargo" "+1.75.0" "metadata" "--no-deps" "--format-version=1", kill_on_drop: false }`
[INFO] [stdout] e3d40127f019b36d4383573c5ba6228a04a4b6e49dfa3952e2a62e50cb80c377
[INFO] running `Command { std: "docker" "start" "-a" "e3d40127f019b36d4383573c5ba6228a04a4b6e49dfa3952e2a62e50cb80c377", kill_on_drop: false }`
[INFO] running `Command { std: "docker" "inspect" "e3d40127f019b36d4383573c5ba6228a04a4b6e49dfa3952e2a62e50cb80c377", kill_on_drop: false }`
[INFO] running `Command { std: "docker" "rm" "-f" "e3d40127f019b36d4383573c5ba6228a04a4b6e49dfa3952e2a62e50cb80c377", kill_on_drop: false }`
[INFO] [stdout] e3d40127f019b36d4383573c5ba6228a04a4b6e49dfa3952e2a62e50cb80c377
[INFO] running `Command { std: "docker" "create" "-v" "/var/lib/crater-agent-workspace/builds/worker-4-tc1/target:/opt/rustwide/target:rw,Z" "-v" "/var/lib/crater-agent-workspace/builds/worker-4-tc1/source:/opt/rustwide/workdir:ro,Z" "-v" "/var/lib/crater-agent-workspace/cargo-home:/opt/rustwide/cargo-home:ro,Z" "-v" "/var/lib/crater-agent-workspace/rustup-home:/opt/rustwide/rustup-home:ro,Z" "-e" "SOURCE_DIR=/opt/rustwide/workdir" "-e" "CARGO_TARGET_DIR=/opt/rustwide/target" "-e" "CARGO_INCREMENTAL=0" "-e" "RUST_BACKTRACE=full" "-e" "RUSTFLAGS=--cap-lints=warn" "-e" "RUSTDOCFLAGS=--cap-lints=warn" "-e" "CARGO_HOME=/opt/rustwide/cargo-home" "-e" "RUSTUP_HOME=/opt/rustwide/rustup-home" "-w" "/opt/rustwide/workdir" "-m" "1610612736" "--user" "0:0" "--network" "none" "ghcr.io/rust-lang/crates-build-env/linux@sha256:2788e3201cd34a07e3172128adcd8b3090168a8e3bcc40d7c032b9dda1df7d1c" "/opt/rustwide/cargo-home/bin/cargo" "+1.75.0" "build" "--frozen" "--message-format=json", kill_on_drop: false }`
[INFO] [stdout] 8196c801a24442084b6b90592e8174c8616aa0a8bce2e3d27d20de3b507579bb
[INFO] running `Command { std: "docker" "start" "-a" "8196c801a24442084b6b90592e8174c8616aa0a8bce2e3d27d20de3b507579bb", kill_on_drop: false }`
[INFO] [stderr]    Compiling proc-macro2 v1.0.70
[INFO] [stderr]    Compiling libc v0.2.150
[INFO] [stderr]    Compiling once_cell v1.18.0
[INFO] [stderr]    Compiling futures-core v0.3.29
[INFO] [stderr]    Compiling serde v1.0.193
[INFO] [stderr]    Compiling parking_lot_core v0.9.9
[INFO] [stderr]    Compiling memchr v2.6.4
[INFO] [stderr]    Compiling tinyvec_macros v0.1.1
[INFO] [stderr]    Compiling zerocopy v0.7.27
[INFO] [stderr]    Compiling futures-task v0.3.29
[INFO] [stderr]    Compiling ahash v0.8.6
[INFO] [stderr]    Compiling lock_api v0.4.11
[INFO] [stderr]    Compiling futures-sink v0.3.29
[INFO] [stderr]    Compiling scopeguard v1.2.0
[INFO] [stderr]    Compiling allocator-api2 v0.2.16
[INFO] [stderr]    Compiling crossbeam-utils v0.8.16
[INFO] [stderr]    Compiling tinyvec v1.6.0
[INFO] [stderr]    Compiling rustversion v1.0.14
[INFO] [stderr]    Compiling futures-util v0.3.29
[INFO] [stderr]    Compiling smallvec v1.11.2
[INFO] [stderr]    Compiling crypto-common v0.1.6
[INFO] [stderr]    Compiling futures-channel v0.3.29
[INFO] [stderr]    Compiling unicode-bidi v0.3.13
[INFO] [stderr]    Compiling minimal-lexical v0.2.1
[INFO] [stderr]    Compiling paste v1.0.14
[INFO] [stderr]    Compiling crossbeam-queue v0.3.8
[INFO] [stderr]    Compiling futures-io v0.3.29
[INFO] [stderr]    Compiling thiserror v1.0.50
[INFO] [stderr]    Compiling digest v0.10.7
[INFO] [stderr]    Compiling tracing-core v0.1.32
[INFO] [stderr]    Compiling crc-catalog v2.4.0
[INFO] [stderr]    Compiling itoa v1.0.9
[INFO] [stderr]    Compiling nom v7.1.3
[INFO] [stderr]    Compiling async-trait v0.1.74
[INFO] [stderr]    Compiling cpufeatures v0.2.11
[INFO] [stderr]    Compiling unicode_categories v0.1.1
[INFO] [stderr]    Compiling sha2 v0.10.8
[INFO] [stderr]    Compiling http v0.2.11
[INFO] [stderr]    Compiling quote v1.0.33
[INFO] [stderr]    Compiling crc v3.0.1
[INFO] [stderr]    Compiling atoi v2.0.0
[INFO] [stderr]    Compiling event-listener v2.5.3
[INFO] [stderr]    Compiling byteorder v1.5.0
[INFO] [stderr]    Compiling syn v2.0.39
[INFO] [stderr]    Compiling unicode-normalization v0.1.22
[INFO] [stderr]    Compiling dotenvy v0.15.7
[INFO] [stderr]    Compiling tower-layer v0.3.2
[INFO] [stderr]    Compiling mime v0.3.17
[INFO] [stderr]    Compiling getrandom v0.2.11
[INFO] [stderr]    Compiling http-body v0.4.5
[INFO] [stderr]    Compiling parking_lot v0.12.1
[INFO] [stderr]    Compiling axum-core v0.3.4
[INFO] [stderr]    Compiling idna v0.5.0
[INFO] [stderr]    Compiling hashbrown v0.14.3
[INFO] [stderr]    Compiling futures-intrusive v0.5.0
[INFO] [stderr]    Compiling url v2.5.0
[INFO] [stderr]    Compiling indexmap v2.1.0
[INFO] [stderr]    Compiling hashlink v0.8.4
[INFO] [stderr]    Compiling serde_derive v1.0.193
[INFO] [stderr]    Compiling tracing-attributes v0.1.27
[INFO] [stderr]    Compiling thiserror-impl v1.0.50
[INFO] [stderr]    Compiling tracing v0.1.40
[INFO] [stderr]    Compiling either v1.9.0
[INFO] [stderr]    Compiling itertools v0.11.0
[INFO] [stderr]    Compiling sqlformat v0.2.2
[INFO] [stderr]    Compiling sqlx-core v0.7.3
[INFO] [stderr]    Compiling sqlx v0.7.3
[INFO] [stderr]    Compiling axum-sqlx-tx v0.7.0 (/opt/rustwide/workdir)
[INFO] [stderr]     Finished dev [unoptimized + debuginfo] target(s) in 28.26s
[INFO] running `Command { std: "docker" "inspect" "8196c801a24442084b6b90592e8174c8616aa0a8bce2e3d27d20de3b507579bb", kill_on_drop: false }`
[INFO] running `Command { std: "docker" "rm" "-f" "8196c801a24442084b6b90592e8174c8616aa0a8bce2e3d27d20de3b507579bb", kill_on_drop: false }`
[INFO] [stdout] 8196c801a24442084b6b90592e8174c8616aa0a8bce2e3d27d20de3b507579bb
[INFO] running `Command { std: "docker" "create" "-v" "/var/lib/crater-agent-workspace/builds/worker-4-tc1/target:/opt/rustwide/target:rw,Z" "-v" "/var/lib/crater-agent-workspace/builds/worker-4-tc1/source:/opt/rustwide/workdir:ro,Z" "-v" "/var/lib/crater-agent-workspace/cargo-home:/opt/rustwide/cargo-home:ro,Z" "-v" "/var/lib/crater-agent-workspace/rustup-home:/opt/rustwide/rustup-home:ro,Z" "-e" "SOURCE_DIR=/opt/rustwide/workdir" "-e" "CARGO_TARGET_DIR=/opt/rustwide/target" "-e" "CARGO_INCREMENTAL=0" "-e" "RUST_BACKTRACE=full" "-e" "RUSTFLAGS=--cap-lints=warn" "-e" "RUSTDOCFLAGS=--cap-lints=warn" "-e" "CARGO_HOME=/opt/rustwide/cargo-home" "-e" "RUSTUP_HOME=/opt/rustwide/rustup-home" "-w" "/opt/rustwide/workdir" "-m" "1610612736" "--user" "0:0" "--network" "none" "ghcr.io/rust-lang/crates-build-env/linux@sha256:2788e3201cd34a07e3172128adcd8b3090168a8e3bcc40d7c032b9dda1df7d1c" "/opt/rustwide/cargo-home/bin/cargo" "+1.75.0" "test" "--frozen" "--no-run" "--message-format=json", kill_on_drop: false }`
[INFO] [stdout] 2f66835a3a1565a172074ff205b1f0335b85683686421011ef2b28eef0291dbf
[INFO] running `Command { std: "docker" "start" "-a" "2f66835a3a1565a172074ff205b1f0335b85683686421011ef2b28eef0291dbf", kill_on_drop: false }`
[INFO] [stderr]    Compiling futures-channel v0.3.29
[INFO] [stderr]    Compiling tokio-macros v2.2.0
[INFO] [stderr]    Compiling socket2 v0.5.5
[INFO] [stderr]    Compiling mio v0.8.9
[INFO] [stderr]    Compiling num_cpus v1.16.0
[INFO] [stderr]    Compiling pin-project-internal v1.1.3
[INFO] [stderr]    Compiling serde_json v1.0.108
[INFO] [stderr]    Compiling ryu v1.0.15
[INFO] [stderr]    Compiling try-lock v0.2.4
[INFO] [stderr]    Compiling axum v0.6.20
[INFO] [stderr]    Compiling socket2 v0.4.10
[INFO] [stderr]    Compiling serde_path_to_error v0.1.14
[INFO] [stderr]    Compiling bitflags v1.3.2
[INFO] [stderr]    Compiling sync_wrapper v0.1.2
[INFO] [stderr]    Compiling matchit v0.7.3
[INFO] [stderr]    Compiling want v0.3.1
[INFO] [stderr]    Compiling serde_urlencoded v0.7.1
[INFO] [stderr]    Compiling sqlx-core v0.7.3
[INFO] [stderr]    Compiling tokio v1.34.0
[INFO] [stderr]    Compiling pin-project v1.1.3
[INFO] [stderr]    Compiling sqlx v0.7.3
[INFO] [stderr]    Compiling axum-sqlx-tx v0.7.0 (/opt/rustwide/workdir)
[INFO] [stderr]    Compiling tower v0.4.13
[INFO] [stderr]    Compiling hyper v0.14.27
[INFO] [stdout] error[E0432]: unresolved import `sqlx::sqlite`
[INFO] [stdout]  --> tests/lib.rs:3:12
[INFO] [stdout]   |
[INFO] [stdout] 3 | use sqlx::{sqlite::SqliteArguments, Arguments as _};
[INFO] [stdout]   |            ^^^^^^ could not find `sqlite` in `sqlx`
[INFO] [stdout] 
[INFO] [stdout] 
[INFO] [stdout] error[E0412]: cannot find type `Sqlite` in crate `sqlx`
[INFO] [stdout]    --> src/layer.rs:140:32
[INFO] [stdout]     |
[INFO] [stdout] 140 |         let state: State<sqlx::Sqlite> = todo!();
[INFO] [stdout]     |                                ^^^^^^ not found in `sqlx`
[INFO] [stdout]     |
[INFO] [stdout] note: found an item that was configured out
[INFO] [stdout]    --> /opt/rustwide/cargo-home/registry/src/index.crates.io-6f17d22bba15001f/sqlx-0.7.3/src/lib.rs:45:39
[INFO] [stdout]     |
[INFO] [stdout] 45  | pub use sqlx_sqlite::{self as sqlite, Sqlite, SqliteConnection, SqliteExecutor, SqlitePool};
[INFO] [stdout]     |                                       ^^^^^^
[INFO] [stdout]     = note: the item is gated behind the `sqlite` feature
[INFO] [stdout] 
[INFO] [stdout] 
[INFO] [stdout] error[E0433]: failed to resolve: could not find `SqlitePool` in `sqlx`
[INFO] [stdout]   --> examples/example.rs:14:22
[INFO] [stdout]    |
[INFO] [stdout] 14 |     let pool = sqlx::SqlitePool::connect("sqlite::memory:").await?;
[INFO] [stdout]    |                      ^^^^^^^^^^ could not find `SqlitePool` in `sqlx`
[INFO] [stdout] 
[INFO] [stdout] 
[INFO] [stdout] error[E0412]: cannot find type `Sqlite` in crate `sqlx`
[INFO] [stdout]   --> examples/example.rs:9:34
[INFO] [stdout]    |
[INFO] [stdout] 9  | type Tx = axum_sqlx_tx::Tx<sqlx::Sqlite>;
[INFO] [stdout]    |                                  ^^^^^^ not found in `sqlx`
[INFO] [stdout]    |
[INFO] [stdout] note: found an item that was configured out
[INFO] [stdout]   --> /opt/rustwide/cargo-home/registry/src/index.crates.io-6f17d22bba15001f/sqlx-0.7.3/src/lib.rs:45:39
[INFO] [stdout]    |
[INFO] [stdout] 45 | pub use sqlx_sqlite::{self as sqlite, Sqlite, SqliteConnection, SqliteExecutor, SqlitePool};
[INFO] [stdout]    |                                       ^^^^^^
[INFO] [stdout]    = note: the item is gated behind the `sqlite` feature
[INFO] [stdout] 
[INFO] [stdout] 
[INFO] [stdout] error[E0433]: failed to resolve: could not find `SqlitePool` in `sqlx`
[INFO] [stdout]   --> tests/lib.rs:77:22
[INFO] [stdout]    |
[INFO] [stdout] 77 |     let pool = sqlx::SqlitePool::connect("sqlite::memory:").await.unwrap();
[INFO] [stdout]    |                      ^^^^^^^^^^ could not find `SqlitePool` in `sqlx`
[INFO] [stdout] 
[INFO] [stdout] 
[INFO] [stdout] error[E0433]: failed to resolve: could not find `SqlitePool` in `sqlx`
[INFO] [stdout]    --> tests/lib.rs:145:22
[INFO] [stdout]     |
[INFO] [stdout] 145 |     let pool = sqlx::SqlitePool::connect("sqlite::memory:").await.unwrap();
[INFO] [stdout]     |                      ^^^^^^^^^^ could not find `SqlitePool` in `sqlx`
[INFO] [stdout] 
[INFO] [stdout] 
[INFO] [stdout] error[E0433]: failed to resolve: could not find `SqlitePool` in `sqlx`
[INFO] [stdout]    --> tests/lib.rs:168:22
[INFO] [stdout]     |
[INFO] [stdout] 168 |     let pool = sqlx::SqlitePool::connect("sqlite::memory:").await.unwrap();
[INFO] [stdout]     |                      ^^^^^^^^^^ could not find `SqlitePool` in `sqlx`
[INFO] [stdout] 
[INFO] [stdout] 
[INFO] [stdout] error[E0433]: failed to resolve: could not find `SqlitePool` in `sqlx`
[INFO] [stdout]    --> tests/lib.rs:214:22
[INFO] [stdout]     |
[INFO] [stdout] 214 |     let pool = sqlx::SqlitePool::connect("sqlite::memory:").await.unwrap();
[INFO] [stdout]     |                      ^^^^^^^^^^ could not find `SqlitePool` in `sqlx`
[INFO] [stdout] 
[INFO] [stdout] 
[INFO] [stdout] error[E0433]: failed to resolve: could not find `SqlitePool` in `sqlx`
[INFO] [stdout]    --> tests/lib.rs:279:24
[INFO] [stdout]     |
[INFO] [stdout] 279 |     let pool_a = sqlx::SqlitePool::connect("sqlite::memory:").await.unwrap();
[INFO] [stdout]     |                        ^^^^^^^^^^ could not find `SqlitePool` in `sqlx`
[INFO] [stdout] 
[INFO] [stdout] 
[INFO] [stdout] error[E0433]: failed to resolve: could not find `SqlitePool` in `sqlx`
[INFO] [stdout]    --> tests/lib.rs:280:24
[INFO] [stdout]     |
[INFO] [stdout] 280 |     let pool_b = sqlx::SqlitePool::connect("sqlite::memory:").await.unwrap();
[INFO] [stdout]     |                        ^^^^^^^^^^ could not find `SqlitePool` in `sqlx`
[INFO] [stdout] 
[INFO] [stdout] 
[INFO] [stdout] error[E0433]: failed to resolve: could not find `SqlitePool` in `sqlx`
[INFO] [stdout]    --> tests/lib.rs:380:22
[INFO] [stdout]     |
[INFO] [stdout] 380 |     let pool = sqlx::SqlitePool::connect("sqlite::memory:").await.unwrap();
[INFO] [stdout]     |                      ^^^^^^^^^^ could not find `SqlitePool` in `sqlx`
[INFO] [stdout] 
[INFO] [stdout] 
[INFO] [stdout] error[E0412]: cannot find type `Sqlite` in crate `sqlx`
[INFO] [stdout]   --> tests/lib.rs:6:34
[INFO] [stdout]    |
[INFO] [stdout] 6  | type Tx = axum_sqlx_tx::Tx<sqlx::Sqlite>;
[INFO] [stdout]    |                                  ^^^^^^ not found in `sqlx`
[INFO] [stdout]    |
[INFO] [stdout] note: found an item that was configured out
[INFO] [stdout]   --> /opt/rustwide/cargo-home/registry/src/index.crates.io-6f17d22bba15001f/sqlx-0.7.3/src/lib.rs:45:39
[INFO] [stdout]    |
[INFO] [stdout] 45 | pub use sqlx_sqlite::{self as sqlite, Sqlite, SqliteConnection, SqliteExecutor, SqlitePool};
[INFO] [stdout]    |                                       ^^^^^^
[INFO] [stdout]    = note: the item is gated behind the `sqlite` feature
[INFO] [stdout] 
[INFO] [stdout] 
[INFO] [stdout] error[E0412]: cannot find type `Sqlite` in crate `sqlx`
[INFO] [stdout]    --> tests/lib.rs:136:28
[INFO] [stdout]     |
[INFO] [stdout] 136 |         state: State<sqlx::Sqlite>,
[INFO] [stdout]     |                            ^^^^^^ not found in `sqlx`
[INFO] [stdout]     |
[INFO] [stdout] note: found an item that was configured out
[INFO] [stdout]    --> /opt/rustwide/cargo-home/registry/src/index.crates.io-6f17d22bba15001f/sqlx-0.7.3/src/lib.rs:45:39
[INFO] [stdout]     |
[INFO] [stdout] 45  | pub use sqlx_sqlite::{self as sqlite, Sqlite, SqliteConnection, SqliteExecutor, SqlitePool};
[INFO] [stdout]     |                                       ^^^^^^
[INFO] [stdout]     = note: the item is gated behind the `sqlite` feature
[INFO] [stdout] 
[INFO] [stdout] 
[INFO] [stdout] error[E0412]: cannot find type `Sqlite` in crate `sqlx`
[INFO] [stdout]    --> tests/lib.rs:139:63
[INFO] [stdout]     |
[INFO] [stdout] 139 |     impl axum_core::extract::FromRef<MyState> for State<sqlx::Sqlite> {
[INFO] [stdout]     |                                                               ^^^^^^ not found in `sqlx`
[INFO] [stdout]     |
[INFO] [stdout] note: found an item that was configured out
[INFO] [stdout]    --> /opt/rustwide/cargo-home/registry/src/index.crates.io-6f17d22bba15001f/sqlx-0.7.3/src/lib.rs:45:39
[INFO] [stdout]     |
[INFO] [stdout] 45  | pub use sqlx_sqlite::{self as sqlite, Sqlite, SqliteConnection, SqliteExecutor, SqlitePool};
[INFO] [stdout]     |                                       ^^^^^^
[INFO] [stdout]     = note: the item is gated behind the `sqlite` feature
[INFO] [stdout] 
[INFO] [stdout] 
[INFO] [stdout] error[E0412]: cannot find type `Sqlite` in crate `sqlx`
[INFO] [stdout]    --> tests/lib.rs:206:53
[INFO] [stdout]     |
[INFO] [stdout] 206 |         build_app(|_: Tx, _: axum_sqlx_tx::Tx<sqlx::Sqlite, MyExtractorError>| async move {}).await;
[INFO] [stdout]     |                                                     ^^^^^^ not found in `sqlx`
[INFO] [stdout]     |
[INFO] [stdout] note: found an item that was configured out
[INFO] [stdout]    --> /opt/rustwide/cargo-home/registry/src/index.crates.io-6f17d22bba15001f/sqlx-0.7.3/src/lib.rs:45:39
[INFO] [stdout]     |
[INFO] [stdout] 45  | pub use sqlx_sqlite::{self as sqlite, Sqlite, SqliteConnection, SqliteExecutor, SqlitePool};
[INFO] [stdout]     |                                       ^^^^^^
[INFO] [stdout]     = note: the item is gated behind the `sqlite` feature
[INFO] [stdout] 
[INFO] [stdout] 
[INFO] [stdout] error[E0412]: cannot find type `Sqlite` in crate `sqlx`
[INFO] [stdout]    --> tests/lib.rs:268:29
[INFO] [stdout]     |
[INFO] [stdout] 268 |         type Driver = sqlx::Sqlite;
[INFO] [stdout]     |                             ^^^^^^ not found in `sqlx`
[INFO] [stdout]     |
[INFO] [stdout] note: found an item that was configured out
[INFO] [stdout]    --> /opt/rustwide/cargo-home/registry/src/index.crates.io-6f17d22bba15001f/sqlx-0.7.3/src/lib.rs:45:39
[INFO] [stdout]     |
[INFO] [stdout] 45  | pub use sqlx_sqlite::{self as sqlite, Sqlite, SqliteConnection, SqliteExecutor, SqlitePool};
[INFO] [stdout]     |                                       ^^^^^^
[INFO] [stdout]     = note: the item is gated behind the `sqlite` feature
[INFO] [stdout] 
[INFO] [stdout] 
[INFO] [stdout] error[E0412]: cannot find type `Sqlite` in crate `sqlx`
[INFO] [stdout]    --> tests/lib.rs:275:29
[INFO] [stdout]     |
[INFO] [stdout] 275 |         type Driver = sqlx::Sqlite;
[INFO] [stdout]     |                             ^^^^^^ not found in `sqlx`
[INFO] [stdout]     |
[INFO] [stdout] note: found an item that was configured out
[INFO] [stdout]    --> /opt/rustwide/cargo-home/registry/src/index.crates.io-6f17d22bba15001f/sqlx-0.7.3/src/lib.rs:45:39
[INFO] [stdout]     |
[INFO] [stdout] 45  | pub use sqlx_sqlite::{self as sqlite, Sqlite, SqliteConnection, SqliteExecutor, SqlitePool};
[INFO] [stdout]     |                                       ^^^^^^
[INFO] [stdout]     = note: the item is gated behind the `sqlite` feature
[INFO] [stdout] 
[INFO] [stdout] 
[INFO] [stdout] error[E0412]: cannot find type `SqlitePool` in crate `sqlx`
[INFO] [stdout]    --> tests/lib.rs:363:33
[INFO] [stdout]     |
[INFO] [stdout] 363 | async fn get_users(pool: &sqlx::SqlitePool) -> Vec<(i32, String)> {
[INFO] [stdout]     |                                 ^^^^^^^^^^ not found in `sqlx`
[INFO] [stdout]     |
[INFO] [stdout] note: found an item that was configured out
[INFO] [stdout]    --> /opt/rustwide/cargo-home/registry/src/index.crates.io-6f17d22bba15001f/sqlx-0.7.3/src/lib.rs:45:81
[INFO] [stdout]     |
[INFO] [stdout] 45  | pub use sqlx_sqlite::{self as sqlite, Sqlite, SqliteConnection, SqliteExecutor, SqlitePool};
[INFO] [stdout]     |                                                                                 ^^^^^^^^^^
[INFO] [stdout]     = note: the item is gated behind the `sqlite` feature
[INFO] [stdout] 
[INFO] [stdout] 
[INFO] [stdout] error[E0412]: cannot find type `Sqlite` in crate `sqlx`
[INFO] [stdout]    --> tests/lib.rs:377:46
[INFO] [stdout]     |
[INFO] [stdout] 377 |     H: axum::handler::Handler<T, State<sqlx::Sqlite>, axum::body::Body>,
[INFO] [stdout]     |                                              ^^^^^^ not found in `sqlx`
[INFO] [stdout]     |
[INFO] [stdout] note: found an item that was configured out
[INFO] [stdout]    --> /opt/rustwide/cargo-home/registry/src/index.crates.io-6f17d22bba15001f/sqlx-0.7.3/src/lib.rs:45:39
[INFO] [stdout]     |
[INFO] [stdout] 45  | pub use sqlx_sqlite::{self as sqlite, Sqlite, SqliteConnection, SqliteExecutor, SqlitePool};
[INFO] [stdout]     |                                       ^^^^^^
[INFO] [stdout]     = note: the item is gated behind the `sqlite` feature
[INFO] [stdout] 
[INFO] [stdout] 
[INFO] [stdout] error[E0412]: cannot find type `SqlitePool` in crate `sqlx`
[INFO] [stdout]    --> tests/lib.rs:375:48
[INFO] [stdout]     |
[INFO] [stdout] 375 | async fn build_app<H, T>(handler: H) -> (sqlx::SqlitePool, Response)
[INFO] [stdout]     |                                                ^^^^^^^^^^ not found in `sqlx`
[INFO] [stdout]     |
[INFO] [stdout] note: found an item that was configured out
[INFO] [stdout]    --> /opt/rustwide/cargo-home/registry/src/index.crates.io-6f17d22bba15001f/sqlx-0.7.3/src/lib.rs:45:81
[INFO] [stdout]     |
[INFO] [stdout] 45  | pub use sqlx_sqlite::{self as sqlite, Sqlite, SqliteConnection, SqliteExecutor, SqlitePool};
[INFO] [stdout]     |                                                                                 ^^^^^^^^^^
[INFO] [stdout]     = note: the item is gated behind the `sqlite` feature
[INFO] [stdout] 
[INFO] [stdout] 
[INFO] [stdout] error: aborting due to 2 previous errors
[INFO] [stdout] 
[INFO] [stdout] 
[INFO] [stdout] Some errors have detailed explanations: E0412, E0433.
[INFO] [stdout] 
[INFO] [stdout] For more information about an error, try `rustc --explain E0412`.
[INFO] [stdout] 
[INFO] [stderr] error: could not compile `axum-sqlx-tx` (example "example") due to 3 previous errors
[INFO] [stderr] warning: build failed, waiting for other jobs to finish...
[INFO] [stdout] error: aborting due to previous error
[INFO] [stdout] 
[INFO] [stdout] 
[INFO] [stdout] For more information about this error, try `rustc --explain E0412`.
[INFO] [stdout] 
[INFO] [stderr] error: could not compile `axum-sqlx-tx` (lib test) due to 2 previous errors
[INFO] [stdout] error[E0277]: the trait bound `H: Handler<_, _, _>` is not satisfied
[INFO] [stdout]    --> tests/lib.rs:390:40
[INFO] [stdout]     |
[INFO] [stdout] 390 |         .route("/", axum::routing::get(handler))
[INFO] [stdout]     |                     ------------------ ^^^^^^^ the trait `Handler<_, _, _>` is not implemented for `H`
[INFO] [stdout]     |                     |
[INFO] [stdout]     |                     required by a bound introduced by this call
[INFO] [stdout]     |
[INFO] [stdout]     = help: the following other types implement trait `Handler<T, S, B>`:
[INFO] [stdout]               <T as Handler<handler::private::IntoResponseHandler, S, B>>
[INFO] [stdout]               <F as Handler<((),), S, B>>
[INFO] [stdout]               <F as Handler<(M, T1), S, B>>
[INFO] [stdout]               <F as Handler<(M, T1, T2), S, B>>
[INFO] [stdout]               <F as Handler<(M, T1, T2, T3), S, B>>
[INFO] [stdout]               <F as Handler<(M, T1, T2, T3, T4), S, B>>
[INFO] [stdout]               <F as Handler<(M, T1, T2, T3, T4, T5), S, B>>
[INFO] [stdout]               <F as Handler<(M, T1, T2, T3, T4, T5, T6), S, B>>
[INFO] [stdout]             and 10 others
[INFO] [stdout] note: required by a bound in `axum::routing::get`
[INFO] [stdout]    --> /opt/rustwide/cargo-home/registry/src/index.crates.io-6f17d22bba15001f/axum-0.6.20/src/routing/method_routing.rs:403:1
[INFO] [stdout]     |
[INFO] [stdout] 403 | top_level_handler_fn!(get, GET);
[INFO] [stdout]     | ^^^^^^^^^^^^^^^^^^^^^^---^^^^^^
[INFO] [stdout]     | |                     |
[INFO] [stdout]     | |                     required by a bound in this function
[INFO] [stdout]     | required by this bound in `get`
[INFO] [stdout]     = note: this error originates in the macro `top_level_handler_fn` (in Nightly builds, run with -Z macro-backtrace for more info)
[INFO] [stdout] 
[INFO] [stdout] 
[INFO] [stdout] error: aborting due to 18 previous errors
[INFO] [stdout] 
[INFO] [stdout] 
[INFO] [stdout] Some errors have detailed explanations: E0277, E0412, E0432, E0433.
[INFO] [stdout] 
[INFO] [stdout] For more information about an error, try `rustc --explain E0277`.
[INFO] [stdout] 
[INFO] [stderr] error: could not compile `axum-sqlx-tx` (test "lib") due to 19 previous errors
[INFO] running `Command { std: "docker" "inspect" "2f66835a3a1565a172074ff205b1f0335b85683686421011ef2b28eef0291dbf", kill_on_drop: false }`
[INFO] running `Command { std: "docker" "rm" "-f" "2f66835a3a1565a172074ff205b1f0335b85683686421011ef2b28eef0291dbf", kill_on_drop: false }`
[INFO] [stdout] 2f66835a3a1565a172074ff205b1f0335b85683686421011ef2b28eef0291dbf
