[INFO] fetching crate axum-help 0.1.2...
[INFO] testing axum-help-0.1.2 against 1.75.0 for beta-1.76-1
[INFO] extracting crate axum-help 0.1.2 into /workspace/builds/worker-5-tc1/source
[INFO] validating manifest of crates.io crate axum-help 0.1.2 on toolchain 1.75.0
[INFO] running `Command { std: CARGO_HOME="/workspace/cargo-home" RUSTUP_HOME="/workspace/rustup-home" "/workspace/cargo-home/bin/cargo" "+1.75.0" "metadata" "--manifest-path" "Cargo.toml" "--no-deps", kill_on_drop: false }`
[INFO] started tweaking crates.io crate axum-help 0.1.2
[INFO] finished tweaking crates.io crate axum-help 0.1.2
[INFO] tweaked toml for crates.io crate axum-help 0.1.2 written to /workspace/builds/worker-5-tc1/source/Cargo.toml
[INFO] running `Command { std: CARGO_HOME="/workspace/cargo-home" RUSTUP_HOME="/workspace/rustup-home" "/workspace/cargo-home/bin/cargo" "+1.75.0" "generate-lockfile" "--manifest-path" "Cargo.toml", kill_on_drop: false }`
[INFO] [stderr]     Updating crates.io index
[INFO] running `Command { std: CARGO_HOME="/workspace/cargo-home" RUSTUP_HOME="/workspace/rustup-home" "/workspace/cargo-home/bin/cargo" "+1.75.0" "fetch" "--manifest-path" "Cargo.toml", kill_on_drop: false }`
[INFO] [stderr]  Downloading crates ...
[INFO] [stderr]   Downloaded headers-core v0.2.0
[INFO] [stderr]   Downloaded serde_path_to_error v0.1.15
[INFO] [stderr]   Downloaded headers v0.3.9
[INFO] running `Command { std: "docker" "create" "-v" "/var/lib/crater-agent-workspace/builds/worker-5-tc1/target:/opt/rustwide/target:rw,Z" "-v" "/var/lib/crater-agent-workspace/builds/worker-5-tc1/source:/opt/rustwide/workdir:ro,Z" "-v" "/var/lib/crater-agent-workspace/cargo-home:/opt/rustwide/cargo-home:ro,Z" "-v" "/var/lib/crater-agent-workspace/rustup-home:/opt/rustwide/rustup-home:ro,Z" "-e" "SOURCE_DIR=/opt/rustwide/workdir" "-e" "CARGO_TARGET_DIR=/opt/rustwide/target" "-e" "CARGO_HOME=/opt/rustwide/cargo-home" "-e" "RUSTUP_HOME=/opt/rustwide/rustup-home" "-w" "/opt/rustwide/workdir" "-m" "1610612736" "--user" "0:0" "--network" "none" "ghcr.io/rust-lang/crates-build-env/linux@sha256:2788e3201cd34a07e3172128adcd8b3090168a8e3bcc40d7c032b9dda1df7d1c" "/opt/rustwide/cargo-home/bin/cargo" "+1.75.0" "metadata" "--no-deps" "--format-version=1", kill_on_drop: false }`
[INFO] [stdout] b6607ce3c3d8fd56b1e247f217778b29d5be38f90cf1240bbdc3d9d14f1a3e14
[INFO] running `Command { std: "docker" "start" "-a" "b6607ce3c3d8fd56b1e247f217778b29d5be38f90cf1240bbdc3d9d14f1a3e14", kill_on_drop: false }`
[INFO] running `Command { std: "docker" "inspect" "b6607ce3c3d8fd56b1e247f217778b29d5be38f90cf1240bbdc3d9d14f1a3e14", kill_on_drop: false }`
[INFO] running `Command { std: "docker" "rm" "-f" "b6607ce3c3d8fd56b1e247f217778b29d5be38f90cf1240bbdc3d9d14f1a3e14", kill_on_drop: false }`
[INFO] [stdout] b6607ce3c3d8fd56b1e247f217778b29d5be38f90cf1240bbdc3d9d14f1a3e14
[INFO] running `Command { std: "docker" "create" "-v" "/var/lib/crater-agent-workspace/builds/worker-5-tc1/target:/opt/rustwide/target:rw,Z" "-v" "/var/lib/crater-agent-workspace/builds/worker-5-tc1/source:/opt/rustwide/workdir:ro,Z" "-v" "/var/lib/crater-agent-workspace/cargo-home:/opt/rustwide/cargo-home:ro,Z" "-v" "/var/lib/crater-agent-workspace/rustup-home:/opt/rustwide/rustup-home:ro,Z" "-e" "SOURCE_DIR=/opt/rustwide/workdir" "-e" "CARGO_TARGET_DIR=/opt/rustwide/target" "-e" "CARGO_INCREMENTAL=0" "-e" "RUST_BACKTRACE=full" "-e" "RUSTFLAGS=--cap-lints=warn" "-e" "RUSTDOCFLAGS=--cap-lints=warn" "-e" "CARGO_HOME=/opt/rustwide/cargo-home" "-e" "RUSTUP_HOME=/opt/rustwide/rustup-home" "-w" "/opt/rustwide/workdir" "-m" "1610612736" "--user" "0:0" "--network" "none" "ghcr.io/rust-lang/crates-build-env/linux@sha256:2788e3201cd34a07e3172128adcd8b3090168a8e3bcc40d7c032b9dda1df7d1c" "/opt/rustwide/cargo-home/bin/cargo" "+1.75.0" "build" "--frozen" "--message-format=json", kill_on_drop: false }`
[INFO] [stdout] f41172f8ef68a431fef33a3a36a9727a4a519bc6ae7d0b8d7dfd7c2e1250d723
[INFO] running `Command { std: "docker" "start" "-a" "f41172f8ef68a431fef33a3a36a9727a4a519bc6ae7d0b8d7dfd7c2e1250d723", kill_on_drop: false }`
[INFO] [stderr]    Compiling rustversion v1.0.14
[INFO] [stderr]    Compiling futures-task v0.3.30
[INFO] [stderr]    Compiling async-trait v0.1.77
[INFO] [stderr]    Compiling tower-layer v0.3.2
[INFO] [stderr]    Compiling headers-core v0.2.0
[INFO] [stderr]    Compiling serde_path_to_error v0.1.15
[INFO] [stderr]    Compiling syn v2.0.48
[INFO] [stderr]    Compiling tokio v1.35.1
[INFO] [stderr]    Compiling serde_json v1.0.111
[INFO] [stderr]    Compiling sync_wrapper v0.1.2
[INFO] [stderr]    Compiling matchit v0.7.3
[INFO] [stderr]    Compiling headers v0.3.9
[INFO] [stderr]    Compiling futures-util v0.3.30
[INFO] [stderr]    Compiling axum-core v0.3.4
[INFO] [stderr]    Compiling axum v0.6.20
[INFO] [stderr]    Compiling hyper v0.14.28
[INFO] [stderr]    Compiling pin-project-internal v1.1.3
[INFO] [stderr]    Compiling pin-project v1.1.3
[INFO] [stderr]    Compiling tower v0.4.13
[INFO] [stderr]    Compiling axum-help v0.1.2 (/opt/rustwide/workdir)
[INFO] [stderr]     Finished dev [unoptimized + debuginfo] target(s) in 14.09s
[INFO] running `Command { std: "docker" "inspect" "f41172f8ef68a431fef33a3a36a9727a4a519bc6ae7d0b8d7dfd7c2e1250d723", kill_on_drop: false }`
[INFO] running `Command { std: "docker" "rm" "-f" "f41172f8ef68a431fef33a3a36a9727a4a519bc6ae7d0b8d7dfd7c2e1250d723", kill_on_drop: false }`
[INFO] [stdout] f41172f8ef68a431fef33a3a36a9727a4a519bc6ae7d0b8d7dfd7c2e1250d723
[INFO] running `Command { std: "docker" "create" "-v" "/var/lib/crater-agent-workspace/builds/worker-5-tc1/target:/opt/rustwide/target:rw,Z" "-v" "/var/lib/crater-agent-workspace/builds/worker-5-tc1/source:/opt/rustwide/workdir:ro,Z" "-v" "/var/lib/crater-agent-workspace/cargo-home:/opt/rustwide/cargo-home:ro,Z" "-v" "/var/lib/crater-agent-workspace/rustup-home:/opt/rustwide/rustup-home:ro,Z" "-e" "SOURCE_DIR=/opt/rustwide/workdir" "-e" "CARGO_TARGET_DIR=/opt/rustwide/target" "-e" "CARGO_INCREMENTAL=0" "-e" "RUST_BACKTRACE=full" "-e" "RUSTFLAGS=--cap-lints=warn" "-e" "RUSTDOCFLAGS=--cap-lints=warn" "-e" "CARGO_HOME=/opt/rustwide/cargo-home" "-e" "RUSTUP_HOME=/opt/rustwide/rustup-home" "-w" "/opt/rustwide/workdir" "-m" "1610612736" "--user" "0:0" "--network" "none" "ghcr.io/rust-lang/crates-build-env/linux@sha256:2788e3201cd34a07e3172128adcd8b3090168a8e3bcc40d7c032b9dda1df7d1c" "/opt/rustwide/cargo-home/bin/cargo" "+1.75.0" "test" "--frozen" "--no-run" "--message-format=json", kill_on_drop: false }`
[INFO] [stdout] 38218ee8ccefbed5415d2b651a5da1c315bde88f7489fbd38ab8c9da9d0cc4d9
[INFO] running `Command { std: "docker" "start" "-a" "38218ee8ccefbed5415d2b651a5da1c315bde88f7489fbd38ab8c9da9d0cc4d9", kill_on_drop: false }`
[INFO] [stderr]    Compiling axum-help v0.1.2 (/opt/rustwide/workdir)
[INFO] [stdout] error[E0433]: failed to resolve: use of undeclared crate or module `spa_rs`
[INFO] [stdout]    --> src/lib.rs:85:19
[INFO] [stdout]     |
[INFO] [stdout] 85  |         http_err!(spa_rs::http::StatusCode::INTERNAL_SERVER_ERROR, $msg)
[INFO] [stdout]     |                   ^^^^^^ use of undeclared crate or module `spa_rs`
[INFO] [stdout] ...
[INFO] [stdout] 189 |         assert_eq!(error, http_err!("aaa"));
[INFO] [stdout]     |                           ---------------- in this macro invocation
[INFO] [stdout]     |
[INFO] [stdout]     = note: this error originates in the macro `http_err` (in Nightly builds, run with -Z macro-backtrace for more info)
[INFO] [stdout] help: consider importing one of these items
[INFO] [stdout]     |
[INFO] [stdout] 175 +     use crate::StatusCode;
[INFO] [stdout]     |
[INFO] [stdout] 175 +     use http::StatusCode;
[INFO] [stdout]     |
[INFO] [stdout] 
[INFO] [stdout] 
[INFO] [stdout] error[E0433]: failed to resolve: use of undeclared crate or module `spa_rs`
[INFO] [stdout]    --> src/lib.rs:82:19
[INFO] [stdout]     |
[INFO] [stdout] 82  |         http_err!(spa_rs::http::StatusCode::INTERNAL_SERVER_ERROR, $fmt, $($args)+)
[INFO] [stdout]     |                   ^^^^^^ use of undeclared crate or module `spa_rs`
[INFO] [stdout] ...
[INFO] [stdout] 190 |         assert_eq!(error, http_err!("{}aa", "a"));
[INFO] [stdout]     |                           ---------------------- in this macro invocation
[INFO] [stdout]     |
[INFO] [stdout]     = note: this error originates in the macro `http_err` (in Nightly builds, run with -Z macro-backtrace for more info)
[INFO] [stdout] help: consider importing one of these items
[INFO] [stdout]     |
[INFO] [stdout] 175 +     use crate::StatusCode;
[INFO] [stdout]     |
[INFO] [stdout] 175 +     use http::StatusCode;
[INFO] [stdout]     |
[INFO] [stdout] 
[INFO] [stdout] 
[INFO] [stdout] error[E0433]: failed to resolve: use of undeclared crate or module `spa_rs`
[INFO] [stdout]    --> src/lib.rs:76:9
[INFO] [stdout]     |
[INFO] [stdout] 76  |         spa_rs::HttpError {
[INFO] [stdout]     |         ^^^^^^ use of undeclared crate or module `spa_rs`
[INFO] [stdout] ...
[INFO] [stdout] 184 |         assert_eq!(error, http_err!(StatusCode::INTERNAL_SERVER_ERROR, "aaa"));
[INFO] [stdout]     |                           --------------------------------------------------- in this macro invocation
[INFO] [stdout]     |
[INFO] [stdout]     = note: this error originates in the macro `http_err` (in Nightly builds, run with -Z macro-backtrace for more info)
[INFO] [stdout] 
[INFO] [stdout] 
[INFO] [stdout] error[E0433]: failed to resolve: use of undeclared crate or module `spa_rs`
[INFO] [stdout]    --> src/lib.rs:70:9
[INFO] [stdout]     |
[INFO] [stdout] 70  |         spa_rs::HttpError {
[INFO] [stdout]     |         ^^^^^^ use of undeclared crate or module `spa_rs`
[INFO] [stdout] ...
[INFO] [stdout] 187 |             http_err!(StatusCode::INTERNAL_SERVER_ERROR, "{}aa", "a")
[INFO] [stdout]     |             --------------------------------------------------------- in this macro invocation
[INFO] [stdout]     |
[INFO] [stdout]     = note: this error originates in the macro `http_err` (in Nightly builds, run with -Z macro-backtrace for more info)
[INFO] [stdout] 
[INFO] [stdout] 
[INFO] [stdout] error[E0433]: failed to resolve: use of undeclared crate or module `spa_rs`
[INFO] [stdout]    --> src/lib.rs:76:9
[INFO] [stdout]     |
[INFO] [stdout] 76  |         spa_rs::HttpError {
[INFO] [stdout]     |         ^^^^^^ use of undeclared crate or module `spa_rs`
[INFO] [stdout] ...
[INFO] [stdout] 189 |         assert_eq!(error, http_err!("aaa"));
[INFO] [stdout]     |                           ---------------- in this macro invocation
[INFO] [stdout]     |
[INFO] [stdout]     = note: this error originates in the macro `http_err` (in Nightly builds, run with -Z macro-backtrace for more info)
[INFO] [stdout] 
[INFO] [stdout] 
[INFO] [stdout] error[E0433]: failed to resolve: use of undeclared crate or module `spa_rs`
[INFO] [stdout]    --> src/lib.rs:70:9
[INFO] [stdout]     |
[INFO] [stdout] 70  |         spa_rs::HttpError {
[INFO] [stdout]     |         ^^^^^^ use of undeclared crate or module `spa_rs`
[INFO] [stdout] ...
[INFO] [stdout] 190 |         assert_eq!(error, http_err!("{}aa", "a"));
[INFO] [stdout]     |                           ---------------------- in this macro invocation
[INFO] [stdout]     |
[INFO] [stdout]     = note: this error originates in the macro `http_err` (in Nightly builds, run with -Z macro-backtrace for more info)
[INFO] [stdout] 
[INFO] [stdout] 
[INFO] [stdout] error: aborting due to 6 previous errors
[INFO] [stdout] 
[INFO] [stdout] 
[INFO] [stdout] For more information about this error, try `rustc --explain E0433`.
[INFO] [stdout] 
[INFO] [stderr] error: could not compile `axum-help` (lib test) due to 7 previous errors
[INFO] running `Command { std: "docker" "inspect" "38218ee8ccefbed5415d2b651a5da1c315bde88f7489fbd38ab8c9da9d0cc4d9", kill_on_drop: false }`
[INFO] running `Command { std: "docker" "rm" "-f" "38218ee8ccefbed5415d2b651a5da1c315bde88f7489fbd38ab8c9da9d0cc4d9", kill_on_drop: false }`
[INFO] [stdout] 38218ee8ccefbed5415d2b651a5da1c315bde88f7489fbd38ab8c9da9d0cc4d9
