[INFO] fetching crate axum-cometd 0.9.4...
[INFO] testing axum-cometd-0.9.4 against 1.75.0 for beta-1.76-1
[INFO] extracting crate axum-cometd 0.9.4 into /workspace/builds/worker-0-tc1/source
[INFO] validating manifest of crates.io crate axum-cometd 0.9.4 on toolchain 1.75.0
[INFO] running `Command { std: CARGO_HOME="/workspace/cargo-home" RUSTUP_HOME="/workspace/rustup-home" "/workspace/cargo-home/bin/cargo" "+1.75.0" "metadata" "--manifest-path" "Cargo.toml" "--no-deps", kill_on_drop: false }`
[INFO] started tweaking crates.io crate axum-cometd 0.9.4
[INFO] finished tweaking crates.io crate axum-cometd 0.9.4
[INFO] tweaked toml for crates.io crate axum-cometd 0.9.4 written to /workspace/builds/worker-0-tc1/source/Cargo.toml
[INFO] running `Command { std: CARGO_HOME="/workspace/cargo-home" RUSTUP_HOME="/workspace/rustup-home" "/workspace/cargo-home/bin/cargo" "+1.75.0" "generate-lockfile" "--manifest-path" "Cargo.toml", kill_on_drop: false }`
[INFO] [stderr]     Updating crates.io index
[INFO] running `Command { std: CARGO_HOME="/workspace/cargo-home" RUSTUP_HOME="/workspace/rustup-home" "/workspace/cargo-home/bin/cargo" "+1.75.0" "fetch" "--manifest-path" "Cargo.toml", kill_on_drop: false }`
[INFO] [stderr]  Downloading crates ...
[INFO] [stderr]   Downloaded cookie v0.17.0
[INFO] [stderr]   Downloaded axum-extra v0.7.7
[INFO] [stderr]   Downloaded async-broadcast v0.5.1
[INFO] [stderr]   Downloaded regex v1.8.4
[INFO] [stderr]   Downloaded serde_with v3.0.0
[INFO] [stderr]   Downloaded serde_with_macros v3.0.0
[INFO] running `Command { std: "docker" "create" "-v" "/var/lib/crater-agent-workspace/builds/worker-0-tc1/target:/opt/rustwide/target:rw,Z" "-v" "/var/lib/crater-agent-workspace/builds/worker-0-tc1/source:/opt/rustwide/workdir:ro,Z" "-v" "/var/lib/crater-agent-workspace/cargo-home:/opt/rustwide/cargo-home:ro,Z" "-v" "/var/lib/crater-agent-workspace/rustup-home:/opt/rustwide/rustup-home:ro,Z" "-e" "SOURCE_DIR=/opt/rustwide/workdir" "-e" "CARGO_TARGET_DIR=/opt/rustwide/target" "-e" "CARGO_HOME=/opt/rustwide/cargo-home" "-e" "RUSTUP_HOME=/opt/rustwide/rustup-home" "-w" "/opt/rustwide/workdir" "-m" "1610612736" "--user" "0:0" "--network" "none" "ghcr.io/rust-lang/crates-build-env/linux@sha256:2788e3201cd34a07e3172128adcd8b3090168a8e3bcc40d7c032b9dda1df7d1c" "/opt/rustwide/cargo-home/bin/cargo" "+1.75.0" "metadata" "--no-deps" "--format-version=1", kill_on_drop: false }`
[INFO] [stdout] 0934db49c0847a7d37b75d9c6a5892a7b20e572c26b5b390c04c915a3fca714b
[INFO] running `Command { std: "docker" "start" "-a" "0934db49c0847a7d37b75d9c6a5892a7b20e572c26b5b390c04c915a3fca714b", kill_on_drop: false }`
[INFO] running `Command { std: "docker" "inspect" "0934db49c0847a7d37b75d9c6a5892a7b20e572c26b5b390c04c915a3fca714b", kill_on_drop: false }`
[INFO] running `Command { std: "docker" "rm" "-f" "0934db49c0847a7d37b75d9c6a5892a7b20e572c26b5b390c04c915a3fca714b", kill_on_drop: false }`
[INFO] [stdout] 0934db49c0847a7d37b75d9c6a5892a7b20e572c26b5b390c04c915a3fca714b
[INFO] running `Command { std: "docker" "create" "-v" "/var/lib/crater-agent-workspace/builds/worker-0-tc1/target:/opt/rustwide/target:rw,Z" "-v" "/var/lib/crater-agent-workspace/builds/worker-0-tc1/source:/opt/rustwide/workdir:ro,Z" "-v" "/var/lib/crater-agent-workspace/cargo-home:/opt/rustwide/cargo-home:ro,Z" "-v" "/var/lib/crater-agent-workspace/rustup-home:/opt/rustwide/rustup-home:ro,Z" "-e" "SOURCE_DIR=/opt/rustwide/workdir" "-e" "CARGO_TARGET_DIR=/opt/rustwide/target" "-e" "CARGO_INCREMENTAL=0" "-e" "RUST_BACKTRACE=full" "-e" "RUSTFLAGS=--cap-lints=warn" "-e" "RUSTDOCFLAGS=--cap-lints=warn" "-e" "CARGO_HOME=/opt/rustwide/cargo-home" "-e" "RUSTUP_HOME=/opt/rustwide/rustup-home" "-w" "/opt/rustwide/workdir" "-m" "1610612736" "--user" "0:0" "--network" "none" "ghcr.io/rust-lang/crates-build-env/linux@sha256:2788e3201cd34a07e3172128adcd8b3090168a8e3bcc40d7c032b9dda1df7d1c" "/opt/rustwide/cargo-home/bin/cargo" "+1.75.0" "build" "--frozen" "--message-format=json", kill_on_drop: false }`
[INFO] [stdout] 1ae3590214b3116d1c3d180b69d674ac19dbc7f8bf19b91a222a06e1de4fb7a3
[INFO] running `Command { std: "docker" "start" "-a" "1ae3590214b3116d1c3d180b69d674ac19dbc7f8bf19b91a222a06e1de4fb7a3", kill_on_drop: false }`
[INFO] [stderr]    Compiling serde v1.0.194
[INFO] [stderr]    Compiling futures-task v0.3.30
[INFO] [stderr]    Compiling ident_case v1.0.1
[INFO] [stderr]    Compiling libc v0.2.151
[INFO] [stderr]    Compiling strsim v0.10.0
[INFO] [stderr]    Compiling async-trait v0.1.77
[INFO] [stderr]    Compiling tower-layer v0.3.2
[INFO] [stderr]    Compiling serde_json v1.0.111
[INFO] [stderr]    Compiling time-macros v0.2.16
[INFO] [stderr]    Compiling axum-core v0.3.4
[INFO] [stderr]    Compiling axum v0.6.20
[INFO] [stderr]    Compiling cookie v0.17.0
[INFO] [stderr]    Compiling serde_derive v1.0.194
[INFO] [stderr]    Compiling pin-project-internal v1.1.3
[INFO] [stderr]    Compiling tokio v1.35.1
[INFO] [stderr]    Compiling mime v0.3.17
[INFO] [stderr]    Compiling futures-util v0.3.30
[INFO] [stderr]    Compiling sync_wrapper v0.1.2
[INFO] [stderr]    Compiling matchit v0.7.3
[INFO] [stderr]    Compiling thiserror-impl v1.0.56
[INFO] [stderr]    Compiling darling_core v0.20.3
[INFO] [stderr]    Compiling regex-syntax v0.7.5
[INFO] [stderr]    Compiling event-listener v2.5.3
[INFO] [stderr]    Compiling async-broadcast v0.5.1
[INFO] [stderr]    Compiling getrandom v0.2.11
[INFO] [stderr]    Compiling rand_core v0.6.4
[INFO] [stderr]    Compiling ahash v0.8.7
[INFO] [stderr]    Compiling rand_chacha v0.3.1
[INFO] [stderr]    Compiling rand v0.8.5
[INFO] [stderr]    Compiling pin-project v1.1.3
[INFO] [stderr]    Compiling regex v1.8.4
[INFO] [stderr]    Compiling tower v0.4.13
[INFO] [stderr]    Compiling time v0.3.31
[INFO] [stderr]    Compiling thiserror v1.0.56
[INFO] [stderr]    Compiling hyper v0.14.28
[INFO] [stderr]    Compiling darling_macro v0.20.3
[INFO] [stderr]    Compiling darling v0.20.3
[INFO] [stderr]    Compiling serde_with_macros v3.0.0
[INFO] [stderr]    Compiling serde_path_to_error v0.1.15
[INFO] [stderr]    Compiling serde_with v3.0.0
[INFO] [stderr]    Compiling axum-extra v0.7.7
[INFO] [stderr]    Compiling axum-cometd v0.9.4 (/opt/rustwide/workdir)
[INFO] [stderr]     Finished dev [unoptimized + debuginfo] target(s) in 27.20s
[INFO] running `Command { std: "docker" "inspect" "1ae3590214b3116d1c3d180b69d674ac19dbc7f8bf19b91a222a06e1de4fb7a3", kill_on_drop: false }`
[INFO] running `Command { std: "docker" "rm" "-f" "1ae3590214b3116d1c3d180b69d674ac19dbc7f8bf19b91a222a06e1de4fb7a3", kill_on_drop: false }`
[INFO] [stdout] 1ae3590214b3116d1c3d180b69d674ac19dbc7f8bf19b91a222a06e1de4fb7a3
[INFO] running `Command { std: "docker" "create" "-v" "/var/lib/crater-agent-workspace/builds/worker-0-tc1/target:/opt/rustwide/target:rw,Z" "-v" "/var/lib/crater-agent-workspace/builds/worker-0-tc1/source:/opt/rustwide/workdir:ro,Z" "-v" "/var/lib/crater-agent-workspace/cargo-home:/opt/rustwide/cargo-home:ro,Z" "-v" "/var/lib/crater-agent-workspace/rustup-home:/opt/rustwide/rustup-home:ro,Z" "-e" "SOURCE_DIR=/opt/rustwide/workdir" "-e" "CARGO_TARGET_DIR=/opt/rustwide/target" "-e" "CARGO_INCREMENTAL=0" "-e" "RUST_BACKTRACE=full" "-e" "RUSTFLAGS=--cap-lints=warn" "-e" "RUSTDOCFLAGS=--cap-lints=warn" "-e" "CARGO_HOME=/opt/rustwide/cargo-home" "-e" "RUSTUP_HOME=/opt/rustwide/rustup-home" "-w" "/opt/rustwide/workdir" "-m" "1610612736" "--user" "0:0" "--network" "none" "ghcr.io/rust-lang/crates-build-env/linux@sha256:2788e3201cd34a07e3172128adcd8b3090168a8e3bcc40d7c032b9dda1df7d1c" "/opt/rustwide/cargo-home/bin/cargo" "+1.75.0" "test" "--frozen" "--no-run" "--message-format=json", kill_on_drop: false }`
[INFO] [stdout] 3e6f7ec7955056c9ecaf260012f03d8095a8df3f2863731ef532eeadd9e7fdaf
[INFO] running `Command { std: "docker" "start" "-a" "3e6f7ec7955056c9ecaf260012f03d8095a8df3f2863731ef532eeadd9e7fdaf", kill_on_drop: false }`
[INFO] [stderr]    Compiling axum-cometd v0.9.4 (/opt/rustwide/workdir)
[INFO] [stdout] error[E0432]: unresolved import `test_common`
[INFO] [stdout]  --> tests/test_subscribe.rs:5:5
[INFO] [stdout]   |
[INFO] [stdout] 5 | use test_common::{ClientMock, ResponseExt};
[INFO] [stdout]   |     ^^^^^^^^^^^ use of undeclared crate or module `test_common`
[INFO] [stdout] 
[INFO] [stdout] 
[INFO] [stdout] error[E0432]: unresolved import `test_common`
[INFO] [stdout]  --> tests/test_client_timeout.rs:5:5
[INFO] [stdout]   |
[INFO] [stdout] 5 | use test_common::ClientMock;
[INFO] [stdout]   |     ^^^^^^^^^^^ use of undeclared crate or module `test_common`
[INFO] [stdout] 
[INFO] [stdout] 
[INFO] [stdout] error[E0432]: unresolved import `test_common`
[INFO] [stdout]  --> tests/test_wildcards.rs:8:5
[INFO] [stdout]   |
[INFO] [stdout] 8 | use test_common::ClientMock;
[INFO] [stdout]   |     ^^^^^^^^^^^ use of undeclared crate or module `test_common`
[INFO] [stdout] 
[INFO] [stdout] 
[INFO] [stdout] error[E0432]: unresolved import `test_common`
[INFO] [stdout]  --> tests/test_publish.rs:9:5
[INFO] [stdout]   |
[INFO] [stdout] 9 | use test_common::{ClientMock, ResponseExt as _, TEST_CLIENT_ID};
[INFO] [stdout]   |     ^^^^^^^^^^^ use of undeclared crate or module `test_common`
[INFO] [stdout] 
[INFO] [stdout] 
[INFO] [stdout] error[E0432]: unresolved import `test_common`
[INFO] [stdout]  --> tests/test_disconnect.rs:5:5
[INFO] [stdout]   |
[INFO] [stdout] 5 | use test_common::{ClientMock, ResponseExt};
[INFO] [stdout]   |     ^^^^^^^^^^^ use of undeclared crate or module `test_common`
[INFO] [stdout] 
[INFO] [stdout] 
[INFO] [stdout] error[E0432]: unresolved import `test_common`
[INFO] [stdout]  --> tests/test_handshake.rs:5:5
[INFO] [stdout]   |
[INFO] [stdout] 5 | use test_common::{ClientMock, ResponseExt};
[INFO] [stdout]   |     ^^^^^^^^^^^ use of undeclared crate or module `test_common`
[INFO] [stdout] 
[INFO] [stdout] 
[INFO] [stdout] error[E0432]: unresolved import `test_common`
[INFO] [stdout]  --> tests/test_router.rs:5:5
[INFO] [stdout]   |
[INFO] [stdout] 5 | use test_common::*;
[INFO] [stdout]   |     ^^^^^^^^^^^ use of undeclared crate or module `test_common`
[INFO] [stdout] 
[INFO] [stdout] 
[INFO] [stdout] error[E0432]: unresolved import `test_common`
[INFO] [stdout]  --> tests/test_connect.rs:6:5
[INFO] [stdout]   |
[INFO] [stdout] 6 | use test_common::{ClientMock, ResponseExt as _, TEST_CLIENT_ID};
[INFO] [stdout]   |     ^^^^^^^^^^^ use of undeclared crate or module `test_common`
[INFO] [stdout] 
[INFO] [stdout] 
[INFO] [stdout] error: aborting due to previous error
[INFO] [stdout] 
[INFO] [stdout] 
[INFO] [stdout] error: aborting due to previous error
[INFO] [stdout] 
[INFO] [stdout] 
[INFO] [stdout] For more information about this error, try `rustc --explain E0432`.
[INFO] [stdout] 
[INFO] [stderr] error: could not compile `axum-cometd` (test "test_disconnect") due to 2 previous errors
[INFO] [stderr] warning: build failed, waiting for other jobs to finish...
[INFO] [stdout] For more information about this error, try `rustc --explain E0432`.
[INFO] [stdout] 
[INFO] [stderr] error: could not compile `axum-cometd` (test "test_handshake") due to 2 previous errors
[INFO] [stdout] error[E0432]: unresolved import `test_common`
[INFO] [stdout]  --> src/utils/test/test_get_wildnames.rs:2:5
[INFO] [stdout]   |
[INFO] [stdout] 2 | use test_common::TEST_WILDNAMES;
[INFO] [stdout]   |     ^^^^^^^^^^^ use of undeclared crate or module `test_common`
[INFO] [stdout] 
[INFO] [stdout] 
[INFO] [stdout] error[E0432]: unresolved import `test_common`
[INFO] [stdout]  --> src/utils/test/test_send_channel_name_validation.rs:2:5
[INFO] [stdout]   |
[INFO] [stdout] 2 | use test_common::TEST_SEND_CHANNEL_NAMES;
[INFO] [stdout]   |     ^^^^^^^^^^^ use of undeclared crate or module `test_common`
[INFO] [stdout] 
[INFO] [stdout] 
[INFO] [stdout] error[E0432]: unresolved import `test_common`
[INFO] [stdout]  --> src/utils/test/test_subscribe_channel_name_validation.rs:2:5
[INFO] [stdout]   |
[INFO] [stdout] 2 | use test_common::TEST_SUBSCRIBE_CHANNEL_NAMES;
[INFO] [stdout]   |     ^^^^^^^^^^^ use of undeclared crate or module `test_common`
[INFO] [stdout] 
[INFO] [stdout] 
[INFO] [stdout] error[E0432]: unresolved import `test_common`
[INFO] [stdout]   --> src/utils/wildnames.rs:34:9
[INFO] [stdout]    |
[INFO] [stdout] 34 |     use test_common::TEST_WILDNAMES;
[INFO] [stdout]    |         ^^^^^^^^^^^ use of undeclared crate or module `test_common`
[INFO] [stdout] 
[INFO] [stdout] 
[INFO] [stdout] error: aborting due to previous error
[INFO] [stdout] 
[INFO] [stdout] 
[INFO] [stdout] For more information about this error, try `rustc --explain E0432`.
[INFO] [stdout] 
[INFO] [stderr] error: could not compile `axum-cometd` (test "test_client_timeout") due to 2 previous errors
[INFO] [stdout] error: aborting due to previous error
[INFO] [stdout] 
[INFO] [stdout] 
[INFO] [stdout] For more information about this error, try `rustc --explain E0432`.
[INFO] [stdout] 
[INFO] [stdout] error[E0282]: type annotations needed
[INFO] [stdout]    --> tests/test_connect.rs:184:40
[INFO] [stdout]     |
[INFO] [stdout] 184 |     let ((id0, resp0), (id1, resp1)) = join!(connect(), connect());
[INFO] [stdout]     |                                        ^^^^^^^^^^^^^^^^^^^^^^^^^^^ cannot infer type
[INFO] [stdout]     |
[INFO] [stdout]     = note: this error originates in the macro `$crate::join` which comes from the expansion of the macro `join` (in Nightly builds, run with -Z macro-backtrace for more info)
[INFO] [stdout] 
[INFO] [stdout] 
[INFO] [stdout] error: aborting due to previous error
[INFO] [stdout] 
[INFO] [stdout] 
[INFO] [stdout] For more information about this error, try `rustc --explain E0432`.
[INFO] [stdout] 
[INFO] [stderr] error: could not compile `axum-cometd` (test "test_publish") due to 2 previous errors
[INFO] [stderr] error: could not compile `axum-cometd` (test "test_subscribe") due to 2 previous errors
[INFO] [stdout] error[E0433]: failed to resolve: use of undeclared type `ClientMock`
[INFO] [stdout]   --> tests/test_router.rs:27:27
[INFO] [stdout]    |
[INFO] [stdout] 27 |     let mut mock_client = ClientMock::create(
[INFO] [stdout]    |                           ^^^^^^^^^^ use of undeclared type `ClientMock`
[INFO] [stdout] 
[INFO] [stdout] 
[INFO] [stdout] error[E0433]: failed to resolve: use of undeclared type `ClientMock`
[INFO] [stdout]   --> tests/test_router.rs:70:27
[INFO] [stdout]    |
[INFO] [stdout] 70 |     let mut mock_client = ClientMock::create("", "/", "", "", router);
[INFO] [stdout]    |                           ^^^^^^^^^^ use of undeclared type `ClientMock`
[INFO] [stdout] 
[INFO] [stdout] 
[INFO] [stdout] error: aborting due to 3 previous errors
[INFO] [stdout] 
[INFO] [stdout] 
[INFO] [stdout] Some errors have detailed explanations: E0432, E0433.
[INFO] [stdout] 
[INFO] [stdout] For more information about an error, try `rustc --explain E0432`.
[INFO] [stdout] 
[INFO] [stderr] error: could not compile `axum-cometd` (test "test_router") due to 4 previous errors
[INFO] [stdout] error: aborting due to previous error
[INFO] [stdout] 
[INFO] [stdout] 
[INFO] [stdout] For more information about this error, try `rustc --explain E0432`.
[INFO] [stdout] 
[INFO] [stderr] error: could not compile `axum-cometd` (test "test_wildcards") due to 2 previous errors
[INFO] [stdout] error[E0599]: no method named `poll` found for struct `Pin<_>` in the current scope
[INFO] [stdout]    --> tests/test_connect.rs:184:40
[INFO] [stdout]     |
[INFO] [stdout] 184 |     let ((id0, resp0), (id1, resp1)) = join!(connect(), connect());
[INFO] [stdout]     |                                        ^^^^^^^^^^^^^^^^^^^^^^^^^^^ method not found in `Pin<_>`
[INFO] [stdout]     |
[INFO] [stdout] note: method is available for `Pin<&mut _>`
[INFO] [stdout]    --> /rustc/82e1608dfa6e0b5569232559e3d385fea5a93112/library/core/src/future/future.rs:105:5
[INFO] [stdout] note: method is available for `Pin<&_>`
[INFO] [stdout]    --> /rustc/82e1608dfa6e0b5569232559e3d385fea5a93112/library/core/src/future/future.rs:105:5
[INFO] [stdout]     = note: this error originates in the macro `$crate::join` which comes from the expansion of the macro `join` (in Nightly builds, run with -Z macro-backtrace for more info)
[INFO] [stdout] 
[INFO] [stdout] 
[INFO] [stdout] error[E0282]: type annotations needed
[INFO] [stdout]    --> tests/test_connect.rs:184:40
[INFO] [stdout]     |
[INFO] [stdout] 184 |     let ((id0, resp0), (id1, resp1)) = join!(connect(), connect());
[INFO] [stdout]     |                                        ^^^^^^^^^^^^^^^^^^^^^^^^^^^ cannot infer type
[INFO] [stdout]     |
[INFO] [stdout]     = note: this error originates in the macro `$crate::join` which comes from the expansion of the macro `join` (in Nightly builds, run with -Z macro-backtrace for more info)
[INFO] [stdout] 
[INFO] [stdout] 
[INFO] [stdout] error[E0599]: no method named `take_output` found for struct `Pin<_>` in the current scope
[INFO] [stdout]    --> tests/test_connect.rs:184:40
[INFO] [stdout]     |
[INFO] [stdout] 184 |     let ((id0, resp0), (id1, resp1)) = join!(connect(), connect());
[INFO] [stdout]     |                                        ^^^^^^^^^^^^^^^^^^^^^^^^^^^ method not found in `Pin<_>`
[INFO] [stdout]     |
[INFO] [stdout]     = note: this error originates in the macro `$crate::join` which comes from the expansion of the macro `join` (in Nightly builds, run with -Z macro-backtrace for more info)
[INFO] [stdout] 
[INFO] [stdout] 
[INFO] [stdout] error: aborting due to 5 previous errors
[INFO] [stdout] 
[INFO] [stdout] 
[INFO] [stdout] Some errors have detailed explanations: E0282, E0432, E0599.
[INFO] [stdout] 
[INFO] [stdout] For more information about an error, try `rustc --explain E0282`.
[INFO] [stdout] 
[INFO] [stderr] error: could not compile `axum-cometd` (test "test_connect") due to 6 previous errors
[INFO] [stdout] error: aborting due to 4 previous errors
[INFO] [stdout] 
[INFO] [stdout] 
[INFO] [stdout] For more information about this error, try `rustc --explain E0432`.
[INFO] [stdout] 
[INFO] [stderr] error: could not compile `axum-cometd` (lib test) due to 5 previous errors
[INFO] running `Command { std: "docker" "inspect" "3e6f7ec7955056c9ecaf260012f03d8095a8df3f2863731ef532eeadd9e7fdaf", kill_on_drop: false }`
[INFO] running `Command { std: "docker" "rm" "-f" "3e6f7ec7955056c9ecaf260012f03d8095a8df3f2863731ef532eeadd9e7fdaf", kill_on_drop: false }`
[INFO] [stdout] 3e6f7ec7955056c9ecaf260012f03d8095a8df3f2863731ef532eeadd9e7fdaf
