[INFO] fetching crate axon-tools 0.1.1...
[INFO] testing axon-tools-0.1.1 against 1.75.0 for beta-1.76-1
[INFO] extracting crate axon-tools 0.1.1 into /workspace/builds/worker-7-tc1/source
[INFO] validating manifest of crates.io crate axon-tools 0.1.1 on toolchain 1.75.0
[INFO] running `Command { std: CARGO_HOME="/workspace/cargo-home" RUSTUP_HOME="/workspace/rustup-home" "/workspace/cargo-home/bin/cargo" "+1.75.0" "metadata" "--manifest-path" "Cargo.toml" "--no-deps", kill_on_drop: false }`
[INFO] started tweaking crates.io crate axon-tools 0.1.1
[INFO] finished tweaking crates.io crate axon-tools 0.1.1
[INFO] tweaked toml for crates.io crate axon-tools 0.1.1 written to /workspace/builds/worker-7-tc1/source/Cargo.toml
[INFO] running `Command { std: CARGO_HOME="/workspace/cargo-home" RUSTUP_HOME="/workspace/rustup-home" "/workspace/cargo-home/bin/cargo" "+1.75.0" "generate-lockfile" "--manifest-path" "Cargo.toml", kill_on_drop: false }`
[INFO] [stderr]     Updating crates.io index
[INFO] running `Command { std: CARGO_HOME="/workspace/cargo-home" RUSTUP_HOME="/workspace/rustup-home" "/workspace/cargo-home/bin/cargo" "+1.75.0" "fetch" "--manifest-path" "Cargo.toml", kill_on_drop: false }`
[INFO] [stderr]     Blocking waiting for file lock on package cache
[INFO] [stderr]  Downloading crates ...
[INFO] [stderr]   Downloaded hasher v0.1.4
[INFO] [stderr]   Downloaded fixed-hash v0.8.0
[INFO] [stderr]   Downloaded ethereum v0.14.0
[INFO] [stderr]   Downloaded impl-rlp v0.3.0
[INFO] [stderr]   Downloaded rlp v0.5.2
[INFO] [stderr]   Downloaded ethbloom v0.13.0
[INFO] [stderr]   Downloaded rlp-derive v0.1.0
[INFO] [stderr]   Downloaded impl-codec v0.6.0
[INFO] [stderr]   Downloaded faster-hex v0.6.1
[INFO] [stderr]   Downloaded scale-info-derive v2.10.0
[INFO] [stderr]   Downloaded impl-serde v0.4.0
[INFO] [stderr]   Downloaded scale-info v2.10.0
[INFO] [stderr]   Downloaded blst v0.3.11
[INFO] [stderr]   Downloaded trackable v0.2.24
[INFO] [stderr]   Downloaded trackable v1.3.0
[INFO] [stderr]   Downloaded hash-db v0.15.2
[INFO] [stderr]   Downloaded primitive-types v0.12.2
[INFO] [stderr]   Downloaded rustc-hex v2.1.0
[INFO] [stderr]   Downloaded hummer v0.2.0
[INFO] [stderr]   Downloaded rustracing v0.5.1
[INFO] [stderr]   Downloaded prime_tools v0.3.4
[INFO] [stderr]   Downloaded trackable_derive v1.0.0
[INFO] [stderr]   Downloaded ethereum-types v0.14.1
[INFO] [stderr]   Downloaded rand_pcg v0.3.1
[INFO] [stderr]   Downloaded hash256-std-hasher v0.15.2
[INFO] [stderr]   Downloaded triehash v0.8.4
[INFO] [stderr]   Downloaded muta-apm v0.1.0
[INFO] [stderr]   Downloaded creep v0.2.2
[INFO] [stderr]   Downloaded muta-apm-derive v0.1.0
[INFO] [stderr]   Downloaded thrift_codec v0.1.1
[INFO] [stderr]   Downloaded libmath v0.1.4
[INFO] [stderr]   Downloaded cita_trie v4.1.0
[INFO] [stderr]   Downloaded overlord v0.4.2
[INFO] [stderr]   Downloaded rustracing_jaeger v0.7.0
[INFO] running `Command { std: "docker" "create" "-v" "/var/lib/crater-agent-workspace/builds/worker-7-tc1/target:/opt/rustwide/target:rw,Z" "-v" "/var/lib/crater-agent-workspace/builds/worker-7-tc1/source:/opt/rustwide/workdir:ro,Z" "-v" "/var/lib/crater-agent-workspace/cargo-home:/opt/rustwide/cargo-home:ro,Z" "-v" "/var/lib/crater-agent-workspace/rustup-home:/opt/rustwide/rustup-home:ro,Z" "-e" "SOURCE_DIR=/opt/rustwide/workdir" "-e" "CARGO_TARGET_DIR=/opt/rustwide/target" "-e" "CARGO_HOME=/opt/rustwide/cargo-home" "-e" "RUSTUP_HOME=/opt/rustwide/rustup-home" "-w" "/opt/rustwide/workdir" "-m" "1610612736" "--user" "0:0" "--network" "none" "ghcr.io/rust-lang/crates-build-env/linux@sha256:2788e3201cd34a07e3172128adcd8b3090168a8e3bcc40d7c032b9dda1df7d1c" "/opt/rustwide/cargo-home/bin/cargo" "+1.75.0" "metadata" "--no-deps" "--format-version=1", kill_on_drop: false }`
[INFO] [stdout] 710c0236651f0803c37b5b3b8e04d462b65e6eb3a78a05840772f587203d6865
[INFO] running `Command { std: "docker" "start" "-a" "710c0236651f0803c37b5b3b8e04d462b65e6eb3a78a05840772f587203d6865", kill_on_drop: false }`
[INFO] running `Command { std: "docker" "inspect" "710c0236651f0803c37b5b3b8e04d462b65e6eb3a78a05840772f587203d6865", kill_on_drop: false }`
[INFO] running `Command { std: "docker" "rm" "-f" "710c0236651f0803c37b5b3b8e04d462b65e6eb3a78a05840772f587203d6865", kill_on_drop: false }`
[INFO] [stdout] 710c0236651f0803c37b5b3b8e04d462b65e6eb3a78a05840772f587203d6865
[INFO] running `Command { std: "docker" "create" "-v" "/var/lib/crater-agent-workspace/builds/worker-7-tc1/target:/opt/rustwide/target:rw,Z" "-v" "/var/lib/crater-agent-workspace/builds/worker-7-tc1/source:/opt/rustwide/workdir:ro,Z" "-v" "/var/lib/crater-agent-workspace/cargo-home:/opt/rustwide/cargo-home:ro,Z" "-v" "/var/lib/crater-agent-workspace/rustup-home:/opt/rustwide/rustup-home:ro,Z" "-e" "SOURCE_DIR=/opt/rustwide/workdir" "-e" "CARGO_TARGET_DIR=/opt/rustwide/target" "-e" "CARGO_INCREMENTAL=0" "-e" "RUST_BACKTRACE=full" "-e" "RUSTFLAGS=--cap-lints=warn" "-e" "RUSTDOCFLAGS=--cap-lints=warn" "-e" "CARGO_HOME=/opt/rustwide/cargo-home" "-e" "RUSTUP_HOME=/opt/rustwide/rustup-home" "-w" "/opt/rustwide/workdir" "-m" "1610612736" "--user" "0:0" "--network" "none" "ghcr.io/rust-lang/crates-build-env/linux@sha256:2788e3201cd34a07e3172128adcd8b3090168a8e3bcc40d7c032b9dda1df7d1c" "/opt/rustwide/cargo-home/bin/cargo" "+1.75.0" "build" "--frozen" "--message-format=json", kill_on_drop: false }`
[INFO] [stdout] 638aca12a061d030875dcff0e6016a226ff70f891d59754b9bb407d8144b4361
[INFO] running `Command { std: "docker" "start" "-a" "638aca12a061d030875dcff0e6016a226ff70f891d59754b9bb407d8144b4361", kill_on_drop: false }`
[INFO] [stderr]    Compiling crunchy v0.2.2
[INFO] [stderr]    Compiling serde v1.0.194
[INFO] [stderr]    Compiling byteorder v1.5.0
[INFO] [stderr]    Compiling tiny-keccak v2.0.2
[INFO] [stderr]    Compiling rustc-hex v2.1.0
[INFO] [stderr]    Compiling hex v0.4.3
[INFO] [stderr]    Compiling fixed-hash v0.8.0
[INFO] [stderr]    Compiling uint v0.9.5
[INFO] [stderr]    Compiling impl-serde v0.4.0
[INFO] [stderr]    Compiling bytes v1.5.0
[INFO] [stderr]    Compiling primitive-types v0.12.2
[INFO] [stderr]    Compiling ethbloom v0.13.0
[INFO] [stderr]    Compiling ethereum-types v0.14.1
[INFO] [stderr]    Compiling axon-tools v0.1.1 (/opt/rustwide/workdir)
[INFO] [stderr]     Finished dev [unoptimized + debuginfo] target(s) in 7.69s
[INFO] running `Command { std: "docker" "inspect" "638aca12a061d030875dcff0e6016a226ff70f891d59754b9bb407d8144b4361", kill_on_drop: false }`
[INFO] running `Command { std: "docker" "rm" "-f" "638aca12a061d030875dcff0e6016a226ff70f891d59754b9bb407d8144b4361", kill_on_drop: false }`
[INFO] [stdout] 638aca12a061d030875dcff0e6016a226ff70f891d59754b9bb407d8144b4361
[INFO] running `Command { std: "docker" "create" "-v" "/var/lib/crater-agent-workspace/builds/worker-7-tc1/target:/opt/rustwide/target:rw,Z" "-v" "/var/lib/crater-agent-workspace/builds/worker-7-tc1/source:/opt/rustwide/workdir:ro,Z" "-v" "/var/lib/crater-agent-workspace/cargo-home:/opt/rustwide/cargo-home:ro,Z" "-v" "/var/lib/crater-agent-workspace/rustup-home:/opt/rustwide/rustup-home:ro,Z" "-e" "SOURCE_DIR=/opt/rustwide/workdir" "-e" "CARGO_TARGET_DIR=/opt/rustwide/target" "-e" "CARGO_INCREMENTAL=0" "-e" "RUST_BACKTRACE=full" "-e" "RUSTFLAGS=--cap-lints=warn" "-e" "RUSTDOCFLAGS=--cap-lints=warn" "-e" "CARGO_HOME=/opt/rustwide/cargo-home" "-e" "RUSTUP_HOME=/opt/rustwide/rustup-home" "-w" "/opt/rustwide/workdir" "-m" "1610612736" "--user" "0:0" "--network" "none" "ghcr.io/rust-lang/crates-build-env/linux@sha256:2788e3201cd34a07e3172128adcd8b3090168a8e3bcc40d7c032b9dda1df7d1c" "/opt/rustwide/cargo-home/bin/cargo" "+1.75.0" "test" "--frozen" "--no-run" "--message-format=json", kill_on_drop: false }`
[INFO] [stdout] f2620f377e2dbe3d75fa7357c3e4bcfc98d7eeb97ad4086fdf6d65632a76c5cf
[INFO] running `Command { std: "docker" "start" "-a" "f2620f377e2dbe3d75fa7357c3e4bcfc98d7eeb97ad4086fdf6d65632a76c5cf", kill_on_drop: false }`
[INFO] [stderr]    Compiling byteorder v1.5.0
[INFO] [stderr]    Compiling rustc-hex v2.1.0
[INFO] [stderr]    Compiling crunchy v0.2.2
[INFO] [stderr]    Compiling byte-slice-cast v1.2.2
[INFO] [stderr]    Compiling once_cell v1.19.0
[INFO] [stderr]    Compiling toml_edit v0.19.15
[INFO] [stderr]    Compiling crossbeam-utils v0.8.18
[INFO] [stderr]    Compiling generic-array v0.14.7
[INFO] [stderr]    Compiling gimli v0.28.1
[INFO] [stderr]    Compiling rlp-derive v0.1.0
[INFO] [stderr]    Compiling parity-scale-codec-derive v3.6.9
[INFO] [stderr]    Compiling impl-trait-for-tuples v0.2.2
[INFO] [stderr]    Compiling trackable_derive v1.0.0
[INFO] [stderr]    Compiling derive_more v0.99.17
[INFO] [stderr]    Compiling bytes v1.5.0
[INFO] [stderr]    Compiling backtrace v0.3.69
[INFO] [stderr]    Compiling serde v1.0.194
[INFO] [stderr]    Compiling miniz_oxide v0.7.1
[INFO] [stderr]    Compiling fixed-hash v0.8.0
[INFO] [stderr]    Compiling impl-serde v0.4.0
[INFO] [stderr]    Compiling object v0.32.2
[INFO] [stderr]    Compiling rustc-demangle v0.1.23
[INFO] [stderr]    Compiling hex v0.4.3
[INFO] [stderr]    Compiling tiny-keccak v2.0.2
[INFO] [stderr]    Compiling rand v0.4.6
[INFO] [stderr]    Compiling uint v0.9.5
[INFO] [stderr]    Compiling crossbeam-channel v0.5.10
[INFO] [stderr]    Compiling match_cfg v0.1.0
[INFO] [stderr]    Compiling hostname v0.3.1
[INFO] [stderr]    Compiling parking_lot_core v0.8.6
[INFO] [stderr]    Compiling rlp v0.5.2
[INFO] [stderr]    Compiling creep v0.2.2
[INFO] [stderr]    Compiling faster-hex v0.6.1
[INFO] [stderr]    Compiling trackable v1.3.0
[INFO] [stderr]    Compiling block-buffer v0.10.4
[INFO] [stderr]    Compiling crypto-common v0.1.6
[INFO] [stderr]    Compiling impl-rlp v0.3.0
[INFO] [stderr]    Compiling trackable v0.2.24
[INFO] [stderr]    Compiling rand v0.3.23
[INFO] [stderr]    Compiling digest v0.10.7
[INFO] [stderr]    Compiling thrift_codec v0.1.1
[INFO] [stderr]    Compiling libmath v0.1.4
[INFO] [stderr]    Compiling parking_lot v0.11.2
[INFO] [stderr]    Compiling hash-db v0.15.2
[INFO] [stderr]    Compiling hummer v0.2.0
[INFO] [stderr]    Compiling triehash v0.8.4
[INFO] [stderr]    Compiling prime_tools v0.3.4
[INFO] [stderr]    Compiling tokio v1.35.1
[INFO] [stderr]    Compiling hash256-std-hasher v0.15.2
[INFO] [stderr]    Compiling rand_pcg v0.3.1
[INFO] [stderr]    Compiling sha3 v0.10.8
[INFO] [stderr]    Compiling proc-macro-crate v1.3.1
[INFO] [stderr]    Compiling scale-info-derive v2.10.0
[INFO] [stderr]    Compiling addr2line v0.21.0
[INFO] [stderr]    Compiling serde_json v1.0.111
[INFO] [stderr]    Compiling parity-scale-codec v3.6.9
[INFO] [stderr]    Compiling rustracing v0.5.1
[INFO] [stderr]    Compiling scale-info v2.10.0
[INFO] [stderr]    Compiling impl-codec v0.6.0
[INFO] [stderr]    Compiling rustracing_jaeger v0.7.0
[INFO] [stderr]    Compiling muta-apm-derive v0.1.0
[INFO] [stderr]    Compiling primitive-types v0.12.2
[INFO] [stderr]    Compiling ethbloom v0.13.0
[INFO] [stderr]    Compiling muta-apm v0.1.0
[INFO] [stderr]    Compiling overlord v0.4.2
[INFO] [stderr]    Compiling ethereum-types v0.14.1
[INFO] [stderr]    Compiling ethereum v0.14.0
[INFO] [stderr]    Compiling axon-tools v0.1.1 (/opt/rustwide/workdir)
[INFO] [stdout] error[E0412]: cannot find type `Vote` in this scope
[INFO] [stdout]    --> src/types.rs:297:6
[INFO] [stdout]     |
[INFO] [stdout] 297 | impl Vote {
[INFO] [stdout]     |      ^^^^ not found in this scope
[INFO] [stdout]     |
[INFO] [stdout] help: consider importing this struct
[INFO] [stdout]     |
[INFO] [stdout] 1   + use overlord::types::Vote;
[INFO] [stdout]     |
[INFO] [stdout] 
[INFO] [stdout] 
[INFO] [stdout] error[E0433]: failed to resolve: use of undeclared type `Vote`
[INFO] [stdout]    --> src/types.rs:470:20
[INFO] [stdout]     |
[INFO] [stdout] 470 |         let vote = Vote::random();
[INFO] [stdout]     |                    ^^^^ use of undeclared type `Vote`
[INFO] [stdout]     |
[INFO] [stdout] help: consider importing this struct
[INFO] [stdout]     |
[INFO] [stdout] 462 +     use overlord::types::Vote;
[INFO] [stdout]     |
[INFO] [stdout] 
[INFO] [stdout] 
[INFO] [stdout] error[E0433]: failed to resolve: use of undeclared crate or module `rlp`
[INFO] [stdout]    --> src/types.rs:471:19
[INFO] [stdout]     |
[INFO] [stdout] 471 |         let raw = rlp::encode(&vote);
[INFO] [stdout]     |                   ^^^ use of undeclared crate or module `rlp`
[INFO] [stdout] 
[INFO] [stdout] 
[INFO] [stdout] error[E0433]: failed to resolve: use of undeclared crate or module `rlp`
[INFO] [stdout]    --> src/types.rs:472:46
[INFO] [stdout]     |
[INFO] [stdout] 472 |         let decoded: overlord::types::Vote = rlp::decode(&raw).unwrap();
[INFO] [stdout]     |                                              ^^^ use of undeclared crate or module `rlp`
[INFO] [stdout] 
[INFO] [stdout] 
[INFO] [stdout] error: aborting due to 4 previous errors
[INFO] [stdout] 
[INFO] [stdout] 
[INFO] [stdout] Some errors have detailed explanations: E0412, E0433.
[INFO] [stdout] 
[INFO] [stdout] For more information about an error, try `rustc --explain E0412`.
[INFO] [stdout] 
[INFO] [stderr] error: could not compile `axon-tools` (lib test) due to 5 previous errors
[INFO] running `Command { std: "docker" "inspect" "f2620f377e2dbe3d75fa7357c3e4bcfc98d7eeb97ad4086fdf6d65632a76c5cf", kill_on_drop: false }`
[INFO] running `Command { std: "docker" "rm" "-f" "f2620f377e2dbe3d75fa7357c3e4bcfc98d7eeb97ad4086fdf6d65632a76c5cf", kill_on_drop: false }`
[INFO] [stdout] f2620f377e2dbe3d75fa7357c3e4bcfc98d7eeb97ad4086fdf6d65632a76c5cf
