[INFO] fetching crate awp 0.1.13...
[INFO] testing awp-0.1.13 against 1.75.0 for beta-1.76-1
[INFO] extracting crate awp 0.1.13 into /workspace/builds/worker-5-tc1/source
[INFO] validating manifest of crates.io crate awp 0.1.13 on toolchain 1.75.0
[INFO] running `Command { std: CARGO_HOME="/workspace/cargo-home" RUSTUP_HOME="/workspace/rustup-home" "/workspace/cargo-home/bin/cargo" "+1.75.0" "metadata" "--manifest-path" "Cargo.toml" "--no-deps", kill_on_drop: false }`
[INFO] started tweaking crates.io crate awp 0.1.13
[INFO] finished tweaking crates.io crate awp 0.1.13
[INFO] tweaked toml for crates.io crate awp 0.1.13 written to /workspace/builds/worker-5-tc1/source/Cargo.toml
[INFO] running `Command { std: CARGO_HOME="/workspace/cargo-home" RUSTUP_HOME="/workspace/rustup-home" "/workspace/cargo-home/bin/cargo" "+1.75.0" "generate-lockfile" "--manifest-path" "Cargo.toml", kill_on_drop: false }`
[INFO] [stderr]     Updating crates.io index
[INFO] running `Command { std: CARGO_HOME="/workspace/cargo-home" RUSTUP_HOME="/workspace/rustup-home" "/workspace/cargo-home/bin/cargo" "+1.75.0" "fetch" "--manifest-path" "Cargo.toml", kill_on_drop: false }`
[INFO] [stderr]     Blocking waiting for file lock on package cache
[INFO] [stderr]     Blocking waiting for file lock on package cache
[INFO] [stderr]  Downloading crates ...
[INFO] [stderr]   Downloaded msgpacker-derive v0.3.1
[INFO] [stderr]   Downloaded tracing-serde v0.1.3
[INFO] [stderr]   Downloaded xxai-msgpacker v0.4.4
[INFO] [stderr]   Downloaded tracing-stackdriver v0.7.2
[INFO] [stderr]   Downloaded coarsetime v0.1.33
[INFO] [stderr]   Downloaded anypack v0.1.19
[INFO] [stderr]   Downloaded envport v0.1.0
[INFO] [stderr]   Downloaded loginit v0.1.4
[INFO] running `Command { std: "docker" "create" "-v" "/var/lib/crater-agent-workspace/builds/worker-5-tc1/target:/opt/rustwide/target:rw,Z" "-v" "/var/lib/crater-agent-workspace/builds/worker-5-tc1/source:/opt/rustwide/workdir:ro,Z" "-v" "/var/lib/crater-agent-workspace/cargo-home:/opt/rustwide/cargo-home:ro,Z" "-v" "/var/lib/crater-agent-workspace/rustup-home:/opt/rustwide/rustup-home:ro,Z" "-e" "SOURCE_DIR=/opt/rustwide/workdir" "-e" "CARGO_TARGET_DIR=/opt/rustwide/target" "-e" "CARGO_HOME=/opt/rustwide/cargo-home" "-e" "RUSTUP_HOME=/opt/rustwide/rustup-home" "-w" "/opt/rustwide/workdir" "-m" "1610612736" "--user" "0:0" "--network" "none" "ghcr.io/rust-lang/crates-build-env/linux@sha256:2788e3201cd34a07e3172128adcd8b3090168a8e3bcc40d7c032b9dda1df7d1c" "/opt/rustwide/cargo-home/bin/cargo" "+1.75.0" "metadata" "--no-deps" "--format-version=1", kill_on_drop: false }`
[INFO] [stdout] 77d6895dd33acca05fd045c841e251a6aac018fd3b3f08683204552327d5c826
[INFO] running `Command { std: "docker" "start" "-a" "77d6895dd33acca05fd045c841e251a6aac018fd3b3f08683204552327d5c826", kill_on_drop: false }`
[INFO] running `Command { std: "docker" "inspect" "77d6895dd33acca05fd045c841e251a6aac018fd3b3f08683204552327d5c826", kill_on_drop: false }`
[INFO] running `Command { std: "docker" "rm" "-f" "77d6895dd33acca05fd045c841e251a6aac018fd3b3f08683204552327d5c826", kill_on_drop: false }`
[INFO] [stdout] 77d6895dd33acca05fd045c841e251a6aac018fd3b3f08683204552327d5c826
[INFO] running `Command { std: "docker" "create" "-v" "/var/lib/crater-agent-workspace/builds/worker-5-tc1/target:/opt/rustwide/target:rw,Z" "-v" "/var/lib/crater-agent-workspace/builds/worker-5-tc1/source:/opt/rustwide/workdir:ro,Z" "-v" "/var/lib/crater-agent-workspace/cargo-home:/opt/rustwide/cargo-home:ro,Z" "-v" "/var/lib/crater-agent-workspace/rustup-home:/opt/rustwide/rustup-home:ro,Z" "-e" "SOURCE_DIR=/opt/rustwide/workdir" "-e" "CARGO_TARGET_DIR=/opt/rustwide/target" "-e" "CARGO_INCREMENTAL=0" "-e" "RUST_BACKTRACE=full" "-e" "RUSTFLAGS=--cap-lints=warn" "-e" "RUSTDOCFLAGS=--cap-lints=warn" "-e" "CARGO_HOME=/opt/rustwide/cargo-home" "-e" "RUSTUP_HOME=/opt/rustwide/rustup-home" "-w" "/opt/rustwide/workdir" "-m" "1610612736" "--user" "0:0" "--network" "none" "ghcr.io/rust-lang/crates-build-env/linux@sha256:2788e3201cd34a07e3172128adcd8b3090168a8e3bcc40d7c032b9dda1df7d1c" "/opt/rustwide/cargo-home/bin/cargo" "+1.75.0" "build" "--frozen" "--message-format=json", kill_on_drop: false }`
[INFO] [stdout] c0081ad4a3b02cc4d83637425366ff3bf6ef77d1c15f7722f63e9d53c20ed941
[INFO] running `Command { std: "docker" "start" "-a" "c0081ad4a3b02cc4d83637425366ff3bf6ef77d1c15f7722f63e9d53c20ed941", kill_on_drop: false }`
[INFO] [stderr]    Compiling rustversion v1.0.14
[INFO] [stderr]    Compiling futures-sink v0.3.30
[INFO] [stderr]    Compiling futures-task v0.3.30
[INFO] [stderr]    Compiling futures-io v0.3.30
[INFO] [stderr]    Compiling tracing-core v0.1.32
[INFO] [stderr]    Compiling libc v0.2.151
[INFO] [stderr]    Compiling bytes v1.5.0
[INFO] [stderr]    Compiling tower-service v0.3.2
[INFO] [stderr]    Compiling syn v2.0.48
[INFO] [stderr]    Compiling slab v0.4.9
[INFO] [stderr]    Compiling socket2 v0.5.5
[INFO] [stderr]    Compiling mio v0.8.10
[INFO] [stderr]    Compiling tower-layer v0.3.2
[INFO] [stderr]    Compiling regex-syntax v0.8.2
[INFO] [stderr]    Compiling try-lock v0.2.5
[INFO] [stderr]    Compiling serde_json v1.0.111
[INFO] [stderr]    Compiling futures-channel v0.3.30
[INFO] [stderr]    Compiling want v0.3.1
[INFO] [stderr]    Compiling form_urlencoded v1.2.1
[INFO] [stderr]    Compiling httparse v1.8.0
[INFO] [stderr]    Compiling regex-automata v0.1.10
[INFO] [stderr]    Compiling mime v0.3.17
[INFO] [stderr]    Compiling overload v0.1.1
[INFO] [stderr]    Compiling httpdate v1.0.3
[INFO] [stderr]    Compiling paste v1.0.14
[INFO] [stderr]    Compiling gimli v0.28.1
[INFO] [stderr]    Compiling sharded-slab v0.1.7
[INFO] [stderr]    Compiling miniz_oxide v0.7.1
[INFO] [stderr]    Compiling nu-ansi-term v0.46.0
[INFO] [stderr]    Compiling http v0.2.11
[INFO] [stderr]    Compiling tokio v1.35.1
[INFO] [stderr]    Compiling tracing-log v0.2.0
[INFO] [stderr]    Compiling cc v1.0.83
[INFO] [stderr]    Compiling serde_urlencoded v0.7.1
[INFO] [stderr]    Compiling serde_path_to_error v0.1.15
[INFO] [stderr]    Compiling thread_local v1.1.7
[INFO] [stderr]    Compiling object v0.32.2
[INFO] [stderr]    Compiling anyhow v1.0.79
[INFO] [stderr]    Compiling rustc-demangle v0.1.23
[INFO] [stderr]    Compiling sync_wrapper v0.1.2
[INFO] [stderr]    Compiling matchit v0.7.3
[INFO] [stderr]    Compiling matchers v0.1.0
[INFO] [stderr]    Compiling coarsetime v0.1.33
[INFO] [stderr]    Compiling envport v0.1.0
[INFO] [stderr]    Compiling axum-core v0.3.4
[INFO] [stderr]    Compiling axum v0.6.20
[INFO] [stderr]    Compiling http-body v0.4.6
[INFO] [stderr]    Compiling regex-automata v0.4.3
[INFO] [stderr]    Compiling backtrace v0.3.69
[INFO] [stderr]    Compiling addr2line v0.21.0
[INFO] [stderr]    Compiling regex v1.10.2
[INFO] [stderr]    Compiling futures-macro v0.3.30
[INFO] [stderr]    Compiling tracing-attributes v0.1.27
[INFO] [stderr]    Compiling pin-project-internal v1.1.3
[INFO] [stderr]    Compiling async-trait v0.1.77
[INFO] [stderr]    Compiling msgpacker-derive v0.3.1
[INFO] [stderr]    Compiling xxai-msgpacker v0.4.4
[INFO] [stderr]    Compiling futures-util v0.3.30
[INFO] [stdout] error[E0554]: `#![feature]` may not be used on the stable release channel
[INFO] [stdout]  --> /opt/rustwide/cargo-home/registry/src/index.crates.io-6f17d22bba15001f/xxai-msgpacker-0.4.4/src/lib.rs:3:5
[INFO] [stdout]   |
[INFO] [stdout] 3 |     iter_array_chunks,
[INFO] [stdout]   |     ^^^^^^^^^^^^^^^^^
[INFO] [stdout] 
[INFO] [stdout] 
[INFO] [stdout] error[E0554]: `#![feature]` may not be used on the stable release channel
[INFO] [stdout]  --> /opt/rustwide/cargo-home/registry/src/index.crates.io-6f17d22bba15001f/xxai-msgpacker-0.4.4/src/lib.rs:4:5
[INFO] [stdout]   |
[INFO] [stdout] 4 |     maybe_uninit_array_assume_init,
[INFO] [stdout]   |     ^^^^^^^^^^^^^^^^^^^^^^^^^^^^^^
[INFO] [stdout] 
[INFO] [stdout] 
[INFO] [stdout] error[E0554]: `#![feature]` may not be used on the stable release channel
[INFO] [stdout]  --> /opt/rustwide/cargo-home/registry/src/index.crates.io-6f17d22bba15001f/xxai-msgpacker-0.4.4/src/lib.rs:5:5
[INFO] [stdout]   |
[INFO] [stdout] 5 |     maybe_uninit_uninit_array
[INFO] [stdout]   |     ^^^^^^^^^^^^^^^^^^^^^^^^^
[INFO] [stdout] 
[INFO] [stdout] 
[INFO] [stderr]    Compiling tracing v0.1.40
[INFO] [stderr]    Compiling pin-project v1.1.3
[INFO] [stderr]    Compiling tracing-subscriber v0.3.18
[INFO] [stdout] error: aborting due to 3 previous errors
[INFO] [stdout] 
[INFO] [stdout] 
[INFO] [stdout] For more information about this error, try `rustc --explain E0554`.
[INFO] [stdout] 
[INFO] [stderr] error: could not compile `xxai-msgpacker` (lib) due to 4 previous errors
[INFO] [stderr] warning: build failed, waiting for other jobs to finish...
[INFO] running `Command { std: "docker" "inspect" "c0081ad4a3b02cc4d83637425366ff3bf6ef77d1c15f7722f63e9d53c20ed941", kill_on_drop: false }`
[INFO] running `Command { std: "docker" "rm" "-f" "c0081ad4a3b02cc4d83637425366ff3bf6ef77d1c15f7722f63e9d53c20ed941", kill_on_drop: false }`
[INFO] [stdout] c0081ad4a3b02cc4d83637425366ff3bf6ef77d1c15f7722f63e9d53c20ed941
[INFO] testing awp-0.1.13 against beta-2023-12-22 for beta-1.76-1
[INFO] extracting crate awp 0.1.13 into /workspace/builds/worker-5-tc2/source
[INFO] validating manifest of crates.io crate awp 0.1.13 on toolchain beta-2023-12-22
[INFO] running `Command { std: CARGO_HOME="/workspace/cargo-home" RUSTUP_HOME="/workspace/rustup-home" "/workspace/cargo-home/bin/cargo" "+beta-2023-12-22" "metadata" "--manifest-path" "Cargo.toml" "--no-deps", kill_on_drop: false }`
[INFO] started tweaking crates.io crate awp 0.1.13
[INFO] finished tweaking crates.io crate awp 0.1.13
[INFO] tweaked toml for crates.io crate awp 0.1.13 written to /workspace/builds/worker-5-tc2/source/Cargo.toml
[INFO] running `Command { std: CARGO_HOME="/workspace/cargo-home" RUSTUP_HOME="/workspace/rustup-home" "/workspace/cargo-home/bin/cargo" "+beta-2023-12-22" "generate-lockfile" "--manifest-path" "Cargo.toml", kill_on_drop: false }`
[INFO] [stderr]     Updating crates.io index
[INFO] running `Command { std: CARGO_HOME="/workspace/cargo-home" RUSTUP_HOME="/workspace/rustup-home" "/workspace/cargo-home/bin/cargo" "+beta-2023-12-22" "fetch" "--manifest-path" "Cargo.toml", kill_on_drop: false }`
[INFO] running `Command { std: "docker" "create" "-v" "/var/lib/crater-agent-workspace/builds/worker-5-tc2/target:/opt/rustwide/target:rw,Z" "-v" "/var/lib/crater-agent-workspace/builds/worker-5-tc2/source:/opt/rustwide/workdir:ro,Z" "-v" "/var/lib/crater-agent-workspace/cargo-home:/opt/rustwide/cargo-home:ro,Z" "-v" "/var/lib/crater-agent-workspace/rustup-home:/opt/rustwide/rustup-home:ro,Z" "-e" "SOURCE_DIR=/opt/rustwide/workdir" "-e" "CARGO_TARGET_DIR=/opt/rustwide/target" "-e" "CARGO_HOME=/opt/rustwide/cargo-home" "-e" "RUSTUP_HOME=/opt/rustwide/rustup-home" "-w" "/opt/rustwide/workdir" "-m" "1610612736" "--user" "0:0" "--network" "none" "ghcr.io/rust-lang/crates-build-env/linux@sha256:2788e3201cd34a07e3172128adcd8b3090168a8e3bcc40d7c032b9dda1df7d1c" "/opt/rustwide/cargo-home/bin/cargo" "+beta-2023-12-22" "metadata" "--no-deps" "--format-version=1", kill_on_drop: false }`
[INFO] [stdout] c2b6901440520040873923a49394653b7ae0acd35ea7e52d3e028862ae0b1ee3
[INFO] running `Command { std: "docker" "start" "-a" "c2b6901440520040873923a49394653b7ae0acd35ea7e52d3e028862ae0b1ee3", kill_on_drop: false }`
[INFO] running `Command { std: "docker" "inspect" "c2b6901440520040873923a49394653b7ae0acd35ea7e52d3e028862ae0b1ee3", kill_on_drop: false }`
[INFO] running `Command { std: "docker" "rm" "-f" "c2b6901440520040873923a49394653b7ae0acd35ea7e52d3e028862ae0b1ee3", kill_on_drop: false }`
[INFO] [stdout] c2b6901440520040873923a49394653b7ae0acd35ea7e52d3e028862ae0b1ee3
[INFO] running `Command { std: "docker" "create" "-v" "/var/lib/crater-agent-workspace/builds/worker-5-tc2/target:/opt/rustwide/target:rw,Z" "-v" "/var/lib/crater-agent-workspace/builds/worker-5-tc2/source:/opt/rustwide/workdir:ro,Z" "-v" "/var/lib/crater-agent-workspace/cargo-home:/opt/rustwide/cargo-home:ro,Z" "-v" "/var/lib/crater-agent-workspace/rustup-home:/opt/rustwide/rustup-home:ro,Z" "-e" "SOURCE_DIR=/opt/rustwide/workdir" "-e" "CARGO_TARGET_DIR=/opt/rustwide/target" "-e" "CARGO_INCREMENTAL=0" "-e" "RUST_BACKTRACE=full" "-e" "RUSTFLAGS=--cap-lints=warn" "-e" "RUSTDOCFLAGS=--cap-lints=warn" "-e" "CARGO_HOME=/opt/rustwide/cargo-home" "-e" "RUSTUP_HOME=/opt/rustwide/rustup-home" "-w" "/opt/rustwide/workdir" "-m" "1610612736" "--user" "0:0" "--network" "none" "ghcr.io/rust-lang/crates-build-env/linux@sha256:2788e3201cd34a07e3172128adcd8b3090168a8e3bcc40d7c032b9dda1df7d1c" "/opt/rustwide/cargo-home/bin/cargo" "+beta-2023-12-22" "build" "--frozen" "--message-format=json", kill_on_drop: false }`
[INFO] [stdout] 2431f8d214f0c684888cd4a8b992f90c9e3518e34ad7fd0cf7736fc04dadfe25
[INFO] running `Command { std: "docker" "start" "-a" "2431f8d214f0c684888cd4a8b992f90c9e3518e34ad7fd0cf7736fc04dadfe25", kill_on_drop: false }`
[INFO] [stderr]    Compiling futures-sink v0.3.30
[INFO] [stderr]    Compiling rustversion v1.0.14
[INFO] [stderr]    Compiling futures-task v0.3.30
[INFO] [stderr]    Compiling futures-io v0.3.30
[INFO] [stderr]    Compiling tracing-core v0.1.32
[INFO] [stderr]    Compiling bytes v1.5.0
[INFO] [stderr]    Compiling tower-service v0.3.2
[INFO] [stderr]    Compiling libc v0.2.151
[INFO] [stderr]    Compiling serde_json v1.0.111
[INFO] [stderr]    Compiling syn v2.0.48
[INFO] [stderr]    Compiling socket2 v0.5.5
[INFO] [stderr]    Compiling mio v0.8.10
[INFO] [stderr]    Compiling try-lock v0.2.5
[INFO] [stderr]    Compiling tower-layer v0.3.2
[INFO] [stderr]    Compiling regex-syntax v0.8.2
[INFO] [stderr]    Compiling form_urlencoded v1.2.1
[INFO] [stderr]    Compiling futures-channel v0.3.30
[INFO] [stderr]    Compiling regex-automata v0.1.10
[INFO] [stderr]    Compiling want v0.3.1
[INFO] [stderr]    Compiling httparse v1.8.0
[INFO] [stderr]    Compiling overload v0.1.1
[INFO] [stderr]    Compiling mime v0.3.17
[INFO] [stderr]    Compiling gimli v0.28.1
[INFO] [stderr]    Compiling httpdate v1.0.3
[INFO] [stderr]    Compiling paste v1.0.14
[INFO] [stderr]    Compiling tracing-log v0.2.0
[INFO] [stderr]    Compiling miniz_oxide v0.7.1
[INFO] [stderr]    Compiling tokio v1.35.1
[INFO] [stderr]    Compiling http v0.2.11
[INFO] [stderr]    Compiling nu-ansi-term v0.46.0
[INFO] [stderr]    Compiling cc v1.0.83
[INFO] [stderr]    Compiling sharded-slab v0.1.7
[INFO] [stderr]    Compiling serde_urlencoded v0.7.1
[INFO] [stderr]    Compiling serde_path_to_error v0.1.15
[INFO] [stderr]    Compiling thread_local v1.1.7
[INFO] [stderr]    Compiling object v0.32.2
[INFO] [stderr]    Compiling rustc-demangle v0.1.23
[INFO] [stderr]    Compiling matchers v0.1.0
[INFO] [stderr]    Compiling anyhow v1.0.79
[INFO] [stderr]    Compiling matchit v0.7.3
[INFO] [stderr]    Compiling sync_wrapper v0.1.2
[INFO] [stderr]    Compiling coarsetime v0.1.33
[INFO] [stderr]    Compiling axum-core v0.3.4
[INFO] [stderr]    Compiling http-body v0.4.6
[INFO] [stderr]    Compiling axum v0.6.20
[INFO] [stderr]    Compiling envport v0.1.0
[INFO] [stderr]    Compiling backtrace v0.3.69
[INFO] [stderr]    Compiling regex-automata v0.4.3
[INFO] [stderr]    Compiling addr2line v0.21.0
[INFO] [stderr]    Compiling regex v1.10.2
[INFO] [stderr]    Compiling futures-macro v0.3.30
[INFO] [stderr]    Compiling tracing-attributes v0.1.27
[INFO] [stderr]    Compiling pin-project-internal v1.1.3
[INFO] [stderr]    Compiling async-trait v0.1.77
[INFO] [stderr]    Compiling msgpacker-derive v0.3.1
[INFO] [stderr]    Compiling futures-util v0.3.30
[INFO] [stderr]    Compiling xxai-msgpacker v0.4.4
[INFO] [stdout] error[E0554]: `#![feature]` may not be used on the beta release channel
[INFO] [stdout]  --> /opt/rustwide/cargo-home/registry/src/index.crates.io-6f17d22bba15001f/xxai-msgpacker-0.4.4/src/lib.rs:3:5
[INFO] [stdout]   |
[INFO] [stdout] 3 |     iter_array_chunks,
[INFO] [stdout]   |     ^^^^^^^^^^^^^^^^^
[INFO] [stdout] 
[INFO] [stdout] 
[INFO] [stdout] error[E0554]: `#![feature]` may not be used on the beta release channel
[INFO] [stdout]  --> /opt/rustwide/cargo-home/registry/src/index.crates.io-6f17d22bba15001f/xxai-msgpacker-0.4.4/src/lib.rs:4:5
[INFO] [stdout]   |
[INFO] [stdout] 4 |     maybe_uninit_array_assume_init,
[INFO] [stdout]   |     ^^^^^^^^^^^^^^^^^^^^^^^^^^^^^^
[INFO] [stdout] 
[INFO] [stdout] 
[INFO] [stdout] error[E0554]: `#![feature]` may not be used on the beta release channel
[INFO] [stdout]  --> /opt/rustwide/cargo-home/registry/src/index.crates.io-6f17d22bba15001f/xxai-msgpacker-0.4.4/src/lib.rs:5:5
[INFO] [stdout]   |
[INFO] [stdout] 5 |     maybe_uninit_uninit_array
[INFO] [stdout]   |     ^^^^^^^^^^^^^^^^^^^^^^^^^
[INFO] [stdout] 
[INFO] [stdout] 
[INFO] [stderr]    Compiling pin-project v1.1.3
[INFO] [stderr]    Compiling tracing v0.1.40
[INFO] [stderr]    Compiling tracing-subscriber v0.3.18
[INFO] [stdout] error: aborting due to 3 previous errors
[INFO] [stdout] 
[INFO] [stdout] 
[INFO] [stdout] For more information about this error, try `rustc --explain E0554`.
[INFO] [stdout] 
[INFO] [stderr] error: could not compile `xxai-msgpacker` (lib) due to 4 previous errors
[INFO] [stderr] warning: build failed, waiting for other jobs to finish...
[INFO] running `Command { std: "docker" "inspect" "2431f8d214f0c684888cd4a8b992f90c9e3518e34ad7fd0cf7736fc04dadfe25", kill_on_drop: false }`
[INFO] running `Command { std: "docker" "rm" "-f" "2431f8d214f0c684888cd4a8b992f90c9e3518e34ad7fd0cf7736fc04dadfe25", kill_on_drop: false }`
[INFO] [stdout] 2431f8d214f0c684888cd4a8b992f90c9e3518e34ad7fd0cf7736fc04dadfe25
