[INFO] fetching crate auto_project 0.1.0...
[INFO] testing auto_project-0.1.0 against 1.75.0 for beta-1.76-1
[INFO] extracting crate auto_project 0.1.0 into /workspace/builds/worker-3-tc1/source
[INFO] validating manifest of crates.io crate auto_project 0.1.0 on toolchain 1.75.0
[INFO] running `Command { std: CARGO_HOME="/workspace/cargo-home" RUSTUP_HOME="/workspace/rustup-home" "/workspace/cargo-home/bin/cargo" "+1.75.0" "metadata" "--manifest-path" "Cargo.toml" "--no-deps", kill_on_drop: false }`
[INFO] started tweaking crates.io crate auto_project 0.1.0
[INFO] finished tweaking crates.io crate auto_project 0.1.0
[INFO] tweaked toml for crates.io crate auto_project 0.1.0 written to /workspace/builds/worker-3-tc1/source/Cargo.toml
[INFO] crate crates.io crate auto_project 0.1.0 already has a lockfile, it will not be regenerated
[INFO] running `Command { std: CARGO_HOME="/workspace/cargo-home" RUSTUP_HOME="/workspace/rustup-home" "/workspace/cargo-home/bin/cargo" "+1.75.0" "fetch" "--manifest-path" "Cargo.toml", kill_on_drop: false }`
[INFO] [stderr]     Updating crates.io index
[INFO] [stderr]  Downloading crates ...
[INFO] [stderr]   Downloaded errno v0.3.7
[INFO] [stderr]   Downloaded imagesize v0.12.0
[INFO] [stderr]   Downloaded rust-embed-utils v8.0.0
[INFO] [stderr]   Downloaded thiserror-impl v1.0.50
[INFO] [stderr]   Downloaded memmap2 v0.8.0
[INFO] [stderr]   Downloaded slotmap v1.0.6
[INFO] [stderr]   Downloaded proc-macro2 v1.0.70
[INFO] [stderr]   Downloaded xmlparser v0.13.6
[INFO] [stderr]   Downloaded usvg v0.36.0
[INFO] [stderr]   Downloaded thiserror v1.0.50
[INFO] [stderr]   Downloaded simplecss v0.2.1
[INFO] [stderr]   Downloaded usvg-tree v0.36.0
[INFO] [stderr]   Downloaded anstyle-parse v0.2.2
[INFO] [stderr]   Downloaded fontconfig-parser v0.5.3
[INFO] [stderr]   Downloaded usvg-text-layout v0.36.0
[INFO] [stderr]   Downloaded clap v4.4.9
[INFO] [stderr]   Downloaded rust-embed-impl v8.0.0
[INFO] [stderr]   Downloaded pico-args v0.5.0
[INFO] [stderr]   Downloaded unicode-properties v0.1.0
[INFO] [stderr]   Downloaded anstyle-wincon v3.0.1
[INFO] [stderr]   Downloaded rctree v0.5.0
[INFO] [stderr]   Downloaded ttf-parser v0.19.2
[INFO] [stderr]   Downloaded clap_builder v4.4.9
[INFO] [stderr]   Downloaded linux-raw-sys v0.4.11
[INFO] [stderr]   Downloaded rustix v0.38.25
[INFO] [stderr]   Downloaded libc v0.2.150
[INFO] [stderr]   Downloaded env_logger v0.10.1
[INFO] [stderr]   Downloaded tiny-skia-path v0.11.2
[INFO] [stderr]   Downloaded windows v0.52.0
[INFO] [stderr]   Downloaded human-panic v1.2.2
[INFO] [stderr]   Downloaded strict-num v0.1.1
[INFO] [stderr]   Downloaded rustybuzz v0.10.0
[INFO] [stderr]   Downloaded ico v0.3.0
[INFO] [stderr]   Downloaded fdeflate v0.3.1
[INFO] [stderr]   Downloaded pretty_env_logger v0.5.0
[INFO] [stderr]   Downloaded unicode-bidi-mirroring v0.1.0
[INFO] [stderr]   Downloaded kurbo v0.9.5
[INFO] [stderr]   Downloaded os_info v3.7.0
[INFO] [stderr]   Downloaded unicode-script v0.5.5
[INFO] [stderr]   Downloaded serde_spanned v0.6.4
[INFO] [stderr]   Downloaded unicode-ccc v0.1.2
[INFO] [stderr]   Downloaded home v0.5.5
[INFO] [stderr]   Downloaded anstyle v1.0.4
[INFO] [stderr]   Downloaded xmlwriter v0.1.0
[INFO] [stderr]   Downloaded cpufeatures v0.2.11
[INFO] [stderr]   Downloaded rust-embed v8.0.0
[INFO] [stderr]   Downloaded syn v2.0.39
[INFO] [stderr]   Downloaded rgb v0.8.37
[INFO] [stderr]   Downloaded roxmltree v0.18.1
[INFO] [stderr]   Downloaded svgtypes v0.12.0
[INFO] [stderr]   Downloaded clap_lex v0.6.0
[INFO] [stderr]   Downloaded anstream v0.6.4
[INFO] [stderr]   Downloaded tiny-skia v0.11.2
[INFO] [stderr]   Downloaded unicode-vo v0.1.0
[INFO] [stderr]   Downloaded which v5.0.0
[INFO] [stderr]   Downloaded resvg v0.36.0
[INFO] [stderr]   Downloaded winnow v0.5.19
[INFO] [stderr]   Downloaded data-url v0.3.1
[INFO] [stderr]   Downloaded serde_derive v1.0.193
[INFO] [stderr]   Downloaded usvg-parser v0.36.0
[INFO] [stderr]   Downloaded clap_derive v4.4.7
[INFO] [stderr]   Downloaded shellexpand v2.1.2
[INFO] [stderr]   Downloaded serde v1.0.193
[INFO] [stderr]   Downloaded fontdb v0.15.0
[INFO] running `Command { std: "docker" "create" "-v" "/var/lib/crater-agent-workspace/builds/worker-3-tc1/target:/opt/rustwide/target:rw,Z" "-v" "/var/lib/crater-agent-workspace/builds/worker-3-tc1/source:/opt/rustwide/workdir:ro,Z" "-v" "/var/lib/crater-agent-workspace/cargo-home:/opt/rustwide/cargo-home:ro,Z" "-v" "/var/lib/crater-agent-workspace/rustup-home:/opt/rustwide/rustup-home:ro,Z" "-e" "SOURCE_DIR=/opt/rustwide/workdir" "-e" "CARGO_TARGET_DIR=/opt/rustwide/target" "-e" "CARGO_HOME=/opt/rustwide/cargo-home" "-e" "RUSTUP_HOME=/opt/rustwide/rustup-home" "-w" "/opt/rustwide/workdir" "-m" "1610612736" "--user" "0:0" "--network" "none" "ghcr.io/rust-lang/crates-build-env/linux@sha256:2788e3201cd34a07e3172128adcd8b3090168a8e3bcc40d7c032b9dda1df7d1c" "/opt/rustwide/cargo-home/bin/cargo" "+1.75.0" "metadata" "--no-deps" "--format-version=1", kill_on_drop: false }`
[INFO] [stdout] 21cc957caa79353cc0b135c36d7a17de47aed5f0b5294fa729c01a2b0dee251b
[INFO] running `Command { std: "docker" "start" "-a" "21cc957caa79353cc0b135c36d7a17de47aed5f0b5294fa729c01a2b0dee251b", kill_on_drop: false }`
[INFO] running `Command { std: "docker" "inspect" "21cc957caa79353cc0b135c36d7a17de47aed5f0b5294fa729c01a2b0dee251b", kill_on_drop: false }`
[INFO] running `Command { std: "docker" "rm" "-f" "21cc957caa79353cc0b135c36d7a17de47aed5f0b5294fa729c01a2b0dee251b", kill_on_drop: false }`
[INFO] [stdout] 21cc957caa79353cc0b135c36d7a17de47aed5f0b5294fa729c01a2b0dee251b
[INFO] running `Command { std: "docker" "create" "-v" "/var/lib/crater-agent-workspace/builds/worker-3-tc1/target:/opt/rustwide/target:rw,Z" "-v" "/var/lib/crater-agent-workspace/builds/worker-3-tc1/source:/opt/rustwide/workdir:ro,Z" "-v" "/var/lib/crater-agent-workspace/cargo-home:/opt/rustwide/cargo-home:ro,Z" "-v" "/var/lib/crater-agent-workspace/rustup-home:/opt/rustwide/rustup-home:ro,Z" "-e" "SOURCE_DIR=/opt/rustwide/workdir" "-e" "CARGO_TARGET_DIR=/opt/rustwide/target" "-e" "CARGO_INCREMENTAL=0" "-e" "RUST_BACKTRACE=full" "-e" "RUSTFLAGS=--cap-lints=warn" "-e" "RUSTDOCFLAGS=--cap-lints=warn" "-e" "CARGO_HOME=/opt/rustwide/cargo-home" "-e" "RUSTUP_HOME=/opt/rustwide/rustup-home" "-w" "/opt/rustwide/workdir" "-m" "1610612736" "--user" "0:0" "--network" "none" "ghcr.io/rust-lang/crates-build-env/linux@sha256:2788e3201cd34a07e3172128adcd8b3090168a8e3bcc40d7c032b9dda1df7d1c" "/opt/rustwide/cargo-home/bin/cargo" "+1.75.0" "build" "--frozen" "--message-format=json", kill_on_drop: false }`
[INFO] [stdout] 5071e0d5af61acf7e42c2b338aca205a991a95cb9e206a37a63fe91521011eea
[INFO] running `Command { std: "docker" "start" "-a" "5071e0d5af61acf7e42c2b338aca205a991a95cb9e206a37a63fe91521011eea", kill_on_drop: false }`
[INFO] [stderr]    Compiling libc v0.2.150
[INFO] [stderr]    Compiling proc-macro2 v1.0.70
[INFO] [stderr]    Compiling simd-adler32 v0.3.7
[INFO] [stderr]    Compiling log v0.4.20
[INFO] [stderr]    Compiling typenum v1.17.0
[INFO] [stderr]    Compiling bytemuck v1.14.0
[INFO] [stderr]    Compiling arrayvec v0.7.4
[INFO] [stderr]    Compiling float-cmp v0.9.0
[INFO] [stderr]    Compiling memchr v2.6.4
[INFO] [stderr]    Compiling serde v1.0.193
[INFO] [stderr]    Compiling generic-array v0.14.7
[INFO] [stderr]    Compiling xmlparser v0.13.6
[INFO] [stderr]    Compiling arrayref v0.3.7
[INFO] [stderr]    Compiling slotmap v1.0.6
[INFO] [stderr]    Compiling rustix v0.38.25
[INFO] [stderr]    Compiling siphasher v0.3.11
[INFO] [stderr]    Compiling rctree v0.5.0
[INFO] [stderr]    Compiling strict-num v0.1.1
[INFO] [stderr]    Compiling miniz_oxide v0.7.1
[INFO] [stderr]    Compiling kurbo v0.9.5
[INFO] [stderr]    Compiling tiny-skia-path v0.11.2
[INFO] [stderr]    Compiling linux-raw-sys v0.4.11
[INFO] [stderr]    Compiling ttf-parser v0.19.2
[INFO] [stderr]    Compiling anstyle-parse v0.2.2
[INFO] [stderr]    Compiling fdeflate v0.3.1
[INFO] [stderr]    Compiling roxmltree v0.18.1
[INFO] [stderr]    Compiling heck v0.4.1
[INFO] [stderr]    Compiling rustversion v1.0.14
[INFO] [stderr]    Compiling anstyle v1.0.4
[INFO] [stderr]    Compiling unicode-bidi-mirroring v0.1.0
[INFO] [stderr]    Compiling unicode-properties v0.1.0
[INFO] [stderr]    Compiling aho-corasick v1.1.2
[INFO] [stderr]    Compiling fontconfig-parser v0.5.3
[INFO] [stderr]    Compiling flate2 v1.0.28
[INFO] [stderr]    Compiling quote v1.0.33
[INFO] [stderr]    Compiling unicode-ccc v0.1.2
[INFO] [stderr]    Compiling syn v2.0.39
[INFO] [stderr]    Compiling svgtypes v0.12.0
[INFO] [stderr]    Compiling unicode-script v0.5.5
[INFO] [stderr]    Compiling cpufeatures v0.2.11
[INFO] [stderr]    Compiling dirs-sys v0.3.7
[INFO] [stderr]    Compiling cc v1.0.83
[INFO] [stderr]    Compiling memmap2 v0.8.0
[INFO] [stderr]    Compiling hashbrown v0.14.3
[INFO] [stderr]    Compiling anstream v0.6.4
[INFO] [stderr]    Compiling png v0.17.10
[INFO] [stderr]    Compiling dirs v4.0.0
[INFO] [stderr]    Compiling usvg-tree v0.36.0
[INFO] [stderr]    Compiling simplecss v0.2.1
[INFO] [stderr]    Compiling unicode-vo v0.1.0
[INFO] [stderr]    Compiling unicode-bidi v0.3.13
[INFO] [stderr]    Compiling winnow v0.5.19
[INFO] [stderr]    Compiling data-url v0.3.1
[INFO] [stderr]    Compiling imagesize v0.12.0
[INFO] [stderr]    Compiling gimli v0.28.1
[INFO] [stderr]    Compiling indexmap v2.1.0
[INFO] [stderr]    Compiling regex-automata v0.4.3
[INFO] [stderr]    Compiling usvg-parser v0.36.0
[INFO] [stderr]    Compiling block-buffer v0.10.4
[INFO] [stderr]    Compiling crypto-common v0.1.6
[INFO] [stderr]    Compiling digest v0.10.7
[INFO] [stderr]    Compiling fontdb v0.15.0
[INFO] [stderr]    Compiling rustybuzz v0.10.0
[INFO] [stderr]    Compiling sha2 v0.10.8
[INFO] [stderr]    Compiling shellexpand v2.1.2
[INFO] [stderr]    Compiling getrandom v0.2.11
[INFO] [stderr]    Compiling object v0.32.1
[INFO] [stderr]    Compiling backtrace v0.3.69
[INFO] [stderr]    Compiling base64 v0.21.5
[INFO] [stderr]    Compiling humantime v2.1.0
[INFO] [stderr]    Compiling is-terminal v0.4.9
[INFO] [stderr]    Compiling rust-embed-utils v8.0.0
[INFO] [stderr]    Compiling pico-args v0.5.0
[INFO] [stderr]    Compiling clap_lex v0.6.0
[INFO] [stderr]    Compiling termcolor v1.4.0
[INFO] [stderr]    Compiling xmlwriter v0.1.0
[INFO] [stderr]    Compiling gif v0.12.0
[INFO] [stderr]    Compiling dirs-sys v0.4.1
[INFO] [stderr]    Compiling clap_builder v4.4.9
[INFO] [stderr]    Compiling uuid v1.6.1
[INFO] [stderr]    Compiling tiny-skia v0.11.2
[INFO] [stderr]    Compiling rgb v0.8.37
[INFO] [stderr]    Compiling home v0.5.5
[INFO] [stderr]    Compiling jpeg-decoder v0.3.0
[INFO] [stderr]    Compiling either v1.9.0
[INFO] [stderr]    Compiling byteorder v1.5.0
[INFO] [stderr]    Compiling console v0.15.7
[INFO] [stderr]    Compiling directories v5.0.1
[INFO] [stderr]    Compiling which v5.0.0
[INFO] [stderr]    Compiling regex v1.10.2
[INFO] [stderr]    Compiling ico v0.3.0
[INFO] [stderr]    Compiling addr2line v0.21.0
[INFO] [stderr]    Compiling usvg-text-layout v0.36.0
[INFO] [stderr]    Compiling env_logger v0.10.1
[INFO] [stderr]    Compiling usvg v0.36.0
[INFO] [stderr]    Compiling pretty_env_logger v0.5.0
[INFO] [stderr]    Compiling resvg v0.36.0
[INFO] [stderr]    Compiling serde_derive v1.0.193
[INFO] [stderr]    Compiling strum_macros v0.25.3
[INFO] [stderr]    Compiling clap_derive v4.4.7
[INFO] [stderr]    Compiling rust-embed-impl v8.0.0
[INFO] [stderr]    Compiling rust-embed v8.0.0
[INFO] [stderr]    Compiling strum v0.25.0
[INFO] [stderr]    Compiling clap v4.4.9
[INFO] [stderr]    Compiling serde_spanned v0.6.4
[INFO] [stderr]    Compiling toml_datetime v0.6.5
[INFO] [stderr]    Compiling os_info v3.7.0
[INFO] [stderr]    Compiling toml_edit v0.21.0
[INFO] [stderr]    Compiling toml v0.8.8
[INFO] [stderr]    Compiling human-panic v1.2.2
[INFO] [stderr]    Compiling auto_project v0.1.0 (/opt/rustwide/workdir)
[INFO] [stdout] error: Your Platform is not Supported.
[INFO] [stdout]   --> src/main.rs:20:1
[INFO] [stdout]    |
[INFO] [stdout] 20 | compile_error!("Your Platform is not Supported.");
[INFO] [stdout]    | ^^^^^^^^^^^^^^^^^^^^^^^^^^^^^^^^^^^^^^^^^^^^^^^^^
[INFO] [stdout] 
[INFO] [stdout] 
[INFO] [stdout] error[E0425]: cannot find function `update_shortcuts` in this scope
[INFO] [stdout]   --> src/main.rs:68:13
[INFO] [stdout]    |
[INFO] [stdout] 68 |             update_shortcuts(base_dirs, vec![project], app_state.config)?;
[INFO] [stdout]    |             ^^^^^^^^^^^^^^^^ not found in this scope
[INFO] [stdout] 
[INFO] [stdout] 
[INFO] [stdout] error[E0425]: cannot find function `update_shortcuts` in this scope
[INFO] [stdout]    --> src/main.rs:115:5
[INFO] [stdout]     |
[INFO] [stdout] 115 |     update_shortcuts(base_dirs, projects, app_state.config)?;
[INFO] [stdout]     |     ^^^^^^^^^^^^^^^^ not found in this scope
[INFO] [stdout] 
[INFO] [stdout] 
[INFO] [stdout] error: aborting due to 3 previous errors
[INFO] [stdout] 
[INFO] [stdout] 
[INFO] [stdout] For more information about this error, try `rustc --explain E0425`.
[INFO] [stdout] 
[INFO] [stderr] error: could not compile `auto_project` (bin "auto_project") due to 4 previous errors
[INFO] running `Command { std: "docker" "inspect" "5071e0d5af61acf7e42c2b338aca205a991a95cb9e206a37a63fe91521011eea", kill_on_drop: false }`
[INFO] running `Command { std: "docker" "rm" "-f" "5071e0d5af61acf7e42c2b338aca205a991a95cb9e206a37a63fe91521011eea", kill_on_drop: false }`
[INFO] [stdout] 5071e0d5af61acf7e42c2b338aca205a991a95cb9e206a37a63fe91521011eea
[INFO] testing auto_project-0.1.0 against beta-2023-12-22 for beta-1.76-1
[INFO] extracting crate auto_project 0.1.0 into /workspace/builds/worker-3-tc2/source
[INFO] validating manifest of crates.io crate auto_project 0.1.0 on toolchain beta-2023-12-22
[INFO] running `Command { std: CARGO_HOME="/workspace/cargo-home" RUSTUP_HOME="/workspace/rustup-home" "/workspace/cargo-home/bin/cargo" "+beta-2023-12-22" "metadata" "--manifest-path" "Cargo.toml" "--no-deps", kill_on_drop: false }`
[INFO] started tweaking crates.io crate auto_project 0.1.0
[INFO] finished tweaking crates.io crate auto_project 0.1.0
[INFO] tweaked toml for crates.io crate auto_project 0.1.0 written to /workspace/builds/worker-3-tc2/source/Cargo.toml
[INFO] crate crates.io crate auto_project 0.1.0 already has a lockfile, it will not be regenerated
[INFO] running `Command { std: CARGO_HOME="/workspace/cargo-home" RUSTUP_HOME="/workspace/rustup-home" "/workspace/cargo-home/bin/cargo" "+beta-2023-12-22" "fetch" "--manifest-path" "Cargo.toml", kill_on_drop: false }`
[INFO] running `Command { std: "docker" "create" "-v" "/var/lib/crater-agent-workspace/builds/worker-3-tc2/target:/opt/rustwide/target:rw,Z" "-v" "/var/lib/crater-agent-workspace/builds/worker-3-tc2/source:/opt/rustwide/workdir:ro,Z" "-v" "/var/lib/crater-agent-workspace/cargo-home:/opt/rustwide/cargo-home:ro,Z" "-v" "/var/lib/crater-agent-workspace/rustup-home:/opt/rustwide/rustup-home:ro,Z" "-e" "SOURCE_DIR=/opt/rustwide/workdir" "-e" "CARGO_TARGET_DIR=/opt/rustwide/target" "-e" "CARGO_HOME=/opt/rustwide/cargo-home" "-e" "RUSTUP_HOME=/opt/rustwide/rustup-home" "-w" "/opt/rustwide/workdir" "-m" "1610612736" "--user" "0:0" "--network" "none" "ghcr.io/rust-lang/crates-build-env/linux@sha256:2788e3201cd34a07e3172128adcd8b3090168a8e3bcc40d7c032b9dda1df7d1c" "/opt/rustwide/cargo-home/bin/cargo" "+beta-2023-12-22" "metadata" "--no-deps" "--format-version=1", kill_on_drop: false }`
[INFO] [stdout] df2fef6262e17d72f0fe20446e07c9ba5b7d4f144d70a78b0db3c108cb8ebd06
[INFO] running `Command { std: "docker" "start" "-a" "df2fef6262e17d72f0fe20446e07c9ba5b7d4f144d70a78b0db3c108cb8ebd06", kill_on_drop: false }`
[INFO] running `Command { std: "docker" "inspect" "df2fef6262e17d72f0fe20446e07c9ba5b7d4f144d70a78b0db3c108cb8ebd06", kill_on_drop: false }`
[INFO] running `Command { std: "docker" "rm" "-f" "df2fef6262e17d72f0fe20446e07c9ba5b7d4f144d70a78b0db3c108cb8ebd06", kill_on_drop: false }`
[INFO] [stdout] df2fef6262e17d72f0fe20446e07c9ba5b7d4f144d70a78b0db3c108cb8ebd06
[INFO] running `Command { std: "docker" "create" "-v" "/var/lib/crater-agent-workspace/builds/worker-3-tc2/target:/opt/rustwide/target:rw,Z" "-v" "/var/lib/crater-agent-workspace/builds/worker-3-tc2/source:/opt/rustwide/workdir:ro,Z" "-v" "/var/lib/crater-agent-workspace/cargo-home:/opt/rustwide/cargo-home:ro,Z" "-v" "/var/lib/crater-agent-workspace/rustup-home:/opt/rustwide/rustup-home:ro,Z" "-e" "SOURCE_DIR=/opt/rustwide/workdir" "-e" "CARGO_TARGET_DIR=/opt/rustwide/target" "-e" "CARGO_INCREMENTAL=0" "-e" "RUST_BACKTRACE=full" "-e" "RUSTFLAGS=--cap-lints=warn" "-e" "RUSTDOCFLAGS=--cap-lints=warn" "-e" "CARGO_HOME=/opt/rustwide/cargo-home" "-e" "RUSTUP_HOME=/opt/rustwide/rustup-home" "-w" "/opt/rustwide/workdir" "-m" "1610612736" "--user" "0:0" "--network" "none" "ghcr.io/rust-lang/crates-build-env/linux@sha256:2788e3201cd34a07e3172128adcd8b3090168a8e3bcc40d7c032b9dda1df7d1c" "/opt/rustwide/cargo-home/bin/cargo" "+beta-2023-12-22" "build" "--frozen" "--message-format=json", kill_on_drop: false }`
[INFO] [stdout] 6afa7d528e4763b8b3e06d55c1f6d0378e75a589d9668e2e326f37edbf687ffd
[INFO] running `Command { std: "docker" "start" "-a" "6afa7d528e4763b8b3e06d55c1f6d0378e75a589d9668e2e326f37edbf687ffd", kill_on_drop: false }`
[INFO] [stderr]    Compiling libc v0.2.150
[INFO] [stderr]    Compiling proc-macro2 v1.0.70
[INFO] [stderr]    Compiling log v0.4.20
[INFO] [stderr]    Compiling simd-adler32 v0.3.7
[INFO] [stderr]    Compiling typenum v1.17.0
[INFO] [stderr]    Compiling bytemuck v1.14.0
[INFO] [stderr]    Compiling serde v1.0.193
[INFO] [stderr]    Compiling arrayvec v0.7.4
[INFO] [stderr]    Compiling memchr v2.6.4
[INFO] [stderr]    Compiling float-cmp v0.9.0
[INFO] [stderr]    Compiling arrayref v0.3.7
[INFO] [stderr]    Compiling generic-array v0.14.7
[INFO] [stderr]    Compiling xmlparser v0.13.6
[INFO] [stderr]    Compiling slotmap v1.0.6
[INFO] [stderr]    Compiling siphasher v0.3.11
[INFO] [stderr]    Compiling rustix v0.38.25
[INFO] [stderr]    Compiling linux-raw-sys v0.4.11
[INFO] [stderr]    Compiling strict-num v0.1.1
[INFO] [stderr]    Compiling miniz_oxide v0.7.1
[INFO] [stderr]    Compiling kurbo v0.9.5
[INFO] [stderr]    Compiling tiny-skia-path v0.11.2
[INFO] [stderr]    Compiling ttf-parser v0.19.2
[INFO] [stderr]    Compiling rctree v0.5.0
[INFO] [stderr]    Compiling anstyle-parse v0.2.2
[INFO] [stderr]    Compiling fdeflate v0.3.1
[INFO] [stderr]    Compiling roxmltree v0.18.1
[INFO] [stderr]    Compiling unicode-bidi-mirroring v0.1.0
[INFO] [stderr]    Compiling unicode-ccc v0.1.2
[INFO] [stderr]    Compiling unicode-properties v0.1.0
[INFO] [stderr]    Compiling anstyle v1.0.4
[INFO] [stderr]    Compiling rustversion v1.0.14
[INFO] [stderr]    Compiling aho-corasick v1.1.2
[INFO] [stderr]    Compiling cpufeatures v0.2.11
[INFO] [stderr]    Compiling hashbrown v0.14.3
[INFO] [stderr]    Compiling fontconfig-parser v0.5.3
[INFO] [stderr]    Compiling flate2 v1.0.28
[INFO] [stderr]    Compiling quote v1.0.33
[INFO] [stderr]    Compiling unicode-script v0.5.5
[INFO] [stderr]    Compiling syn v2.0.39
[INFO] [stderr]    Compiling svgtypes v0.12.0
[INFO] [stderr]    Compiling memmap2 v0.8.0
[INFO] [stderr]    Compiling dirs-sys v0.3.7
[INFO] [stderr]    Compiling cc v1.0.83
[INFO] [stderr]    Compiling heck v0.4.1
[INFO] [stderr]    Compiling png v0.17.10
[INFO] [stderr]    Compiling anstream v0.6.4
[INFO] [stderr]    Compiling dirs v4.0.0
[INFO] [stderr]    Compiling indexmap v2.1.0
[INFO] [stderr]    Compiling simplecss v0.2.1
[INFO] [stderr]    Compiling data-url v0.3.1
[INFO] [stderr]    Compiling unicode-vo v0.1.0
[INFO] [stderr]    Compiling winnow v0.5.19
[INFO] [stderr]    Compiling unicode-bidi v0.3.13
[INFO] [stderr]    Compiling usvg-tree v0.36.0
[INFO] [stderr]    Compiling gimli v0.28.1
[INFO] [stderr]    Compiling regex-automata v0.4.3
[INFO] [stderr]    Compiling imagesize v0.12.0
[INFO] [stderr]    Compiling shellexpand v2.1.2
[INFO] [stderr]    Compiling crypto-common v0.1.6
[INFO] [stderr]    Compiling block-buffer v0.10.4
[INFO] [stderr]    Compiling usvg-parser v0.36.0
[INFO] [stderr]    Compiling getrandom v0.2.11
[INFO] [stderr]    Compiling digest v0.10.7
[INFO] [stderr]    Compiling object v0.32.1
[INFO] [stderr]    Compiling rustybuzz v0.10.0
[INFO] [stderr]    Compiling sha2 v0.10.8
[INFO] [stderr]    Compiling fontdb v0.15.0
[INFO] [stderr]    Compiling base64 v0.21.5
[INFO] [stderr]    Compiling backtrace v0.3.69
[INFO] [stderr]    Compiling rust-embed-utils v8.0.0
[INFO] [stderr]    Compiling is-terminal v0.4.9
[INFO] [stderr]    Compiling termcolor v1.4.0
[INFO] [stderr]    Compiling clap_lex v0.6.0
[INFO] [stderr]    Compiling xmlwriter v0.1.0
[INFO] [stderr]    Compiling pico-args v0.5.0
[INFO] [stderr]    Compiling humantime v2.1.0
[INFO] [stderr]    Compiling clap_builder v4.4.9
[INFO] [stderr]    Compiling gif v0.12.0
[INFO] [stderr]    Compiling dirs-sys v0.4.1
[INFO] [stderr]    Compiling uuid v1.6.1
[INFO] [stderr]    Compiling tiny-skia v0.11.2
[INFO] [stderr]    Compiling rgb v0.8.37
[INFO] [stderr]    Compiling byteorder v1.5.0
[INFO] [stderr]    Compiling jpeg-decoder v0.3.0
[INFO] [stderr]    Compiling either v1.9.0
[INFO] [stderr]    Compiling home v0.5.5
[INFO] [stderr]    Compiling console v0.15.7
[INFO] [stderr]    Compiling ico v0.3.0
[INFO] [stderr]    Compiling which v5.0.0
[INFO] [stderr]    Compiling directories v5.0.1
[INFO] [stderr]    Compiling addr2line v0.21.0
[INFO] [stderr]    Compiling regex v1.10.2
[INFO] [stderr]    Compiling usvg-text-layout v0.36.0
[INFO] [stderr]    Compiling env_logger v0.10.1
[INFO] [stderr]    Compiling usvg v0.36.0
[INFO] [stderr]    Compiling resvg v0.36.0
[INFO] [stderr]    Compiling pretty_env_logger v0.5.0
[INFO] [stderr]    Compiling serde_derive v1.0.193
[INFO] [stderr]    Compiling rust-embed-impl v8.0.0
[INFO] [stderr]    Compiling strum_macros v0.25.3
[INFO] [stderr]    Compiling clap_derive v4.4.7
[INFO] [stderr]    Compiling rust-embed v8.0.0
[INFO] [stderr]    Compiling strum v0.25.0
[INFO] [stderr]    Compiling clap v4.4.9
[INFO] [stderr]    Compiling serde_spanned v0.6.4
[INFO] [stderr]    Compiling toml_datetime v0.6.5
[INFO] [stderr]    Compiling os_info v3.7.0
[INFO] [stderr]    Compiling toml_edit v0.21.0
[INFO] [stderr]    Compiling toml v0.8.8
[INFO] [stderr]    Compiling human-panic v1.2.2
[INFO] [stderr]    Compiling auto_project v0.1.0 (/opt/rustwide/workdir)
[INFO] [stdout] error: Your Platform is not Supported.
[INFO] [stdout]   --> src/main.rs:20:1
[INFO] [stdout]    |
[INFO] [stdout] 20 | compile_error!("Your Platform is not Supported.");
[INFO] [stdout]    | ^^^^^^^^^^^^^^^^^^^^^^^^^^^^^^^^^^^^^^^^^^^^^^^^^
[INFO] [stdout] 
[INFO] [stdout] 
[INFO] [stdout] error[E0425]: cannot find function `update_shortcuts` in this scope
[INFO] [stdout]   --> src/main.rs:68:13
[INFO] [stdout]    |
[INFO] [stdout] 68 |             update_shortcuts(base_dirs, vec![project], app_state.config)?;
[INFO] [stdout]    |             ^^^^^^^^^^^^^^^^ not found in this scope
[INFO] [stdout] 
[INFO] [stdout] 
[INFO] [stdout] error[E0425]: cannot find function `update_shortcuts` in this scope
[INFO] [stdout]    --> src/main.rs:115:5
[INFO] [stdout]     |
[INFO] [stdout] 115 |     update_shortcuts(base_dirs, projects, app_state.config)?;
[INFO] [stdout]     |     ^^^^^^^^^^^^^^^^ not found in this scope
[INFO] [stdout] 
[INFO] [stdout] 
[INFO] [stdout] error: aborting due to 3 previous errors
[INFO] [stdout] 
[INFO] [stdout] 
[INFO] [stdout] For more information about this error, try `rustc --explain E0425`.
[INFO] [stdout] 
[INFO] [stderr] error: could not compile `auto_project` (bin "auto_project") due to 4 previous errors
[INFO] running `Command { std: "docker" "inspect" "6afa7d528e4763b8b3e06d55c1f6d0378e75a589d9668e2e326f37edbf687ffd", kill_on_drop: false }`
[INFO] running `Command { std: "docker" "rm" "-f" "6afa7d528e4763b8b3e06d55c1f6d0378e75a589d9668e2e326f37edbf687ffd", kill_on_drop: false }`
[INFO] [stdout] 6afa7d528e4763b8b3e06d55c1f6d0378e75a589d9668e2e326f37edbf687ffd
