[INFO] fetching crate auth-git2 0.5.3...
[INFO] testing auth-git2-0.5.3 against 1.75.0 for beta-1.76-1
[INFO] extracting crate auth-git2 0.5.3 into /workspace/builds/worker-6-tc1/source
[INFO] validating manifest of crates.io crate auth-git2 0.5.3 on toolchain 1.75.0
[INFO] running `Command { std: CARGO_HOME="/workspace/cargo-home" RUSTUP_HOME="/workspace/rustup-home" "/workspace/cargo-home/bin/cargo" "+1.75.0" "metadata" "--manifest-path" "Cargo.toml" "--no-deps", kill_on_drop: false }`
[INFO] started tweaking crates.io crate auth-git2 0.5.3
[INFO] finished tweaking crates.io crate auth-git2 0.5.3
[INFO] tweaked toml for crates.io crate auth-git2 0.5.3 written to /workspace/builds/worker-6-tc1/source/Cargo.toml
[INFO] crate crates.io crate auth-git2 0.5.3 already has a lockfile, it will not be regenerated
[INFO] running `Command { std: CARGO_HOME="/workspace/cargo-home" RUSTUP_HOME="/workspace/rustup-home" "/workspace/cargo-home/bin/cargo" "+1.75.0" "fetch" "--manifest-path" "Cargo.toml", kill_on_drop: false }`
[INFO] [stderr]     Updating crates.io index
[INFO] [stderr]  Downloading crates ...
[INFO] [stderr]   Downloaded terminal-prompt v0.2.3
[INFO] [stderr]   Downloaded clap v4.4.2
[INFO] [stderr]   Downloaded option-ext v0.2.0
[INFO] [stderr]   Downloaded assert2-macros v0.3.11
[INFO] [stderr]   Downloaded percent-encoding v2.3.0
[INFO] [stderr]   Downloaded assert2 v0.3.11
[INFO] [stderr]   Downloaded anstream v0.5.0
[INFO] [stderr]   Downloaded anstyle-wincon v2.1.0
[INFO] [stderr]   Downloaded dirs v5.0.1
[INFO] [stderr]   Downloaded syn v2.0.31
[INFO] [stderr]   Downloaded regex v1.9.5
[INFO] [stderr]   Downloaded linux-raw-sys v0.4.5
[INFO] [stderr]   Downloaded libgit2-sys v0.16.1+1.7.1
[INFO] [stderr]   Downloaded git2 v0.18.0
[INFO] [stderr]   Downloaded regex-automata v0.3.8
[INFO] [stderr]   Downloaded rustix v0.38.11
[INFO] [stderr]   Downloaded libssh2-sys v0.3.0
[INFO] [stderr]   Downloaded clap_derive v4.4.2
[INFO] [stderr]   Downloaded idna v0.4.0
[INFO] [stderr]   Downloaded aho-corasick v1.0.5
[INFO] [stderr]   Downloaded memchr v2.6.3
[INFO] [stderr]   Downloaded unicode-bidi v0.3.13
[INFO] [stderr]   Downloaded url v2.4.1
[INFO] [stderr]   Downloaded semver v1.0.18
[INFO] [stderr]   Downloaded clap_builder v4.4.2
[INFO] [stderr]   Downloaded openssl-sys v0.9.93
[INFO] [stderr]   Downloaded clap_lex v0.5.1
[INFO] [stderr]   Downloaded jobserver v0.1.26
[INFO] [stderr]   Downloaded errno v0.3.3
[INFO] [stderr]   Downloaded is-terminal v0.4.9
[INFO] [stderr]   Downloaded form_urlencoded v1.2.0
[INFO] [stderr]   Downloaded hermit-abi v0.3.2
[INFO] [stderr]   Downloaded anstyle-parse v0.2.1
[INFO] [stderr]   Downloaded anstyle v1.0.2
[INFO] [stderr]   Downloaded bitflags v2.4.0
[INFO] [stderr]   Downloaded pkg-config v0.3.27
[INFO] [stderr]   Downloaded thiserror-impl v1.0.48
[INFO] [stderr]   Downloaded thiserror v1.0.48
[INFO] [stderr]   Downloaded dirs-sys v0.4.1
[INFO] running `Command { std: "docker" "create" "-v" "/var/lib/crater-agent-workspace/builds/worker-6-tc1/target:/opt/rustwide/target:rw,Z" "-v" "/var/lib/crater-agent-workspace/builds/worker-6-tc1/source:/opt/rustwide/workdir:ro,Z" "-v" "/var/lib/crater-agent-workspace/cargo-home:/opt/rustwide/cargo-home:ro,Z" "-v" "/var/lib/crater-agent-workspace/rustup-home:/opt/rustwide/rustup-home:ro,Z" "-e" "SOURCE_DIR=/opt/rustwide/workdir" "-e" "CARGO_TARGET_DIR=/opt/rustwide/target" "-e" "CARGO_HOME=/opt/rustwide/cargo-home" "-e" "RUSTUP_HOME=/opt/rustwide/rustup-home" "-w" "/opt/rustwide/workdir" "-m" "1610612736" "--user" "0:0" "--network" "none" "ghcr.io/rust-lang/crates-build-env/linux@sha256:2788e3201cd34a07e3172128adcd8b3090168a8e3bcc40d7c032b9dda1df7d1c" "/opt/rustwide/cargo-home/bin/cargo" "+1.75.0" "metadata" "--no-deps" "--format-version=1", kill_on_drop: false }`
[INFO] [stdout] c05e73d69ad888ed11292cfda127d2fb5dd07afe4f18806edb2176d43eb023c4
[INFO] running `Command { std: "docker" "start" "-a" "c05e73d69ad888ed11292cfda127d2fb5dd07afe4f18806edb2176d43eb023c4", kill_on_drop: false }`
[INFO] running `Command { std: "docker" "inspect" "c05e73d69ad888ed11292cfda127d2fb5dd07afe4f18806edb2176d43eb023c4", kill_on_drop: false }`
[INFO] running `Command { std: "docker" "rm" "-f" "c05e73d69ad888ed11292cfda127d2fb5dd07afe4f18806edb2176d43eb023c4", kill_on_drop: false }`
[INFO] [stdout] c05e73d69ad888ed11292cfda127d2fb5dd07afe4f18806edb2176d43eb023c4
[INFO] running `Command { std: "docker" "create" "-v" "/var/lib/crater-agent-workspace/builds/worker-6-tc1/target:/opt/rustwide/target:rw,Z" "-v" "/var/lib/crater-agent-workspace/builds/worker-6-tc1/source:/opt/rustwide/workdir:ro,Z" "-v" "/var/lib/crater-agent-workspace/cargo-home:/opt/rustwide/cargo-home:ro,Z" "-v" "/var/lib/crater-agent-workspace/rustup-home:/opt/rustwide/rustup-home:ro,Z" "-e" "SOURCE_DIR=/opt/rustwide/workdir" "-e" "CARGO_TARGET_DIR=/opt/rustwide/target" "-e" "CARGO_INCREMENTAL=0" "-e" "RUST_BACKTRACE=full" "-e" "RUSTFLAGS=--cap-lints=warn" "-e" "RUSTDOCFLAGS=--cap-lints=warn" "-e" "CARGO_HOME=/opt/rustwide/cargo-home" "-e" "RUSTUP_HOME=/opt/rustwide/rustup-home" "-w" "/opt/rustwide/workdir" "-m" "1610612736" "--user" "0:0" "--network" "none" "ghcr.io/rust-lang/crates-build-env/linux@sha256:2788e3201cd34a07e3172128adcd8b3090168a8e3bcc40d7c032b9dda1df7d1c" "/opt/rustwide/cargo-home/bin/cargo" "+1.75.0" "build" "--frozen" "--message-format=json", kill_on_drop: false }`
[INFO] [stdout] 0e23114cf1bf0adb965bec5fa22dea8e286c11c529484032833bd94f4a6a130b
[INFO] running `Command { std: "docker" "start" "-a" "0e23114cf1bf0adb965bec5fa22dea8e286c11c529484032833bd94f4a6a130b", kill_on_drop: false }`
[INFO] [stderr]    Compiling libc v0.2.147
[INFO] [stderr]    Compiling pkg-config v0.3.27
[INFO] [stderr]    Compiling vcpkg v0.2.15
[INFO] [stderr]    Compiling unicode-bidi v0.3.13
[INFO] [stderr]    Compiling percent-encoding v2.3.0
[INFO] [stderr]    Compiling option-ext v0.2.0
[INFO] [stderr]    Compiling bitflags v2.4.0
[INFO] [stderr]    Compiling form_urlencoded v1.2.0
[INFO] [stderr]    Compiling idna v0.4.0
[INFO] [stderr]    Compiling url v2.4.1
[INFO] [stderr]    Compiling jobserver v0.1.26
[INFO] [stderr]    Compiling dirs-sys v0.4.1
[INFO] [stderr]    Compiling terminal-prompt v0.2.3
[INFO] [stderr]    Compiling dirs v5.0.1
[INFO] [stderr]    Compiling cc v1.0.83
[INFO] [stderr]    Compiling libz-sys v1.1.12
[INFO] [stderr]    Compiling libgit2-sys v0.16.1+1.7.1
[INFO] [stderr]    Compiling git2 v0.18.0
[INFO] [stderr]    Compiling auth-git2 v0.5.3 (/opt/rustwide/workdir)
[INFO] [stderr]     Finished dev [unoptimized + debuginfo] target(s) in 30.21s
[INFO] running `Command { std: "docker" "inspect" "0e23114cf1bf0adb965bec5fa22dea8e286c11c529484032833bd94f4a6a130b", kill_on_drop: false }`
[INFO] running `Command { std: "docker" "rm" "-f" "0e23114cf1bf0adb965bec5fa22dea8e286c11c529484032833bd94f4a6a130b", kill_on_drop: false }`
[INFO] [stdout] 0e23114cf1bf0adb965bec5fa22dea8e286c11c529484032833bd94f4a6a130b
[INFO] running `Command { std: "docker" "create" "-v" "/var/lib/crater-agent-workspace/builds/worker-6-tc1/target:/opt/rustwide/target:rw,Z" "-v" "/var/lib/crater-agent-workspace/builds/worker-6-tc1/source:/opt/rustwide/workdir:ro,Z" "-v" "/var/lib/crater-agent-workspace/cargo-home:/opt/rustwide/cargo-home:ro,Z" "-v" "/var/lib/crater-agent-workspace/rustup-home:/opt/rustwide/rustup-home:ro,Z" "-e" "SOURCE_DIR=/opt/rustwide/workdir" "-e" "CARGO_TARGET_DIR=/opt/rustwide/target" "-e" "CARGO_INCREMENTAL=0" "-e" "RUST_BACKTRACE=full" "-e" "RUSTFLAGS=--cap-lints=warn" "-e" "RUSTDOCFLAGS=--cap-lints=warn" "-e" "CARGO_HOME=/opt/rustwide/cargo-home" "-e" "RUSTUP_HOME=/opt/rustwide/rustup-home" "-w" "/opt/rustwide/workdir" "-m" "1610612736" "--user" "0:0" "--network" "none" "ghcr.io/rust-lang/crates-build-env/linux@sha256:2788e3201cd34a07e3172128adcd8b3090168a8e3bcc40d7c032b9dda1df7d1c" "/opt/rustwide/cargo-home/bin/cargo" "+1.75.0" "test" "--frozen" "--no-run" "--message-format=json", kill_on_drop: false }`
[INFO] [stdout] 5b0674ee7427f9d643376d96dc7448e5f9401a9a8ec537f65f6b9401c08249e9
[INFO] running `Command { std: "docker" "start" "-a" "5b0674ee7427f9d643376d96dc7448e5f9401a9a8ec537f65f6b9401c08249e9", kill_on_drop: false }`
[INFO] [stderr]    Compiling proc-macro2 v1.0.66
[INFO] [stderr]    Compiling unicode-ident v1.0.11
[INFO] [stderr]    Compiling semver v1.0.18
[INFO] [stderr]    Compiling bitflags v2.4.0
[INFO] [stderr]    Compiling rustix v0.38.11
[INFO] [stderr]    Compiling linux-raw-sys v0.4.5
[INFO] [stderr]    Compiling openssl-sys v0.9.93
[INFO] [stderr]    Compiling libssh2-sys v0.3.0
[INFO] [stderr]    Compiling libgit2-sys v0.16.1+1.7.1
[INFO] [stderr]    Compiling memchr v2.6.3
[INFO] [stderr]    Compiling rustc_version v0.4.0
[INFO] [stderr]    Compiling syn v1.0.109
[INFO] [stderr]    Compiling utf8parse v0.2.1
[INFO] [stderr]    Compiling anstyle-parse v0.2.1
[INFO] [stderr]    Compiling anstyle v1.0.2
[INFO] [stderr]    Compiling assert2-macros v0.3.11
[INFO] [stderr]    Compiling colorchoice v1.0.0
[INFO] [stderr]    Compiling anstyle-query v1.0.0
[INFO] [stderr]    Compiling aho-corasick v1.0.5
[INFO] [stderr]    Compiling regex-syntax v0.7.5
[INFO] [stderr]    Compiling quote v1.0.33
[INFO] [stderr]    Compiling log v0.4.20
[INFO] [stderr]    Compiling syn v2.0.31
[INFO] [stderr]    Compiling anstream v0.5.0
[INFO] [stderr]    Compiling is-terminal v0.4.9
[INFO] [stderr]    Compiling openssl-probe v0.1.5
[INFO] [stderr]    Compiling clap_lex v0.5.1
[INFO] [stderr]    Compiling heck v0.4.1
[INFO] [stderr]    Compiling strsim v0.10.0
[INFO] [stderr]    Compiling humantime v2.1.0
[INFO] [stderr]    Compiling yansi v0.5.1
[INFO] [stderr]    Compiling termcolor v1.2.0
[INFO] [stderr]    Compiling clap_builder v4.4.2
[INFO] [stderr]    Compiling regex-automata v0.3.8
[INFO] [stderr]    Compiling regex v1.9.5
[INFO] [stderr]    Compiling env_logger v0.10.0
[INFO] [stderr]    Compiling clap_derive v4.4.2
[INFO] [stderr]    Compiling assert2 v0.3.11
[INFO] [stderr]    Compiling clap v4.4.2
[INFO] [stderr]    Compiling git2 v0.18.0
[INFO] [stderr]    Compiling auth-git2 v0.5.3 (/opt/rustwide/workdir)
[INFO] [stdout] error[E0433]: failed to resolve: use of undeclared crate or module `log`
[INFO] [stdout]   --> examples/custom-prompt-clone.rs:64:16
[INFO] [stdout]    |
[INFO] [stdout] 64 |         .map_err(|_| log::warn!("Invalid UTF-8 in response from yad"))?;
[INFO] [stdout]    |                      ^^^ use of undeclared crate or module `log`
[INFO] [stdout] 
[INFO] [stdout] 
[INFO] [stdout] error[E0433]: failed to resolve: use of undeclared crate or module `log`
[INFO] [stdout]   --> examples/custom-prompt-clone.rs:56:16
[INFO] [stdout]    |
[INFO] [stdout] 56 |         .map_err(|e| log::error!("Failed to run `yad`: {e}"))?;
[INFO] [stdout]    |                      ^^^ use of undeclared crate or module `log`
[INFO] [stdout] 
[INFO] [stdout] 
[INFO] [stdout] error[E0433]: failed to resolve: use of undeclared crate or module `log`
[INFO] [stdout]    --> examples/custom-prompt-clone.rs:131:16
[INFO] [stdout]     |
[INFO] [stdout] 131 |         .map_err(|e| log::error!("Failed to clone {}: {}", options.repo, e))?;
[INFO] [stdout]     |                      ^^^ use of undeclared crate or module `log`
[INFO] [stdout] 
[INFO] [stdout] 
[INFO] [stdout] error[E0433]: failed to resolve: use of undeclared crate or module `log`
[INFO] [stdout]    --> examples/custom-prompt-clone.rs:126:2
[INFO] [stdout]     |
[INFO] [stdout] 126 |     log::info!("Cloning {} into {}", options.repo, local_path.display());
[INFO] [stdout]     |     ^^^ use of undeclared crate or module `log`
[INFO] [stdout] 
[INFO] [stdout] 
[INFO] [stdout] error[E0433]: failed to resolve: use of undeclared crate or module `log`
[INFO] [stdout]   --> examples/custom-prompt-clone.rs:77:3
[INFO] [stdout]    |
[INFO] [stdout] 77 |         log::error!("asked yad for {} values but got only {}", fields.len(), items.len());
[INFO] [stdout]    |         ^^^ use of undeclared crate or module `log`
[INFO] [stdout] 
[INFO] [stdout] 
[INFO] [stdout] error[E0433]: failed to resolve: use of undeclared crate or module `log`
[INFO] [stdout]   --> examples/custom-prompt-clone.rs:59:3
[INFO] [stdout]    |
[INFO] [stdout] 59 |         log::debug!("yad exited with {}", output.status);
[INFO] [stdout]    |         ^^^ use of undeclared crate or module `log`
[INFO] [stdout] 
[INFO] [stdout] 
[INFO] [stdout] error[E0433]: failed to resolve: use of undeclared crate or module `log`
[INFO] [stdout]    --> examples/git.rs:115:16
[INFO] [stdout]     |
[INFO] [stdout] 115 |         .map_err(|e| log::error!("Failed to open git repo at {}: {e}", command.repo.display()))?;
[INFO] [stdout]     |                      ^^^ use of undeclared crate or module `log`
[INFO] [stdout] 
[INFO] [stdout] 
[INFO] [stdout] error[E0433]: failed to resolve: use of undeclared crate or module `log`
[INFO] [stdout]    --> examples/git.rs:121:16
[INFO] [stdout]     |
[INFO] [stdout] 121 |         .map_err(|e| log::error!("Failed to find remote {:?}: {e}", command.remote))?;
[INFO] [stdout]     |                      ^^^ use of undeclared crate or module `log`
[INFO] [stdout] 
[INFO] [stdout] 
[INFO] [stdout] error[E0433]: failed to resolve: use of undeclared crate or module `log`
[INFO] [stdout]    --> examples/git.rs:123:16
[INFO] [stdout]     |
[INFO] [stdout] 123 |         .map_err(|e| log::error!("Failed to fetch from remote {:?}: {e}", command.remote))?;
[INFO] [stdout]     |                      ^^^ use of undeclared crate or module `log`
[INFO] [stdout] 
[INFO] [stdout] 
[INFO] [stdout] error[E0433]: failed to resolve: use of undeclared crate or module `log`
[INFO] [stdout]    --> examples/git.rs:105:2
[INFO] [stdout]     |
[INFO] [stdout] 105 |     log::info!("Cloning {} into {}", command.repo, local_path.display());
[INFO] [stdout]     |     ^^^ use of undeclared crate or module `log`
[INFO] [stdout] 
[INFO] [stdout] 
[INFO] [stdout] error[E0433]: failed to resolve: use of undeclared crate or module `log`
[INFO] [stdout]    --> examples/git.rs:109:16
[INFO] [stdout]     |
[INFO] [stdout] 109 |         .map_err(|e| log::error!("Failed to clone {}: {}", command.repo, e))?;
[INFO] [stdout]     |                      ^^^ use of undeclared crate or module `log`
[INFO] [stdout] 
[INFO] [stdout] 
[INFO] [stdout] error[E0433]: failed to resolve: use of undeclared crate or module `log`
[INFO] [stdout]    --> examples/git.rs:129:16
[INFO] [stdout]     |
[INFO] [stdout] 129 |         .map_err(|e| log::error!("Failed to open git repo at {}: {e}", command.repo.display()))?;
[INFO] [stdout]     |                      ^^^ use of undeclared crate or module `log`
[INFO] [stdout] 
[INFO] [stdout] 
[INFO] [stdout] error[E0433]: failed to resolve: use of undeclared crate or module `log`
[INFO] [stdout]    --> examples/git.rs:131:2
[INFO] [stdout]     |
[INFO] [stdout] 131 |     log::info!("Fetching {:?} from remote {:?}", command.refspec, command.remote);
[INFO] [stdout]     |     ^^^ use of undeclared crate or module `log`
[INFO] [stdout] 
[INFO] [stdout] 
[INFO] [stdout] error[E0433]: failed to resolve: use of undeclared crate or module `log`
[INFO] [stdout]    --> examples/git.rs:136:16
[INFO] [stdout]     |
[INFO] [stdout] 136 |         .map_err(|e| log::error!("Failed to find remote {:?}: {e}", command.remote))?;
[INFO] [stdout]     |                      ^^^ use of undeclared crate or module `log`
[INFO] [stdout] 
[INFO] [stdout] 
[INFO] [stdout] error[E0433]: failed to resolve: use of undeclared crate or module `log`
[INFO] [stdout]    --> examples/git.rs:138:16
[INFO] [stdout]     |
[INFO] [stdout] 138 |         .map_err(|e| log::error!("Failed to push to remote {:?}: {e}", command.remote))?;
[INFO] [stdout]     |                      ^^^ use of undeclared crate or module `log`
[INFO] [stdout] 
[INFO] [stdout] 
[INFO] [stdout] error[E0433]: failed to resolve: use of undeclared crate or module `log`
[INFO] [stdout]    --> examples/custom-prompt-clone.rs:109:8
[INFO] [stdout]     |
[INFO] [stdout] 109 |         0 => log::LevelFilter::Info,
[INFO] [stdout]     |              ^^^ use of undeclared crate or module `log`
[INFO] [stdout] 
[INFO] [stdout] 
[INFO] [stdout] error[E0433]: failed to resolve: use of undeclared crate or module `log`
[INFO] [stdout]   --> examples/git.rs:80:8
[INFO] [stdout]    |
[INFO] [stdout] 80 |         0 => log::LevelFilter::Info,
[INFO] [stdout]    |              ^^^ use of undeclared crate or module `log`
[INFO] [stdout] 
[INFO] [stdout] 
[INFO] [stdout] error[E0433]: failed to resolve: use of undeclared crate or module `log`
[INFO] [stdout]    --> examples/custom-prompt-clone.rs:110:8
[INFO] [stdout]     |
[INFO] [stdout] 110 |         1 => log::LevelFilter::Debug,
[INFO] [stdout]     |              ^^^ use of undeclared crate or module `log`
[INFO] [stdout] 
[INFO] [stdout] 
[INFO] [stdout] error[E0433]: failed to resolve: use of undeclared crate or module `log`
[INFO] [stdout]   --> examples/git.rs:81:8
[INFO] [stdout]    |
[INFO] [stdout] 81 |         1 => log::LevelFilter::Debug,
[INFO] [stdout]    |              ^^^ use of undeclared crate or module `log`
[INFO] [stdout] 
[INFO] [stdout] 
[INFO] [stdout] error[E0433]: failed to resolve: use of undeclared crate or module `log`
[INFO] [stdout]    --> examples/custom-prompt-clone.rs:111:10
[INFO] [stdout]     |
[INFO] [stdout] 111 |         2.. => log::LevelFilter::Trace,
[INFO] [stdout]     |                ^^^ use of undeclared crate or module `log`
[INFO] [stdout] 
[INFO] [stdout] 
[INFO] [stdout] error[E0433]: failed to resolve: use of undeclared crate or module `log`
[INFO] [stdout]   --> examples/git.rs:82:10
[INFO] [stdout]    |
[INFO] [stdout] 82 |         2.. => log::LevelFilter::Trace,
[INFO] [stdout]    |                ^^^ use of undeclared crate or module `log`
[INFO] [stdout] 
[INFO] [stdout] 
[INFO] [stdout] error[E0433]: failed to resolve: use of undeclared crate or module `log`
[INFO] [stdout]    --> examples/custom-prompt-clone.rs:107:30
[INFO] [stdout]     |
[INFO] [stdout] 107 | fn log_level(verbose: u8) -> log::LevelFilter {
[INFO] [stdout]     |                              ^^^ use of undeclared crate or module `log`
[INFO] [stdout] 
[INFO] [stdout] 
[INFO] [stdout] error: aborting due to 10 previous errors
[INFO] [stdout] 
[INFO] [stdout] 
[INFO] [stdout] For more information about this error, try `rustc --explain E0433`.
[INFO] [stdout] 
[INFO] [stderr] error: could not compile `auth-git2` (example "custom-prompt-clone") due to 11 previous errors
[INFO] [stderr] warning: build failed, waiting for other jobs to finish...
[INFO] [stdout] error[E0433]: failed to resolve: use of undeclared crate or module `log`
[INFO] [stdout]   --> examples/git.rs:78:30
[INFO] [stdout]    |
[INFO] [stdout] 78 | fn log_level(verbose: u8) -> log::LevelFilter {
[INFO] [stdout]    |                              ^^^ use of undeclared crate or module `log`
[INFO] [stdout] 
[INFO] [stdout] 
[INFO] [stdout] error: aborting due to 13 previous errors
[INFO] [stdout] 
[INFO] [stdout] 
[INFO] [stdout] For more information about this error, try `rustc --explain E0433`.
[INFO] [stdout] 
[INFO] [stderr] error: could not compile `auth-git2` (example "git") due to 14 previous errors
[INFO] running `Command { std: "docker" "inspect" "5b0674ee7427f9d643376d96dc7448e5f9401a9a8ec537f65f6b9401c08249e9", kill_on_drop: false }`
[INFO] running `Command { std: "docker" "rm" "-f" "5b0674ee7427f9d643376d96dc7448e5f9401a9a8ec537f65f6b9401c08249e9", kill_on_drop: false }`
[INFO] [stdout] 5b0674ee7427f9d643376d96dc7448e5f9401a9a8ec537f65f6b9401c08249e9
[INFO] testing auth-git2-0.5.3 against beta-2023-12-22 for beta-1.76-1
[INFO] extracting crate auth-git2 0.5.3 into /workspace/builds/worker-6-tc2/source
[INFO] validating manifest of crates.io crate auth-git2 0.5.3 on toolchain beta-2023-12-22
[INFO] running `Command { std: CARGO_HOME="/workspace/cargo-home" RUSTUP_HOME="/workspace/rustup-home" "/workspace/cargo-home/bin/cargo" "+beta-2023-12-22" "metadata" "--manifest-path" "Cargo.toml" "--no-deps", kill_on_drop: false }`
[INFO] started tweaking crates.io crate auth-git2 0.5.3
[INFO] finished tweaking crates.io crate auth-git2 0.5.3
[INFO] tweaked toml for crates.io crate auth-git2 0.5.3 written to /workspace/builds/worker-6-tc2/source/Cargo.toml
[INFO] crate crates.io crate auth-git2 0.5.3 already has a lockfile, it will not be regenerated
[INFO] running `Command { std: CARGO_HOME="/workspace/cargo-home" RUSTUP_HOME="/workspace/rustup-home" "/workspace/cargo-home/bin/cargo" "+beta-2023-12-22" "fetch" "--manifest-path" "Cargo.toml", kill_on_drop: false }`
[INFO] running `Command { std: "docker" "create" "-v" "/var/lib/crater-agent-workspace/builds/worker-6-tc2/target:/opt/rustwide/target:rw,Z" "-v" "/var/lib/crater-agent-workspace/builds/worker-6-tc2/source:/opt/rustwide/workdir:ro,Z" "-v" "/var/lib/crater-agent-workspace/cargo-home:/opt/rustwide/cargo-home:ro,Z" "-v" "/var/lib/crater-agent-workspace/rustup-home:/opt/rustwide/rustup-home:ro,Z" "-e" "SOURCE_DIR=/opt/rustwide/workdir" "-e" "CARGO_TARGET_DIR=/opt/rustwide/target" "-e" "CARGO_HOME=/opt/rustwide/cargo-home" "-e" "RUSTUP_HOME=/opt/rustwide/rustup-home" "-w" "/opt/rustwide/workdir" "-m" "1610612736" "--user" "0:0" "--network" "none" "ghcr.io/rust-lang/crates-build-env/linux@sha256:2788e3201cd34a07e3172128adcd8b3090168a8e3bcc40d7c032b9dda1df7d1c" "/opt/rustwide/cargo-home/bin/cargo" "+beta-2023-12-22" "metadata" "--no-deps" "--format-version=1", kill_on_drop: false }`
[INFO] [stdout] 2395c914652614becec01fa813e269867c8ffbd8e90dbed54325dd41c3511fa7
[INFO] running `Command { std: "docker" "start" "-a" "2395c914652614becec01fa813e269867c8ffbd8e90dbed54325dd41c3511fa7", kill_on_drop: false }`
[INFO] running `Command { std: "docker" "inspect" "2395c914652614becec01fa813e269867c8ffbd8e90dbed54325dd41c3511fa7", kill_on_drop: false }`
[INFO] running `Command { std: "docker" "rm" "-f" "2395c914652614becec01fa813e269867c8ffbd8e90dbed54325dd41c3511fa7", kill_on_drop: false }`
[INFO] [stdout] 2395c914652614becec01fa813e269867c8ffbd8e90dbed54325dd41c3511fa7
[INFO] running `Command { std: "docker" "create" "-v" "/var/lib/crater-agent-workspace/builds/worker-6-tc2/target:/opt/rustwide/target:rw,Z" "-v" "/var/lib/crater-agent-workspace/builds/worker-6-tc2/source:/opt/rustwide/workdir:ro,Z" "-v" "/var/lib/crater-agent-workspace/cargo-home:/opt/rustwide/cargo-home:ro,Z" "-v" "/var/lib/crater-agent-workspace/rustup-home:/opt/rustwide/rustup-home:ro,Z" "-e" "SOURCE_DIR=/opt/rustwide/workdir" "-e" "CARGO_TARGET_DIR=/opt/rustwide/target" "-e" "CARGO_INCREMENTAL=0" "-e" "RUST_BACKTRACE=full" "-e" "RUSTFLAGS=--cap-lints=warn" "-e" "RUSTDOCFLAGS=--cap-lints=warn" "-e" "CARGO_HOME=/opt/rustwide/cargo-home" "-e" "RUSTUP_HOME=/opt/rustwide/rustup-home" "-w" "/opt/rustwide/workdir" "-m" "1610612736" "--user" "0:0" "--network" "none" "ghcr.io/rust-lang/crates-build-env/linux@sha256:2788e3201cd34a07e3172128adcd8b3090168a8e3bcc40d7c032b9dda1df7d1c" "/opt/rustwide/cargo-home/bin/cargo" "+beta-2023-12-22" "build" "--frozen" "--message-format=json", kill_on_drop: false }`
[INFO] [stdout] 76f5eb97db086bf8a3420173b1cc7229c8a0fca9c3b7827b66ed5e41cc6e0c1e
[INFO] running `Command { std: "docker" "start" "-a" "76f5eb97db086bf8a3420173b1cc7229c8a0fca9c3b7827b66ed5e41cc6e0c1e", kill_on_drop: false }`
[INFO] [stderr]    Compiling libc v0.2.147
[INFO] [stderr]    Compiling pkg-config v0.3.27
[INFO] [stderr]    Compiling vcpkg v0.2.15
[INFO] [stderr]    Compiling unicode-bidi v0.3.13
[INFO] [stderr]    Compiling percent-encoding v2.3.0
[INFO] [stderr]    Compiling option-ext v0.2.0
[INFO] [stderr]    Compiling bitflags v2.4.0
[INFO] [stderr]    Compiling form_urlencoded v1.2.0
[INFO] [stderr]    Compiling idna v0.4.0
[INFO] [stderr]    Compiling url v2.4.1
[INFO] [stderr]    Compiling jobserver v0.1.26
[INFO] [stderr]    Compiling dirs-sys v0.4.1
[INFO] [stderr]    Compiling terminal-prompt v0.2.3
[INFO] [stderr]    Compiling dirs v5.0.1
[INFO] [stderr]    Compiling cc v1.0.83
[INFO] [stderr]    Compiling libz-sys v1.1.12
[INFO] [stderr]    Compiling libgit2-sys v0.16.1+1.7.1
[INFO] [stderr]    Compiling git2 v0.18.0
[INFO] [stderr]    Compiling auth-git2 v0.5.3 (/opt/rustwide/workdir)
[INFO] [stderr]     Finished dev [unoptimized + debuginfo] target(s) in 12.42s
[INFO] running `Command { std: "docker" "inspect" "76f5eb97db086bf8a3420173b1cc7229c8a0fca9c3b7827b66ed5e41cc6e0c1e", kill_on_drop: false }`
[INFO] running `Command { std: "docker" "rm" "-f" "76f5eb97db086bf8a3420173b1cc7229c8a0fca9c3b7827b66ed5e41cc6e0c1e", kill_on_drop: false }`
[INFO] [stdout] 76f5eb97db086bf8a3420173b1cc7229c8a0fca9c3b7827b66ed5e41cc6e0c1e
[INFO] running `Command { std: "docker" "create" "-v" "/var/lib/crater-agent-workspace/builds/worker-6-tc2/target:/opt/rustwide/target:rw,Z" "-v" "/var/lib/crater-agent-workspace/builds/worker-6-tc2/source:/opt/rustwide/workdir:ro,Z" "-v" "/var/lib/crater-agent-workspace/cargo-home:/opt/rustwide/cargo-home:ro,Z" "-v" "/var/lib/crater-agent-workspace/rustup-home:/opt/rustwide/rustup-home:ro,Z" "-e" "SOURCE_DIR=/opt/rustwide/workdir" "-e" "CARGO_TARGET_DIR=/opt/rustwide/target" "-e" "CARGO_INCREMENTAL=0" "-e" "RUST_BACKTRACE=full" "-e" "RUSTFLAGS=--cap-lints=warn" "-e" "RUSTDOCFLAGS=--cap-lints=warn" "-e" "CARGO_HOME=/opt/rustwide/cargo-home" "-e" "RUSTUP_HOME=/opt/rustwide/rustup-home" "-w" "/opt/rustwide/workdir" "-m" "1610612736" "--user" "0:0" "--network" "none" "ghcr.io/rust-lang/crates-build-env/linux@sha256:2788e3201cd34a07e3172128adcd8b3090168a8e3bcc40d7c032b9dda1df7d1c" "/opt/rustwide/cargo-home/bin/cargo" "+beta-2023-12-22" "test" "--frozen" "--no-run" "--message-format=json", kill_on_drop: false }`
[INFO] [stdout] 084e4a126602de62bc9e3ef423135da5a8b00d72c07ce29e9cf1bf5a96677083
[INFO] running `Command { std: "docker" "start" "-a" "084e4a126602de62bc9e3ef423135da5a8b00d72c07ce29e9cf1bf5a96677083", kill_on_drop: false }`
[INFO] [stderr]    Compiling proc-macro2 v1.0.66
[INFO] [stderr]    Compiling unicode-ident v1.0.11
[INFO] [stderr]    Compiling semver v1.0.18
[INFO] [stderr]    Compiling bitflags v2.4.0
[INFO] [stderr]    Compiling rustix v0.38.11
[INFO] [stderr]    Compiling syn v1.0.109
[INFO] [stderr]    Compiling linux-raw-sys v0.4.5
[INFO] [stderr]    Compiling openssl-sys v0.9.93
[INFO] [stderr]    Compiling libssh2-sys v0.3.0
[INFO] [stderr]    Compiling libgit2-sys v0.16.1+1.7.1
[INFO] [stderr]    Compiling memchr v2.6.3
[INFO] [stderr]    Compiling utf8parse v0.2.1
[INFO] [stderr]    Compiling rustc_version v0.4.0
[INFO] [stderr]    Compiling anstyle-parse v0.2.1
[INFO] [stderr]    Compiling quote v1.0.33
[INFO] [stderr]    Compiling aho-corasick v1.0.5
[INFO] [stderr]    Compiling assert2-macros v0.3.11
[INFO] [stderr]    Compiling anstyle-query v1.0.0
[INFO] [stderr]    Compiling colorchoice v1.0.0
[INFO] [stderr]    Compiling anstyle v1.0.2
[INFO] [stderr]    Compiling regex-syntax v0.7.5
[INFO] [stderr]    Compiling log v0.4.20
[INFO] [stderr]    Compiling anstream v0.5.0
[INFO] [stderr]    Compiling is-terminal v0.4.9
[INFO] [stderr]    Compiling syn v2.0.31
[INFO] [stderr]    Compiling strsim v0.10.0
[INFO] [stderr]    Compiling openssl-probe v0.1.5
[INFO] [stderr]    Compiling clap_lex v0.5.1
[INFO] [stderr]    Compiling heck v0.4.1
[INFO] [stderr]    Compiling clap_builder v4.4.2
[INFO] [stderr]    Compiling humantime v2.1.0
[INFO] [stderr]    Compiling yansi v0.5.1
[INFO] [stderr]    Compiling termcolor v1.2.0
[INFO] [stderr]    Compiling regex-automata v0.3.8
[INFO] [stderr]    Compiling regex v1.9.5
[INFO] [stderr]    Compiling clap_derive v4.4.2
[INFO] [stderr]    Compiling env_logger v0.10.0
[INFO] [stderr]    Compiling assert2 v0.3.11
[INFO] [stderr]    Compiling clap v4.4.2
[INFO] [stderr]    Compiling git2 v0.18.0
[INFO] [stderr]    Compiling auth-git2 v0.5.3 (/opt/rustwide/workdir)
[INFO] [stdout] error[E0433]: failed to resolve: use of undeclared crate or module `log`
[INFO] [stdout]   --> examples/custom-prompt-clone.rs:64:16
[INFO] [stdout]    |
[INFO] [stdout] 64 |         .map_err(|_| log::warn!("Invalid UTF-8 in response from yad"))?;
[INFO] [stdout]    |                      ^^^ use of undeclared crate or module `log`
[INFO] [stdout] 
[INFO] [stdout] 
[INFO] [stdout] error[E0433]: failed to resolve: use of undeclared crate or module `log`
[INFO] [stdout]   --> examples/custom-prompt-clone.rs:56:16
[INFO] [stdout]    |
[INFO] [stdout] 56 |         .map_err(|e| log::error!("Failed to run `yad`: {e}"))?;
[INFO] [stdout]    |                      ^^^ use of undeclared crate or module `log`
[INFO] [stdout] 
[INFO] [stdout] 
[INFO] [stdout] error[E0433]: failed to resolve: use of undeclared crate or module `log`
[INFO] [stdout]    --> examples/custom-prompt-clone.rs:131:16
[INFO] [stdout]     |
[INFO] [stdout] 131 |         .map_err(|e| log::error!("Failed to clone {}: {}", options.repo, e))?;
[INFO] [stdout]     |                      ^^^ use of undeclared crate or module `log`
[INFO] [stdout] 
[INFO] [stdout] 
[INFO] [stdout] error[E0433]: failed to resolve: use of undeclared crate or module `log`
[INFO] [stdout]    --> examples/custom-prompt-clone.rs:126:2
[INFO] [stdout]     |
[INFO] [stdout] 126 |     log::info!("Cloning {} into {}", options.repo, local_path.display());
[INFO] [stdout]     |     ^^^ use of undeclared crate or module `log`
[INFO] [stdout] 
[INFO] [stdout] 
[INFO] [stdout] error[E0433]: failed to resolve: use of undeclared crate or module `log`
[INFO] [stdout]   --> examples/custom-prompt-clone.rs:77:3
[INFO] [stdout]    |
[INFO] [stdout] 77 |         log::error!("asked yad for {} values but got only {}", fields.len(), items.len());
[INFO] [stdout]    |         ^^^ use of undeclared crate or module `log`
[INFO] [stdout] 
[INFO] [stdout] 
[INFO] [stdout] error[E0433]: failed to resolve: use of undeclared crate or module `log`
[INFO] [stdout]   --> examples/custom-prompt-clone.rs:59:3
[INFO] [stdout]    |
[INFO] [stdout] 59 |         log::debug!("yad exited with {}", output.status);
[INFO] [stdout]    |         ^^^ use of undeclared crate or module `log`
[INFO] [stdout] 
[INFO] [stdout] 
[INFO] [stdout] error[E0433]: failed to resolve: use of undeclared crate or module `log`
[INFO] [stdout]    --> examples/git.rs:115:16
[INFO] [stdout]     |
[INFO] [stdout] 115 |         .map_err(|e| log::error!("Failed to open git repo at {}: {e}", command.repo.display()))?;
[INFO] [stdout]     |                      ^^^ use of undeclared crate or module `log`
[INFO] [stdout] 
[INFO] [stdout] 
[INFO] [stdout] error[E0433]: failed to resolve: use of undeclared crate or module `log`
[INFO] [stdout]    --> examples/custom-prompt-clone.rs:109:8
[INFO] [stdout]     |
[INFO] [stdout] 109 |         0 => log::LevelFilter::Info,
[INFO] [stdout]     |              ^^^ use of undeclared crate or module `log`
[INFO] [stdout] 
[INFO] [stdout] 
[INFO] [stdout] error[E0433]: failed to resolve: use of undeclared crate or module `log`
[INFO] [stdout]    --> examples/git.rs:121:16
[INFO] [stdout]     |
[INFO] [stdout] 121 |         .map_err(|e| log::error!("Failed to find remote {:?}: {e}", command.remote))?;
[INFO] [stdout]     |                      ^^^ use of undeclared crate or module `log`
[INFO] [stdout] 
[INFO] [stdout] 
[INFO] [stdout] error[E0433]: failed to resolve: use of undeclared crate or module `log`
[INFO] [stdout]    --> examples/git.rs:123:16
[INFO] [stdout]     |
[INFO] [stdout] 123 |         .map_err(|e| log::error!("Failed to fetch from remote {:?}: {e}", command.remote))?;
[INFO] [stdout]     |                      ^^^ use of undeclared crate or module `log`
[INFO] [stdout] 
[INFO] [stdout] 
[INFO] [stdout] error[E0433]: failed to resolve: use of undeclared crate or module `log`
[INFO] [stdout]    --> examples/git.rs:105:2
[INFO] [stdout]     |
[INFO] [stdout] 105 |     log::info!("Cloning {} into {}", command.repo, local_path.display());
[INFO] [stdout]     |     ^^^ use of undeclared crate or module `log`
[INFO] [stdout] 
[INFO] [stdout] 
[INFO] [stdout] error[E0433]: failed to resolve: use of undeclared crate or module `log`
[INFO] [stdout]    --> examples/git.rs:109:16
[INFO] [stdout]     |
[INFO] [stdout] 109 |         .map_err(|e| log::error!("Failed to clone {}: {}", command.repo, e))?;
[INFO] [stdout]     |                      ^^^ use of undeclared crate or module `log`
[INFO] [stdout] 
[INFO] [stdout] 
[INFO] [stdout] error[E0433]: failed to resolve: use of undeclared crate or module `log`
[INFO] [stdout]    --> examples/git.rs:129:16
[INFO] [stdout]     |
[INFO] [stdout] 129 |         .map_err(|e| log::error!("Failed to open git repo at {}: {e}", command.repo.display()))?;
[INFO] [stdout]     |                      ^^^ use of undeclared crate or module `log`
[INFO] [stdout] 
[INFO] [stdout] 
[INFO] [stdout] error[E0433]: failed to resolve: use of undeclared crate or module `log`
[INFO] [stdout]    --> examples/git.rs:131:2
[INFO] [stdout]     |
[INFO] [stdout] 131 |     log::info!("Fetching {:?} from remote {:?}", command.refspec, command.remote);
[INFO] [stdout]     |     ^^^ use of undeclared crate or module `log`
[INFO] [stdout] 
[INFO] [stdout] 
[INFO] [stdout] error[E0433]: failed to resolve: use of undeclared crate or module `log`
[INFO] [stdout]    --> examples/git.rs:136:16
[INFO] [stdout]     |
[INFO] [stdout] 136 |         .map_err(|e| log::error!("Failed to find remote {:?}: {e}", command.remote))?;
[INFO] [stdout]     |                      ^^^ use of undeclared crate or module `log`
[INFO] [stdout] 
[INFO] [stdout] 
[INFO] [stdout] error[E0433]: failed to resolve: use of undeclared crate or module `log`
[INFO] [stdout]    --> examples/git.rs:138:16
[INFO] [stdout]     |
[INFO] [stdout] 138 |         .map_err(|e| log::error!("Failed to push to remote {:?}: {e}", command.remote))?;
[INFO] [stdout]     |                      ^^^ use of undeclared crate or module `log`
[INFO] [stdout] 
[INFO] [stdout] 
[INFO] [stdout] error[E0433]: failed to resolve: use of undeclared crate or module `log`
[INFO] [stdout]    --> examples/custom-prompt-clone.rs:110:8
[INFO] [stdout]     |
[INFO] [stdout] 110 |         1 => log::LevelFilter::Debug,
[INFO] [stdout]     |              ^^^ use of undeclared crate or module `log`
[INFO] [stdout] 
[INFO] [stdout] 
[INFO] [stdout] error[E0433]: failed to resolve: use of undeclared crate or module `log`
[INFO] [stdout]    --> examples/custom-prompt-clone.rs:111:10
[INFO] [stdout]     |
[INFO] [stdout] 111 |         2.. => log::LevelFilter::Trace,
[INFO] [stdout]     |                ^^^ use of undeclared crate or module `log`
[INFO] [stdout] 
[INFO] [stdout] 
[INFO] [stdout] error[E0433]: failed to resolve: use of undeclared crate or module `log`
[INFO] [stdout]   --> examples/git.rs:80:8
[INFO] [stdout]    |
[INFO] [stdout] 80 |         0 => log::LevelFilter::Info,
[INFO] [stdout]    |              ^^^ use of undeclared crate or module `log`
[INFO] [stdout] 
[INFO] [stdout] 
[INFO] [stdout] error[E0433]: failed to resolve: use of undeclared crate or module `log`
[INFO] [stdout]   --> examples/git.rs:81:8
[INFO] [stdout]    |
[INFO] [stdout] 81 |         1 => log::LevelFilter::Debug,
[INFO] [stdout]    |              ^^^ use of undeclared crate or module `log`
[INFO] [stdout] 
[INFO] [stdout] 
[INFO] [stdout] error[E0433]: failed to resolve: use of undeclared crate or module `log`
[INFO] [stdout]   --> examples/git.rs:82:10
[INFO] [stdout]    |
[INFO] [stdout] 82 |         2.. => log::LevelFilter::Trace,
[INFO] [stdout]    |                ^^^ use of undeclared crate or module `log`
[INFO] [stdout] 
[INFO] [stdout] 
[INFO] [stdout] error[E0433]: failed to resolve: use of undeclared crate or module `log`
[INFO] [stdout]    --> examples/custom-prompt-clone.rs:107:30
[INFO] [stdout]     |
[INFO] [stdout] 107 | fn log_level(verbose: u8) -> log::LevelFilter {
[INFO] [stdout]     |                              ^^^ use of undeclared crate or module `log`
[INFO] [stdout] 
[INFO] [stdout] 
[INFO] [stdout] error: aborting due to 10 previous errors
[INFO] [stdout] 
[INFO] [stdout] 
[INFO] [stdout] For more information about this error, try `rustc --explain E0433`.
[INFO] [stdout] 
[INFO] [stdout] error[E0433]: failed to resolve: use of undeclared crate or module `log`
[INFO] [stdout]   --> examples/git.rs:78:30
[INFO] [stdout]    |
[INFO] [stdout] 78 | fn log_level(verbose: u8) -> log::LevelFilter {
[INFO] [stdout]    |                              ^^^ use of undeclared crate or module `log`
[INFO] [stdout] 
[INFO] [stdout] 
[INFO] [stdout] error: aborting due to 13 previous errors
[INFO] [stdout] 
[INFO] [stdout] 
[INFO] [stdout] For more information about this error, try `rustc --explain E0433`.
[INFO] [stdout] 
[INFO] [stderr] error: could not compile `auth-git2` (example "git") due to 14 previous errors
[INFO] [stderr] warning: build failed, waiting for other jobs to finish...
[INFO] [stderr] error: could not compile `auth-git2` (example "custom-prompt-clone") due to 11 previous errors
[INFO] running `Command { std: "docker" "inspect" "084e4a126602de62bc9e3ef423135da5a8b00d72c07ce29e9cf1bf5a96677083", kill_on_drop: false }`
[INFO] running `Command { std: "docker" "rm" "-f" "084e4a126602de62bc9e3ef423135da5a8b00d72c07ce29e9cf1bf5a96677083", kill_on_drop: false }`
[INFO] [stdout] 084e4a126602de62bc9e3ef423135da5a8b00d72c07ce29e9cf1bf5a96677083
