[INFO] fetching crate augdom 0.1.0...
[INFO] testing augdom-0.1.0 against 1.75.0 for beta-1.76-1
[INFO] extracting crate augdom 0.1.0 into /workspace/builds/worker-4-tc1/source
[INFO] validating manifest of crates.io crate augdom 0.1.0 on toolchain 1.75.0
[INFO] running `Command { std: CARGO_HOME="/workspace/cargo-home" RUSTUP_HOME="/workspace/rustup-home" "/workspace/cargo-home/bin/cargo" "+1.75.0" "metadata" "--manifest-path" "Cargo.toml" "--no-deps", kill_on_drop: false }`
[INFO] started tweaking crates.io crate augdom 0.1.0
[INFO] finished tweaking crates.io crate augdom 0.1.0
[INFO] tweaked toml for crates.io crate augdom 0.1.0 written to /workspace/builds/worker-4-tc1/source/Cargo.toml
[INFO] running `Command { std: CARGO_HOME="/workspace/cargo-home" RUSTUP_HOME="/workspace/rustup-home" "/workspace/cargo-home/bin/cargo" "+1.75.0" "generate-lockfile" "--manifest-path" "Cargo.toml", kill_on_drop: false }`
[INFO] [stderr]     Updating crates.io index
[INFO] running `Command { std: CARGO_HOME="/workspace/cargo-home" RUSTUP_HOME="/workspace/rustup-home" "/workspace/cargo-home/bin/cargo" "+1.75.0" "fetch" "--manifest-path" "Cargo.toml", kill_on_drop: false }`
[INFO] [stderr]  Downloading crates ...
[INFO] [stderr]   Downloaded quick-xml v0.17.2
[INFO] running `Command { std: "docker" "create" "-v" "/var/lib/crater-agent-workspace/builds/worker-4-tc1/target:/opt/rustwide/target:rw,Z" "-v" "/var/lib/crater-agent-workspace/builds/worker-4-tc1/source:/opt/rustwide/workdir:ro,Z" "-v" "/var/lib/crater-agent-workspace/cargo-home:/opt/rustwide/cargo-home:ro,Z" "-v" "/var/lib/crater-agent-workspace/rustup-home:/opt/rustwide/rustup-home:ro,Z" "-e" "SOURCE_DIR=/opt/rustwide/workdir" "-e" "CARGO_TARGET_DIR=/opt/rustwide/target" "-e" "CARGO_HOME=/opt/rustwide/cargo-home" "-e" "RUSTUP_HOME=/opt/rustwide/rustup-home" "-w" "/opt/rustwide/workdir" "-m" "1610612736" "--user" "0:0" "--network" "none" "ghcr.io/rust-lang/crates-build-env/linux@sha256:2788e3201cd34a07e3172128adcd8b3090168a8e3bcc40d7c032b9dda1df7d1c" "/opt/rustwide/cargo-home/bin/cargo" "+1.75.0" "metadata" "--no-deps" "--format-version=1", kill_on_drop: false }`
[INFO] [stdout] 8627e35a8a6d101f7beac6c67059a5f9dd10028ecbd328f51b0dfa90497751d7
[INFO] running `Command { std: "docker" "start" "-a" "8627e35a8a6d101f7beac6c67059a5f9dd10028ecbd328f51b0dfa90497751d7", kill_on_drop: false }`
[INFO] running `Command { std: "docker" "inspect" "8627e35a8a6d101f7beac6c67059a5f9dd10028ecbd328f51b0dfa90497751d7", kill_on_drop: false }`
[INFO] running `Command { std: "docker" "rm" "-f" "8627e35a8a6d101f7beac6c67059a5f9dd10028ecbd328f51b0dfa90497751d7", kill_on_drop: false }`
[INFO] [stdout] 8627e35a8a6d101f7beac6c67059a5f9dd10028ecbd328f51b0dfa90497751d7
[INFO] running `Command { std: "docker" "create" "-v" "/var/lib/crater-agent-workspace/builds/worker-4-tc1/target:/opt/rustwide/target:rw,Z" "-v" "/var/lib/crater-agent-workspace/builds/worker-4-tc1/source:/opt/rustwide/workdir:ro,Z" "-v" "/var/lib/crater-agent-workspace/cargo-home:/opt/rustwide/cargo-home:ro,Z" "-v" "/var/lib/crater-agent-workspace/rustup-home:/opt/rustwide/rustup-home:ro,Z" "-e" "SOURCE_DIR=/opt/rustwide/workdir" "-e" "CARGO_TARGET_DIR=/opt/rustwide/target" "-e" "CARGO_INCREMENTAL=0" "-e" "RUST_BACKTRACE=full" "-e" "RUSTFLAGS=--cap-lints=warn" "-e" "RUSTDOCFLAGS=--cap-lints=warn" "-e" "CARGO_HOME=/opt/rustwide/cargo-home" "-e" "RUSTUP_HOME=/opt/rustwide/rustup-home" "-w" "/opt/rustwide/workdir" "-m" "1610612736" "--user" "0:0" "--network" "none" "ghcr.io/rust-lang/crates-build-env/linux@sha256:2788e3201cd34a07e3172128adcd8b3090168a8e3bcc40d7c032b9dda1df7d1c" "/opt/rustwide/cargo-home/bin/cargo" "+1.75.0" "build" "--frozen" "--message-format=json", kill_on_drop: false }`
[INFO] [stdout] bec471dd7ad30a7de752280bfbd813635cab9327d5b1da4c130213a2277e17ba
[INFO] running `Command { std: "docker" "start" "-a" "bec471dd7ad30a7de752280bfbd813635cab9327d5b1da4c130213a2277e17ba", kill_on_drop: false }`
[INFO] [stderr]    Compiling static_assertions v1.1.0
[INFO] [stderr]    Compiling quick-xml v0.17.2
[INFO] [stderr]    Compiling web-sys v0.3.66
[INFO] [stderr]    Compiling augdom v0.1.0 (/opt/rustwide/workdir)
[INFO] [stdout] error[E0412]: cannot find type `ClipboardEvent` in crate `sys`
[INFO] [stdout]    --> src/event.rs:444:10
[INFO] [stdout]     |
[INFO] [stdout] 444 |     sys::ClipboardEvent
[INFO] [stdout]     |          ^^^^^^^^^^^^^^ help: a struct with a similar name exists: `KeyboardEvent`
[INFO] [stdout]     |
[INFO] [stdout]    ::: /opt/rustwide/cargo-home/registry/src/index.crates.io-6f17d22bba15001f/web-sys-0.3.66/src/features/gen_KeyboardEvent.rs:5:1
[INFO] [stdout]     |
[INFO] [stdout] 5   | #[wasm_bindgen]
[INFO] [stdout]     | --------------- similarly named struct `KeyboardEvent` defined here
[INFO] [stdout] 
[INFO] [stdout] 
[INFO] [stdout] error[E0412]: cannot find type `ClipboardEvent` in crate `sys`
[INFO] [stdout]    --> src/event.rs:454:10
[INFO] [stdout]     |
[INFO] [stdout] 454 |     sys::ClipboardEvent
[INFO] [stdout]     |          ^^^^^^^^^^^^^^ help: a struct with a similar name exists: `KeyboardEvent`
[INFO] [stdout]     |
[INFO] [stdout]    ::: /opt/rustwide/cargo-home/registry/src/index.crates.io-6f17d22bba15001f/web-sys-0.3.66/src/features/gen_KeyboardEvent.rs:5:1
[INFO] [stdout]     |
[INFO] [stdout] 5   | #[wasm_bindgen]
[INFO] [stdout]     | --------------- similarly named struct `KeyboardEvent` defined here
[INFO] [stdout] 
[INFO] [stdout] 
[INFO] [stdout] error[E0412]: cannot find type `ClipboardEvent` in crate `sys`
[INFO] [stdout]     --> src/event.rs:1137:10
[INFO] [stdout]      |
[INFO] [stdout] 1137 |     sys::ClipboardEvent
[INFO] [stdout]      |          ^^^^^^^^^^^^^^ help: a struct with a similar name exists: `KeyboardEvent`
[INFO] [stdout]      |
[INFO] [stdout]     ::: /opt/rustwide/cargo-home/registry/src/index.crates.io-6f17d22bba15001f/web-sys-0.3.66/src/features/gen_KeyboardEvent.rs:5:1
[INFO] [stdout]      |
[INFO] [stdout] 5    | #[wasm_bindgen]
[INFO] [stdout]      | --------------- similarly named struct `KeyboardEvent` defined here
[INFO] [stdout] 
[INFO] [stdout] 
[INFO] [stdout] error: aborting due to 3 previous errors
[INFO] [stdout] 
[INFO] [stdout] 
[INFO] [stdout] For more information about this error, try `rustc --explain E0412`.
[INFO] [stdout] 
[INFO] [stderr] error: could not compile `augdom` (lib) due to 4 previous errors
[INFO] running `Command { std: "docker" "inspect" "bec471dd7ad30a7de752280bfbd813635cab9327d5b1da4c130213a2277e17ba", kill_on_drop: false }`
[INFO] running `Command { std: "docker" "rm" "-f" "bec471dd7ad30a7de752280bfbd813635cab9327d5b1da4c130213a2277e17ba", kill_on_drop: false }`
[INFO] [stdout] bec471dd7ad30a7de752280bfbd813635cab9327d5b1da4c130213a2277e17ba
