[INFO] fetching crate aucpace 0.1.1...
[INFO] testing aucpace-0.1.1 against 1.75.0 for beta-1.76-1
[INFO] extracting crate aucpace 0.1.1 into /workspace/builds/worker-7-tc1/source
[INFO] validating manifest of crates.io crate aucpace 0.1.1 on toolchain 1.75.0
[INFO] running `Command { std: CARGO_HOME="/workspace/cargo-home" RUSTUP_HOME="/workspace/rustup-home" "/workspace/cargo-home/bin/cargo" "+1.75.0" "metadata" "--manifest-path" "Cargo.toml" "--no-deps", kill_on_drop: false }`
[INFO] started tweaking crates.io crate aucpace 0.1.1
[INFO] removed 0 missing examples
[INFO] finished tweaking crates.io crate aucpace 0.1.1
[INFO] tweaked toml for crates.io crate aucpace 0.1.1 written to /workspace/builds/worker-7-tc1/source/Cargo.toml
[INFO] crate crates.io crate aucpace 0.1.1 already has a lockfile, it will not be regenerated
[INFO] running `Command { std: CARGO_HOME="/workspace/cargo-home" RUSTUP_HOME="/workspace/rustup-home" "/workspace/cargo-home/bin/cargo" "+1.75.0" "fetch" "--manifest-path" "Cargo.toml", kill_on_drop: false }`
[INFO] [stderr]     Updating crates.io index
[INFO] [stderr]  Downloading crates ...
[INFO] [stderr]   Downloaded cobs v0.2.3
[INFO] [stderr]   Downloaded atomic-polyfill v0.1.11
[INFO] [stderr]   Downloaded hash32 v0.2.1
[INFO] [stderr]   Downloaded curve25519-dalek-derive v0.1.0
[INFO] [stderr]   Downloaded zeroize v1.6.0
[INFO] [stderr]   Downloaded platforms v3.0.2
[INFO] [stderr]   Downloaded sha2 v0.10.7
[INFO] [stderr]   Downloaded scrypt v0.11.0
[INFO] [stderr]   Downloaded salsa20 v0.10.2
[INFO] [stderr]   Downloaded critical-section v1.1.1
[INFO] [stderr]   Downloaded password-hash v0.5.0
[INFO] [stderr]   Downloaded proc-macro2 v1.0.66
[INFO] [stderr]   Downloaded heapless v0.7.16
[INFO] [stderr]   Downloaded unicode-ident v1.0.11
[INFO] [stderr]   Downloaded curve25519-dalek v4.0.0
[INFO] [stderr]   Downloaded fiat-crypto v0.1.20
[INFO] [stderr]   Downloaded serde_derive v1.0.175
[INFO] [stderr]   Downloaded libc v0.2.147
[INFO] [stderr]   Downloaded syn v2.0.27
[INFO] [stderr]   Downloaded postcard v1.0.6
[INFO] [stderr]   Downloaded serde v1.0.175
[INFO] [stderr]   Downloaded quote v1.0.32
[INFO] [stderr]   Downloaded semver v1.0.18
[INFO] [stderr]   Downloaded serde-byte-array v0.1.2
[INFO] [stderr]   Downloaded cpufeatures v0.2.9
[INFO] running `Command { std: "docker" "create" "-v" "/var/lib/crater-agent-workspace/builds/worker-7-tc1/target:/opt/rustwide/target:rw,Z" "-v" "/var/lib/crater-agent-workspace/builds/worker-7-tc1/source:/opt/rustwide/workdir:ro,Z" "-v" "/var/lib/crater-agent-workspace/cargo-home:/opt/rustwide/cargo-home:ro,Z" "-v" "/var/lib/crater-agent-workspace/rustup-home:/opt/rustwide/rustup-home:ro,Z" "-e" "SOURCE_DIR=/opt/rustwide/workdir" "-e" "CARGO_TARGET_DIR=/opt/rustwide/target" "-e" "CARGO_HOME=/opt/rustwide/cargo-home" "-e" "RUSTUP_HOME=/opt/rustwide/rustup-home" "-w" "/opt/rustwide/workdir" "-m" "1610612736" "--user" "0:0" "--network" "none" "ghcr.io/rust-lang/crates-build-env/linux@sha256:2788e3201cd34a07e3172128adcd8b3090168a8e3bcc40d7c032b9dda1df7d1c" "/opt/rustwide/cargo-home/bin/cargo" "+1.75.0" "metadata" "--no-deps" "--format-version=1", kill_on_drop: false }`
[INFO] [stdout] d43e448080084a2adb003fad34569db25497960fb53ef6344445b51bc794db14
[INFO] running `Command { std: "docker" "start" "-a" "d43e448080084a2adb003fad34569db25497960fb53ef6344445b51bc794db14", kill_on_drop: false }`
[INFO] running `Command { std: "docker" "inspect" "d43e448080084a2adb003fad34569db25497960fb53ef6344445b51bc794db14", kill_on_drop: false }`
[INFO] running `Command { std: "docker" "rm" "-f" "d43e448080084a2adb003fad34569db25497960fb53ef6344445b51bc794db14", kill_on_drop: false }`
[INFO] [stdout] d43e448080084a2adb003fad34569db25497960fb53ef6344445b51bc794db14
[INFO] running `Command { std: "docker" "create" "-v" "/var/lib/crater-agent-workspace/builds/worker-7-tc1/target:/opt/rustwide/target:rw,Z" "-v" "/var/lib/crater-agent-workspace/builds/worker-7-tc1/source:/opt/rustwide/workdir:ro,Z" "-v" "/var/lib/crater-agent-workspace/cargo-home:/opt/rustwide/cargo-home:ro,Z" "-v" "/var/lib/crater-agent-workspace/rustup-home:/opt/rustwide/rustup-home:ro,Z" "-e" "SOURCE_DIR=/opt/rustwide/workdir" "-e" "CARGO_TARGET_DIR=/opt/rustwide/target" "-e" "CARGO_INCREMENTAL=0" "-e" "RUST_BACKTRACE=full" "-e" "RUSTFLAGS=--cap-lints=warn" "-e" "RUSTDOCFLAGS=--cap-lints=warn" "-e" "CARGO_HOME=/opt/rustwide/cargo-home" "-e" "RUSTUP_HOME=/opt/rustwide/rustup-home" "-w" "/opt/rustwide/workdir" "-m" "1610612736" "--user" "0:0" "--network" "none" "ghcr.io/rust-lang/crates-build-env/linux@sha256:2788e3201cd34a07e3172128adcd8b3090168a8e3bcc40d7c032b9dda1df7d1c" "/opt/rustwide/cargo-home/bin/cargo" "+1.75.0" "build" "--frozen" "--message-format=json", kill_on_drop: false }`
[INFO] [stdout] 943c9af311eda06e293ab0014f8707e379f4cc295e92ab08f88f1563d25a58c3
[INFO] running `Command { std: "docker" "start" "-a" "943c9af311eda06e293ab0014f8707e379f4cc295e92ab08f88f1563d25a58c3", kill_on_drop: false }`
[INFO] [stderr]    Compiling typenum v1.16.0
[INFO] [stderr]    Compiling subtle v2.5.0
[INFO] [stderr]    Compiling libc v0.2.147
[INFO] [stderr]    Compiling semver v1.0.18
[INFO] [stderr]    Compiling proc-macro2 v1.0.66
[INFO] [stderr]    Compiling unicode-ident v1.0.11
[INFO] [stderr]    Compiling platforms v3.0.2
[INFO] [stderr]    Compiling cpufeatures v0.2.9
[INFO] [stderr]    Compiling base64ct v1.6.0
[INFO] [stderr]    Compiling rustc_version v0.4.0
[INFO] [stderr]    Compiling quote v1.0.32
[INFO] [stderr]    Compiling curve25519-dalek v4.0.0
[INFO] [stderr]    Compiling syn v2.0.27
[INFO] [stderr]    Compiling getrandom v0.2.10
[INFO] [stderr]    Compiling rand_core v0.6.4
[INFO] [stderr]    Compiling password-hash v0.5.0
[INFO] [stderr]    Compiling generic-array v0.14.7
[INFO] [stderr]    Compiling crypto-common v0.1.6
[INFO] [stderr]    Compiling block-buffer v0.10.4
[INFO] [stderr]    Compiling inout v0.1.3
[INFO] [stderr]    Compiling cipher v0.4.4
[INFO] [stderr]    Compiling digest v0.10.7
[INFO] [stderr]    Compiling hmac v0.12.1
[INFO] [stderr]    Compiling sha2 v0.10.7
[INFO] [stderr]    Compiling salsa20 v0.10.2
[INFO] [stderr]    Compiling pbkdf2 v0.12.2
[INFO] [stderr]    Compiling scrypt v0.11.0
[INFO] [stderr]    Compiling curve25519-dalek-derive v0.1.0
[INFO] [stderr]    Compiling aucpace v0.1.1 (/opt/rustwide/workdir)
[INFO] [stderr]     Finished dev [unoptimized + debuginfo] target(s) in 3.66s
[INFO] running `Command { std: "docker" "inspect" "943c9af311eda06e293ab0014f8707e379f4cc295e92ab08f88f1563d25a58c3", kill_on_drop: false }`
[INFO] running `Command { std: "docker" "rm" "-f" "943c9af311eda06e293ab0014f8707e379f4cc295e92ab08f88f1563d25a58c3", kill_on_drop: false }`
[INFO] [stdout] 943c9af311eda06e293ab0014f8707e379f4cc295e92ab08f88f1563d25a58c3
[INFO] running `Command { std: "docker" "create" "-v" "/var/lib/crater-agent-workspace/builds/worker-7-tc1/target:/opt/rustwide/target:rw,Z" "-v" "/var/lib/crater-agent-workspace/builds/worker-7-tc1/source:/opt/rustwide/workdir:ro,Z" "-v" "/var/lib/crater-agent-workspace/cargo-home:/opt/rustwide/cargo-home:ro,Z" "-v" "/var/lib/crater-agent-workspace/rustup-home:/opt/rustwide/rustup-home:ro,Z" "-e" "SOURCE_DIR=/opt/rustwide/workdir" "-e" "CARGO_TARGET_DIR=/opt/rustwide/target" "-e" "CARGO_INCREMENTAL=0" "-e" "RUST_BACKTRACE=full" "-e" "RUSTFLAGS=--cap-lints=warn" "-e" "RUSTDOCFLAGS=--cap-lints=warn" "-e" "CARGO_HOME=/opt/rustwide/cargo-home" "-e" "RUSTUP_HOME=/opt/rustwide/rustup-home" "-w" "/opt/rustwide/workdir" "-m" "1610612736" "--user" "0:0" "--network" "none" "ghcr.io/rust-lang/crates-build-env/linux@sha256:2788e3201cd34a07e3172128adcd8b3090168a8e3bcc40d7c032b9dda1df7d1c" "/opt/rustwide/cargo-home/bin/cargo" "+1.75.0" "test" "--frozen" "--no-run" "--message-format=json", kill_on_drop: false }`
[INFO] [stdout] ecc9c539c27fbc049ce3e2149e02d15b00922b0aee7e04248cb02a38886a736d
[INFO] running `Command { std: "docker" "start" "-a" "ecc9c539c27fbc049ce3e2149e02d15b00922b0aee7e04248cb02a38886a736d", kill_on_drop: false }`
[INFO] [stderr]    Compiling serde v1.0.175
[INFO] [stderr]    Compiling serde_derive v1.0.175
[INFO] [stderr]    Compiling byteorder v1.4.3
[INFO] [stderr]    Compiling base64ct v1.6.0
[INFO] [stderr]    Compiling stable_deref_trait v1.2.0
[INFO] [stderr]    Compiling zeroize v1.6.0
[INFO] [stderr]    Compiling crypto-common v0.1.6
[INFO] [stderr]    Compiling cobs v0.2.3
[INFO] [stderr]    Compiling getrandom v0.2.10
[INFO] [stderr]    Compiling heapless v0.7.16
[INFO] [stderr]    Compiling curve25519-dalek v4.0.0
[INFO] [stderr]    Compiling spin v0.9.8
[INFO] [stderr]    Compiling digest v0.10.7
[INFO] [stderr]    Compiling cipher v0.4.4
[INFO] [stderr]    Compiling rand_core v0.6.4
[INFO] [stderr]    Compiling hash32 v0.2.1
[INFO] [stderr]    Compiling salsa20 v0.10.2
[INFO] [stderr]    Compiling hmac v0.12.1
[INFO] [stderr]    Compiling sha2 v0.10.7
[INFO] [stderr]    Compiling password-hash v0.5.0
[INFO] [stderr]    Compiling pbkdf2 v0.12.2
[INFO] [stderr]    Compiling scrypt v0.11.0
[INFO] [stderr]    Compiling aucpace v0.1.1 (/opt/rustwide/workdir)
[INFO] [stderr]    Compiling bincode v1.3.3
[INFO] [stderr]    Compiling postcard v1.0.6
[INFO] [stdout] error[E0432]: unresolved import `aucpace::StrongDatabase`
[INFO] [stdout]    --> tests/test_key_agreement_strong.rs:3:69
[INFO] [stdout]     |
[INFO] [stdout] 3   | use aucpace::{Client, ClientMessage, Result, Server, ServerMessage, StrongDatabase};
[INFO] [stdout]     |                                                                     ^^^^^^^^^^^^^^ no `StrongDatabase` in the root
[INFO] [stdout]     |
[INFO] [stdout] note: found an item that was configured out
[INFO] [stdout]    --> /opt/rustwide/workdir/src/lib.rs:109:25
[INFO] [stdout]     |
[INFO] [stdout] 109 | pub use self::database::StrongDatabase;
[INFO] [stdout]     |                         ^^^^^^^^^^^^^^
[INFO] [stdout]     = note: the item is gated behind the `strong_aucpace` feature
[INFO] [stdout] 
[INFO] [stdout] 
[INFO] [stdout] error[E0432]: unresolved imports `aucpace::PartialAugDatabase`, `aucpace::StrongDatabase`
[INFO] [stdout]    --> tests/test_key_agreement_strong_partial_aug.rs:4:35
[INFO] [stdout]     |
[INFO] [stdout] 4   |     Client, ClientMessage, Error, PartialAugDatabase, Result, Server, ServerMessage, StrongDatabase,
[INFO] [stdout]     |                                   ^^^^^^^^^^^^^^^^^^                                 ^^^^^^^^^^^^^^ no `StrongDatabase` in the root
[INFO] [stdout]     |                                   |
[INFO] [stdout]     |                                   no `PartialAugDatabase` in the root
[INFO] [stdout]     |
[INFO] [stdout] note: found an item that was configured out
[INFO] [stdout]    --> /opt/rustwide/workdir/src/lib.rs:106:25
[INFO] [stdout]     |
[INFO] [stdout] 106 | pub use self::database::PartialAugDatabase;
[INFO] [stdout]     |                         ^^^^^^^^^^^^^^^^^^
[INFO] [stdout]     = note: the item is gated behind the `partial_augmentation` feature
[INFO] [stdout] note: found an item that was configured out
[INFO] [stdout]    --> /opt/rustwide/workdir/src/lib.rs:109:25
[INFO] [stdout]     |
[INFO] [stdout] 109 | pub use self::database::StrongDatabase;
[INFO] [stdout]     |                         ^^^^^^^^^^^^^^
[INFO] [stdout]     = note: the item is gated behind the `strong_aucpace` feature
[INFO] [stdout] 
[INFO] [stdout] 
[INFO] [stdout] error[E0432]: unresolved import `aucpace::PartialAugDatabase`
[INFO] [stdout]    --> tests/test_key_agreement_partial_aug.rs:4:45
[INFO] [stdout]     |
[INFO] [stdout] 4   |     Client, ClientMessage, Database, Error, PartialAugDatabase, Result, Server, ServerMessage,
[INFO] [stdout]     |                                             ^^^^^^^^^^^^^^^^^^ no `PartialAugDatabase` in the root
[INFO] [stdout]     |
[INFO] [stdout] note: found an item that was configured out
[INFO] [stdout]    --> /opt/rustwide/workdir/src/lib.rs:106:25
[INFO] [stdout]     |
[INFO] [stdout] 106 | pub use self::database::PartialAugDatabase;
[INFO] [stdout]     |                         ^^^^^^^^^^^^^^^^^^
[INFO] [stdout]     = note: the item is gated behind the `partial_augmentation` feature
[INFO] [stdout] 
[INFO] [stdout] 
[INFO] [stdout] error: aborting due to previous error
[INFO] [stdout] 
[INFO] [stdout] 
[INFO] [stdout] For more information about this error, try `rustc --explain E0432`.
[INFO] [stdout] 
[INFO] [stdout] error: aborting due to previous error
[INFO] [stdout] 
[INFO] [stdout] 
[INFO] [stdout] For more information about this error, try `rustc --explain E0432`.
[INFO] [stdout] 
[INFO] [stdout] error: aborting due to previous error
[INFO] [stdout] 
[INFO] [stdout] 
[INFO] [stdout] For more information about this error, try `rustc --explain E0432`.
[INFO] [stdout] 
[INFO] [stderr] error: could not compile `aucpace` (test "test_key_agreement_strong") due to 2 previous errors
[INFO] [stderr] warning: build failed, waiting for other jobs to finish...
[INFO] [stderr] error: could not compile `aucpace` (test "test_key_agreement_strong_partial_aug") due to 2 previous errors
[INFO] [stderr] error: could not compile `aucpace` (test "test_key_agreement_partial_aug") due to 2 previous errors
[INFO] [stdout] error[E0599]: no method named `register_alloc` found for struct `AuCPaceClient` in the current scope
[INFO] [stdout]    --> tests/test_key_agreement.rs:240:36
[INFO] [stdout]     |
[INFO] [stdout] 240 |     let registration = base_client.register_alloc(USERNAME, PASSWORD, params, Scrypt)?;
[INFO] [stdout]     |                                    ^^^^^^^^^^^^^^ help: there is a method with a similar name: `register`
[INFO] [stdout]     |
[INFO] [stdout]     = note: the full type name has been written to '/opt/rustwide/target/debug/deps/test_key_agreement-2ced80921d76d4ca.long-type-9324109448415531934.txt'
[INFO] [stdout] 
[INFO] [stdout] 
[INFO] [stdout] error[E0599]: no method named `generate_cpace_alloc` found for struct `AuCPaceClientAugLayer` in the current scope
[INFO] [stdout]    --> tests/test_key_agreement.rs:292:16
[INFO] [stdout]     |
[INFO] [stdout] 292 |         client.generate_cpace_alloc(x_pub, &salt, params, Scrypt)?
[INFO] [stdout]     |                ^^^^^^^^^^^^^^^^^^^^ help: there is a method with a similar name: `generate_cpace`
[INFO] [stdout]     |
[INFO] [stdout]     = note: the full type name has been written to '/opt/rustwide/target/debug/deps/test_key_agreement-2ced80921d76d4ca.long-type-7677612751609839143.txt'
[INFO] [stdout] 
[INFO] [stdout] 
[INFO] [stdout] error: aborting due to 2 previous errors
[INFO] [stdout] 
[INFO] [stdout] 
[INFO] [stdout] For more information about this error, try `rustc --explain E0599`.
[INFO] [stdout] 
[INFO] [stderr] error: could not compile `aucpace` (test "test_key_agreement") due to 3 previous errors
[INFO] running `Command { std: "docker" "inspect" "ecc9c539c27fbc049ce3e2149e02d15b00922b0aee7e04248cb02a38886a736d", kill_on_drop: false }`
[INFO] running `Command { std: "docker" "rm" "-f" "ecc9c539c27fbc049ce3e2149e02d15b00922b0aee7e04248cb02a38886a736d", kill_on_drop: false }`
[INFO] [stdout] ecc9c539c27fbc049ce3e2149e02d15b00922b0aee7e04248cb02a38886a736d
