[INFO] fetching crate atomic-maybe-uninit 0.3.1...
[INFO] testing atomic-maybe-uninit-0.3.1 against 1.75.0 for beta-1.76-1
[INFO] extracting crate atomic-maybe-uninit 0.3.1 into /workspace/builds/worker-4-tc1/source
[INFO] validating manifest of crates.io crate atomic-maybe-uninit 0.3.1 on toolchain 1.75.0
[INFO] running `Command { std: CARGO_HOME="/workspace/cargo-home" RUSTUP_HOME="/workspace/rustup-home" "/workspace/cargo-home/bin/cargo" "+1.75.0" "metadata" "--manifest-path" "Cargo.toml" "--no-deps", kill_on_drop: false }`
[INFO] started tweaking crates.io crate atomic-maybe-uninit 0.3.1
[INFO] finished tweaking crates.io crate atomic-maybe-uninit 0.3.1
[INFO] tweaked toml for crates.io crate atomic-maybe-uninit 0.3.1 written to /workspace/builds/worker-4-tc1/source/Cargo.toml
[INFO] running `Command { std: CARGO_HOME="/workspace/cargo-home" RUSTUP_HOME="/workspace/rustup-home" "/workspace/cargo-home/bin/cargo" "+1.75.0" "generate-lockfile" "--manifest-path" "Cargo.toml", kill_on_drop: false }`
[INFO] [stderr]     Updating crates.io index
[INFO] running `Command { std: CARGO_HOME="/workspace/cargo-home" RUSTUP_HOME="/workspace/rustup-home" "/workspace/cargo-home/bin/cargo" "+1.75.0" "fetch" "--manifest-path" "Cargo.toml", kill_on_drop: false }`
[INFO] [stderr]  Downloading crates ...
[INFO] [stderr]   Downloaded build-context v0.1.1
[INFO] running `Command { std: "docker" "create" "-v" "/var/lib/crater-agent-workspace/builds/worker-4-tc1/target:/opt/rustwide/target:rw,Z" "-v" "/var/lib/crater-agent-workspace/builds/worker-4-tc1/source:/opt/rustwide/workdir:ro,Z" "-v" "/var/lib/crater-agent-workspace/cargo-home:/opt/rustwide/cargo-home:ro,Z" "-v" "/var/lib/crater-agent-workspace/rustup-home:/opt/rustwide/rustup-home:ro,Z" "-e" "SOURCE_DIR=/opt/rustwide/workdir" "-e" "CARGO_TARGET_DIR=/opt/rustwide/target" "-e" "CARGO_HOME=/opt/rustwide/cargo-home" "-e" "RUSTUP_HOME=/opt/rustwide/rustup-home" "-w" "/opt/rustwide/workdir" "-m" "1610612736" "--user" "0:0" "--network" "none" "ghcr.io/rust-lang/crates-build-env/linux@sha256:2788e3201cd34a07e3172128adcd8b3090168a8e3bcc40d7c032b9dda1df7d1c" "/opt/rustwide/cargo-home/bin/cargo" "+1.75.0" "metadata" "--no-deps" "--format-version=1", kill_on_drop: false }`
[INFO] [stdout] 8ab43917a624c5a8e1a53c1ec654473bb8642a00097ef6d467b94d0470d5dd00
[INFO] running `Command { std: "docker" "start" "-a" "8ab43917a624c5a8e1a53c1ec654473bb8642a00097ef6d467b94d0470d5dd00", kill_on_drop: false }`
[INFO] running `Command { std: "docker" "inspect" "8ab43917a624c5a8e1a53c1ec654473bb8642a00097ef6d467b94d0470d5dd00", kill_on_drop: false }`
[INFO] running `Command { std: "docker" "rm" "-f" "8ab43917a624c5a8e1a53c1ec654473bb8642a00097ef6d467b94d0470d5dd00", kill_on_drop: false }`
[INFO] [stdout] 8ab43917a624c5a8e1a53c1ec654473bb8642a00097ef6d467b94d0470d5dd00
[INFO] running `Command { std: "docker" "create" "-v" "/var/lib/crater-agent-workspace/builds/worker-4-tc1/target:/opt/rustwide/target:rw,Z" "-v" "/var/lib/crater-agent-workspace/builds/worker-4-tc1/source:/opt/rustwide/workdir:ro,Z" "-v" "/var/lib/crater-agent-workspace/cargo-home:/opt/rustwide/cargo-home:ro,Z" "-v" "/var/lib/crater-agent-workspace/rustup-home:/opt/rustwide/rustup-home:ro,Z" "-e" "SOURCE_DIR=/opt/rustwide/workdir" "-e" "CARGO_TARGET_DIR=/opt/rustwide/target" "-e" "CARGO_INCREMENTAL=0" "-e" "RUST_BACKTRACE=full" "-e" "RUSTFLAGS=--cap-lints=warn" "-e" "RUSTDOCFLAGS=--cap-lints=warn" "-e" "CARGO_HOME=/opt/rustwide/cargo-home" "-e" "RUSTUP_HOME=/opt/rustwide/rustup-home" "-w" "/opt/rustwide/workdir" "-m" "1610612736" "--user" "0:0" "--network" "none" "ghcr.io/rust-lang/crates-build-env/linux@sha256:2788e3201cd34a07e3172128adcd8b3090168a8e3bcc40d7c032b9dda1df7d1c" "/opt/rustwide/cargo-home/bin/cargo" "+1.75.0" "build" "--frozen" "--message-format=json", kill_on_drop: false }`
[INFO] [stdout] e4731cc52e2fd03bc0ca0c533ff034421fdeabc9f0672c548656ca32fa6498c9
[INFO] running `Command { std: "docker" "start" "-a" "e4731cc52e2fd03bc0ca0c533ff034421fdeabc9f0672c548656ca32fa6498c9", kill_on_drop: false }`
[INFO] [stderr]    Compiling atomic-maybe-uninit v0.3.1 (/opt/rustwide/workdir)
[INFO] [stderr]     Finished dev [unoptimized + debuginfo] target(s) in 0.30s
[INFO] running `Command { std: "docker" "inspect" "e4731cc52e2fd03bc0ca0c533ff034421fdeabc9f0672c548656ca32fa6498c9", kill_on_drop: false }`
[INFO] running `Command { std: "docker" "rm" "-f" "e4731cc52e2fd03bc0ca0c533ff034421fdeabc9f0672c548656ca32fa6498c9", kill_on_drop: false }`
[INFO] [stdout] e4731cc52e2fd03bc0ca0c533ff034421fdeabc9f0672c548656ca32fa6498c9
[INFO] running `Command { std: "docker" "create" "-v" "/var/lib/crater-agent-workspace/builds/worker-4-tc1/target:/opt/rustwide/target:rw,Z" "-v" "/var/lib/crater-agent-workspace/builds/worker-4-tc1/source:/opt/rustwide/workdir:ro,Z" "-v" "/var/lib/crater-agent-workspace/cargo-home:/opt/rustwide/cargo-home:ro,Z" "-v" "/var/lib/crater-agent-workspace/rustup-home:/opt/rustwide/rustup-home:ro,Z" "-e" "SOURCE_DIR=/opt/rustwide/workdir" "-e" "CARGO_TARGET_DIR=/opt/rustwide/target" "-e" "CARGO_INCREMENTAL=0" "-e" "RUST_BACKTRACE=full" "-e" "RUSTFLAGS=--cap-lints=warn" "-e" "RUSTDOCFLAGS=--cap-lints=warn" "-e" "CARGO_HOME=/opt/rustwide/cargo-home" "-e" "RUSTUP_HOME=/opt/rustwide/rustup-home" "-w" "/opt/rustwide/workdir" "-m" "1610612736" "--user" "0:0" "--network" "none" "ghcr.io/rust-lang/crates-build-env/linux@sha256:2788e3201cd34a07e3172128adcd8b3090168a8e3bcc40d7c032b9dda1df7d1c" "/opt/rustwide/cargo-home/bin/cargo" "+1.75.0" "test" "--frozen" "--no-run" "--message-format=json", kill_on_drop: false }`
[INFO] [stdout] 4e0e9915d50badbd1dca9bb704b70020366ace5804e8067eb4c5f18e51f0384d
[INFO] running `Command { std: "docker" "start" "-a" "4e0e9915d50badbd1dca9bb704b70020366ace5804e8067eb4c5f18e51f0384d", kill_on_drop: false }`
[INFO] [stderr]    Compiling build-context v0.1.1
[INFO] [stderr]    Compiling atomic-maybe-uninit v0.3.1 (/opt/rustwide/workdir)
[INFO] [stdout] error[E0433]: failed to resolve: could not find `quickcheck` in the list of imported crates
[INFO] [stdout]    --> src/tests/helper.rs:427:11
[INFO] [stdout]     |
[INFO] [stdout] 427 |         ::quickcheck::quickcheck! {
[INFO] [stdout]     |           ^^^^^^^^^^ could not find `quickcheck` in the list of imported crates
[INFO] [stdout]     |
[INFO] [stdout]    ::: src/tests/mod.rs:118:5
[INFO] [stdout]     |
[INFO] [stdout] 118 |     test_atomic!(u64);
[INFO] [stdout]     |     ----------------- in this macro invocation
[INFO] [stdout]     |
[INFO] [stdout]     = note: this error originates in the macro `__test_atomic` which comes from the expansion of the macro `test_atomic` (in Nightly builds, run with -Z macro-backtrace for more info)
[INFO] [stdout] 
[INFO] [stdout] 
[INFO] [stdout] error[E0433]: failed to resolve: could not find `quickcheck` in the list of imported crates
[INFO] [stdout]    --> src/tests/helper.rs:196:11
[INFO] [stdout]     |
[INFO] [stdout] 196 |         ::quickcheck::quickcheck! {
[INFO] [stdout]     |           ^^^^^^^^^^ could not find `quickcheck` in the list of imported crates
[INFO] [stdout]     |
[INFO] [stdout]    ::: src/tests/mod.rs:118:5
[INFO] [stdout]     |
[INFO] [stdout] 118 |     test_atomic!(u64);
[INFO] [stdout]     |     ----------------- in this macro invocation
[INFO] [stdout]     |
[INFO] [stdout]     = note: this error originates in the macro `__test_atomic` which comes from the expansion of the macro `test_atomic` (in Nightly builds, run with -Z macro-backtrace for more info)
[INFO] [stdout] 
[INFO] [stdout] 
[INFO] [stdout] error[E0433]: failed to resolve: could not find `quickcheck` in the list of imported crates
[INFO] [stdout]    --> src/tests/helper.rs:124:11
[INFO] [stdout]     |
[INFO] [stdout] 124 |         ::quickcheck::quickcheck! {
[INFO] [stdout]     |           ^^^^^^^^^^ could not find `quickcheck` in the list of imported crates
[INFO] [stdout]     |
[INFO] [stdout]    ::: src/tests/mod.rs:118:5
[INFO] [stdout]     |
[INFO] [stdout] 118 |     test_atomic!(u64);
[INFO] [stdout]     |     ----------------- in this macro invocation
[INFO] [stdout]     |
[INFO] [stdout]     = note: this error originates in the macro `__test_atomic` which comes from the expansion of the macro `test_atomic` (in Nightly builds, run with -Z macro-backtrace for more info)
[INFO] [stdout] 
[INFO] [stdout] 
[INFO] [stdout] error[E0433]: failed to resolve: could not find `quickcheck` in the list of imported crates
[INFO] [stdout]    --> src/tests/helper.rs:427:11
[INFO] [stdout]     |
[INFO] [stdout] 427 |         ::quickcheck::quickcheck! {
[INFO] [stdout]     |           ^^^^^^^^^^ could not find `quickcheck` in the list of imported crates
[INFO] [stdout]     |
[INFO] [stdout]    ::: src/tests/mod.rs:117:5
[INFO] [stdout]     |
[INFO] [stdout] 117 |     test_atomic!(i64);
[INFO] [stdout]     |     ----------------- in this macro invocation
[INFO] [stdout]     |
[INFO] [stdout]     = note: this error originates in the macro `__test_atomic` which comes from the expansion of the macro `test_atomic` (in Nightly builds, run with -Z macro-backtrace for more info)
[INFO] [stdout] 
[INFO] [stdout] 
[INFO] [stdout] error[E0433]: failed to resolve: could not find `quickcheck` in the list of imported crates
[INFO] [stdout]    --> src/tests/helper.rs:196:11
[INFO] [stdout]     |
[INFO] [stdout] 196 |         ::quickcheck::quickcheck! {
[INFO] [stdout]     |           ^^^^^^^^^^ could not find `quickcheck` in the list of imported crates
[INFO] [stdout]     |
[INFO] [stdout]    ::: src/tests/mod.rs:117:5
[INFO] [stdout]     |
[INFO] [stdout] 117 |     test_atomic!(i64);
[INFO] [stdout]     |     ----------------- in this macro invocation
[INFO] [stdout]     |
[INFO] [stdout]     = note: this error originates in the macro `__test_atomic` which comes from the expansion of the macro `test_atomic` (in Nightly builds, run with -Z macro-backtrace for more info)
[INFO] [stdout] 
[INFO] [stdout] 
[INFO] [stdout] error[E0433]: failed to resolve: could not find `quickcheck` in the list of imported crates
[INFO] [stdout]    --> src/tests/helper.rs:124:11
[INFO] [stdout]     |
[INFO] [stdout] 124 |         ::quickcheck::quickcheck! {
[INFO] [stdout]     |           ^^^^^^^^^^ could not find `quickcheck` in the list of imported crates
[INFO] [stdout]     |
[INFO] [stdout]    ::: src/tests/mod.rs:117:5
[INFO] [stdout]     |
[INFO] [stdout] 117 |     test_atomic!(i64);
[INFO] [stdout]     |     ----------------- in this macro invocation
[INFO] [stdout]     |
[INFO] [stdout]     = note: this error originates in the macro `__test_atomic` which comes from the expansion of the macro `test_atomic` (in Nightly builds, run with -Z macro-backtrace for more info)
[INFO] [stdout] 
[INFO] [stdout] 
[INFO] [stdout] error[E0433]: failed to resolve: could not find `quickcheck` in the list of imported crates
[INFO] [stdout]    --> src/tests/helper.rs:427:11
[INFO] [stdout]     |
[INFO] [stdout] 427 |         ::quickcheck::quickcheck! {
[INFO] [stdout]     |           ^^^^^^^^^^ could not find `quickcheck` in the list of imported crates
[INFO] [stdout]     |
[INFO] [stdout]    ::: src/tests/mod.rs:111:5
[INFO] [stdout]     |
[INFO] [stdout] 111 |     test_atomic!(u32);
[INFO] [stdout]     |     ----------------- in this macro invocation
[INFO] [stdout]     |
[INFO] [stdout]     = note: this error originates in the macro `__test_atomic` which comes from the expansion of the macro `test_atomic` (in Nightly builds, run with -Z macro-backtrace for more info)
[INFO] [stdout] 
[INFO] [stdout] 
[INFO] [stdout] error[E0433]: failed to resolve: could not find `quickcheck` in the list of imported crates
[INFO] [stdout]    --> src/tests/helper.rs:196:11
[INFO] [stdout]     |
[INFO] [stdout] 196 |         ::quickcheck::quickcheck! {
[INFO] [stdout]     |           ^^^^^^^^^^ could not find `quickcheck` in the list of imported crates
[INFO] [stdout]     |
[INFO] [stdout]    ::: src/tests/mod.rs:111:5
[INFO] [stdout]     |
[INFO] [stdout] 111 |     test_atomic!(u32);
[INFO] [stdout]     |     ----------------- in this macro invocation
[INFO] [stdout]     |
[INFO] [stdout]     = note: this error originates in the macro `__test_atomic` which comes from the expansion of the macro `test_atomic` (in Nightly builds, run with -Z macro-backtrace for more info)
[INFO] [stdout] 
[INFO] [stdout] 
[INFO] [stdout] error[E0433]: failed to resolve: could not find `quickcheck` in the list of imported crates
[INFO] [stdout]    --> src/tests/helper.rs:124:11
[INFO] [stdout]     |
[INFO] [stdout] 124 |         ::quickcheck::quickcheck! {
[INFO] [stdout]     |           ^^^^^^^^^^ could not find `quickcheck` in the list of imported crates
[INFO] [stdout]     |
[INFO] [stdout]    ::: src/tests/mod.rs:111:5
[INFO] [stdout]     |
[INFO] [stdout] 111 |     test_atomic!(u32);
[INFO] [stdout]     |     ----------------- in this macro invocation
[INFO] [stdout]     |
[INFO] [stdout]     = note: this error originates in the macro `__test_atomic` which comes from the expansion of the macro `test_atomic` (in Nightly builds, run with -Z macro-backtrace for more info)
[INFO] [stdout] 
[INFO] [stdout] 
[INFO] [stdout] error[E0433]: failed to resolve: could not find `quickcheck` in the list of imported crates
[INFO] [stdout]    --> src/tests/helper.rs:427:11
[INFO] [stdout]     |
[INFO] [stdout] 427 |         ::quickcheck::quickcheck! {
[INFO] [stdout]     |           ^^^^^^^^^^ could not find `quickcheck` in the list of imported crates
[INFO] [stdout]     |
[INFO] [stdout]    ::: src/tests/mod.rs:110:5
[INFO] [stdout]     |
[INFO] [stdout] 110 |     test_atomic!(i32);
[INFO] [stdout]     |     ----------------- in this macro invocation
[INFO] [stdout]     |
[INFO] [stdout]     = note: this error originates in the macro `__test_atomic` which comes from the expansion of the macro `test_atomic` (in Nightly builds, run with -Z macro-backtrace for more info)
[INFO] [stdout] 
[INFO] [stdout] 
[INFO] [stdout] error[E0433]: failed to resolve: could not find `quickcheck` in the list of imported crates
[INFO] [stdout]    --> src/tests/helper.rs:196:11
[INFO] [stdout]     |
[INFO] [stdout] 196 |         ::quickcheck::quickcheck! {
[INFO] [stdout]     |           ^^^^^^^^^^ could not find `quickcheck` in the list of imported crates
[INFO] [stdout]     |
[INFO] [stdout]    ::: src/tests/mod.rs:110:5
[INFO] [stdout]     |
[INFO] [stdout] 110 |     test_atomic!(i32);
[INFO] [stdout]     |     ----------------- in this macro invocation
[INFO] [stdout]     |
[INFO] [stdout]     = note: this error originates in the macro `__test_atomic` which comes from the expansion of the macro `test_atomic` (in Nightly builds, run with -Z macro-backtrace for more info)
[INFO] [stdout] 
[INFO] [stdout] 
[INFO] [stdout] error[E0433]: failed to resolve: could not find `quickcheck` in the list of imported crates
[INFO] [stdout]    --> src/tests/helper.rs:124:11
[INFO] [stdout]     |
[INFO] [stdout] 124 |         ::quickcheck::quickcheck! {
[INFO] [stdout]     |           ^^^^^^^^^^ could not find `quickcheck` in the list of imported crates
[INFO] [stdout]     |
[INFO] [stdout]    ::: src/tests/mod.rs:110:5
[INFO] [stdout]     |
[INFO] [stdout] 110 |     test_atomic!(i32);
[INFO] [stdout]     |     ----------------- in this macro invocation
[INFO] [stdout]     |
[INFO] [stdout]     = note: this error originates in the macro `__test_atomic` which comes from the expansion of the macro `test_atomic` (in Nightly builds, run with -Z macro-backtrace for more info)
[INFO] [stdout] 
[INFO] [stdout] 
[INFO] [stdout] error[E0433]: failed to resolve: could not find `quickcheck` in the list of imported crates
[INFO] [stdout]    --> src/tests/helper.rs:427:11
[INFO] [stdout]     |
[INFO] [stdout] 427 |         ::quickcheck::quickcheck! {
[INFO] [stdout]     |           ^^^^^^^^^^ could not find `quickcheck` in the list of imported crates
[INFO] [stdout]     |
[INFO] [stdout]    ::: src/tests/mod.rs:104:5
[INFO] [stdout]     |
[INFO] [stdout] 104 |     test_atomic!(u16);
[INFO] [stdout]     |     ----------------- in this macro invocation
[INFO] [stdout]     |
[INFO] [stdout]     = note: this error originates in the macro `__test_atomic` which comes from the expansion of the macro `test_atomic` (in Nightly builds, run with -Z macro-backtrace for more info)
[INFO] [stdout] 
[INFO] [stdout] 
[INFO] [stdout] error[E0433]: failed to resolve: could not find `quickcheck` in the list of imported crates
[INFO] [stdout]    --> src/tests/helper.rs:196:11
[INFO] [stdout]     |
[INFO] [stdout] 196 |         ::quickcheck::quickcheck! {
[INFO] [stdout]     |           ^^^^^^^^^^ could not find `quickcheck` in the list of imported crates
[INFO] [stdout]     |
[INFO] [stdout]    ::: src/tests/mod.rs:104:5
[INFO] [stdout]     |
[INFO] [stdout] 104 |     test_atomic!(u16);
[INFO] [stdout]     |     ----------------- in this macro invocation
[INFO] [stdout]     |
[INFO] [stdout]     = note: this error originates in the macro `__test_atomic` which comes from the expansion of the macro `test_atomic` (in Nightly builds, run with -Z macro-backtrace for more info)
[INFO] [stdout] 
[INFO] [stdout] 
[INFO] [stdout] error[E0433]: failed to resolve: could not find `quickcheck` in the list of imported crates
[INFO] [stdout]    --> src/tests/helper.rs:124:11
[INFO] [stdout]     |
[INFO] [stdout] 124 |         ::quickcheck::quickcheck! {
[INFO] [stdout]     |           ^^^^^^^^^^ could not find `quickcheck` in the list of imported crates
[INFO] [stdout]     |
[INFO] [stdout]    ::: src/tests/mod.rs:104:5
[INFO] [stdout]     |
[INFO] [stdout] 104 |     test_atomic!(u16);
[INFO] [stdout]     |     ----------------- in this macro invocation
[INFO] [stdout]     |
[INFO] [stdout]     = note: this error originates in the macro `__test_atomic` which comes from the expansion of the macro `test_atomic` (in Nightly builds, run with -Z macro-backtrace for more info)
[INFO] [stdout] 
[INFO] [stdout] 
[INFO] [stdout] error[E0433]: failed to resolve: could not find `quickcheck` in the list of imported crates
[INFO] [stdout]    --> src/tests/helper.rs:427:11
[INFO] [stdout]     |
[INFO] [stdout] 427 |         ::quickcheck::quickcheck! {
[INFO] [stdout]     |           ^^^^^^^^^^ could not find `quickcheck` in the list of imported crates
[INFO] [stdout]     |
[INFO] [stdout]    ::: src/tests/mod.rs:103:5
[INFO] [stdout]     |
[INFO] [stdout] 103 |     test_atomic!(i16);
[INFO] [stdout]     |     ----------------- in this macro invocation
[INFO] [stdout]     |
[INFO] [stdout]     = note: this error originates in the macro `__test_atomic` which comes from the expansion of the macro `test_atomic` (in Nightly builds, run with -Z macro-backtrace for more info)
[INFO] [stdout] 
[INFO] [stdout] 
[INFO] [stdout] error[E0433]: failed to resolve: could not find `quickcheck` in the list of imported crates
[INFO] [stdout]    --> src/tests/helper.rs:196:11
[INFO] [stdout]     |
[INFO] [stdout] 196 |         ::quickcheck::quickcheck! {
[INFO] [stdout]     |           ^^^^^^^^^^ could not find `quickcheck` in the list of imported crates
[INFO] [stdout]     |
[INFO] [stdout]    ::: src/tests/mod.rs:103:5
[INFO] [stdout]     |
[INFO] [stdout] 103 |     test_atomic!(i16);
[INFO] [stdout]     |     ----------------- in this macro invocation
[INFO] [stdout]     |
[INFO] [stdout]     = note: this error originates in the macro `__test_atomic` which comes from the expansion of the macro `test_atomic` (in Nightly builds, run with -Z macro-backtrace for more info)
[INFO] [stdout] 
[INFO] [stdout] 
[INFO] [stdout] error[E0433]: failed to resolve: could not find `quickcheck` in the list of imported crates
[INFO] [stdout]    --> src/tests/helper.rs:124:11
[INFO] [stdout]     |
[INFO] [stdout] 124 |         ::quickcheck::quickcheck! {
[INFO] [stdout]     |           ^^^^^^^^^^ could not find `quickcheck` in the list of imported crates
[INFO] [stdout]     |
[INFO] [stdout]    ::: src/tests/mod.rs:103:5
[INFO] [stdout]     |
[INFO] [stdout] 103 |     test_atomic!(i16);
[INFO] [stdout]     |     ----------------- in this macro invocation
[INFO] [stdout]     |
[INFO] [stdout]     = note: this error originates in the macro `__test_atomic` which comes from the expansion of the macro `test_atomic` (in Nightly builds, run with -Z macro-backtrace for more info)
[INFO] [stdout] 
[INFO] [stdout] 
[INFO] [stdout] error[E0433]: failed to resolve: could not find `quickcheck` in the list of imported crates
[INFO] [stdout]    --> src/tests/helper.rs:427:11
[INFO] [stdout]     |
[INFO] [stdout] 427 |         ::quickcheck::quickcheck! {
[INFO] [stdout]     |           ^^^^^^^^^^ could not find `quickcheck` in the list of imported crates
[INFO] [stdout]     |
[INFO] [stdout]    ::: src/tests/mod.rs:95:5
[INFO] [stdout]     |
[INFO] [stdout] 95  |     test_atomic!(u8);
[INFO] [stdout]     |     ---------------- in this macro invocation
[INFO] [stdout]     |
[INFO] [stdout]     = note: this error originates in the macro `__test_atomic` which comes from the expansion of the macro `test_atomic` (in Nightly builds, run with -Z macro-backtrace for more info)
[INFO] [stdout] 
[INFO] [stdout] 
[INFO] [stdout] error[E0433]: failed to resolve: could not find `quickcheck` in the list of imported crates
[INFO] [stdout]    --> src/tests/helper.rs:196:11
[INFO] [stdout]     |
[INFO] [stdout] 196 |         ::quickcheck::quickcheck! {
[INFO] [stdout]     |           ^^^^^^^^^^ could not find `quickcheck` in the list of imported crates
[INFO] [stdout]     |
[INFO] [stdout]    ::: src/tests/mod.rs:95:5
[INFO] [stdout]     |
[INFO] [stdout] 95  |     test_atomic!(u8);
[INFO] [stdout]     |     ---------------- in this macro invocation
[INFO] [stdout]     |
[INFO] [stdout]     = note: this error originates in the macro `__test_atomic` which comes from the expansion of the macro `test_atomic` (in Nightly builds, run with -Z macro-backtrace for more info)
[INFO] [stdout] 
[INFO] [stdout] 
[INFO] [stdout] error[E0433]: failed to resolve: could not find `quickcheck` in the list of imported crates
[INFO] [stdout]    --> src/tests/helper.rs:124:11
[INFO] [stdout]     |
[INFO] [stdout] 124 |         ::quickcheck::quickcheck! {
[INFO] [stdout]     |           ^^^^^^^^^^ could not find `quickcheck` in the list of imported crates
[INFO] [stdout]     |
[INFO] [stdout]    ::: src/tests/mod.rs:95:5
[INFO] [stdout]     |
[INFO] [stdout] 95  |     test_atomic!(u8);
[INFO] [stdout]     |     ---------------- in this macro invocation
[INFO] [stdout]     |
[INFO] [stdout]     = note: this error originates in the macro `__test_atomic` which comes from the expansion of the macro `test_atomic` (in Nightly builds, run with -Z macro-backtrace for more info)
[INFO] [stdout] 
[INFO] [stdout] 
[INFO] [stdout] error[E0433]: failed to resolve: could not find `quickcheck` in the list of imported crates
[INFO] [stdout]    --> src/tests/helper.rs:427:11
[INFO] [stdout]     |
[INFO] [stdout] 427 |         ::quickcheck::quickcheck! {
[INFO] [stdout]     |           ^^^^^^^^^^ could not find `quickcheck` in the list of imported crates
[INFO] [stdout]     |
[INFO] [stdout]    ::: src/tests/mod.rs:94:5
[INFO] [stdout]     |
[INFO] [stdout] 94  |     test_atomic!(i8);
[INFO] [stdout]     |     ---------------- in this macro invocation
[INFO] [stdout]     |
[INFO] [stdout]     = note: this error originates in the macro `__test_atomic` which comes from the expansion of the macro `test_atomic` (in Nightly builds, run with -Z macro-backtrace for more info)
[INFO] [stdout] 
[INFO] [stdout] 
[INFO] [stdout] error[E0433]: failed to resolve: could not find `quickcheck` in the list of imported crates
[INFO] [stdout]    --> src/tests/helper.rs:196:11
[INFO] [stdout]     |
[INFO] [stdout] 196 |         ::quickcheck::quickcheck! {
[INFO] [stdout]     |           ^^^^^^^^^^ could not find `quickcheck` in the list of imported crates
[INFO] [stdout]     |
[INFO] [stdout]    ::: src/tests/mod.rs:94:5
[INFO] [stdout]     |
[INFO] [stdout] 94  |     test_atomic!(i8);
[INFO] [stdout]     |     ---------------- in this macro invocation
[INFO] [stdout]     |
[INFO] [stdout]     = note: this error originates in the macro `__test_atomic` which comes from the expansion of the macro `test_atomic` (in Nightly builds, run with -Z macro-backtrace for more info)
[INFO] [stdout] 
[INFO] [stdout] 
[INFO] [stdout] error[E0433]: failed to resolve: could not find `quickcheck` in the list of imported crates
[INFO] [stdout]    --> src/tests/helper.rs:124:11
[INFO] [stdout]     |
[INFO] [stdout] 124 |         ::quickcheck::quickcheck! {
[INFO] [stdout]     |           ^^^^^^^^^^ could not find `quickcheck` in the list of imported crates
[INFO] [stdout]     |
[INFO] [stdout]    ::: src/tests/mod.rs:94:5
[INFO] [stdout]     |
[INFO] [stdout] 94  |     test_atomic!(i8);
[INFO] [stdout]     |     ---------------- in this macro invocation
[INFO] [stdout]     |
[INFO] [stdout]     = note: this error originates in the macro `__test_atomic` which comes from the expansion of the macro `test_atomic` (in Nightly builds, run with -Z macro-backtrace for more info)
[INFO] [stdout] 
[INFO] [stdout] 
[INFO] [stdout] error[E0433]: failed to resolve: could not find `quickcheck` in the list of imported crates
[INFO] [stdout]    --> src/tests/helper.rs:427:11
[INFO] [stdout]     |
[INFO] [stdout] 427 |         ::quickcheck::quickcheck! {
[INFO] [stdout]     |           ^^^^^^^^^^ could not find `quickcheck` in the list of imported crates
[INFO] [stdout]     |
[INFO] [stdout]    ::: src/tests/mod.rs:89:5
[INFO] [stdout]     |
[INFO] [stdout] 89  |     test_atomic!(usize);
[INFO] [stdout]     |     ------------------- in this macro invocation
[INFO] [stdout]     |
[INFO] [stdout]     = note: this error originates in the macro `__test_atomic` which comes from the expansion of the macro `test_atomic` (in Nightly builds, run with -Z macro-backtrace for more info)
[INFO] [stdout] 
[INFO] [stdout] 
[INFO] [stdout] error[E0433]: failed to resolve: could not find `quickcheck` in the list of imported crates
[INFO] [stdout]    --> src/tests/helper.rs:196:11
[INFO] [stdout]     |
[INFO] [stdout] 196 |         ::quickcheck::quickcheck! {
[INFO] [stdout]     |           ^^^^^^^^^^ could not find `quickcheck` in the list of imported crates
[INFO] [stdout]     |
[INFO] [stdout]    ::: src/tests/mod.rs:89:5
[INFO] [stdout]     |
[INFO] [stdout] 89  |     test_atomic!(usize);
[INFO] [stdout]     |     ------------------- in this macro invocation
[INFO] [stdout]     |
[INFO] [stdout]     = note: this error originates in the macro `__test_atomic` which comes from the expansion of the macro `test_atomic` (in Nightly builds, run with -Z macro-backtrace for more info)
[INFO] [stdout] 
[INFO] [stdout] 
[INFO] [stdout] error[E0433]: failed to resolve: could not find `quickcheck` in the list of imported crates
[INFO] [stdout]    --> src/tests/helper.rs:124:11
[INFO] [stdout]     |
[INFO] [stdout] 124 |         ::quickcheck::quickcheck! {
[INFO] [stdout]     |           ^^^^^^^^^^ could not find `quickcheck` in the list of imported crates
[INFO] [stdout]     |
[INFO] [stdout]    ::: src/tests/mod.rs:89:5
[INFO] [stdout]     |
[INFO] [stdout] 89  |     test_atomic!(usize);
[INFO] [stdout]     |     ------------------- in this macro invocation
[INFO] [stdout]     |
[INFO] [stdout]     = note: this error originates in the macro `__test_atomic` which comes from the expansion of the macro `test_atomic` (in Nightly builds, run with -Z macro-backtrace for more info)
[INFO] [stdout] 
[INFO] [stdout] 
[INFO] [stdout] error[E0433]: failed to resolve: could not find `quickcheck` in the list of imported crates
[INFO] [stdout]    --> src/tests/helper.rs:427:11
[INFO] [stdout]     |
[INFO] [stdout] 427 |         ::quickcheck::quickcheck! {
[INFO] [stdout]     |           ^^^^^^^^^^ could not find `quickcheck` in the list of imported crates
[INFO] [stdout]     |
[INFO] [stdout]    ::: src/tests/mod.rs:88:5
[INFO] [stdout]     |
[INFO] [stdout] 88  |     test_atomic!(isize);
[INFO] [stdout]     |     ------------------- in this macro invocation
[INFO] [stdout]     |
[INFO] [stdout]     = note: this error originates in the macro `__test_atomic` which comes from the expansion of the macro `test_atomic` (in Nightly builds, run with -Z macro-backtrace for more info)
[INFO] [stdout] 
[INFO] [stdout] 
[INFO] [stdout] error[E0433]: failed to resolve: could not find `quickcheck` in the list of imported crates
[INFO] [stdout]    --> src/tests/helper.rs:196:11
[INFO] [stdout]     |
[INFO] [stdout] 196 |         ::quickcheck::quickcheck! {
[INFO] [stdout]     |           ^^^^^^^^^^ could not find `quickcheck` in the list of imported crates
[INFO] [stdout]     |
[INFO] [stdout]    ::: src/tests/mod.rs:88:5
[INFO] [stdout]     |
[INFO] [stdout] 88  |     test_atomic!(isize);
[INFO] [stdout]     |     ------------------- in this macro invocation
[INFO] [stdout]     |
[INFO] [stdout]     = note: this error originates in the macro `__test_atomic` which comes from the expansion of the macro `test_atomic` (in Nightly builds, run with -Z macro-backtrace for more info)
[INFO] [stdout] 
[INFO] [stdout] 
[INFO] [stdout] error[E0433]: failed to resolve: could not find `quickcheck` in the list of imported crates
[INFO] [stdout]    --> src/tests/helper.rs:124:11
[INFO] [stdout]     |
[INFO] [stdout] 124 |         ::quickcheck::quickcheck! {
[INFO] [stdout]     |           ^^^^^^^^^^ could not find `quickcheck` in the list of imported crates
[INFO] [stdout]     |
[INFO] [stdout]    ::: src/tests/mod.rs:88:5
[INFO] [stdout]     |
[INFO] [stdout] 88  |     test_atomic!(isize);
[INFO] [stdout]     |     ------------------- in this macro invocation
[INFO] [stdout]     |
[INFO] [stdout]     = note: this error originates in the macro `__test_atomic` which comes from the expansion of the macro `test_atomic` (in Nightly builds, run with -Z macro-backtrace for more info)
[INFO] [stdout] 
[INFO] [stdout] 
[INFO] [stdout] error: aborting due to 30 previous errors
[INFO] [stdout] 
[INFO] [stdout] 
[INFO] [stdout] For more information about this error, try `rustc --explain E0433`.
[INFO] [stdout] 
[INFO] [stderr] error: could not compile `atomic-maybe-uninit` (lib test) due to 31 previous errors
[INFO] running `Command { std: "docker" "inspect" "4e0e9915d50badbd1dca9bb704b70020366ace5804e8067eb4c5f18e51f0384d", kill_on_drop: false }`
[INFO] running `Command { std: "docker" "rm" "-f" "4e0e9915d50badbd1dca9bb704b70020366ace5804e8067eb4c5f18e51f0384d", kill_on_drop: false }`
[INFO] [stdout] 4e0e9915d50badbd1dca9bb704b70020366ace5804e8067eb4c5f18e51f0384d
[INFO] testing atomic-maybe-uninit-0.3.1 against beta-2023-12-22 for beta-1.76-1
[INFO] extracting crate atomic-maybe-uninit 0.3.1 into /workspace/builds/worker-4-tc2/source
[INFO] validating manifest of crates.io crate atomic-maybe-uninit 0.3.1 on toolchain beta-2023-12-22
[INFO] running `Command { std: CARGO_HOME="/workspace/cargo-home" RUSTUP_HOME="/workspace/rustup-home" "/workspace/cargo-home/bin/cargo" "+beta-2023-12-22" "metadata" "--manifest-path" "Cargo.toml" "--no-deps", kill_on_drop: false }`
[INFO] started tweaking crates.io crate atomic-maybe-uninit 0.3.1
[INFO] finished tweaking crates.io crate atomic-maybe-uninit 0.3.1
[INFO] tweaked toml for crates.io crate atomic-maybe-uninit 0.3.1 written to /workspace/builds/worker-4-tc2/source/Cargo.toml
[INFO] running `Command { std: CARGO_HOME="/workspace/cargo-home" RUSTUP_HOME="/workspace/rustup-home" "/workspace/cargo-home/bin/cargo" "+beta-2023-12-22" "generate-lockfile" "--manifest-path" "Cargo.toml", kill_on_drop: false }`
[INFO] [stderr]     Updating crates.io index
[INFO] running `Command { std: CARGO_HOME="/workspace/cargo-home" RUSTUP_HOME="/workspace/rustup-home" "/workspace/cargo-home/bin/cargo" "+beta-2023-12-22" "fetch" "--manifest-path" "Cargo.toml", kill_on_drop: false }`
[INFO] running `Command { std: "docker" "create" "-v" "/var/lib/crater-agent-workspace/builds/worker-4-tc2/target:/opt/rustwide/target:rw,Z" "-v" "/var/lib/crater-agent-workspace/builds/worker-4-tc2/source:/opt/rustwide/workdir:ro,Z" "-v" "/var/lib/crater-agent-workspace/cargo-home:/opt/rustwide/cargo-home:ro,Z" "-v" "/var/lib/crater-agent-workspace/rustup-home:/opt/rustwide/rustup-home:ro,Z" "-e" "SOURCE_DIR=/opt/rustwide/workdir" "-e" "CARGO_TARGET_DIR=/opt/rustwide/target" "-e" "CARGO_HOME=/opt/rustwide/cargo-home" "-e" "RUSTUP_HOME=/opt/rustwide/rustup-home" "-w" "/opt/rustwide/workdir" "-m" "1610612736" "--user" "0:0" "--network" "none" "ghcr.io/rust-lang/crates-build-env/linux@sha256:2788e3201cd34a07e3172128adcd8b3090168a8e3bcc40d7c032b9dda1df7d1c" "/opt/rustwide/cargo-home/bin/cargo" "+beta-2023-12-22" "metadata" "--no-deps" "--format-version=1", kill_on_drop: false }`
[INFO] [stdout] 537254fe093dc1778ebb9fdf3e56d42e01cde931fee152273022069649a62e6a
[INFO] running `Command { std: "docker" "start" "-a" "537254fe093dc1778ebb9fdf3e56d42e01cde931fee152273022069649a62e6a", kill_on_drop: false }`
[INFO] running `Command { std: "docker" "inspect" "537254fe093dc1778ebb9fdf3e56d42e01cde931fee152273022069649a62e6a", kill_on_drop: false }`
[INFO] running `Command { std: "docker" "rm" "-f" "537254fe093dc1778ebb9fdf3e56d42e01cde931fee152273022069649a62e6a", kill_on_drop: false }`
[INFO] [stdout] 537254fe093dc1778ebb9fdf3e56d42e01cde931fee152273022069649a62e6a
[INFO] running `Command { std: "docker" "create" "-v" "/var/lib/crater-agent-workspace/builds/worker-4-tc2/target:/opt/rustwide/target:rw,Z" "-v" "/var/lib/crater-agent-workspace/builds/worker-4-tc2/source:/opt/rustwide/workdir:ro,Z" "-v" "/var/lib/crater-agent-workspace/cargo-home:/opt/rustwide/cargo-home:ro,Z" "-v" "/var/lib/crater-agent-workspace/rustup-home:/opt/rustwide/rustup-home:ro,Z" "-e" "SOURCE_DIR=/opt/rustwide/workdir" "-e" "CARGO_TARGET_DIR=/opt/rustwide/target" "-e" "CARGO_INCREMENTAL=0" "-e" "RUST_BACKTRACE=full" "-e" "RUSTFLAGS=--cap-lints=warn" "-e" "RUSTDOCFLAGS=--cap-lints=warn" "-e" "CARGO_HOME=/opt/rustwide/cargo-home" "-e" "RUSTUP_HOME=/opt/rustwide/rustup-home" "-w" "/opt/rustwide/workdir" "-m" "1610612736" "--user" "0:0" "--network" "none" "ghcr.io/rust-lang/crates-build-env/linux@sha256:2788e3201cd34a07e3172128adcd8b3090168a8e3bcc40d7c032b9dda1df7d1c" "/opt/rustwide/cargo-home/bin/cargo" "+beta-2023-12-22" "build" "--frozen" "--message-format=json", kill_on_drop: false }`
[INFO] [stdout] 04acc5b6cb0557cb3f8f7ef3bf00a18b94e59cd71212ca670ed86aa6581da024
[INFO] running `Command { std: "docker" "start" "-a" "04acc5b6cb0557cb3f8f7ef3bf00a18b94e59cd71212ca670ed86aa6581da024", kill_on_drop: false }`
[INFO] [stderr]    Compiling atomic-maybe-uninit v0.3.1 (/opt/rustwide/workdir)
[INFO] [stderr]     Finished dev [unoptimized + debuginfo] target(s) in 0.43s
[INFO] running `Command { std: "docker" "inspect" "04acc5b6cb0557cb3f8f7ef3bf00a18b94e59cd71212ca670ed86aa6581da024", kill_on_drop: false }`
[INFO] running `Command { std: "docker" "rm" "-f" "04acc5b6cb0557cb3f8f7ef3bf00a18b94e59cd71212ca670ed86aa6581da024", kill_on_drop: false }`
[INFO] [stdout] 04acc5b6cb0557cb3f8f7ef3bf00a18b94e59cd71212ca670ed86aa6581da024
[INFO] running `Command { std: "docker" "create" "-v" "/var/lib/crater-agent-workspace/builds/worker-4-tc2/target:/opt/rustwide/target:rw,Z" "-v" "/var/lib/crater-agent-workspace/builds/worker-4-tc2/source:/opt/rustwide/workdir:ro,Z" "-v" "/var/lib/crater-agent-workspace/cargo-home:/opt/rustwide/cargo-home:ro,Z" "-v" "/var/lib/crater-agent-workspace/rustup-home:/opt/rustwide/rustup-home:ro,Z" "-e" "SOURCE_DIR=/opt/rustwide/workdir" "-e" "CARGO_TARGET_DIR=/opt/rustwide/target" "-e" "CARGO_INCREMENTAL=0" "-e" "RUST_BACKTRACE=full" "-e" "RUSTFLAGS=--cap-lints=warn" "-e" "RUSTDOCFLAGS=--cap-lints=warn" "-e" "CARGO_HOME=/opt/rustwide/cargo-home" "-e" "RUSTUP_HOME=/opt/rustwide/rustup-home" "-w" "/opt/rustwide/workdir" "-m" "1610612736" "--user" "0:0" "--network" "none" "ghcr.io/rust-lang/crates-build-env/linux@sha256:2788e3201cd34a07e3172128adcd8b3090168a8e3bcc40d7c032b9dda1df7d1c" "/opt/rustwide/cargo-home/bin/cargo" "+beta-2023-12-22" "test" "--frozen" "--no-run" "--message-format=json", kill_on_drop: false }`
[INFO] [stdout] d6a016080ee198ddd512b8d5a8c44cbb4ab8144906d05d50dda62c0cbfb9e45c
[INFO] running `Command { std: "docker" "start" "-a" "d6a016080ee198ddd512b8d5a8c44cbb4ab8144906d05d50dda62c0cbfb9e45c", kill_on_drop: false }`
[INFO] [stderr]    Compiling build-context v0.1.1
[INFO] [stderr]    Compiling atomic-maybe-uninit v0.3.1 (/opt/rustwide/workdir)
[INFO] [stdout] error[E0433]: failed to resolve: could not find `quickcheck` in the list of imported crates
[INFO] [stdout]    --> src/tests/helper.rs:427:11
[INFO] [stdout]     |
[INFO] [stdout] 427 |         ::quickcheck::quickcheck! {
[INFO] [stdout]     |           ^^^^^^^^^^ could not find `quickcheck` in the list of imported crates
[INFO] [stdout]     |
[INFO] [stdout]    ::: src/tests/mod.rs:118:5
[INFO] [stdout]     |
[INFO] [stdout] 118 |     test_atomic!(u64);
[INFO] [stdout]     |     ----------------- in this macro invocation
[INFO] [stdout]     |
[INFO] [stdout]     = note: this error originates in the macro `__test_atomic` which comes from the expansion of the macro `test_atomic` (in Nightly builds, run with -Z macro-backtrace for more info)
[INFO] [stdout] 
[INFO] [stdout] 
[INFO] [stdout] error[E0433]: failed to resolve: could not find `quickcheck` in the list of imported crates
[INFO] [stdout]    --> src/tests/helper.rs:196:11
[INFO] [stdout]     |
[INFO] [stdout] 196 |         ::quickcheck::quickcheck! {
[INFO] [stdout]     |           ^^^^^^^^^^ could not find `quickcheck` in the list of imported crates
[INFO] [stdout]     |
[INFO] [stdout]    ::: src/tests/mod.rs:118:5
[INFO] [stdout]     |
[INFO] [stdout] 118 |     test_atomic!(u64);
[INFO] [stdout]     |     ----------------- in this macro invocation
[INFO] [stdout]     |
[INFO] [stdout]     = note: this error originates in the macro `__test_atomic` which comes from the expansion of the macro `test_atomic` (in Nightly builds, run with -Z macro-backtrace for more info)
[INFO] [stdout] 
[INFO] [stdout] 
[INFO] [stdout] error[E0433]: failed to resolve: could not find `quickcheck` in the list of imported crates
[INFO] [stdout]    --> src/tests/helper.rs:124:11
[INFO] [stdout]     |
[INFO] [stdout] 124 |         ::quickcheck::quickcheck! {
[INFO] [stdout]     |           ^^^^^^^^^^ could not find `quickcheck` in the list of imported crates
[INFO] [stdout]     |
[INFO] [stdout]    ::: src/tests/mod.rs:118:5
[INFO] [stdout]     |
[INFO] [stdout] 118 |     test_atomic!(u64);
[INFO] [stdout]     |     ----------------- in this macro invocation
[INFO] [stdout]     |
[INFO] [stdout]     = note: this error originates in the macro `__test_atomic` which comes from the expansion of the macro `test_atomic` (in Nightly builds, run with -Z macro-backtrace for more info)
[INFO] [stdout] 
[INFO] [stdout] 
[INFO] [stdout] error[E0433]: failed to resolve: could not find `quickcheck` in the list of imported crates
[INFO] [stdout]    --> src/tests/helper.rs:427:11
[INFO] [stdout]     |
[INFO] [stdout] 427 |         ::quickcheck::quickcheck! {
[INFO] [stdout]     |           ^^^^^^^^^^ could not find `quickcheck` in the list of imported crates
[INFO] [stdout]     |
[INFO] [stdout]    ::: src/tests/mod.rs:117:5
[INFO] [stdout]     |
[INFO] [stdout] 117 |     test_atomic!(i64);
[INFO] [stdout]     |     ----------------- in this macro invocation
[INFO] [stdout]     |
[INFO] [stdout]     = note: this error originates in the macro `__test_atomic` which comes from the expansion of the macro `test_atomic` (in Nightly builds, run with -Z macro-backtrace for more info)
[INFO] [stdout] 
[INFO] [stdout] 
[INFO] [stdout] error[E0433]: failed to resolve: could not find `quickcheck` in the list of imported crates
[INFO] [stdout]    --> src/tests/helper.rs:196:11
[INFO] [stdout]     |
[INFO] [stdout] 196 |         ::quickcheck::quickcheck! {
[INFO] [stdout]     |           ^^^^^^^^^^ could not find `quickcheck` in the list of imported crates
[INFO] [stdout]     |
[INFO] [stdout]    ::: src/tests/mod.rs:117:5
[INFO] [stdout]     |
[INFO] [stdout] 117 |     test_atomic!(i64);
[INFO] [stdout]     |     ----------------- in this macro invocation
[INFO] [stdout]     |
[INFO] [stdout]     = note: this error originates in the macro `__test_atomic` which comes from the expansion of the macro `test_atomic` (in Nightly builds, run with -Z macro-backtrace for more info)
[INFO] [stdout] 
[INFO] [stdout] 
[INFO] [stdout] error[E0433]: failed to resolve: could not find `quickcheck` in the list of imported crates
[INFO] [stdout]    --> src/tests/helper.rs:124:11
[INFO] [stdout]     |
[INFO] [stdout] 124 |         ::quickcheck::quickcheck! {
[INFO] [stdout]     |           ^^^^^^^^^^ could not find `quickcheck` in the list of imported crates
[INFO] [stdout]     |
[INFO] [stdout]    ::: src/tests/mod.rs:117:5
[INFO] [stdout]     |
[INFO] [stdout] 117 |     test_atomic!(i64);
[INFO] [stdout]     |     ----------------- in this macro invocation
[INFO] [stdout]     |
[INFO] [stdout]     = note: this error originates in the macro `__test_atomic` which comes from the expansion of the macro `test_atomic` (in Nightly builds, run with -Z macro-backtrace for more info)
[INFO] [stdout] 
[INFO] [stdout] 
[INFO] [stdout] error[E0433]: failed to resolve: could not find `quickcheck` in the list of imported crates
[INFO] [stdout]    --> src/tests/helper.rs:427:11
[INFO] [stdout]     |
[INFO] [stdout] 427 |         ::quickcheck::quickcheck! {
[INFO] [stdout]     |           ^^^^^^^^^^ could not find `quickcheck` in the list of imported crates
[INFO] [stdout]     |
[INFO] [stdout]    ::: src/tests/mod.rs:111:5
[INFO] [stdout]     |
[INFO] [stdout] 111 |     test_atomic!(u32);
[INFO] [stdout]     |     ----------------- in this macro invocation
[INFO] [stdout]     |
[INFO] [stdout]     = note: this error originates in the macro `__test_atomic` which comes from the expansion of the macro `test_atomic` (in Nightly builds, run with -Z macro-backtrace for more info)
[INFO] [stdout] 
[INFO] [stdout] 
[INFO] [stdout] error[E0433]: failed to resolve: could not find `quickcheck` in the list of imported crates
[INFO] [stdout]    --> src/tests/helper.rs:196:11
[INFO] [stdout]     |
[INFO] [stdout] 196 |         ::quickcheck::quickcheck! {
[INFO] [stdout]     |           ^^^^^^^^^^ could not find `quickcheck` in the list of imported crates
[INFO] [stdout]     |
[INFO] [stdout]    ::: src/tests/mod.rs:111:5
[INFO] [stdout]     |
[INFO] [stdout] 111 |     test_atomic!(u32);
[INFO] [stdout]     |     ----------------- in this macro invocation
[INFO] [stdout]     |
[INFO] [stdout]     = note: this error originates in the macro `__test_atomic` which comes from the expansion of the macro `test_atomic` (in Nightly builds, run with -Z macro-backtrace for more info)
[INFO] [stdout] 
[INFO] [stdout] 
[INFO] [stdout] error[E0433]: failed to resolve: could not find `quickcheck` in the list of imported crates
[INFO] [stdout]    --> src/tests/helper.rs:124:11
[INFO] [stdout]     |
[INFO] [stdout] 124 |         ::quickcheck::quickcheck! {
[INFO] [stdout]     |           ^^^^^^^^^^ could not find `quickcheck` in the list of imported crates
[INFO] [stdout]     |
[INFO] [stdout]    ::: src/tests/mod.rs:111:5
[INFO] [stdout]     |
[INFO] [stdout] 111 |     test_atomic!(u32);
[INFO] [stdout]     |     ----------------- in this macro invocation
[INFO] [stdout]     |
[INFO] [stdout]     = note: this error originates in the macro `__test_atomic` which comes from the expansion of the macro `test_atomic` (in Nightly builds, run with -Z macro-backtrace for more info)
[INFO] [stdout] 
[INFO] [stdout] 
[INFO] [stdout] error[E0433]: failed to resolve: could not find `quickcheck` in the list of imported crates
[INFO] [stdout]    --> src/tests/helper.rs:427:11
[INFO] [stdout]     |
[INFO] [stdout] 427 |         ::quickcheck::quickcheck! {
[INFO] [stdout]     |           ^^^^^^^^^^ could not find `quickcheck` in the list of imported crates
[INFO] [stdout]     |
[INFO] [stdout]    ::: src/tests/mod.rs:110:5
[INFO] [stdout]     |
[INFO] [stdout] 110 |     test_atomic!(i32);
[INFO] [stdout]     |     ----------------- in this macro invocation
[INFO] [stdout]     |
[INFO] [stdout]     = note: this error originates in the macro `__test_atomic` which comes from the expansion of the macro `test_atomic` (in Nightly builds, run with -Z macro-backtrace for more info)
[INFO] [stdout] 
[INFO] [stdout] 
[INFO] [stdout] error[E0433]: failed to resolve: could not find `quickcheck` in the list of imported crates
[INFO] [stdout]    --> src/tests/helper.rs:196:11
[INFO] [stdout]     |
[INFO] [stdout] 196 |         ::quickcheck::quickcheck! {
[INFO] [stdout]     |           ^^^^^^^^^^ could not find `quickcheck` in the list of imported crates
[INFO] [stdout]     |
[INFO] [stdout]    ::: src/tests/mod.rs:110:5
[INFO] [stdout]     |
[INFO] [stdout] 110 |     test_atomic!(i32);
[INFO] [stdout]     |     ----------------- in this macro invocation
[INFO] [stdout]     |
[INFO] [stdout]     = note: this error originates in the macro `__test_atomic` which comes from the expansion of the macro `test_atomic` (in Nightly builds, run with -Z macro-backtrace for more info)
[INFO] [stdout] 
[INFO] [stdout] 
[INFO] [stdout] error[E0433]: failed to resolve: could not find `quickcheck` in the list of imported crates
[INFO] [stdout]    --> src/tests/helper.rs:124:11
[INFO] [stdout]     |
[INFO] [stdout] 124 |         ::quickcheck::quickcheck! {
[INFO] [stdout]     |           ^^^^^^^^^^ could not find `quickcheck` in the list of imported crates
[INFO] [stdout]     |
[INFO] [stdout]    ::: src/tests/mod.rs:110:5
[INFO] [stdout]     |
[INFO] [stdout] 110 |     test_atomic!(i32);
[INFO] [stdout]     |     ----------------- in this macro invocation
[INFO] [stdout]     |
[INFO] [stdout]     = note: this error originates in the macro `__test_atomic` which comes from the expansion of the macro `test_atomic` (in Nightly builds, run with -Z macro-backtrace for more info)
[INFO] [stdout] 
[INFO] [stdout] 
[INFO] [stdout] error[E0433]: failed to resolve: could not find `quickcheck` in the list of imported crates
[INFO] [stdout]    --> src/tests/helper.rs:427:11
[INFO] [stdout]     |
[INFO] [stdout] 427 |         ::quickcheck::quickcheck! {
[INFO] [stdout]     |           ^^^^^^^^^^ could not find `quickcheck` in the list of imported crates
[INFO] [stdout]     |
[INFO] [stdout]    ::: src/tests/mod.rs:104:5
[INFO] [stdout]     |
[INFO] [stdout] 104 |     test_atomic!(u16);
[INFO] [stdout]     |     ----------------- in this macro invocation
[INFO] [stdout]     |
[INFO] [stdout]     = note: this error originates in the macro `__test_atomic` which comes from the expansion of the macro `test_atomic` (in Nightly builds, run with -Z macro-backtrace for more info)
[INFO] [stdout] 
[INFO] [stdout] 
[INFO] [stdout] error[E0433]: failed to resolve: could not find `quickcheck` in the list of imported crates
[INFO] [stdout]    --> src/tests/helper.rs:196:11
[INFO] [stdout]     |
[INFO] [stdout] 196 |         ::quickcheck::quickcheck! {
[INFO] [stdout]     |           ^^^^^^^^^^ could not find `quickcheck` in the list of imported crates
[INFO] [stdout]     |
[INFO] [stdout]    ::: src/tests/mod.rs:104:5
[INFO] [stdout]     |
[INFO] [stdout] 104 |     test_atomic!(u16);
[INFO] [stdout]     |     ----------------- in this macro invocation
[INFO] [stdout]     |
[INFO] [stdout]     = note: this error originates in the macro `__test_atomic` which comes from the expansion of the macro `test_atomic` (in Nightly builds, run with -Z macro-backtrace for more info)
[INFO] [stdout] 
[INFO] [stdout] 
[INFO] [stdout] error[E0433]: failed to resolve: could not find `quickcheck` in the list of imported crates
[INFO] [stdout]    --> src/tests/helper.rs:124:11
[INFO] [stdout]     |
[INFO] [stdout] 124 |         ::quickcheck::quickcheck! {
[INFO] [stdout]     |           ^^^^^^^^^^ could not find `quickcheck` in the list of imported crates
[INFO] [stdout]     |
[INFO] [stdout]    ::: src/tests/mod.rs:104:5
[INFO] [stdout]     |
[INFO] [stdout] 104 |     test_atomic!(u16);
[INFO] [stdout]     |     ----------------- in this macro invocation
[INFO] [stdout]     |
[INFO] [stdout]     = note: this error originates in the macro `__test_atomic` which comes from the expansion of the macro `test_atomic` (in Nightly builds, run with -Z macro-backtrace for more info)
[INFO] [stdout] 
[INFO] [stdout] 
[INFO] [stdout] error[E0433]: failed to resolve: could not find `quickcheck` in the list of imported crates
[INFO] [stdout]    --> src/tests/helper.rs:427:11
[INFO] [stdout]     |
[INFO] [stdout] 427 |         ::quickcheck::quickcheck! {
[INFO] [stdout]     |           ^^^^^^^^^^ could not find `quickcheck` in the list of imported crates
[INFO] [stdout]     |
[INFO] [stdout]    ::: src/tests/mod.rs:103:5
[INFO] [stdout]     |
[INFO] [stdout] 103 |     test_atomic!(i16);
[INFO] [stdout]     |     ----------------- in this macro invocation
[INFO] [stdout]     |
[INFO] [stdout]     = note: this error originates in the macro `__test_atomic` which comes from the expansion of the macro `test_atomic` (in Nightly builds, run with -Z macro-backtrace for more info)
[INFO] [stdout] 
[INFO] [stdout] 
[INFO] [stdout] error[E0433]: failed to resolve: could not find `quickcheck` in the list of imported crates
[INFO] [stdout]    --> src/tests/helper.rs:196:11
[INFO] [stdout]     |
[INFO] [stdout] 196 |         ::quickcheck::quickcheck! {
[INFO] [stdout]     |           ^^^^^^^^^^ could not find `quickcheck` in the list of imported crates
[INFO] [stdout]     |
[INFO] [stdout]    ::: src/tests/mod.rs:103:5
[INFO] [stdout]     |
[INFO] [stdout] 103 |     test_atomic!(i16);
[INFO] [stdout]     |     ----------------- in this macro invocation
[INFO] [stdout]     |
[INFO] [stdout]     = note: this error originates in the macro `__test_atomic` which comes from the expansion of the macro `test_atomic` (in Nightly builds, run with -Z macro-backtrace for more info)
[INFO] [stdout] 
[INFO] [stdout] 
[INFO] [stdout] error[E0433]: failed to resolve: could not find `quickcheck` in the list of imported crates
[INFO] [stdout]    --> src/tests/helper.rs:124:11
[INFO] [stdout]     |
[INFO] [stdout] 124 |         ::quickcheck::quickcheck! {
[INFO] [stdout]     |           ^^^^^^^^^^ could not find `quickcheck` in the list of imported crates
[INFO] [stdout]     |
[INFO] [stdout]    ::: src/tests/mod.rs:103:5
[INFO] [stdout]     |
[INFO] [stdout] 103 |     test_atomic!(i16);
[INFO] [stdout]     |     ----------------- in this macro invocation
[INFO] [stdout]     |
[INFO] [stdout]     = note: this error originates in the macro `__test_atomic` which comes from the expansion of the macro `test_atomic` (in Nightly builds, run with -Z macro-backtrace for more info)
[INFO] [stdout] 
[INFO] [stdout] 
[INFO] [stdout] error[E0433]: failed to resolve: could not find `quickcheck` in the list of imported crates
[INFO] [stdout]    --> src/tests/helper.rs:427:11
[INFO] [stdout]     |
[INFO] [stdout] 427 |         ::quickcheck::quickcheck! {
[INFO] [stdout]     |           ^^^^^^^^^^ could not find `quickcheck` in the list of imported crates
[INFO] [stdout]     |
[INFO] [stdout]    ::: src/tests/mod.rs:95:5
[INFO] [stdout]     |
[INFO] [stdout] 95  |     test_atomic!(u8);
[INFO] [stdout]     |     ---------------- in this macro invocation
[INFO] [stdout]     |
[INFO] [stdout]     = note: this error originates in the macro `__test_atomic` which comes from the expansion of the macro `test_atomic` (in Nightly builds, run with -Z macro-backtrace for more info)
[INFO] [stdout] 
[INFO] [stdout] 
[INFO] [stdout] error[E0433]: failed to resolve: could not find `quickcheck` in the list of imported crates
[INFO] [stdout]    --> src/tests/helper.rs:196:11
[INFO] [stdout]     |
[INFO] [stdout] 196 |         ::quickcheck::quickcheck! {
[INFO] [stdout]     |           ^^^^^^^^^^ could not find `quickcheck` in the list of imported crates
[INFO] [stdout]     |
[INFO] [stdout]    ::: src/tests/mod.rs:95:5
[INFO] [stdout]     |
[INFO] [stdout] 95  |     test_atomic!(u8);
[INFO] [stdout]     |     ---------------- in this macro invocation
[INFO] [stdout]     |
[INFO] [stdout]     = note: this error originates in the macro `__test_atomic` which comes from the expansion of the macro `test_atomic` (in Nightly builds, run with -Z macro-backtrace for more info)
[INFO] [stdout] 
[INFO] [stdout] 
[INFO] [stdout] error[E0433]: failed to resolve: could not find `quickcheck` in the list of imported crates
[INFO] [stdout]    --> src/tests/helper.rs:124:11
[INFO] [stdout]     |
[INFO] [stdout] 124 |         ::quickcheck::quickcheck! {
[INFO] [stdout]     |           ^^^^^^^^^^ could not find `quickcheck` in the list of imported crates
[INFO] [stdout]     |
[INFO] [stdout]    ::: src/tests/mod.rs:95:5
[INFO] [stdout]     |
[INFO] [stdout] 95  |     test_atomic!(u8);
[INFO] [stdout]     |     ---------------- in this macro invocation
[INFO] [stdout]     |
[INFO] [stdout]     = note: this error originates in the macro `__test_atomic` which comes from the expansion of the macro `test_atomic` (in Nightly builds, run with -Z macro-backtrace for more info)
[INFO] [stdout] 
[INFO] [stdout] 
[INFO] [stdout] error[E0433]: failed to resolve: could not find `quickcheck` in the list of imported crates
[INFO] [stdout]    --> src/tests/helper.rs:427:11
[INFO] [stdout]     |
[INFO] [stdout] 427 |         ::quickcheck::quickcheck! {
[INFO] [stdout]     |           ^^^^^^^^^^ could not find `quickcheck` in the list of imported crates
[INFO] [stdout]     |
[INFO] [stdout]    ::: src/tests/mod.rs:94:5
[INFO] [stdout]     |
[INFO] [stdout] 94  |     test_atomic!(i8);
[INFO] [stdout]     |     ---------------- in this macro invocation
[INFO] [stdout]     |
[INFO] [stdout]     = note: this error originates in the macro `__test_atomic` which comes from the expansion of the macro `test_atomic` (in Nightly builds, run with -Z macro-backtrace for more info)
[INFO] [stdout] 
[INFO] [stdout] 
[INFO] [stdout] error[E0433]: failed to resolve: could not find `quickcheck` in the list of imported crates
[INFO] [stdout]    --> src/tests/helper.rs:196:11
[INFO] [stdout]     |
[INFO] [stdout] 196 |         ::quickcheck::quickcheck! {
[INFO] [stdout]     |           ^^^^^^^^^^ could not find `quickcheck` in the list of imported crates
[INFO] [stdout]     |
[INFO] [stdout]    ::: src/tests/mod.rs:94:5
[INFO] [stdout]     |
[INFO] [stdout] 94  |     test_atomic!(i8);
[INFO] [stdout]     |     ---------------- in this macro invocation
[INFO] [stdout]     |
[INFO] [stdout]     = note: this error originates in the macro `__test_atomic` which comes from the expansion of the macro `test_atomic` (in Nightly builds, run with -Z macro-backtrace for more info)
[INFO] [stdout] 
[INFO] [stdout] 
[INFO] [stdout] error[E0433]: failed to resolve: could not find `quickcheck` in the list of imported crates
[INFO] [stdout]    --> src/tests/helper.rs:124:11
[INFO] [stdout]     |
[INFO] [stdout] 124 |         ::quickcheck::quickcheck! {
[INFO] [stdout]     |           ^^^^^^^^^^ could not find `quickcheck` in the list of imported crates
[INFO] [stdout]     |
[INFO] [stdout]    ::: src/tests/mod.rs:94:5
[INFO] [stdout]     |
[INFO] [stdout] 94  |     test_atomic!(i8);
[INFO] [stdout]     |     ---------------- in this macro invocation
[INFO] [stdout]     |
[INFO] [stdout]     = note: this error originates in the macro `__test_atomic` which comes from the expansion of the macro `test_atomic` (in Nightly builds, run with -Z macro-backtrace for more info)
[INFO] [stdout] 
[INFO] [stdout] 
[INFO] [stdout] error[E0433]: failed to resolve: could not find `quickcheck` in the list of imported crates
[INFO] [stdout]    --> src/tests/helper.rs:427:11
[INFO] [stdout]     |
[INFO] [stdout] 427 |         ::quickcheck::quickcheck! {
[INFO] [stdout]     |           ^^^^^^^^^^ could not find `quickcheck` in the list of imported crates
[INFO] [stdout]     |
[INFO] [stdout]    ::: src/tests/mod.rs:89:5
[INFO] [stdout]     |
[INFO] [stdout] 89  |     test_atomic!(usize);
[INFO] [stdout]     |     ------------------- in this macro invocation
[INFO] [stdout]     |
[INFO] [stdout]     = note: this error originates in the macro `__test_atomic` which comes from the expansion of the macro `test_atomic` (in Nightly builds, run with -Z macro-backtrace for more info)
[INFO] [stdout] 
[INFO] [stdout] 
[INFO] [stdout] error[E0433]: failed to resolve: could not find `quickcheck` in the list of imported crates
[INFO] [stdout]    --> src/tests/helper.rs:196:11
[INFO] [stdout]     |
[INFO] [stdout] 196 |         ::quickcheck::quickcheck! {
[INFO] [stdout]     |           ^^^^^^^^^^ could not find `quickcheck` in the list of imported crates
[INFO] [stdout]     |
[INFO] [stdout]    ::: src/tests/mod.rs:89:5
[INFO] [stdout]     |
[INFO] [stdout] 89  |     test_atomic!(usize);
[INFO] [stdout]     |     ------------------- in this macro invocation
[INFO] [stdout]     |
[INFO] [stdout]     = note: this error originates in the macro `__test_atomic` which comes from the expansion of the macro `test_atomic` (in Nightly builds, run with -Z macro-backtrace for more info)
[INFO] [stdout] 
[INFO] [stdout] 
[INFO] [stdout] error[E0433]: failed to resolve: could not find `quickcheck` in the list of imported crates
[INFO] [stdout]    --> src/tests/helper.rs:124:11
[INFO] [stdout]     |
[INFO] [stdout] 124 |         ::quickcheck::quickcheck! {
[INFO] [stdout]     |           ^^^^^^^^^^ could not find `quickcheck` in the list of imported crates
[INFO] [stdout]     |
[INFO] [stdout]    ::: src/tests/mod.rs:89:5
[INFO] [stdout]     |
[INFO] [stdout] 89  |     test_atomic!(usize);
[INFO] [stdout]     |     ------------------- in this macro invocation
[INFO] [stdout]     |
[INFO] [stdout]     = note: this error originates in the macro `__test_atomic` which comes from the expansion of the macro `test_atomic` (in Nightly builds, run with -Z macro-backtrace for more info)
[INFO] [stdout] 
[INFO] [stdout] 
[INFO] [stdout] error[E0433]: failed to resolve: could not find `quickcheck` in the list of imported crates
[INFO] [stdout]    --> src/tests/helper.rs:427:11
[INFO] [stdout]     |
[INFO] [stdout] 427 |         ::quickcheck::quickcheck! {
[INFO] [stdout]     |           ^^^^^^^^^^ could not find `quickcheck` in the list of imported crates
[INFO] [stdout]     |
[INFO] [stdout]    ::: src/tests/mod.rs:88:5
[INFO] [stdout]     |
[INFO] [stdout] 88  |     test_atomic!(isize);
[INFO] [stdout]     |     ------------------- in this macro invocation
[INFO] [stdout]     |
[INFO] [stdout]     = note: this error originates in the macro `__test_atomic` which comes from the expansion of the macro `test_atomic` (in Nightly builds, run with -Z macro-backtrace for more info)
[INFO] [stdout] 
[INFO] [stdout] 
[INFO] [stdout] error[E0433]: failed to resolve: could not find `quickcheck` in the list of imported crates
[INFO] [stdout]    --> src/tests/helper.rs:196:11
[INFO] [stdout]     |
[INFO] [stdout] 196 |         ::quickcheck::quickcheck! {
[INFO] [stdout]     |           ^^^^^^^^^^ could not find `quickcheck` in the list of imported crates
[INFO] [stdout]     |
[INFO] [stdout]    ::: src/tests/mod.rs:88:5
[INFO] [stdout]     |
[INFO] [stdout] 88  |     test_atomic!(isize);
[INFO] [stdout]     |     ------------------- in this macro invocation
[INFO] [stdout]     |
[INFO] [stdout]     = note: this error originates in the macro `__test_atomic` which comes from the expansion of the macro `test_atomic` (in Nightly builds, run with -Z macro-backtrace for more info)
[INFO] [stdout] 
[INFO] [stdout] 
[INFO] [stdout] error[E0433]: failed to resolve: could not find `quickcheck` in the list of imported crates
[INFO] [stdout]    --> src/tests/helper.rs:124:11
[INFO] [stdout]     |
[INFO] [stdout] 124 |         ::quickcheck::quickcheck! {
[INFO] [stdout]     |           ^^^^^^^^^^ could not find `quickcheck` in the list of imported crates
[INFO] [stdout]     |
[INFO] [stdout]    ::: src/tests/mod.rs:88:5
[INFO] [stdout]     |
[INFO] [stdout] 88  |     test_atomic!(isize);
[INFO] [stdout]     |     ------------------- in this macro invocation
[INFO] [stdout]     |
[INFO] [stdout]     = note: this error originates in the macro `__test_atomic` which comes from the expansion of the macro `test_atomic` (in Nightly builds, run with -Z macro-backtrace for more info)
[INFO] [stdout] 
[INFO] [stdout] 
[INFO] [stdout] error: aborting due to 30 previous errors
[INFO] [stdout] 
[INFO] [stdout] 
[INFO] [stdout] For more information about this error, try `rustc --explain E0433`.
[INFO] [stdout] 
[INFO] [stderr] error: could not compile `atomic-maybe-uninit` (lib test) due to 31 previous errors
[INFO] running `Command { std: "docker" "inspect" "d6a016080ee198ddd512b8d5a8c44cbb4ab8144906d05d50dda62c0cbfb9e45c", kill_on_drop: false }`
[INFO] running `Command { std: "docker" "rm" "-f" "d6a016080ee198ddd512b8d5a8c44cbb4ab8144906d05d50dda62c0cbfb9e45c", kill_on_drop: false }`
[INFO] [stdout] d6a016080ee198ddd512b8d5a8c44cbb4ab8144906d05d50dda62c0cbfb9e45c
