[INFO] fetching crate atm0s-sdn-layers-spread-router 0.1.1...
[INFO] testing atm0s-sdn-layers-spread-router-0.1.1 against 1.75.0 for beta-1.76-1
[INFO] extracting crate atm0s-sdn-layers-spread-router 0.1.1 into /workspace/builds/worker-0-tc1/source
[INFO] validating manifest of crates.io crate atm0s-sdn-layers-spread-router 0.1.1 on toolchain 1.75.0
[INFO] running `Command { std: CARGO_HOME="/workspace/cargo-home" RUSTUP_HOME="/workspace/rustup-home" "/workspace/cargo-home/bin/cargo" "+1.75.0" "metadata" "--manifest-path" "Cargo.toml" "--no-deps", kill_on_drop: false }`
[INFO] started tweaking crates.io crate atm0s-sdn-layers-spread-router 0.1.1
[INFO] finished tweaking crates.io crate atm0s-sdn-layers-spread-router 0.1.1
[INFO] tweaked toml for crates.io crate atm0s-sdn-layers-spread-router 0.1.1 written to /workspace/builds/worker-0-tc1/source/Cargo.toml
[INFO] running `Command { std: CARGO_HOME="/workspace/cargo-home" RUSTUP_HOME="/workspace/rustup-home" "/workspace/cargo-home/bin/cargo" "+1.75.0" "generate-lockfile" "--manifest-path" "Cargo.toml", kill_on_drop: false }`
[INFO] [stderr]     Blocking waiting for file lock on package cache
[INFO] [stderr]     Updating crates.io index
[INFO] running `Command { std: CARGO_HOME="/workspace/cargo-home" RUSTUP_HOME="/workspace/rustup-home" "/workspace/cargo-home/bin/cargo" "+1.75.0" "fetch" "--manifest-path" "Cargo.toml", kill_on_drop: false }`
[INFO] [stderr]     Blocking waiting for file lock on package cache
[INFO] [stderr]     Blocking waiting for file lock on package cache
[INFO] running `Command { std: "docker" "create" "-v" "/var/lib/crater-agent-workspace/builds/worker-0-tc1/target:/opt/rustwide/target:rw,Z" "-v" "/var/lib/crater-agent-workspace/builds/worker-0-tc1/source:/opt/rustwide/workdir:ro,Z" "-v" "/var/lib/crater-agent-workspace/cargo-home:/opt/rustwide/cargo-home:ro,Z" "-v" "/var/lib/crater-agent-workspace/rustup-home:/opt/rustwide/rustup-home:ro,Z" "-e" "SOURCE_DIR=/opt/rustwide/workdir" "-e" "CARGO_TARGET_DIR=/opt/rustwide/target" "-e" "CARGO_HOME=/opt/rustwide/cargo-home" "-e" "RUSTUP_HOME=/opt/rustwide/rustup-home" "-w" "/opt/rustwide/workdir" "-m" "1610612736" "--user" "0:0" "--network" "none" "ghcr.io/rust-lang/crates-build-env/linux@sha256:2788e3201cd34a07e3172128adcd8b3090168a8e3bcc40d7c032b9dda1df7d1c" "/opt/rustwide/cargo-home/bin/cargo" "+1.75.0" "metadata" "--no-deps" "--format-version=1", kill_on_drop: false }`
[INFO] [stdout] d4e17858f6eb00b26471daa0d95d8b8801952d28c59237a9fc9732fd9abf600d
[INFO] running `Command { std: "docker" "start" "-a" "d4e17858f6eb00b26471daa0d95d8b8801952d28c59237a9fc9732fd9abf600d", kill_on_drop: false }`
[INFO] running `Command { std: "docker" "inspect" "d4e17858f6eb00b26471daa0d95d8b8801952d28c59237a9fc9732fd9abf600d", kill_on_drop: false }`
[INFO] running `Command { std: "docker" "rm" "-f" "d4e17858f6eb00b26471daa0d95d8b8801952d28c59237a9fc9732fd9abf600d", kill_on_drop: false }`
[INFO] [stdout] d4e17858f6eb00b26471daa0d95d8b8801952d28c59237a9fc9732fd9abf600d
[INFO] running `Command { std: "docker" "create" "-v" "/var/lib/crater-agent-workspace/builds/worker-0-tc1/target:/opt/rustwide/target:rw,Z" "-v" "/var/lib/crater-agent-workspace/builds/worker-0-tc1/source:/opt/rustwide/workdir:ro,Z" "-v" "/var/lib/crater-agent-workspace/cargo-home:/opt/rustwide/cargo-home:ro,Z" "-v" "/var/lib/crater-agent-workspace/rustup-home:/opt/rustwide/rustup-home:ro,Z" "-e" "SOURCE_DIR=/opt/rustwide/workdir" "-e" "CARGO_TARGET_DIR=/opt/rustwide/target" "-e" "CARGO_INCREMENTAL=0" "-e" "RUST_BACKTRACE=full" "-e" "RUSTFLAGS=--cap-lints=warn" "-e" "RUSTDOCFLAGS=--cap-lints=warn" "-e" "CARGO_HOME=/opt/rustwide/cargo-home" "-e" "RUSTUP_HOME=/opt/rustwide/rustup-home" "-w" "/opt/rustwide/workdir" "-m" "1610612736" "--user" "0:0" "--network" "none" "ghcr.io/rust-lang/crates-build-env/linux@sha256:2788e3201cd34a07e3172128adcd8b3090168a8e3bcc40d7c032b9dda1df7d1c" "/opt/rustwide/cargo-home/bin/cargo" "+1.75.0" "build" "--frozen" "--message-format=json", kill_on_drop: false }`
[INFO] [stdout] f53434602b10795c99d950a805caf6a8a612666cfc9af642cf86141130b84c0c
[INFO] running `Command { std: "docker" "start" "-a" "f53434602b10795c99d950a805caf6a8a612666cfc9af642cf86141130b84c0c", kill_on_drop: false }`
[INFO] [stderr]    Compiling tracing-core v0.1.32
[INFO] [stderr]    Compiling generic-array v0.14.7
[INFO] [stderr]    Compiling tinyvec_macros v0.1.1
[INFO] [stderr]    Compiling data-encoding v2.5.0
[INFO] [stderr]    Compiling subtle v2.5.0
[INFO] [stderr]    Compiling percent-encoding v2.3.1
[INFO] [stderr]    Compiling unicode-bidi v0.3.14
[INFO] [stderr]    Compiling syn v2.0.48
[INFO] [stderr]    Compiling syn v1.0.109
[INFO] [stderr]    Compiling getrandom v0.2.11
[INFO] [stderr]    Compiling base-x v0.2.11
[INFO] [stderr]    Compiling io-lifetimes v1.0.11
[INFO] [stderr]    Compiling core2 v0.4.0
[INFO] [stderr]    Compiling static_assertions v1.1.0
[INFO] [stderr]    Compiling cpufeatures v0.2.12
[INFO] [stderr]    Compiling tinyvec v1.6.0
[INFO] [stderr]    Compiling arrayref v0.3.7
[INFO] [stderr]    Compiling unsigned-varint v0.7.2
[INFO] [stderr]    Compiling form_urlencoded v1.2.1
[INFO] [stderr]    Compiling rustix v0.37.27
[INFO] [stderr]    Compiling polling v2.8.0
[INFO] [stderr]    Compiling quick-protobuf v0.8.1
[INFO] [stderr]    Compiling socket2 v0.4.10
[INFO] [stderr]    Compiling rand_core v0.6.4
[INFO] [stderr]    Compiling multihash v0.19.1
[INFO] [stderr]    Compiling rand_chacha v0.3.1
[INFO] [stderr]    Compiling signal-hook-registry v1.4.1
[INFO] [stderr]    Compiling bs58 v0.5.0
[INFO] [stderr]    Compiling lock_api v0.4.11
[INFO] [stderr]    Compiling event-listener v3.1.0
[INFO] [stderr]    Compiling futures-channel v0.3.30
[INFO] [stderr]    Compiling unsigned-varint v0.8.0
[INFO] [stderr]    Compiling rand v0.8.5
[INFO] [stderr]    Compiling parking_lot v0.12.1
[INFO] [stderr]    Compiling crypto-common v0.1.6
[INFO] [stderr]    Compiling block-buffer v0.10.4
[INFO] [stderr]    Compiling digest v0.10.7
[INFO] [stderr]    Compiling unicode-normalization v0.1.22
[INFO] [stderr]    Compiling hmac v0.12.1
[INFO] [stderr]    Compiling sha2 v0.10.8
[INFO] [stderr]    Compiling hkdf v0.12.4
[INFO] [stderr]    Compiling idna v0.5.0
[INFO] [stderr]    Compiling url v2.5.0
[INFO] [stderr]    Compiling async-io v1.13.0
[INFO] [stderr]    Compiling data-encoding-macro-internal v0.1.12
[INFO] [stderr]    Compiling async-attributes v1.1.2
[INFO] [stderr]    Compiling data-encoding-macro v0.1.14
[INFO] [stderr]    Compiling multibase v0.9.1
[INFO] [stderr]    Compiling tracing-attributes v0.1.27
[INFO] [stderr]    Compiling serde_derive v1.0.194
[INFO] [stderr]    Compiling thiserror-impl v1.0.56
[INFO] [stderr]    Compiling futures-macro v0.3.30
[INFO] [stderr]    Compiling async-trait v0.1.77
[INFO] [stderr]    Compiling futures-util v0.3.30
[INFO] [stderr]    Compiling thiserror v1.0.56
[INFO] [stderr]    Compiling tracing v0.1.40
[INFO] [stderr]    Compiling polling v3.3.1
[INFO] [stderr]    Compiling blocking v1.5.1
[INFO] [stderr]    Compiling libp2p-identity v0.2.8
[INFO] [stderr]    Compiling async-io v2.2.2
[INFO] [stderr]    Compiling async-signal v0.2.5
[INFO] [stderr]    Compiling async-global-executor v2.4.1
[INFO] [stderr]    Compiling async-process v1.8.1
[INFO] [stderr]    Compiling async-std v1.12.0
[INFO] [stderr]    Compiling async-notify v0.2.0
[INFO] [stderr]    Compiling serde v1.0.194
[INFO] [stderr]    Compiling atm0s-sdn-utils v0.1.1
[INFO] [stderr]    Compiling multiaddr v0.18.1
[INFO] [stderr]    Compiling atm0s-sdn-multiaddr v0.1.2
[INFO] [stderr]    Compiling atm0s-sdn-identity v0.1.2
[INFO] [stderr]    Compiling atm0s-sdn-identity v0.2.0
[INFO] [stderr]    Compiling atm0s-sdn-router v0.1.4
[INFO] [stderr]    Compiling atm0s-sdn-layers-spread-router v0.1.1 (/opt/rustwide/workdir)
[INFO] [stdout] warning: unused import: `BANDWIDTH_LIMIT`
[INFO] [stdout]  --> src/table.rs:8:26
[INFO] [stdout]   |
[INFO] [stdout] 8 | pub use metric::{Metric, BANDWIDTH_LIMIT};
[INFO] [stdout]   |                          ^^^^^^^^^^^^^^^
[INFO] [stdout]   |
[INFO] [stdout]   = note: `#[warn(unused_imports)]` on by default
[INFO] [stdout] 
[INFO] [stdout] 
[INFO] [stdout] error[E0046]: not all trait items implemented, missing: `register_service`
[INFO] [stdout]   --> src/shared.rs:76:1
[INFO] [stdout]    |
[INFO] [stdout] 76 | impl RouterTable for SharedRouter {
[INFO] [stdout]    | ^^^^^^^^^^^^^^^^^^^^^^^^^^^^^^^^^ missing `register_service` in implementation
[INFO] [stdout]    |
[INFO] [stdout]    = help: implement the missing item: `fn register_service(&self, _: u8) { todo!() }`
[INFO] [stdout] 
[INFO] [stdout] 
[INFO] [stdout] error[E0308]: mismatched types
[INFO] [stdout]   --> src/shared.rs:82:53
[INFO] [stdout]    |
[INFO] [stdout] 82 |             Some((conn, node)) => RouteAction::Next(conn, node),
[INFO] [stdout]    |                                   ----------------- ^^^^ expected `atm0s_sdn_identity::conn_id::ConnId`, found `ConnId`
[INFO] [stdout]    |                                   |
[INFO] [stdout]    |                                   arguments to this enum variant are incorrect
[INFO] [stdout]    |
[INFO] [stdout]    = note: `ConnId` and `atm0s_sdn_identity::conn_id::ConnId` have similar names, but are actually distinct types
[INFO] [stdout] note: `ConnId` is defined in crate `atm0s_sdn_identity`
[INFO] [stdout]   --> /opt/rustwide/cargo-home/registry/src/index.crates.io-6f17d22bba15001f/atm0s-sdn-identity-0.1.2/src/conn_id.rs:6:1
[INFO] [stdout]    |
[INFO] [stdout] 6  | pub struct ConnId {
[INFO] [stdout]    | ^^^^^^^^^^^^^^^^^
[INFO] [stdout] note: `atm0s_sdn_identity::conn_id::ConnId` is defined in crate `atm0s_sdn_identity`
[INFO] [stdout]   --> /opt/rustwide/cargo-home/registry/src/index.crates.io-6f17d22bba15001f/atm0s-sdn-identity-0.2.0/src/conn_id.rs:6:1
[INFO] [stdout]    |
[INFO] [stdout] 6  | pub struct ConnId {
[INFO] [stdout]    | ^^^^^^^^^^^^^^^^^
[INFO] [stdout]    = note: perhaps two different versions of crate `atm0s_sdn_identity` are being used?
[INFO] [stdout] note: tuple variant defined here
[INFO] [stdout]   --> /opt/rustwide/cargo-home/registry/src/index.crates.io-6f17d22bba15001f/atm0s-sdn-router-0.1.4/src/lib.rs:30:5
[INFO] [stdout]    |
[INFO] [stdout] 30 |     Next(ConnId, NodeId),
[INFO] [stdout]    |     ^^^^
[INFO] [stdout] 
[INFO] [stdout] 
[INFO] [stdout] error[E0308]: mismatched types
[INFO] [stdout]   --> src/shared.rs:89:74
[INFO] [stdout]    |
[INFO] [stdout] 89 |             Some((conn, node, _layer, _node_index)) => RouteAction::Next(conn, node),
[INFO] [stdout]    |                                                        ----------------- ^^^^ expected `atm0s_sdn_identity::conn_id::ConnId`, found `ConnId`
[INFO] [stdout]    |                                                        |
[INFO] [stdout]    |                                                        arguments to this enum variant are incorrect
[INFO] [stdout]    |
[INFO] [stdout]    = note: `ConnId` and `atm0s_sdn_identity::conn_id::ConnId` have similar names, but are actually distinct types
[INFO] [stdout] note: `ConnId` is defined in crate `atm0s_sdn_identity`
[INFO] [stdout]   --> /opt/rustwide/cargo-home/registry/src/index.crates.io-6f17d22bba15001f/atm0s-sdn-identity-0.1.2/src/conn_id.rs:6:1
[INFO] [stdout]    |
[INFO] [stdout] 6  | pub struct ConnId {
[INFO] [stdout]    | ^^^^^^^^^^^^^^^^^
[INFO] [stdout] note: `atm0s_sdn_identity::conn_id::ConnId` is defined in crate `atm0s_sdn_identity`
[INFO] [stdout]   --> /opt/rustwide/cargo-home/registry/src/index.crates.io-6f17d22bba15001f/atm0s-sdn-identity-0.2.0/src/conn_id.rs:6:1
[INFO] [stdout]    |
[INFO] [stdout] 6  | pub struct ConnId {
[INFO] [stdout]    | ^^^^^^^^^^^^^^^^^
[INFO] [stdout]    = note: perhaps two different versions of crate `atm0s_sdn_identity` are being used?
[INFO] [stdout] note: tuple variant defined here
[INFO] [stdout]   --> /opt/rustwide/cargo-home/registry/src/index.crates.io-6f17d22bba15001f/atm0s-sdn-router-0.1.4/src/lib.rs:30:5
[INFO] [stdout]    |
[INFO] [stdout] 30 |     Next(ConnId, NodeId),
[INFO] [stdout]    |     ^^^^
[INFO] [stdout] 
[INFO] [stdout] 
[INFO] [stdout] error[E0308]: mismatched types
[INFO] [stdout]   --> src/shared.rs:98:77
[INFO] [stdout]    |
[INFO] [stdout] 98 |                 ServiceDestination::Remote(conn, node) => RouteAction::Next(conn, node),
[INFO] [stdout]    |                                                           ----------------- ^^^^ expected `atm0s_sdn_identity::conn_id::ConnId`, found `ConnId`
[INFO] [stdout]    |                                                           |
[INFO] [stdout]    |                                                           arguments to this enum variant are incorrect
[INFO] [stdout]    |
[INFO] [stdout]    = note: `ConnId` and `atm0s_sdn_identity::conn_id::ConnId` have similar names, but are actually distinct types
[INFO] [stdout] note: `ConnId` is defined in crate `atm0s_sdn_identity`
[INFO] [stdout]   --> /opt/rustwide/cargo-home/registry/src/index.crates.io-6f17d22bba15001f/atm0s-sdn-identity-0.1.2/src/conn_id.rs:6:1
[INFO] [stdout]    |
[INFO] [stdout] 6  | pub struct ConnId {
[INFO] [stdout]    | ^^^^^^^^^^^^^^^^^
[INFO] [stdout] note: `atm0s_sdn_identity::conn_id::ConnId` is defined in crate `atm0s_sdn_identity`
[INFO] [stdout]   --> /opt/rustwide/cargo-home/registry/src/index.crates.io-6f17d22bba15001f/atm0s-sdn-identity-0.2.0/src/conn_id.rs:6:1
[INFO] [stdout]    |
[INFO] [stdout] 6  | pub struct ConnId {
[INFO] [stdout]    | ^^^^^^^^^^^^^^^^^
[INFO] [stdout]    = note: perhaps two different versions of crate `atm0s_sdn_identity` are being used?
[INFO] [stdout] note: tuple variant defined here
[INFO] [stdout]   --> /opt/rustwide/cargo-home/registry/src/index.crates.io-6f17d22bba15001f/atm0s-sdn-router-0.1.4/src/lib.rs:30:5
[INFO] [stdout]    |
[INFO] [stdout] 30 |     Next(ConnId, NodeId),
[INFO] [stdout]    |     ^^^^
[INFO] [stdout] 
[INFO] [stdout] 
[INFO] [stdout] error: aborting due to 4 previous errors; 1 warning emitted
[INFO] [stdout] 
[INFO] [stdout] 
[INFO] [stdout] Some errors have detailed explanations: E0046, E0308.
[INFO] [stdout] 
[INFO] [stdout] For more information about an error, try `rustc --explain E0046`.
[INFO] [stdout] 
[INFO] [stderr] error: could not compile `atm0s-sdn-layers-spread-router` (lib) due to 5 previous errors; 1 warning emitted
[INFO] running `Command { std: "docker" "inspect" "f53434602b10795c99d950a805caf6a8a612666cfc9af642cf86141130b84c0c", kill_on_drop: false }`
[INFO] running `Command { std: "docker" "rm" "-f" "f53434602b10795c99d950a805caf6a8a612666cfc9af642cf86141130b84c0c", kill_on_drop: false }`
[INFO] [stdout] f53434602b10795c99d950a805caf6a8a612666cfc9af642cf86141130b84c0c
[INFO] testing atm0s-sdn-layers-spread-router-0.1.1 against beta-2023-12-22 for beta-1.76-1
[INFO] extracting crate atm0s-sdn-layers-spread-router 0.1.1 into /workspace/builds/worker-0-tc2/source
[INFO] validating manifest of crates.io crate atm0s-sdn-layers-spread-router 0.1.1 on toolchain beta-2023-12-22
[INFO] running `Command { std: CARGO_HOME="/workspace/cargo-home" RUSTUP_HOME="/workspace/rustup-home" "/workspace/cargo-home/bin/cargo" "+beta-2023-12-22" "metadata" "--manifest-path" "Cargo.toml" "--no-deps", kill_on_drop: false }`
[INFO] started tweaking crates.io crate atm0s-sdn-layers-spread-router 0.1.1
[INFO] finished tweaking crates.io crate atm0s-sdn-layers-spread-router 0.1.1
[INFO] tweaked toml for crates.io crate atm0s-sdn-layers-spread-router 0.1.1 written to /workspace/builds/worker-0-tc2/source/Cargo.toml
[INFO] running `Command { std: CARGO_HOME="/workspace/cargo-home" RUSTUP_HOME="/workspace/rustup-home" "/workspace/cargo-home/bin/cargo" "+beta-2023-12-22" "generate-lockfile" "--manifest-path" "Cargo.toml", kill_on_drop: false }`
[INFO] [stderr]     Blocking waiting for file lock on package cache
[INFO] [stderr]     Updating crates.io index
[INFO] running `Command { std: CARGO_HOME="/workspace/cargo-home" RUSTUP_HOME="/workspace/rustup-home" "/workspace/cargo-home/bin/cargo" "+beta-2023-12-22" "fetch" "--manifest-path" "Cargo.toml", kill_on_drop: false }`
[INFO] [stderr]     Blocking waiting for file lock on package cache
[INFO] [stderr]     Blocking waiting for file lock on package cache
[INFO] running `Command { std: "docker" "create" "-v" "/var/lib/crater-agent-workspace/builds/worker-0-tc2/target:/opt/rustwide/target:rw,Z" "-v" "/var/lib/crater-agent-workspace/builds/worker-0-tc2/source:/opt/rustwide/workdir:ro,Z" "-v" "/var/lib/crater-agent-workspace/cargo-home:/opt/rustwide/cargo-home:ro,Z" "-v" "/var/lib/crater-agent-workspace/rustup-home:/opt/rustwide/rustup-home:ro,Z" "-e" "SOURCE_DIR=/opt/rustwide/workdir" "-e" "CARGO_TARGET_DIR=/opt/rustwide/target" "-e" "CARGO_HOME=/opt/rustwide/cargo-home" "-e" "RUSTUP_HOME=/opt/rustwide/rustup-home" "-w" "/opt/rustwide/workdir" "-m" "1610612736" "--user" "0:0" "--network" "none" "ghcr.io/rust-lang/crates-build-env/linux@sha256:2788e3201cd34a07e3172128adcd8b3090168a8e3bcc40d7c032b9dda1df7d1c" "/opt/rustwide/cargo-home/bin/cargo" "+beta-2023-12-22" "metadata" "--no-deps" "--format-version=1", kill_on_drop: false }`
[INFO] [stdout] 2dddf87e3cac0eca9f544e87df14f1df4c2363fd38eec12081764b11ca8d6e0b
[INFO] running `Command { std: "docker" "start" "-a" "2dddf87e3cac0eca9f544e87df14f1df4c2363fd38eec12081764b11ca8d6e0b", kill_on_drop: false }`
[INFO] running `Command { std: "docker" "inspect" "2dddf87e3cac0eca9f544e87df14f1df4c2363fd38eec12081764b11ca8d6e0b", kill_on_drop: false }`
[INFO] running `Command { std: "docker" "rm" "-f" "2dddf87e3cac0eca9f544e87df14f1df4c2363fd38eec12081764b11ca8d6e0b", kill_on_drop: false }`
[INFO] [stdout] 2dddf87e3cac0eca9f544e87df14f1df4c2363fd38eec12081764b11ca8d6e0b
[INFO] running `Command { std: "docker" "create" "-v" "/var/lib/crater-agent-workspace/builds/worker-0-tc2/target:/opt/rustwide/target:rw,Z" "-v" "/var/lib/crater-agent-workspace/builds/worker-0-tc2/source:/opt/rustwide/workdir:ro,Z" "-v" "/var/lib/crater-agent-workspace/cargo-home:/opt/rustwide/cargo-home:ro,Z" "-v" "/var/lib/crater-agent-workspace/rustup-home:/opt/rustwide/rustup-home:ro,Z" "-e" "SOURCE_DIR=/opt/rustwide/workdir" "-e" "CARGO_TARGET_DIR=/opt/rustwide/target" "-e" "CARGO_INCREMENTAL=0" "-e" "RUST_BACKTRACE=full" "-e" "RUSTFLAGS=--cap-lints=warn" "-e" "RUSTDOCFLAGS=--cap-lints=warn" "-e" "CARGO_HOME=/opt/rustwide/cargo-home" "-e" "RUSTUP_HOME=/opt/rustwide/rustup-home" "-w" "/opt/rustwide/workdir" "-m" "1610612736" "--user" "0:0" "--network" "none" "ghcr.io/rust-lang/crates-build-env/linux@sha256:2788e3201cd34a07e3172128adcd8b3090168a8e3bcc40d7c032b9dda1df7d1c" "/opt/rustwide/cargo-home/bin/cargo" "+beta-2023-12-22" "build" "--frozen" "--message-format=json", kill_on_drop: false }`
[INFO] [stdout] 047a2b2d59d0f9d354170a9d34ca4486f44176302cab23083660207c63738ef7
[INFO] running `Command { std: "docker" "start" "-a" "047a2b2d59d0f9d354170a9d34ca4486f44176302cab23083660207c63738ef7", kill_on_drop: false }`
[INFO] [stderr]    Compiling tracing-core v0.1.32
[INFO] [stderr]    Compiling generic-array v0.14.7
[INFO] [stderr]    Compiling tinyvec_macros v0.1.1
[INFO] [stderr]    Compiling subtle v2.5.0
[INFO] [stderr]    Compiling data-encoding v2.5.0
[INFO] [stderr]    Compiling unicode-bidi v0.3.14
[INFO] [stderr]    Compiling syn v2.0.48
[INFO] [stderr]    Compiling syn v1.0.109
[INFO] [stderr]    Compiling getrandom v0.2.11
[INFO] [stderr]    Compiling percent-encoding v2.3.1
[INFO] [stderr]    Compiling base-x v0.2.11
[INFO] [stderr]    Compiling io-lifetimes v1.0.11
[INFO] [stderr]    Compiling core2 v0.4.0
[INFO] [stderr]    Compiling unsigned-varint v0.7.2
[INFO] [stderr]    Compiling static_assertions v1.1.0
[INFO] [stderr]    Compiling tinyvec v1.6.0
[INFO] [stderr]    Compiling arrayref v0.3.7
[INFO] [stderr]    Compiling cpufeatures v0.2.12
[INFO] [stderr]    Compiling form_urlencoded v1.2.1
[INFO] [stderr]    Compiling rustix v0.37.27
[INFO] [stderr]    Compiling multihash v0.19.1
[INFO] [stderr]    Compiling rand_core v0.6.4
[INFO] [stderr]    Compiling polling v2.8.0
[INFO] [stderr]    Compiling socket2 v0.4.10
[INFO] [stderr]    Compiling signal-hook-registry v1.4.1
[INFO] [stderr]    Compiling quick-protobuf v0.8.1
[INFO] [stderr]    Compiling bs58 v0.5.0
[INFO] [stderr]    Compiling lock_api v0.4.11
[INFO] [stderr]    Compiling rand_chacha v0.3.1
[INFO] [stderr]    Compiling event-listener v3.1.0
[INFO] [stderr]    Compiling futures-channel v0.3.30
[INFO] [stderr]    Compiling rand v0.8.5
[INFO] [stderr]    Compiling unsigned-varint v0.8.0
[INFO] [stderr]    Compiling parking_lot v0.12.1
[INFO] [stderr]    Compiling unicode-normalization v0.1.22
[INFO] [stderr]    Compiling crypto-common v0.1.6
[INFO] [stderr]    Compiling block-buffer v0.10.4
[INFO] [stderr]    Compiling digest v0.10.7
[INFO] [stderr]    Compiling hmac v0.12.1
[INFO] [stderr]    Compiling sha2 v0.10.8
[INFO] [stderr]    Compiling idna v0.5.0
[INFO] [stderr]    Compiling hkdf v0.12.4
[INFO] [stderr]    Compiling url v2.5.0
[INFO] [stderr]    Compiling async-io v1.13.0
[INFO] [stderr]    Compiling data-encoding-macro-internal v0.1.12
[INFO] [stderr]    Compiling async-attributes v1.1.2
[INFO] [stderr]    Compiling data-encoding-macro v0.1.14
[INFO] [stderr]    Compiling multibase v0.9.1
[INFO] [stderr]    Compiling tracing-attributes v0.1.27
[INFO] [stderr]    Compiling serde_derive v1.0.194
[INFO] [stderr]    Compiling thiserror-impl v1.0.56
[INFO] [stderr]    Compiling futures-macro v0.3.30
[INFO] [stderr]    Compiling async-trait v0.1.77
[INFO] [stderr]    Compiling futures-util v0.3.30
[INFO] [stderr]    Compiling thiserror v1.0.56
[INFO] [stderr]    Compiling tracing v0.1.40
[INFO] [stderr]    Compiling polling v3.3.1
[INFO] [stderr]    Compiling blocking v1.5.1
[INFO] [stderr]    Compiling libp2p-identity v0.2.8
[INFO] [stderr]    Compiling async-io v2.2.2
[INFO] [stderr]    Compiling async-signal v0.2.5
[INFO] [stderr]    Compiling async-global-executor v2.4.1
[INFO] [stderr]    Compiling async-process v1.8.1
[INFO] [stderr]    Compiling async-std v1.12.0
[INFO] [stderr]    Compiling serde v1.0.194
[INFO] [stderr]    Compiling async-notify v0.2.0
[INFO] [stderr]    Compiling atm0s-sdn-utils v0.1.1
[INFO] [stderr]    Compiling multiaddr v0.18.1
[INFO] [stderr]    Compiling atm0s-sdn-multiaddr v0.1.2
[INFO] [stderr]    Compiling atm0s-sdn-identity v0.1.2
[INFO] [stderr]    Compiling atm0s-sdn-identity v0.2.0
[INFO] [stderr]    Compiling atm0s-sdn-router v0.1.4
[INFO] [stderr]    Compiling atm0s-sdn-layers-spread-router v0.1.1 (/opt/rustwide/workdir)
[INFO] [stdout] warning: unused import: `BANDWIDTH_LIMIT`
[INFO] [stdout]  --> src/table.rs:8:26
[INFO] [stdout]   |
[INFO] [stdout] 8 | pub use metric::{Metric, BANDWIDTH_LIMIT};
[INFO] [stdout]   |                          ^^^^^^^^^^^^^^^
[INFO] [stdout]   |
[INFO] [stdout]   = note: `#[warn(unused_imports)]` on by default
[INFO] [stdout] 
[INFO] [stdout] 
[INFO] [stdout] error[E0046]: not all trait items implemented, missing: `register_service`
[INFO] [stdout]   --> src/shared.rs:76:1
[INFO] [stdout]    |
[INFO] [stdout] 76 | impl RouterTable for SharedRouter {
[INFO] [stdout]    | ^^^^^^^^^^^^^^^^^^^^^^^^^^^^^^^^^ missing `register_service` in implementation
[INFO] [stdout]    |
[INFO] [stdout]    = help: implement the missing item: `fn register_service(&self, _: u8) { todo!() }`
[INFO] [stdout] 
[INFO] [stdout] 
[INFO] [stdout] error[E0308]: mismatched types
[INFO] [stdout]   --> src/shared.rs:82:53
[INFO] [stdout]    |
[INFO] [stdout] 82 |             Some((conn, node)) => RouteAction::Next(conn, node),
[INFO] [stdout]    |                                   ----------------- ^^^^ expected `atm0s_sdn_identity::conn_id::ConnId`, found `ConnId`
[INFO] [stdout]    |                                   |
[INFO] [stdout]    |                                   arguments to this enum variant are incorrect
[INFO] [stdout]    |
[INFO] [stdout]    = note: `ConnId` and `atm0s_sdn_identity::conn_id::ConnId` have similar names, but are actually distinct types
[INFO] [stdout] note: `ConnId` is defined in crate `atm0s_sdn_identity`
[INFO] [stdout]   --> /opt/rustwide/cargo-home/registry/src/index.crates.io-6f17d22bba15001f/atm0s-sdn-identity-0.1.2/src/conn_id.rs:6:1
[INFO] [stdout]    |
[INFO] [stdout] 6  | pub struct ConnId {
[INFO] [stdout]    | ^^^^^^^^^^^^^^^^^
[INFO] [stdout] note: `atm0s_sdn_identity::conn_id::ConnId` is defined in crate `atm0s_sdn_identity`
[INFO] [stdout]   --> /opt/rustwide/cargo-home/registry/src/index.crates.io-6f17d22bba15001f/atm0s-sdn-identity-0.2.0/src/conn_id.rs:6:1
[INFO] [stdout]    |
[INFO] [stdout] 6  | pub struct ConnId {
[INFO] [stdout]    | ^^^^^^^^^^^^^^^^^
[INFO] [stdout]    = note: perhaps two different versions of crate `atm0s_sdn_identity` are being used?
[INFO] [stdout] note: tuple variant defined here
[INFO] [stdout]   --> /opt/rustwide/cargo-home/registry/src/index.crates.io-6f17d22bba15001f/atm0s-sdn-router-0.1.4/src/lib.rs:30:5
[INFO] [stdout]    |
[INFO] [stdout] 30 |     Next(ConnId, NodeId),
[INFO] [stdout]    |     ^^^^
[INFO] [stdout] 
[INFO] [stdout] 
[INFO] [stdout] error[E0308]: mismatched types
[INFO] [stdout]   --> src/shared.rs:89:74
[INFO] [stdout]    |
[INFO] [stdout] 89 |             Some((conn, node, _layer, _node_index)) => RouteAction::Next(conn, node),
[INFO] [stdout]    |                                                        ----------------- ^^^^ expected `atm0s_sdn_identity::conn_id::ConnId`, found `ConnId`
[INFO] [stdout]    |                                                        |
[INFO] [stdout]    |                                                        arguments to this enum variant are incorrect
[INFO] [stdout]    |
[INFO] [stdout]    = note: `ConnId` and `atm0s_sdn_identity::conn_id::ConnId` have similar names, but are actually distinct types
[INFO] [stdout] note: `ConnId` is defined in crate `atm0s_sdn_identity`
[INFO] [stdout]   --> /opt/rustwide/cargo-home/registry/src/index.crates.io-6f17d22bba15001f/atm0s-sdn-identity-0.1.2/src/conn_id.rs:6:1
[INFO] [stdout]    |
[INFO] [stdout] 6  | pub struct ConnId {
[INFO] [stdout]    | ^^^^^^^^^^^^^^^^^
[INFO] [stdout] note: `atm0s_sdn_identity::conn_id::ConnId` is defined in crate `atm0s_sdn_identity`
[INFO] [stdout]   --> /opt/rustwide/cargo-home/registry/src/index.crates.io-6f17d22bba15001f/atm0s-sdn-identity-0.2.0/src/conn_id.rs:6:1
[INFO] [stdout]    |
[INFO] [stdout] 6  | pub struct ConnId {
[INFO] [stdout]    | ^^^^^^^^^^^^^^^^^
[INFO] [stdout]    = note: perhaps two different versions of crate `atm0s_sdn_identity` are being used?
[INFO] [stdout] note: tuple variant defined here
[INFO] [stdout]   --> /opt/rustwide/cargo-home/registry/src/index.crates.io-6f17d22bba15001f/atm0s-sdn-router-0.1.4/src/lib.rs:30:5
[INFO] [stdout]    |
[INFO] [stdout] 30 |     Next(ConnId, NodeId),
[INFO] [stdout]    |     ^^^^
[INFO] [stdout] 
[INFO] [stdout] 
[INFO] [stdout] error[E0308]: mismatched types
[INFO] [stdout]   --> src/shared.rs:98:77
[INFO] [stdout]    |
[INFO] [stdout] 98 |                 ServiceDestination::Remote(conn, node) => RouteAction::Next(conn, node),
[INFO] [stdout]    |                                                           ----------------- ^^^^ expected `atm0s_sdn_identity::conn_id::ConnId`, found `ConnId`
[INFO] [stdout]    |                                                           |
[INFO] [stdout]    |                                                           arguments to this enum variant are incorrect
[INFO] [stdout]    |
[INFO] [stdout]    = note: `ConnId` and `atm0s_sdn_identity::conn_id::ConnId` have similar names, but are actually distinct types
[INFO] [stdout] note: `ConnId` is defined in crate `atm0s_sdn_identity`
[INFO] [stdout]   --> /opt/rustwide/cargo-home/registry/src/index.crates.io-6f17d22bba15001f/atm0s-sdn-identity-0.1.2/src/conn_id.rs:6:1
[INFO] [stdout]    |
[INFO] [stdout] 6  | pub struct ConnId {
[INFO] [stdout]    | ^^^^^^^^^^^^^^^^^
[INFO] [stdout] note: `atm0s_sdn_identity::conn_id::ConnId` is defined in crate `atm0s_sdn_identity`
[INFO] [stdout]   --> /opt/rustwide/cargo-home/registry/src/index.crates.io-6f17d22bba15001f/atm0s-sdn-identity-0.2.0/src/conn_id.rs:6:1
[INFO] [stdout]    |
[INFO] [stdout] 6  | pub struct ConnId {
[INFO] [stdout]    | ^^^^^^^^^^^^^^^^^
[INFO] [stdout]    = note: perhaps two different versions of crate `atm0s_sdn_identity` are being used?
[INFO] [stdout] note: tuple variant defined here
[INFO] [stdout]   --> /opt/rustwide/cargo-home/registry/src/index.crates.io-6f17d22bba15001f/atm0s-sdn-router-0.1.4/src/lib.rs:30:5
[INFO] [stdout]    |
[INFO] [stdout] 30 |     Next(ConnId, NodeId),
[INFO] [stdout]    |     ^^^^
[INFO] [stdout] 
[INFO] [stdout] 
[INFO] [stdout] error: aborting due to 4 previous errors; 1 warning emitted
[INFO] [stdout] 
[INFO] [stdout] 
[INFO] [stdout] Some errors have detailed explanations: E0046, E0308.
[INFO] [stdout] 
[INFO] [stdout] For more information about an error, try `rustc --explain E0046`.
[INFO] [stdout] 
[INFO] [stderr] error: could not compile `atm0s-sdn-layers-spread-router` (lib) due to 5 previous errors; 1 warning emitted
[INFO] running `Command { std: "docker" "inspect" "047a2b2d59d0f9d354170a9d34ca4486f44176302cab23083660207c63738ef7", kill_on_drop: false }`
[INFO] running `Command { std: "docker" "rm" "-f" "047a2b2d59d0f9d354170a9d34ca4486f44176302cab23083660207c63738ef7", kill_on_drop: false }`
[INFO] [stdout] 047a2b2d59d0f9d354170a9d34ca4486f44176302cab23083660207c63738ef7
