[INFO] fetching crate atm0s-media-server-cluster-sdn 0.1.0...
[INFO] testing atm0s-media-server-cluster-sdn-0.1.0 against 1.75.0 for beta-1.76-1
[INFO] extracting crate atm0s-media-server-cluster-sdn 0.1.0 into /workspace/builds/worker-1-tc1/source
[INFO] validating manifest of crates.io crate atm0s-media-server-cluster-sdn 0.1.0 on toolchain 1.75.0
[INFO] running `Command { std: CARGO_HOME="/workspace/cargo-home" RUSTUP_HOME="/workspace/rustup-home" "/workspace/cargo-home/bin/cargo" "+1.75.0" "metadata" "--manifest-path" "Cargo.toml" "--no-deps", kill_on_drop: false }`
[INFO] started tweaking crates.io crate atm0s-media-server-cluster-sdn 0.1.0
[INFO] finished tweaking crates.io crate atm0s-media-server-cluster-sdn 0.1.0
[INFO] tweaked toml for crates.io crate atm0s-media-server-cluster-sdn 0.1.0 written to /workspace/builds/worker-1-tc1/source/Cargo.toml
[INFO] running `Command { std: CARGO_HOME="/workspace/cargo-home" RUSTUP_HOME="/workspace/rustup-home" "/workspace/cargo-home/bin/cargo" "+1.75.0" "generate-lockfile" "--manifest-path" "Cargo.toml", kill_on_drop: false }`
[INFO] [stderr]     Updating crates.io index
[INFO] running `Command { std: CARGO_HOME="/workspace/cargo-home" RUSTUP_HOME="/workspace/rustup-home" "/workspace/cargo-home/bin/cargo" "+1.75.0" "fetch" "--manifest-path" "Cargo.toml", kill_on_drop: false }`
[INFO] [stderr]  Downloading crates ...
[INFO] [stderr]   Downloaded downcast v0.11.0
[INFO] [stderr]   Downloaded data-encoding-macro v0.1.14
[INFO] [stderr]   Downloaded async-notify v0.2.0
[INFO] [stderr]   Downloaded value-bag v1.4.3
[INFO] [stderr]   Downloaded event-listener v4.0.2
[INFO] [stderr]   Downloaded chacha20poly1305 v0.10.1
[INFO] [stderr]   Downloaded async-lock v3.2.0
[INFO] [stderr]   Downloaded mockall v0.12.1
[INFO] [stderr]   Downloaded async-task v4.7.0
[INFO] [stderr]   Downloaded core2 v0.4.0
[INFO] [stderr]   Downloaded event-listener-strategy v0.4.0
[INFO] [stderr]   Downloaded blocking v1.5.1
[INFO] [stderr]   Downloaded fragile v2.0.0
[INFO] [stderr]   Downloaded multihash v0.19.1
[INFO] [stderr]   Downloaded poem v1.3.59
[INFO] [stderr]   Downloaded poly1305 v0.8.0
[INFO] [stderr]   Downloaded poem-openapi-derive v3.0.6
[INFO] [stderr]   Downloaded event-listener v3.1.0
[INFO] [stderr]   Downloaded poem-openapi v3.0.6
[INFO] [stderr]   Downloaded snow v0.9.4
[INFO] [stderr]   Downloaded cookie v0.17.0
[INFO] [stderr]   Downloaded async-channel v2.1.1
[INFO] [stderr]   Downloaded quick-xml v0.30.0
[INFO] [stderr]   Downloaded polling v3.3.1
[INFO] [stderr]   Downloaded sorted-vec v0.8.3
[INFO] [stderr]   Downloaded futures-lite v2.1.0
[INFO] [stderr]   Downloaded small-map v0.1.1
[INFO] [stderr]   Downloaded async-executor v1.8.0
[INFO] [stderr]   Downloaded quick-protobuf v0.8.1
[INFO] [stderr]   Downloaded proc-macro-crate v2.0.1
[INFO] [stderr]   Downloaded unsigned-varint v0.7.2
[INFO] [stderr]   Downloaded multiaddr v0.18.1
[INFO] [stderr]   Downloaded neli-proc-macros v0.1.3
[INFO] [stderr]   Downloaded neli v0.6.4
[INFO] [stderr]   Downloaded async-attributes v1.1.2
[INFO] [stderr]   Downloaded async-bincode v0.7.2
[INFO] [stderr]   Downloaded async-global-executor v2.4.1
[INFO] [stderr]   Downloaded mockall_derive v0.12.1
[INFO] [stderr]   Downloaded atm0s-sdn-network v0.3.0
[INFO] [stderr]   Downloaded hkdf v0.12.4
[INFO] [stderr]   Downloaded local-ip-address v0.5.6
[INFO] [stderr]   Downloaded atm0s-media-server-cluster v0.1.0
[INFO] [stderr]   Downloaded atm0s-media-server-transport v0.1.0
[INFO] [stderr]   Downloaded poem-derive v1.3.59
[INFO] [stderr]   Downloaded rfc7239 v0.1.0
[INFO] [stderr]   Downloaded toml_datetime v0.6.3
[INFO] [stderr]   Downloaded atm0s-media-server-utils v0.1.0
[INFO] [stderr]   Downloaded atm0s-sdn-layers-spread-router-sync v0.1.5
[INFO] [stderr]   Downloaded wildmatch v2.3.0
[INFO] [stderr]   Downloaded toml_edit v0.20.2
[INFO] [stderr]   Downloaded atm0s-sdn-transport-udp v0.1.4
[INFO] [stderr]   Downloaded chacha20 v0.9.1
[INFO] [stderr]   Downloaded async-io v2.2.2
[INFO] [stderr]   Downloaded libp2p-identity v0.2.8
[INFO] [stderr]   Downloaded data-encoding-macro-internal v0.1.12
[INFO] [stderr]   Downloaded multibase v0.9.1
[INFO] [stderr]   Downloaded convert-enum v0.1.0
[INFO] [stderr]   Downloaded atm0s-sdn-utils v0.1.1
[INFO] [stderr]   Downloaded atm0s-sdn-transport-compose v0.1.1
[INFO] [stderr]   Downloaded atm0s-sdn-layers-spread-router v0.1.5
[INFO] [stderr]   Downloaded atm0s-sdn-manual-discovery v0.2.4
[INFO] [stderr]   Downloaded atm0s-sdn-transport-tcp v0.1.5
[INFO] [stderr]   Downloaded atm0s-sdn-identity v0.2.0
[INFO] [stderr]   Downloaded atm0s-sdn v0.1.6
[INFO] [stderr]   Downloaded atm0s-sdn-rpc v0.1.3
[INFO] [stderr]   Downloaded atm0s-sdn-pub-sub v0.1.6
[INFO] [stderr]   Downloaded atm0s-sdn-router v0.1.4
[INFO] [stderr]   Downloaded atm0s-sdn-key-value v0.1.7
[INFO] running `Command { std: "docker" "create" "-v" "/var/lib/crater-agent-workspace/builds/worker-1-tc1/target:/opt/rustwide/target:rw,Z" "-v" "/var/lib/crater-agent-workspace/builds/worker-1-tc1/source:/opt/rustwide/workdir:ro,Z" "-v" "/var/lib/crater-agent-workspace/cargo-home:/opt/rustwide/cargo-home:ro,Z" "-v" "/var/lib/crater-agent-workspace/rustup-home:/opt/rustwide/rustup-home:ro,Z" "-e" "SOURCE_DIR=/opt/rustwide/workdir" "-e" "CARGO_TARGET_DIR=/opt/rustwide/target" "-e" "CARGO_HOME=/opt/rustwide/cargo-home" "-e" "RUSTUP_HOME=/opt/rustwide/rustup-home" "-w" "/opt/rustwide/workdir" "-m" "1610612736" "--user" "0:0" "--network" "none" "ghcr.io/rust-lang/crates-build-env/linux@sha256:2788e3201cd34a07e3172128adcd8b3090168a8e3bcc40d7c032b9dda1df7d1c" "/opt/rustwide/cargo-home/bin/cargo" "+1.75.0" "metadata" "--no-deps" "--format-version=1", kill_on_drop: false }`
[INFO] [stdout] 403642e66631e8b04cd2fc0d116b107ade44a9dc917926df20493dd31141f1b7
[INFO] running `Command { std: "docker" "start" "-a" "403642e66631e8b04cd2fc0d116b107ade44a9dc917926df20493dd31141f1b7", kill_on_drop: false }`
[INFO] running `Command { std: "docker" "inspect" "403642e66631e8b04cd2fc0d116b107ade44a9dc917926df20493dd31141f1b7", kill_on_drop: false }`
[INFO] running `Command { std: "docker" "rm" "-f" "403642e66631e8b04cd2fc0d116b107ade44a9dc917926df20493dd31141f1b7", kill_on_drop: false }`
[INFO] [stdout] 403642e66631e8b04cd2fc0d116b107ade44a9dc917926df20493dd31141f1b7
[INFO] running `Command { std: "docker" "create" "-v" "/var/lib/crater-agent-workspace/builds/worker-1-tc1/target:/opt/rustwide/target:rw,Z" "-v" "/var/lib/crater-agent-workspace/builds/worker-1-tc1/source:/opt/rustwide/workdir:ro,Z" "-v" "/var/lib/crater-agent-workspace/cargo-home:/opt/rustwide/cargo-home:ro,Z" "-v" "/var/lib/crater-agent-workspace/rustup-home:/opt/rustwide/rustup-home:ro,Z" "-e" "SOURCE_DIR=/opt/rustwide/workdir" "-e" "CARGO_TARGET_DIR=/opt/rustwide/target" "-e" "CARGO_INCREMENTAL=0" "-e" "RUST_BACKTRACE=full" "-e" "RUSTFLAGS=--cap-lints=warn" "-e" "RUSTDOCFLAGS=--cap-lints=warn" "-e" "CARGO_HOME=/opt/rustwide/cargo-home" "-e" "RUSTUP_HOME=/opt/rustwide/rustup-home" "-w" "/opt/rustwide/workdir" "-m" "1610612736" "--user" "0:0" "--network" "none" "ghcr.io/rust-lang/crates-build-env/linux@sha256:2788e3201cd34a07e3172128adcd8b3090168a8e3bcc40d7c032b9dda1df7d1c" "/opt/rustwide/cargo-home/bin/cargo" "+1.75.0" "build" "--frozen" "--message-format=json", kill_on_drop: false }`
[INFO] [stdout] 3c97aeb91f87d63bdecf0805f93653137ec0b31287d4f9f64ed2e22eda8f42b7
[INFO] running `Command { std: "docker" "start" "-a" "3c97aeb91f87d63bdecf0805f93653137ec0b31287d4f9f64ed2e22eda8f42b7", kill_on_drop: false }`
[INFO] [stderr]    Compiling libc v0.2.151
[INFO] [stderr]    Compiling futures-io v0.3.30
[INFO] [stderr]    Compiling subtle v2.5.0
[INFO] [stderr]    Compiling crossbeam-utils v0.8.18
[INFO] [stderr]    Compiling parking v2.2.0
[INFO] [stderr]    Compiling fastrand v2.0.1
[INFO] [stderr]    Compiling value-bag v1.4.3
[INFO] [stderr]    Compiling rustix v0.38.28
[INFO] [stderr]    Compiling bitflags v2.4.1
[INFO] [stderr]    Compiling linux-raw-sys v0.4.12
[INFO] [stderr]    Compiling syn v2.0.48
[INFO] [stderr]    Compiling allocator-api2 v0.2.16
[INFO] [stderr]    Compiling io-lifetimes v1.0.11
[INFO] [stderr]    Compiling polling v2.8.0
[INFO] [stderr]    Compiling rustix v0.37.27
[INFO] [stderr]    Compiling async-io v1.13.0
[INFO] [stderr]    Compiling atomic-waker v1.1.2
[INFO] [stderr]    Compiling fastrand v1.9.0
[INFO] [stderr]    Compiling async-task v4.7.0
[INFO] [stderr]    Compiling log v0.4.20
[INFO] [stderr]    Compiling futures-lite v2.1.0
[INFO] [stderr]    Compiling zeroize v1.7.0
[INFO] [stderr]    Compiling waker-fn v1.1.1
[INFO] [stderr]    Compiling futures-lite v1.13.0
[INFO] [stderr]    Compiling piper v0.2.1
[INFO] [stderr]    Compiling async-lock v2.8.0
[INFO] [stderr]    Compiling inout v0.1.3
[INFO] [stderr]    Compiling hashbrown v0.14.3
[INFO] [stderr]    Compiling data-encoding v2.5.0
[INFO] [stderr]    Compiling core2 v0.4.0
[INFO] [stderr]    Compiling unsigned-varint v0.7.2
[INFO] [stderr]    Compiling kv-log-macro v1.0.7
[INFO] [stderr]    Compiling quick-protobuf v0.8.1
[INFO] [stderr]    Compiling async-attributes v1.1.2
[INFO] [stderr]    Compiling base-x v0.2.11
[INFO] [stderr]    Compiling multihash v0.19.1
[INFO] [stderr]    Compiling bs58 v0.5.0
[INFO] [stderr]    Compiling url v2.5.0
[INFO] [stderr]    Compiling static_assertions v1.1.0
[INFO] [stderr]    Compiling arrayref v0.3.7
[INFO] [stderr]    Compiling semver v1.0.21
[INFO] [stderr]    Compiling convert-enum v0.1.0
[INFO] [stderr]    Compiling toml_datetime v0.6.3
[INFO] [stderr]    Compiling winnow v0.5.32
[INFO] [stderr]    Compiling uncased v0.9.9
[INFO] [stderr]    Compiling concurrent-queue v2.4.0
[INFO] [stderr]    Compiling multer v2.1.0
[INFO] [stderr]    Compiling event-listener v4.0.2
[INFO] [stderr]    Compiling event-listener v3.1.0
[INFO] [stderr]    Compiling async-channel v1.9.0
[INFO] [stderr]    Compiling indexmap v2.1.0
[INFO] [stderr]    Compiling ahash v0.8.7
[INFO] [stderr]    Compiling cookie v0.17.0
[INFO] [stderr]    Compiling predicates-core v1.0.6
[INFO] [stderr]    Compiling platforms v3.3.0
[INFO] [stderr]    Compiling event-listener-strategy v0.4.0
[INFO] [stderr]    Compiling rustc_version v0.4.0
[INFO] [stderr]    Compiling time v0.3.31
[INFO] [stderr]    Compiling async-lock v3.2.0
[INFO] [stderr]    Compiling async-channel v2.1.1
[INFO] [stderr]    Compiling itertools v0.11.0
[INFO] [stderr]    Compiling headers-core v0.2.0
[INFO] [stderr]    Compiling anstyle v1.0.4
[INFO] [stderr]    Compiling unsafe-libyaml v0.2.10
[INFO] [stderr]    Compiling spin v0.9.8
[INFO] [stderr]    Compiling termtree v0.4.1
[INFO] [stderr]    Compiling iana-time-zone v0.1.59
[INFO] [stderr]    Compiling rfc7239 v0.1.0
[INFO] [stderr]    Compiling data-encoding-macro-internal v0.1.12
[INFO] [stderr]    Compiling predicates-tree v1.0.9
[INFO] [stderr]    Compiling chrono v0.4.31
[INFO] [stderr]    Compiling curve25519-dalek v4.1.1
[INFO] [stderr]    Compiling getrandom v0.2.11
[INFO] [stderr]    Compiling mio v0.8.10
[INFO] [stderr]    Compiling rand_core v0.6.4
[INFO] [stderr]    Compiling socket2 v0.5.5
[INFO] [stderr]    Compiling num_cpus v1.16.0
[INFO] [stderr]    Compiling signal-hook-registry v1.4.1
[INFO] [stderr]    Compiling crypto-common v0.1.6
[INFO] [stderr]    Compiling rand_chacha v0.3.1
[INFO] [stderr]    Compiling digest v0.10.7
[INFO] [stderr]    Compiling rand v0.8.5
[INFO] [stderr]    Compiling parking_lot_core v0.9.9
[INFO] [stderr]    Compiling sha2 v0.10.8
[INFO] [stderr]    Compiling hmac v0.12.1
[INFO] [stderr]    Compiling hkdf v0.12.4
[INFO] [stderr]    Compiling socket2 v0.4.10
[INFO] [stderr]    Compiling sha1 v0.10.6
[INFO] [stderr]    Compiling universal-hash v0.5.1
[INFO] [stderr]    Compiling parking_lot v0.12.1
[INFO] [stderr]    Compiling cipher v0.4.4
[INFO] [stderr]    Compiling async-executor v1.8.0
[INFO] [stderr]    Compiling data-encoding-macro v0.1.14
[INFO] [stderr]    Compiling polyval v0.6.1
[INFO] [stderr]    Compiling multibase v0.9.1
[INFO] [stderr]    Compiling aead v0.5.2
[INFO] [stderr]    Compiling aes v0.8.3
[INFO] [stderr]    Compiling ghash v0.5.0
[INFO] [stderr]    Compiling ctr v0.9.2
[INFO] [stderr]    Compiling toml_edit v0.20.2
[INFO] [stderr]    Compiling chacha20 v0.9.1
[INFO] [stderr]    Compiling predicates v3.0.4
[INFO] [stderr]    Compiling headers v0.3.9
[INFO] [stderr]    Compiling poly1305 v0.8.0
[INFO] [stderr]    Compiling nix v0.27.1
[INFO] [stderr]    Compiling snow v0.9.4
[INFO] [stderr]    Compiling wildmatch v2.3.0
[INFO] [stderr]    Compiling rustc-hash v1.1.0
[INFO] [stderr]    Compiling fragile v2.0.0
[INFO] [stderr]    Compiling aes-gcm v0.10.3
[INFO] [stderr]    Compiling downcast v0.11.0
[INFO] [stderr]    Compiling small-map v0.1.1
[INFO] [stderr]    Compiling chacha20poly1305 v0.10.1
[INFO] [stderr]    Compiling derive_more v0.99.17
[INFO] [stderr]    Compiling blake2 v0.10.6
[INFO] [stderr]    Compiling sorted-vec v0.8.3
[INFO] [stderr]    Compiling atm0s-sdn-transport-compose v0.1.1
[INFO] [stderr]    Compiling darling_core v0.20.3
[INFO] [stderr]    Compiling proc-macro-crate v2.0.1
[INFO] [stderr]    Compiling tracing-attributes v0.1.27
[INFO] [stderr]    Compiling serde_derive v1.0.194
[INFO] [stderr]    Compiling tokio-macros v2.2.0
[INFO] [stderr]    Compiling futures-macro v0.3.30
[INFO] [stderr]    Compiling thiserror-impl v1.0.56
[INFO] [stderr]    Compiling async-trait v0.1.77
[INFO] [stderr]    Compiling tempfile v3.9.0
[INFO] [stderr]    Compiling curve25519-dalek-derive v0.1.1
[INFO] [stderr]    Compiling poem-derive v1.3.59
[INFO] [stderr]    Compiling mockall_derive v0.12.1
[INFO] [stderr]    Compiling tokio v1.35.1
[INFO] [stderr]    Compiling darling_macro v0.20.3
[INFO] [stderr]    Compiling futures-util v0.3.30
[INFO] [stderr]    Compiling thiserror v1.0.56
[INFO] [stderr]    Compiling tracing v0.1.40
[INFO] [stderr]    Compiling polling v3.3.1
[INFO] [stderr]    Compiling blocking v1.5.1
[INFO] [stderr]    Compiling libp2p-identity v0.2.8
[INFO] [stderr]    Compiling darling v0.20.3
[INFO] [stderr]    Compiling async-io v2.2.2
[INFO] [stderr]    Compiling poem-openapi-derive v3.0.6
[INFO] [stderr]    Compiling async-signal v0.2.5
[INFO] [stderr]    Compiling async-process v1.8.1
[INFO] [stderr]    Compiling mockall v0.12.1
[INFO] [stderr]    Compiling serde v1.0.194
[INFO] [stderr]    Compiling async-notify v0.2.0
[INFO] [stderr]    Compiling futures-executor v0.3.30
[INFO] [stderr]    Compiling futures v0.3.30
[INFO] [stderr]    Compiling async-global-executor v2.4.1
[INFO] [stderr]    Compiling tokio-util v0.7.10
[INFO] [stderr]    Compiling tokio-stream v0.1.14
[INFO] [stderr]    Compiling async-std v1.12.0
[INFO] [stderr]    Compiling h2 v0.3.22
[INFO] [stderr]    Compiling multiaddr v0.18.1
[INFO] [stderr]    Compiling bincode v1.3.3
[INFO] [stderr]    Compiling serde_yaml v0.9.30
[INFO] [stderr]    Compiling serde_json v1.0.111
[INFO] [stderr]    Compiling quick-xml v0.30.0
[INFO] [stderr]    Compiling serde_urlencoded v0.7.1
[INFO] [stderr]    Compiling neli-proc-macros v0.1.3
[INFO] [stderr]    Compiling atm0s-sdn-identity v0.2.0
[INFO] [stderr]    Compiling async-bincode v0.7.2
[INFO] [stderr]    Compiling atm0s-sdn-router v0.1.4
[INFO] [stderr]    Compiling neli v0.6.4
[INFO] [stderr]    Compiling atm0s-sdn-utils v0.1.1
[INFO] [stderr]    Compiling atm0s-sdn-network v0.3.0
[INFO] [stderr]    Compiling atm0s-sdn-layers-spread-router v0.1.5
[INFO] [stderr]    Compiling atm0s-sdn-key-value v0.1.7
[INFO] [stderr]    Compiling atm0s-sdn-layers-spread-router-sync v0.1.5
[INFO] [stderr]    Compiling atm0s-sdn-rpc v0.1.3
[INFO] [stderr]    Compiling hyper v0.14.28
[INFO] [stderr]    Compiling local-ip-address v0.5.6
[INFO] [stderr]    Compiling atm0s-sdn-transport-tcp v0.1.5
[INFO] [stderr]    Compiling atm0s-sdn-transport-udp v0.1.4
[INFO] [stderr]    Compiling atm0s-sdn-pub-sub v0.1.6
[INFO] [stderr]    Compiling atm0s-sdn-manual-discovery v0.2.4
[INFO] [stderr]    Compiling atm0s-sdn v0.1.6
[INFO] [stderr]    Compiling poem v1.3.59
[INFO] [stderr]    Compiling poem-openapi v3.0.6
[INFO] [stderr]    Compiling atm0s-media-server-utils v0.1.0
[INFO] [stderr]    Compiling atm0s-media-server-transport v0.1.0
[INFO] [stderr]    Compiling atm0s-media-server-cluster v0.1.0
[INFO] [stderr]    Compiling atm0s-media-server-cluster-sdn v0.1.0 (/opt/rustwide/workdir)
[INFO] [stdout] error[E0599]: no function or associated item named `default` found for struct `NodeAddrBuilder` in the current scope
[INFO] [stdout]   --> src/server.rs:45:59
[INFO] [stdout]    |
[INFO] [stdout] 45 |         let node_addr_builder = Arc::new(NodeAddrBuilder::default());
[INFO] [stdout]    |                                                           ^^^^^^^ function or associated item not found in `NodeAddrBuilder`
[INFO] [stdout]    |
[INFO] [stdout] note: if you're trying to build a new `NodeAddrBuilder`, consider using `NodeAddrBuilder::new` which returns `NodeAddrBuilder`
[INFO] [stdout]   --> /opt/rustwide/cargo-home/registry/src/index.crates.io-6f17d22bba15001f/atm0s-sdn-identity-0.2.0/src/node_addr.rs:68:5
[INFO] [stdout]    |
[INFO] [stdout] 68 |     pub fn new(node_id: NodeId) -> Self {
[INFO] [stdout]    |     ^^^^^^^^^^^^^^^^^^^^^^^^^^^^^^^^^^^
[INFO] [stdout] 
[INFO] [stdout] 
[INFO] [stdout] error[E0308]: mismatched types
[INFO] [stdout]    --> src/server.rs:46:54
[INFO] [stdout]     |
[INFO] [stdout] 46  |         node_addr_builder.add_protocol(Protocol::P2p(node_id));
[INFO] [stdout]     |                                        ------------- ^^^^^^^ expected `PeerId`, found `u32`
[INFO] [stdout]     |                                        |
[INFO] [stdout]     |                                        arguments to this enum variant are incorrect
[INFO] [stdout]     |
[INFO] [stdout] note: tuple variant defined here
[INFO] [stdout]    --> /opt/rustwide/cargo-home/registry/src/index.crates.io-6f17d22bba15001f/multiaddr-0.18.1/src/protocol.rs:102:5
[INFO] [stdout]     |
[INFO] [stdout] 102 |     P2p(PeerId),
[INFO] [stdout]     |     ^^^
[INFO] [stdout] 
[INFO] [stdout] 
[INFO] [stdout] error[E0308]: arguments to this function are incorrect
[INFO] [stdout]   --> src/server.rs:47:34
[INFO] [stdout]    |
[INFO] [stdout] 47 |         let transport = Box::new(UdpTransport::new(node_id, 50000 + node_id as u16, node_addr_builder.clone()).await);
[INFO] [stdout]    |                                  ^^^^^^^^^^^^^^^^^ -------  ---------------------- expected `UdpSocket`, found `u16`
[INFO] [stdout]    |                                                    |
[INFO] [stdout]    |                                                    expected `NodeAddr`, found `u32`
[INFO] [stdout]    |
[INFO] [stdout] note: associated function defined here
[INFO] [stdout]   --> /opt/rustwide/cargo-home/registry/src/index.crates.io-6f17d22bba15001f/atm0s-sdn-transport-udp-0.1.4/src/transport.rs:56:12
[INFO] [stdout]    |
[INFO] [stdout] 56 |     pub fn new(node_addr: NodeAddr, socket: UdpSocket, secure: Arc<dyn DataSecure>) -> Self {
[INFO] [stdout]    |            ^^^
[INFO] [stdout] 
[INFO] [stdout] 
[INFO] [stdout] error[E0277]: `UdpTransport` is not a future
[INFO] [stdout]   --> src/server.rs:47:112
[INFO] [stdout]    |
[INFO] [stdout] 47 |         let transport = Box::new(UdpTransport::new(node_id, 50000 + node_id as u16, node_addr_builder.clone()).await);
[INFO] [stdout]    |                                  ------------------------------------------------------------------------------^^^^^
[INFO] [stdout]    |                                  |                                                                            ||
[INFO] [stdout]    |                                  |                                                                            |`UdpTransport` is not a future
[INFO] [stdout]    |                                  |                                                                            help: remove the `.await`
[INFO] [stdout]    |                                  this call returns `UdpTransport`
[INFO] [stdout]    |
[INFO] [stdout]    = help: the trait `futures::Future` is not implemented for `UdpTransport`
[INFO] [stdout]    = note: UdpTransport must be a future or must implement `IntoFuture` to be awaited
[INFO] [stdout]    = note: required for `UdpTransport` to implement `std::future::IntoFuture`
[INFO] [stdout] 
[INFO] [stdout] 
[INFO] [stdout] error[E0560]: struct `ManualBehaviorConf` has no field named `neighbours`
[INFO] [stdout]   --> src/server.rs:55:13
[INFO] [stdout]    |
[INFO] [stdout] 55 |             neighbours: config.neighbours,
[INFO] [stdout]    |             ^^^^^^^^^^ `ManualBehaviorConf` does not have this field
[INFO] [stdout]    |
[INFO] [stdout]    = note: available fields are: `node_addr`, `seeds`, `local_tags`, `connect_tags`
[INFO] [stdout] 
[INFO] [stdout] 
[INFO] [stdout] error[E0560]: struct `ManualBehaviorConf` has no field named `timer`
[INFO] [stdout]   --> src/server.rs:56:13
[INFO] [stdout]    |
[INFO] [stdout] 56 |             timer: timer.clone(),
[INFO] [stdout]    |             ^^^^^ `ManualBehaviorConf` does not have this field
[INFO] [stdout]    |
[INFO] [stdout]    = note: available fields are: `node_addr`, `seeds`, `local_tags`, `connect_tags`
[INFO] [stdout] 
[INFO] [stdout] 
[INFO] [stdout] error[E0277]: the size for values of type `dyn atm0s_sdn::Transport + std::marker::Send + Sync` cannot be known at compilation time
[INFO] [stdout]   --> src/server.rs:47:34
[INFO] [stdout]    |
[INFO] [stdout] 47 |         let transport = Box::new(UdpTransport::new(node_id, 50000 + node_id as u16, node_addr_builder.clone()).await);
[INFO] [stdout]    |                         -------- ^^^^^^^^^^^^^^^^^^^^^^^^^^^^^^^^^^^^^^^^^^^^^^^^^^^^^^^^^^^^^^^^^^^^^^^^^^^^^^^^^^^ doesn't have a size known at compile-time
[INFO] [stdout]    |                         |
[INFO] [stdout]    |                         required by a bound introduced by this call
[INFO] [stdout]    |
[INFO] [stdout]    = help: the trait `Sized` is not implemented for `dyn atm0s_sdn::Transport + std::marker::Send + Sync`
[INFO] [stdout] note: required by a bound in `Box::<T>::new`
[INFO] [stdout]   --> /rustc/82e1608dfa6e0b5569232559e3d385fea5a93112/library/alloc/src/boxed.rs:215:5
[INFO] [stdout] 
[INFO] [stdout] 
[INFO] [stdout] error[E0277]: the size for values of type `dyn atm0s_sdn::Transport + std::marker::Send + Sync` cannot be known at compilation time
[INFO] [stdout]   --> src/server.rs:47:112
[INFO] [stdout]    |
[INFO] [stdout] 47 |         let transport = Box::new(UdpTransport::new(node_id, 50000 + node_id as u16, node_addr_builder.clone()).await);
[INFO] [stdout]    |                                                                                                                ^^^^^ doesn't have a size known at compile-time
[INFO] [stdout]    |
[INFO] [stdout]    = help: the trait `Sized` is not implemented for `dyn atm0s_sdn::Transport + std::marker::Send + Sync`
[INFO] [stdout] note: required by a bound in `std::task::Poll::Ready`
[INFO] [stdout]   --> /rustc/82e1608dfa6e0b5569232559e3d385fea5a93112/library/core/src/task/poll.rs:17:5
[INFO] [stdout] 
[INFO] [stdout] 
[INFO] [stdout] error: aborting due to 8 previous errors
[INFO] [stdout] 
[INFO] [stdout] 
[INFO] [stdout] Some errors have detailed explanations: E0277, E0308, E0560, E0599.
[INFO] [stdout] 
[INFO] [stdout] For more information about an error, try `rustc --explain E0277`.
[INFO] [stdout] 
[INFO] [stderr] error: could not compile `atm0s-media-server-cluster-sdn` (lib) due to 9 previous errors
[INFO] running `Command { std: "docker" "inspect" "3c97aeb91f87d63bdecf0805f93653137ec0b31287d4f9f64ed2e22eda8f42b7", kill_on_drop: false }`
[INFO] running `Command { std: "docker" "rm" "-f" "3c97aeb91f87d63bdecf0805f93653137ec0b31287d4f9f64ed2e22eda8f42b7", kill_on_drop: false }`
[INFO] [stdout] 3c97aeb91f87d63bdecf0805f93653137ec0b31287d4f9f64ed2e22eda8f42b7
