[INFO] fetching crate athene 2.0.4...
[INFO] testing athene-2.0.4 against 1.75.0 for beta-1.76-1
[INFO] extracting crate athene 2.0.4 into /workspace/builds/worker-7-tc1/source
[INFO] validating manifest of crates.io crate athene 2.0.4 on toolchain 1.75.0
[INFO] running `Command { std: CARGO_HOME="/workspace/cargo-home" RUSTUP_HOME="/workspace/rustup-home" "/workspace/cargo-home/bin/cargo" "+1.75.0" "metadata" "--manifest-path" "Cargo.toml" "--no-deps", kill_on_drop: false }`
[INFO] started tweaking crates.io crate athene 2.0.4
[INFO] finished tweaking crates.io crate athene 2.0.4
[INFO] tweaked toml for crates.io crate athene 2.0.4 written to /workspace/builds/worker-7-tc1/source/Cargo.toml
[INFO] crate crates.io crate athene 2.0.4 already has a lockfile, it will not be regenerated
[INFO] running `Command { std: CARGO_HOME="/workspace/cargo-home" RUSTUP_HOME="/workspace/rustup-home" "/workspace/cargo-home/bin/cargo" "+1.75.0" "fetch" "--manifest-path" "Cargo.toml", kill_on_drop: false }`
[INFO] [stderr]     Updating crates.io index
[INFO] [stderr]  Downloading crates ...
[INFO] [stderr]   Downloaded thiserror-impl v1.0.48
[INFO] [stderr]   Downloaded ciborium v0.2.1
[INFO] [stderr]   Downloaded sha2 v0.10.7
[INFO] [stderr]   Downloaded ciborium-ll v0.2.1
[INFO] [stderr]   Downloaded unic-segment v0.9.0
[INFO] [stderr]   Downloaded validator_types v0.16.0
[INFO] [stderr]   Downloaded enumflags2_derive v0.7.7
[INFO] [stderr]   Downloaded unic-char-property v0.9.0
[INFO] [stderr]   Downloaded athene_macro v0.2.3
[INFO] [stderr]   Downloaded futures-executor v0.3.28
[INFO] [stderr]   Downloaded http-body v1.0.0-rc.2
[INFO] [stderr]   Downloaded enumflags2 v0.7.7
[INFO] [stderr]   Downloaded hyper v1.0.0-rc.4
[INFO] [stderr]   Downloaded base64 v0.21.3
[INFO] [stderr]   Downloaded utoipa-swagger-ui v3.1.5
[INFO] [stderr]   Downloaded jsonwebtoken v8.3.0
[INFO] [stderr]   Downloaded linux-raw-sys v0.4.5
[INFO] [stderr]   Downloaded rustix v0.38.11
[INFO] [stderr]   Downloaded chrono v0.4.28
[INFO] [stderr]   Downloaded async-trait v0.1.73
[INFO] [stderr]   Downloaded pest_derive v2.7.3
[INFO] [stderr]   Downloaded tera v1.19.1
[INFO] [stderr]   Downloaded futures-io v0.3.28
[INFO] [stderr]   Downloaded parse-zoneinfo v0.3.0
[INFO] [stderr]   Downloaded chrono-tz v0.8.3
[INFO] [stderr]   Downloaded libm v0.2.7
[INFO] [stderr]   Downloaded pest v2.7.3
[INFO] [stderr]   Downloaded utoipa-gen v3.5.0
[INFO] [stderr]   Downloaded rust-embed v6.8.1
[INFO] [stderr]   Downloaded validator v0.16.1
[INFO] [stderr]   Downloaded serde_json v1.0.105
[INFO] [stderr]   Downloaded if_chain v1.0.2
[INFO] [stderr]   Downloaded futures v0.3.28
[INFO] [stderr]   Downloaded http-body-util v0.1.0-rc.3
[INFO] [stderr]   Downloaded pem v1.1.1
[INFO] [stderr]   Downloaded multimap v0.9.0
[INFO] [stderr]   Downloaded rmp v0.8.12
[INFO] [stderr]   Downloaded rmp-serde v1.1.2
[INFO] [stderr]   Downloaded ciborium-io v0.2.1
[INFO] [stderr]   Downloaded deunicode v0.4.4
[INFO] [stderr]   Downloaded unic-ucd-version v0.9.0
[INFO] [stderr]   Downloaded unic-ucd-segment v0.9.0
[INFO] [stderr]   Downloaded tokio-tungstenite v0.20.0
[INFO] [stderr]   Downloaded phf_codegen v0.11.2
[INFO] [stderr]   Downloaded chrono-tz-build v0.2.0
[INFO] [stderr]   Downloaded pest_meta v2.7.3
[INFO] [stderr]   Downloaded utoipa v3.5.0
[INFO] [stderr]   Downloaded futures-channel v0.3.28
[INFO] [stderr]   Downloaded thiserror v1.0.48
[INFO] [stderr]   Downloaded pest_generator v2.7.3
[INFO] [stderr]   Downloaded tungstenite v0.20.0
[INFO] [stderr]   Downloaded iana-time-zone v0.1.57
[INFO] [stderr]   Downloaded slug v0.1.4
[INFO] [stderr]   Downloaded tracing-log v0.1.3
[INFO] [stderr]   Downloaded humansize v2.1.3
[INFO] [stderr]   Downloaded unic-char-range v0.9.0
[INFO] [stderr]   Downloaded rust-embed-utils v7.8.1
[INFO] [stderr]   Downloaded unic-common v0.9.0
[INFO] [stderr]   Downloaded shellexpand v2.1.2
[INFO] [stderr]   Downloaded syn v2.0.31
[INFO] [stderr]   Downloaded futures-macro v0.3.28
[INFO] [stderr]   Downloaded rust-embed-impl v6.8.1
[INFO] [stderr]   Downloaded validator_derive v0.16.0
[INFO] running `Command { std: "docker" "create" "-v" "/var/lib/crater-agent-workspace/builds/worker-7-tc1/target:/opt/rustwide/target:rw,Z" "-v" "/var/lib/crater-agent-workspace/builds/worker-7-tc1/source:/opt/rustwide/workdir:ro,Z" "-v" "/var/lib/crater-agent-workspace/cargo-home:/opt/rustwide/cargo-home:ro,Z" "-v" "/var/lib/crater-agent-workspace/rustup-home:/opt/rustwide/rustup-home:ro,Z" "-e" "SOURCE_DIR=/opt/rustwide/workdir" "-e" "CARGO_TARGET_DIR=/opt/rustwide/target" "-e" "CARGO_HOME=/opt/rustwide/cargo-home" "-e" "RUSTUP_HOME=/opt/rustwide/rustup-home" "-w" "/opt/rustwide/workdir" "-m" "1610612736" "--user" "0:0" "--network" "none" "ghcr.io/rust-lang/crates-build-env/linux@sha256:2788e3201cd34a07e3172128adcd8b3090168a8e3bcc40d7c032b9dda1df7d1c" "/opt/rustwide/cargo-home/bin/cargo" "+1.75.0" "metadata" "--no-deps" "--format-version=1", kill_on_drop: false }`
[INFO] [stdout] 275c0b12439094e954b9d988bcea9858eaa025c6e427d6851fc44ddee9815fdb
[INFO] running `Command { std: "docker" "start" "-a" "275c0b12439094e954b9d988bcea9858eaa025c6e427d6851fc44ddee9815fdb", kill_on_drop: false }`
[INFO] running `Command { std: "docker" "inspect" "275c0b12439094e954b9d988bcea9858eaa025c6e427d6851fc44ddee9815fdb", kill_on_drop: false }`
[INFO] running `Command { std: "docker" "rm" "-f" "275c0b12439094e954b9d988bcea9858eaa025c6e427d6851fc44ddee9815fdb", kill_on_drop: false }`
[INFO] [stdout] 275c0b12439094e954b9d988bcea9858eaa025c6e427d6851fc44ddee9815fdb
[INFO] running `Command { std: "docker" "create" "-v" "/var/lib/crater-agent-workspace/builds/worker-7-tc1/target:/opt/rustwide/target:rw,Z" "-v" "/var/lib/crater-agent-workspace/builds/worker-7-tc1/source:/opt/rustwide/workdir:ro,Z" "-v" "/var/lib/crater-agent-workspace/cargo-home:/opt/rustwide/cargo-home:ro,Z" "-v" "/var/lib/crater-agent-workspace/rustup-home:/opt/rustwide/rustup-home:ro,Z" "-e" "SOURCE_DIR=/opt/rustwide/workdir" "-e" "CARGO_TARGET_DIR=/opt/rustwide/target" "-e" "CARGO_INCREMENTAL=0" "-e" "RUST_BACKTRACE=full" "-e" "RUSTFLAGS=--cap-lints=warn" "-e" "RUSTDOCFLAGS=--cap-lints=warn" "-e" "CARGO_HOME=/opt/rustwide/cargo-home" "-e" "RUSTUP_HOME=/opt/rustwide/rustup-home" "-w" "/opt/rustwide/workdir" "-m" "1610612736" "--user" "0:0" "--network" "none" "ghcr.io/rust-lang/crates-build-env/linux@sha256:2788e3201cd34a07e3172128adcd8b3090168a8e3bcc40d7c032b9dda1df7d1c" "/opt/rustwide/cargo-home/bin/cargo" "+1.75.0" "build" "--frozen" "--message-format=json", kill_on_drop: false }`
[INFO] [stdout] 9ce21939dd5b9bfa9e564078dd9d9ffc3562165c6e437604e4f5435005b83f75
[INFO] running `Command { std: "docker" "start" "-a" "9ce21939dd5b9bfa9e564078dd9d9ffc3562165c6e437604e4f5435005b83f75", kill_on_drop: false }`
[INFO] [stderr]    Compiling proc-macro2 v1.0.66
[INFO] [stderr]    Compiling unicode-ident v1.0.11
[INFO] [stderr]    Compiling libc v0.2.147
[INFO] [stderr]    Compiling futures-core v0.3.28
[INFO] [stderr]    Compiling memchr v2.6.3
[INFO] [stderr]    Compiling generic-array v0.14.7
[INFO] [stderr]    Compiling futures-task v0.3.28
[INFO] [stderr]    Compiling futures-channel v0.3.28
[INFO] [stderr]    Compiling futures-util v0.3.28
[INFO] [stderr]    Compiling futures-sink v0.3.28
[INFO] [stderr]    Compiling http v0.2.9
[INFO] [stderr]    Compiling lock_api v0.4.10
[INFO] [stderr]    Compiling unicase v2.7.0
[INFO] [stderr]    Compiling parking_lot_core v0.9.8
[INFO] [stderr]    Compiling futures-io v0.3.28
[INFO] [stderr]    Compiling serde v1.0.188
[INFO] [stderr]    Compiling smallvec v1.11.0
[INFO] [stderr]    Compiling quote v1.0.33
[INFO] [stderr]    Compiling crypto-common v0.1.6
[INFO] [stderr]    Compiling block-buffer v0.10.4
[INFO] [stderr]    Compiling syn v2.0.31
[INFO] [stderr]    Compiling syn v1.0.109
[INFO] [stderr]    Compiling once_cell v1.18.0
[INFO] [stderr]    Compiling http-body v1.0.0-rc.2
[INFO] [stderr]    Compiling mime_guess v2.0.4
[INFO] [stderr]    Compiling tracing-core v0.1.31
[INFO] [stderr]    Compiling num_cpus v1.16.0
[INFO] [stderr]    Compiling socket2 v0.5.3
[INFO] [stderr]    Compiling parking_lot v0.12.1
[INFO] [stderr]    Compiling mio v0.8.8
[INFO] [stderr]    Compiling digest v0.10.7
[INFO] [stderr]    Compiling aho-corasick v1.0.5
[INFO] [stderr]    Compiling thiserror v1.0.48
[INFO] [stderr]    Compiling cpufeatures v0.2.9
[INFO] [stderr]    Compiling percent-encoding v2.3.0
[INFO] [stderr]    Compiling try-lock v0.2.4
[INFO] [stderr]    Compiling async-trait v0.1.73
[INFO] [stderr]    Compiling serde_json v1.0.105
[INFO] [stderr]    Compiling regex-syntax v0.7.5
[INFO] [stderr]    Compiling want v0.3.1
[INFO] [stderr]    Compiling form_urlencoded v1.2.0
[INFO] [stderr]    Compiling sha1 v0.10.5
[INFO] [stderr]    Compiling headers-core v0.2.0
[INFO] [stderr]    Compiling base64 v0.21.3
[INFO] [stderr]    Compiling headers v0.3.9
[INFO] [stderr]    Compiling regex-automata v0.3.8
[INFO] [stderr]    Compiling athene_macro v0.2.3
[INFO] [stderr]    Compiling futures-macro v0.3.28
[INFO] [stderr]    Compiling serde_derive v1.0.188
[INFO] [stderr]    Compiling tokio-macros v2.1.0
[INFO] [stderr]    Compiling tracing-attributes v0.1.26
[INFO] [stderr]    Compiling thiserror-impl v1.0.48
[INFO] [stderr]    Compiling enumflags2_derive v0.7.7
[INFO] [stderr]    Compiling regex v1.9.5
[INFO] [stderr]    Compiling enumflags2 v0.7.7
[INFO] [stderr]    Compiling tokio v1.32.0
[INFO] [stderr]    Compiling tracing v0.1.37
[INFO] [stderr]    Compiling futures-executor v0.3.28
[INFO] [stderr]    Compiling http-body-util v0.1.0-rc.3
[INFO] [stderr]    Compiling futures v0.3.28
[INFO] [stderr]    Compiling hyper v1.0.0-rc.4
[INFO] [stderr]    Compiling serde_urlencoded v0.7.1
[INFO] [stderr]    Compiling athene v2.0.4 (/opt/rustwide/workdir)
[INFO] [stderr]     Finished dev [unoptimized + debuginfo] target(s) in 41.04s
[INFO] running `Command { std: "docker" "inspect" "9ce21939dd5b9bfa9e564078dd9d9ffc3562165c6e437604e4f5435005b83f75", kill_on_drop: false }`
[INFO] running `Command { std: "docker" "rm" "-f" "9ce21939dd5b9bfa9e564078dd9d9ffc3562165c6e437604e4f5435005b83f75", kill_on_drop: false }`
[INFO] [stdout] 9ce21939dd5b9bfa9e564078dd9d9ffc3562165c6e437604e4f5435005b83f75
[INFO] running `Command { std: "docker" "create" "-v" "/var/lib/crater-agent-workspace/builds/worker-7-tc1/target:/opt/rustwide/target:rw,Z" "-v" "/var/lib/crater-agent-workspace/builds/worker-7-tc1/source:/opt/rustwide/workdir:ro,Z" "-v" "/var/lib/crater-agent-workspace/cargo-home:/opt/rustwide/cargo-home:ro,Z" "-v" "/var/lib/crater-agent-workspace/rustup-home:/opt/rustwide/rustup-home:ro,Z" "-e" "SOURCE_DIR=/opt/rustwide/workdir" "-e" "CARGO_TARGET_DIR=/opt/rustwide/target" "-e" "CARGO_INCREMENTAL=0" "-e" "RUST_BACKTRACE=full" "-e" "RUSTFLAGS=--cap-lints=warn" "-e" "RUSTDOCFLAGS=--cap-lints=warn" "-e" "CARGO_HOME=/opt/rustwide/cargo-home" "-e" "RUSTUP_HOME=/opt/rustwide/rustup-home" "-w" "/opt/rustwide/workdir" "-m" "1610612736" "--user" "0:0" "--network" "none" "ghcr.io/rust-lang/crates-build-env/linux@sha256:2788e3201cd34a07e3172128adcd8b3090168a8e3bcc40d7c032b9dda1df7d1c" "/opt/rustwide/cargo-home/bin/cargo" "+1.75.0" "test" "--frozen" "--no-run" "--message-format=json", kill_on_drop: false }`
[INFO] [stdout] e325caa6e4fc4de9af414fecfed6e5980e2c7006d4dcff2940ad4cb4a36f88e0
[INFO] running `Command { std: "docker" "start" "-a" "e325caa6e4fc4de9af414fecfed6e5980e2c7006d4dcff2940ad4cb4a36f88e0", kill_on_drop: false }`
[INFO] [stderr]    Compiling num-traits v0.2.16
[INFO] [stderr]    Compiling getrandom v0.2.10
[INFO] [stderr]    Compiling siphasher v0.3.11
[INFO] [stderr]    Compiling walkdir v2.3.3
[INFO] [stderr]    Compiling crc32fast v1.3.2
[INFO] [stderr]    Compiling log v0.4.20
[INFO] [stderr]    Compiling adler v1.0.2
[INFO] [stderr]    Compiling parse-zoneinfo v0.3.0
[INFO] [stderr]    Compiling rand_core v0.6.4
[INFO] [stderr]    Compiling phf_shared v0.11.2
[INFO] [stderr]    Compiling miniz_oxide v0.7.1
[INFO] [stderr]    Compiling dirs-sys v0.3.7
[INFO] [stderr]    Compiling ucd-trie v0.1.6
[INFO] [stderr]    Compiling rand_chacha v0.3.1
[INFO] [stderr]    Compiling phf v0.11.2
[INFO] [stderr]    Compiling pest v2.7.3
[INFO] [stderr]    Compiling dirs v4.0.0
[INFO] [stderr]    Compiling proc-macro-error-attr v1.0.4
[INFO] [stderr]    Compiling rand v0.8.5
[INFO] [stderr]    Compiling flate2 v1.0.27
[INFO] [stderr]    Compiling sha2 v0.10.7
[INFO] [stderr]    Compiling cc v1.0.83
[INFO] [stderr]    Compiling thread_local v1.1.7
[INFO] [stderr]    Compiling num-bigint v0.4.4
[INFO] [stderr]    Compiling bstr v1.6.2
[INFO] [stderr]    Compiling unic-char-range v0.9.0
[INFO] [stderr]    Compiling phf_generator v0.11.2
[INFO] [stderr]    Compiling unic-common v0.9.0
[INFO] [stderr]    Compiling phf_codegen v0.11.2
[INFO] [stderr]    Compiling byteorder v1.4.3
[INFO] [stderr]    Compiling chrono-tz-build v0.2.0
[INFO] [stderr]    Compiling libm v0.2.7
[INFO] [stderr]    Compiling time-core v0.1.1
[INFO] [stderr]    Compiling time-macros v0.2.14
[INFO] [stderr]    Compiling num-integer v0.1.45
[INFO] [stderr]    Compiling zip v0.6.6
[INFO] [stderr]    Compiling globset v0.4.13
[INFO] [stderr]    Compiling pest_meta v2.7.3
[INFO] [stderr]    Compiling chrono-tz v0.8.3
[INFO] [stderr]    Compiling unic-ucd-version v0.9.0
[INFO] [stderr]    Compiling unic-char-property v0.9.0
[INFO] [stderr]    Compiling proc-macro-error v1.0.4
[INFO] [stderr]    Compiling rust-embed-utils v7.8.1
[INFO] [stderr]    Compiling shellexpand v2.1.2
[INFO] [stderr]    Compiling deranged v0.3.8
[INFO] [stderr]    Compiling ring v0.16.20
[INFO] [stderr]    Compiling iana-time-zone v0.1.57
[INFO] [stderr]    Compiling hashbrown v0.14.0
[INFO] [stderr]    Compiling pest_generator v2.7.3
[INFO] [stderr]    Compiling indexmap v2.0.0
[INFO] [stderr]    Compiling chrono v0.4.28
[INFO] [stderr]    Compiling utoipa-gen v3.5.0
[INFO] [stderr]    Compiling time v0.3.28
[INFO] [stderr]    Compiling rust-embed-impl v6.8.1
[INFO] [stderr]    Compiling utoipa-swagger-ui v3.1.5
[INFO] [stderr]    Compiling ignore v0.4.20
[INFO] [stderr]    Compiling unic-ucd-segment v0.9.0
[INFO] [stderr]    Compiling untrusted v0.7.1
[INFO] [stderr]    Compiling spin v0.5.2
[INFO] [stderr]    Compiling base64 v0.13.1
[INFO] [stderr]    Compiling deunicode v0.4.4
[INFO] [stderr]    Compiling slug v0.1.4
[INFO] [stderr]    Compiling pem v1.1.1
[INFO] [stderr]    Compiling humansize v2.1.3
[INFO] [stderr]    Compiling globwalk v0.8.1
[INFO] [stderr]    Compiling simple_asn1 v0.6.2
[INFO] [stderr]    Compiling unic-segment v0.9.0
[INFO] [stderr]    Compiling pest_derive v2.7.3
[INFO] [stderr]    Compiling rust-embed v6.8.1
[INFO] [stderr]    Compiling tracing-log v0.1.3
[INFO] [stderr]    Compiling tracing-subscriber v0.3.17
[INFO] [stderr]    Compiling jsonwebtoken v8.3.0
[INFO] [stderr]    Compiling utoipa v3.5.0
[INFO] [stderr]    Compiling tera v1.19.1
[INFO] [stderr]    Compiling athene v2.0.4 (/opt/rustwide/workdir)
[INFO] [stdout] error[E0412]: cannot find type `WebSocket` in this scope
[INFO] [stdout]  --> examples/websocket.rs:6:13
[INFO] [stdout]   |
[INFO] [stdout] 6 |     mut ws: WebSocket,
[INFO] [stdout]   |             ^^^^^^^^^ not found in this scope
[INFO] [stdout] 
[INFO] [stdout] 
[INFO] [stdout] error: cannot find derive macro `Validate` in this scope
[INFO] [stdout]  --> examples/macro.rs:3:27
[INFO] [stdout]   |
[INFO] [stdout] 3 | #[derive(Debug, Serialize,Validate,Deserialize,Default)]
[INFO] [stdout]   |                           ^^^^^^^^
[INFO] [stdout] 
[INFO] [stdout] 
[INFO] [stdout] error[E0433]: failed to resolve: use of undeclared type `StaticDir`
[INFO] [stdout]  --> examples/static_dir.rs:5:53
[INFO] [stdout]   |
[INFO] [stdout] 5 |     let app = athene::new().router(|r| r.get("/**", StaticDir::new("athene").listing(true)));
[INFO] [stdout]   |                                                     ^^^^^^^^^ use of undeclared type `StaticDir`
[INFO] [stdout] 
[INFO] [stdout] 
[INFO] [stdout] error[E0433]: failed to resolve: use of undeclared type `Message`
[INFO] [stdout]   --> examples/websocket.rs:14:29
[INFO] [stdout]    |
[INFO] [stdout] 14 |                     ws.send(Message::Text(text)).await?;
[INFO] [stdout]    |                             ^^^^^^^ use of undeclared type `Message`
[INFO] [stdout] 
[INFO] [stdout] 
[INFO] [stdout] error: aborting due to previous error
[INFO] [stdout] 
[INFO] [stdout] 
[INFO] [stdout] For more information about this error, try `rustc --explain E0433`.
[INFO] [stdout] 
[INFO] [stdout] error: cannot find derive macro `Validate` in this scope
[INFO] [stdout]   --> examples/tera_template.rs:13:29
[INFO] [stdout]    |
[INFO] [stdout] 13 | #[derive(Deserialize, Debug,Validate)]
[INFO] [stdout]    |                             ^^^^^^^^
[INFO] [stdout] 
[INFO] [stdout] 
[INFO] [stdout] error: cannot find derive macro `Validate` in this scope
[INFO] [stdout]   --> examples/tera_template.rs:18:29
[INFO] [stdout]    |
[INFO] [stdout] 18 | #[derive(Deserialize, Debug,Validate)]
[INFO] [stdout]    |                             ^^^^^^^^
[INFO] [stdout] 
[INFO] [stdout] 
[INFO] [stderr] error: could not compile `athene` (example "static_dir") due to 2 previous errors
[INFO] [stderr] warning: build failed, waiting for other jobs to finish...
[INFO] [stdout] error[E0599]: no method named `ws` found for struct `athene::router::RouterBuilder` in the current scope
[INFO] [stdout]   --> examples/websocket.rs:29:31
[INFO] [stdout]    |
[INFO] [stdout] 29 |     let app = app.router(|r|r.ws("/{name}/ws", ws));
[INFO] [stdout]    |                               ^^ method not found in `RouterBuilder<HandlerChain>`
[INFO] [stdout] 
[INFO] [stdout] 
[INFO] [stdout] error: aborting due to previous error
[INFO] [stdout] 
[INFO] [stdout] 
[INFO] [stdout] error[E0599]: no method named `write_file` found for struct `athene::prelude::Builder` in the current scope
[INFO] [stdout]  --> examples/download.rs:5:9
[INFO] [stdout]   |
[INFO] [stdout] 5 |     res.write_file("Cargo.toml", DispositionType::Attachment)
[INFO] [stdout]   |         ^^^^^^^^^^ method not found in `Builder`
[INFO] [stdout] 
[INFO] [stdout] 
[INFO] [stdout] error[E0433]: failed to resolve: use of undeclared type `DispositionType`
[INFO] [stdout]  --> examples/download.rs:5:34
[INFO] [stdout]   |
[INFO] [stdout] 5 |     res.write_file("Cargo.toml", DispositionType::Attachment)
[INFO] [stdout]   |                                  ^^^^^^^^^^^^^^^ use of undeclared type `DispositionType`
[INFO] [stdout] 
[INFO] [stdout] 
[INFO] [stdout] error[E0433]: failed to resolve: use of undeclared type `Message`
[INFO] [stdout]   --> examples/websocket.rs:12:17
[INFO] [stdout]    |
[INFO] [stdout] 12 |                 Message::Text(text) => {
[INFO] [stdout]    |                 ^^^^^^^ use of undeclared type `Message`
[INFO] [stdout] 
[INFO] [stdout] 
[INFO] [stdout] error[E0433]: failed to resolve: use of undeclared type `Message`
[INFO] [stdout]   --> examples/websocket.rs:16:17
[INFO] [stdout]    |
[INFO] [stdout] 16 |                 Message::Close(_) => break,
[INFO] [stdout]    |                 ^^^^^^^ use of undeclared type `Message`
[INFO] [stdout] 
[INFO] [stdout] 
[INFO] [stdout] error: aborting due to 5 previous errors
[INFO] [stdout] 
[INFO] [stdout] 
[INFO] [stdout] Some errors have detailed explanations: E0412, E0433, E0599.
[INFO] [stdout] 
[INFO] [stdout] For more information about an error, try `rustc --explain E0412`.
[INFO] [stdout] 
[INFO] [stdout] error: aborting due to 2 previous errors
[INFO] [stdout] 
[INFO] [stdout] 
[INFO] [stderr] error: could not compile `athene` (example "macro") due to 2 previous errors
[INFO] [stdout] Some errors have detailed explanations: E0433, E0599.
[INFO] [stdout] 
[INFO] [stderr] error: could not compile `athene` (example "websocket") due to 6 previous errors
[INFO] [stdout] For more information about an error, try `rustc --explain E0433`.
[INFO] [stdout] 
[INFO] [stderr] error: could not compile `athene` (example "download") due to 3 previous errors
[INFO] [stdout] error[E0599]: no method named `static_dir` found for struct `athene::router::RouterBuilder` in the current scope
[INFO] [stdout]   --> examples/tera_template.rs:88:17
[INFO] [stdout]    |
[INFO] [stdout] 88 |     router(|r|r.static_dir("/**", "templates/static").controller(Task::default()));
[INFO] [stdout]    |                 ^^^^^^^^^^ method not found in `RouterBuilder<HandlerChain>`
[INFO] [stdout] 
[INFO] [stdout] 
[INFO] [stdout] error: aborting due to 3 previous errors
[INFO] [stdout] 
[INFO] [stdout] 
[INFO] [stdout] For more information about this error, try `rustc --explain E0599`.
[INFO] [stdout] 
[INFO] [stderr] error: could not compile `athene` (example "tera_template") due to 4 previous errors
[INFO] running `Command { std: "docker" "inspect" "e325caa6e4fc4de9af414fecfed6e5980e2c7006d4dcff2940ad4cb4a36f88e0", kill_on_drop: false }`
[INFO] running `Command { std: "docker" "rm" "-f" "e325caa6e4fc4de9af414fecfed6e5980e2c7006d4dcff2940ad4cb4a36f88e0", kill_on_drop: false }`
[INFO] [stdout] e325caa6e4fc4de9af414fecfed6e5980e2c7006d4dcff2940ad4cb4a36f88e0
