[INFO] fetching crate async_zip2 0.0.1...
[INFO] testing async_zip2-0.0.1 against 1.75.0 for beta-1.76-1
[INFO] extracting crate async_zip2 0.0.1 into /workspace/builds/worker-2-tc1/source
[INFO] validating manifest of crates.io crate async_zip2 0.0.1 on toolchain 1.75.0
[INFO] running `Command { std: CARGO_HOME="/workspace/cargo-home" RUSTUP_HOME="/workspace/rustup-home" "/workspace/cargo-home/bin/cargo" "+1.75.0" "metadata" "--manifest-path" "Cargo.toml" "--no-deps", kill_on_drop: false }`
[INFO] started tweaking crates.io crate async_zip2 0.0.1
[INFO] finished tweaking crates.io crate async_zip2 0.0.1
[INFO] tweaked toml for crates.io crate async_zip2 0.0.1 written to /workspace/builds/worker-2-tc1/source/Cargo.toml
[INFO] crate crates.io crate async_zip2 0.0.1 already has a lockfile, it will not be regenerated
[INFO] running `Command { std: CARGO_HOME="/workspace/cargo-home" RUSTUP_HOME="/workspace/rustup-home" "/workspace/cargo-home/bin/cargo" "+1.75.0" "fetch" "--manifest-path" "Cargo.toml", kill_on_drop: false }`
[INFO] [stderr]     Updating crates.io index
[INFO] [stderr]  Downloading crates ...
[INFO] [stderr]   Downloaded sanitize-filename v0.5.0
[INFO] [stderr]   Downloaded futures-executor v0.3.25
[INFO] [stderr]   Downloaded jobserver v0.1.25
[INFO] [stderr]   Downloaded darling v0.20.3
[INFO] [stderr]   Downloaded zip v0.6.3
[INFO] [stderr]   Downloaded futures-channel v0.3.25
[INFO] [stderr]   Downloaded async-compression v0.4.2
[INFO] [stderr]   Downloaded time-macros v0.2.6
[INFO] [stderr]   Downloaded is-terminal v0.4.2
[INFO] [stderr]   Downloaded uuid v1.2.2
[INFO] [stderr]   Downloaded thiserror v1.0.38
[INFO] [stderr]   Downloaded windows_i686_gnu v0.42.0
[INFO] [stderr]   Downloaded cxx v1.0.84
[INFO] [stderr]   Downloaded cxxbridge-flags v1.0.84
[INFO] [stderr]   Downloaded windows_aarch64_msvc v0.42.0
[INFO] [stderr]   Downloaded cxx-build v1.0.84
[INFO] [stderr]   Downloaded linux-raw-sys v0.4.5
[INFO] [stderr]   Downloaded semver v1.0.15
[INFO] [stderr]   Downloaded tokio v1.25.1
[INFO] [stderr]   Downloaded cxxbridge-macro v1.0.84
[INFO] [stderr]   Downloaded windows_i686_msvc v0.42.0
[INFO] [stderr]   Downloaded windows_x86_64_gnu v0.42.0
[INFO] [stderr]   Downloaded regex-automata v0.3.7
[INFO] [stderr]   Downloaded windows_x86_64_msvc v0.42.0
[INFO] [stderr]   Downloaded rustix v0.38.11
[INFO] [stderr]   Downloaded futures v0.3.25
[INFO] [stderr]   Downloaded parking_lot_core v0.9.5
[INFO] [stderr]   Downloaded wasm-bindgen-shared v0.2.83
[INFO] [stderr]   Downloaded futures-core v0.3.25
[INFO] [stderr]   Downloaded serde v1.0.151
[INFO] [stderr]   Downloaded bytes v1.3.0
[INFO] [stderr]   Downloaded bumpalo v3.11.1
[INFO] [stderr]   Downloaded num_cpus v1.14.0
[INFO] [stderr]   Downloaded serde_json v1.0.90
[INFO] [stderr]   Downloaded actix-web v4.2.1
[INFO] [stderr]   Downloaded darling_core v0.20.3
[INFO] [stderr]   Downloaded syn v2.0.31
[INFO] [stderr]   Downloaded actix-http v3.2.2
[INFO] [stderr]   Downloaded windows_x86_64_gnullvm v0.42.0
[INFO] [stderr]   Downloaded windows_aarch64_gnullvm v0.42.0
[INFO] [stderr]   Downloaded futures-sink v0.3.25
[INFO] [stderr]   Downloaded wasm-bindgen-backend v0.2.83
[INFO] [stderr]   Downloaded serde_plain v1.0.2
[INFO] [stderr]   Downloaded wasm-bindgen-macro-support v0.2.83
[INFO] [stderr]   Downloaded futures-util v0.3.25
[INFO] [stderr]   Downloaded deflate64 v0.1.5
[INFO] [stderr]   Downloaded io-lifetimes v1.0.4
[INFO] [stderr]   Downloaded mio v0.8.5
[INFO] [stderr]   Downloaded wasm-bindgen v0.2.83
[INFO] [stderr]   Downloaded tempfile v3.8.0
[INFO] [stderr]   Downloaded rustix v0.36.6
[INFO] [stderr]   Downloaded regex v1.9.4
[INFO] [stderr]   Downloaded base64ct v1.5.3
[INFO] [stderr]   Downloaded parse-size v1.0.0
[INFO] [stderr]   Downloaded bytestring v1.2.0
[INFO] [stderr]   Downloaded anyhow v1.0.67
[INFO] [stderr]   Downloaded paste v1.0.11
[INFO] [stderr]   Downloaded futures-macro v0.3.25
[INFO] [stderr]   Downloaded js-sys v0.3.60
[INFO] [stderr]   Downloaded actix-multipart-derive v0.6.1
[INFO] [stderr]   Downloaded futures-io v0.3.25
[INFO] [stderr]   Downloaded darling_macro v0.20.3
[INFO] [stderr]   Downloaded actix-web-codegen v4.1.0
[INFO] [stderr]   Downloaded wasm-bindgen-macro v0.2.83
[INFO] [stderr]   Downloaded actix-multipart v0.6.1
[INFO] [stderr]   Downloaded scratch v1.0.3
[INFO] [stderr]   Downloaded fastrand v2.0.0
[INFO] [stderr]   Downloaded cc v1.0.78
[INFO] [stderr]   Downloaded syn v1.0.106
[INFO] [stderr]   Downloaded thiserror-impl v1.0.38
[INFO] [stderr]   Downloaded futures-task v0.3.25
[INFO] [stderr]   Downloaded h2 v0.3.15
[INFO] [stderr]   Downloaded time v0.3.17
[INFO] running `Command { std: "docker" "create" "-v" "/var/lib/crater-agent-workspace/builds/worker-2-tc1/target:/opt/rustwide/target:rw,Z" "-v" "/var/lib/crater-agent-workspace/builds/worker-2-tc1/source:/opt/rustwide/workdir:ro,Z" "-v" "/var/lib/crater-agent-workspace/cargo-home:/opt/rustwide/cargo-home:ro,Z" "-v" "/var/lib/crater-agent-workspace/rustup-home:/opt/rustwide/rustup-home:ro,Z" "-e" "SOURCE_DIR=/opt/rustwide/workdir" "-e" "CARGO_TARGET_DIR=/opt/rustwide/target" "-e" "CARGO_HOME=/opt/rustwide/cargo-home" "-e" "RUSTUP_HOME=/opt/rustwide/rustup-home" "-w" "/opt/rustwide/workdir" "-m" "1610612736" "--user" "0:0" "--network" "none" "ghcr.io/rust-lang/crates-build-env/linux@sha256:2788e3201cd34a07e3172128adcd8b3090168a8e3bcc40d7c032b9dda1df7d1c" "/opt/rustwide/cargo-home/bin/cargo" "+1.75.0" "metadata" "--no-deps" "--format-version=1", kill_on_drop: false }`
[INFO] [stdout] 01dc8834078a70f88d3294d3d21928e8214629982c0019c2358125ce66b99a93
[INFO] running `Command { std: "docker" "start" "-a" "01dc8834078a70f88d3294d3d21928e8214629982c0019c2358125ce66b99a93", kill_on_drop: false }`
[INFO] running `Command { std: "docker" "inspect" "01dc8834078a70f88d3294d3d21928e8214629982c0019c2358125ce66b99a93", kill_on_drop: false }`
[INFO] running `Command { std: "docker" "rm" "-f" "01dc8834078a70f88d3294d3d21928e8214629982c0019c2358125ce66b99a93", kill_on_drop: false }`
[INFO] [stdout] 01dc8834078a70f88d3294d3d21928e8214629982c0019c2358125ce66b99a93
[INFO] running `Command { std: "docker" "create" "-v" "/var/lib/crater-agent-workspace/builds/worker-2-tc1/target:/opt/rustwide/target:rw,Z" "-v" "/var/lib/crater-agent-workspace/builds/worker-2-tc1/source:/opt/rustwide/workdir:ro,Z" "-v" "/var/lib/crater-agent-workspace/cargo-home:/opt/rustwide/cargo-home:ro,Z" "-v" "/var/lib/crater-agent-workspace/rustup-home:/opt/rustwide/rustup-home:ro,Z" "-e" "SOURCE_DIR=/opt/rustwide/workdir" "-e" "CARGO_TARGET_DIR=/opt/rustwide/target" "-e" "CARGO_INCREMENTAL=0" "-e" "RUST_BACKTRACE=full" "-e" "RUSTFLAGS=--cap-lints=warn" "-e" "RUSTDOCFLAGS=--cap-lints=warn" "-e" "CARGO_HOME=/opt/rustwide/cargo-home" "-e" "RUSTUP_HOME=/opt/rustwide/rustup-home" "-w" "/opt/rustwide/workdir" "-m" "1610612736" "--user" "0:0" "--network" "none" "ghcr.io/rust-lang/crates-build-env/linux@sha256:2788e3201cd34a07e3172128adcd8b3090168a8e3bcc40d7c032b9dda1df7d1c" "/opt/rustwide/cargo-home/bin/cargo" "+1.75.0" "build" "--frozen" "--message-format=json", kill_on_drop: false }`
[INFO] [stdout] 2e29c386488d3556a29f1acd69b94c8441d175627126a4e73327f3c7cb92c8f0
[INFO] running `Command { std: "docker" "start" "-a" "2e29c386488d3556a29f1acd69b94c8441d175627126a4e73327f3c7cb92c8f0", kill_on_drop: false }`
[INFO] [stderr]    Compiling proc-macro2 v1.0.66
[INFO] [stderr]    Compiling unicode-ident v1.0.6
[INFO] [stderr]    Compiling syn v1.0.106
[INFO] [stderr]    Compiling futures-core v0.3.25
[INFO] [stderr]    Compiling futures-task v0.3.25
[INFO] [stderr]    Compiling futures-util v0.3.25
[INFO] [stderr]    Compiling crc32fast v1.3.2
[INFO] [stderr]    Compiling thiserror v1.0.38
[INFO] [stderr]    Compiling futures-io v0.3.25
[INFO] [stderr]    Compiling pin-project-lite v0.2.9
[INFO] [stderr]    Compiling slab v0.4.7
[INFO] [stderr]    Compiling quote v1.0.33
[INFO] [stderr]    Compiling futures-macro v0.3.25
[INFO] [stderr]    Compiling thiserror-impl v1.0.38
[INFO] [stderr]    Compiling pin-project-internal v1.0.12
[INFO] [stderr]    Compiling pin-project v1.0.12
[INFO] [stderr]    Compiling async_zip2 v0.0.1 (/opt/rustwide/workdir)
[INFO] [stdout] warning: unused doc comment
[INFO] [stdout]    --> src/base/read/mod.rs:182:9
[INFO] [stdout]     |
[INFO] [stdout] 182 |         /// FIXME: Default to Unix for the moment
[INFO] [stdout]     |         ^^^^^^^^^^^^^^^^^^^^^^^^^^^^^^^^^^^^^^^^^
[INFO] [stdout] 183 |         crc32: header.crc,
[INFO] [stdout]     |         ----------------- rustdoc does not generate documentation for expression fields
[INFO] [stdout]     |
[INFO] [stdout]     = help: use `//` for a plain comment
[INFO] [stdout]     = note: `#[warn(unused_doc_comments)]` on by default
[INFO] [stdout] 
[INFO] [stdout] 
[INFO] [stdout] warning: unused doc comment
[INFO] [stdout]    --> src/base/read/mod.rs:244:9
[INFO] [stdout]     |
[INFO] [stdout] 244 |         /// FIXME: Default to Unix for the moment
[INFO] [stdout]     |         ^^^^^^^^^^^^^^^^^^^^^^^^^^^^^^^^^^^^^^^^^
[INFO] [stdout] 245 |         crc32: header.crc,
[INFO] [stdout]     |         ----------------- rustdoc does not generate documentation for expression fields
[INFO] [stdout]     |
[INFO] [stdout]     = help: use `//` for a plain comment
[INFO] [stdout] 
[INFO] [stdout] 
[INFO] [stdout] warning: 2 warnings emitted
[INFO] [stdout] 
[INFO] [stdout] 
[INFO] [stderr]     Finished dev [unoptimized + debuginfo] target(s) in 8.53s
[INFO] running `Command { std: "docker" "inspect" "2e29c386488d3556a29f1acd69b94c8441d175627126a4e73327f3c7cb92c8f0", kill_on_drop: false }`
[INFO] running `Command { std: "docker" "rm" "-f" "2e29c386488d3556a29f1acd69b94c8441d175627126a4e73327f3c7cb92c8f0", kill_on_drop: false }`
[INFO] [stdout] 2e29c386488d3556a29f1acd69b94c8441d175627126a4e73327f3c7cb92c8f0
[INFO] running `Command { std: "docker" "create" "-v" "/var/lib/crater-agent-workspace/builds/worker-2-tc1/target:/opt/rustwide/target:rw,Z" "-v" "/var/lib/crater-agent-workspace/builds/worker-2-tc1/source:/opt/rustwide/workdir:ro,Z" "-v" "/var/lib/crater-agent-workspace/cargo-home:/opt/rustwide/cargo-home:ro,Z" "-v" "/var/lib/crater-agent-workspace/rustup-home:/opt/rustwide/rustup-home:ro,Z" "-e" "SOURCE_DIR=/opt/rustwide/workdir" "-e" "CARGO_TARGET_DIR=/opt/rustwide/target" "-e" "CARGO_INCREMENTAL=0" "-e" "RUST_BACKTRACE=full" "-e" "RUSTFLAGS=--cap-lints=warn" "-e" "RUSTDOCFLAGS=--cap-lints=warn" "-e" "CARGO_HOME=/opt/rustwide/cargo-home" "-e" "RUSTUP_HOME=/opt/rustwide/rustup-home" "-w" "/opt/rustwide/workdir" "-m" "1610612736" "--user" "0:0" "--network" "none" "ghcr.io/rust-lang/crates-build-env/linux@sha256:2788e3201cd34a07e3172128adcd8b3090168a8e3bcc40d7c032b9dda1df7d1c" "/opt/rustwide/cargo-home/bin/cargo" "+1.75.0" "test" "--frozen" "--no-run" "--message-format=json", kill_on_drop: false }`
[INFO] [stdout] 3a51f6e6f5405d1321c245f2c4e2f92d0c1e2e1e702e36141f750db655f31142
[INFO] running `Command { std: "docker" "start" "-a" "3a51f6e6f5405d1321c245f2c4e2f92d0c1e2e1e702e36141f750db655f31142", kill_on_drop: false }`
[INFO] [stderr]    Compiling libc v0.2.147
[INFO] [stderr]    Compiling syn v1.0.106
[INFO] [stderr]    Compiling futures-core v0.3.25
[INFO] [stderr]    Compiling typenum v1.16.0
[INFO] [stderr]    Compiling log v0.4.17
[INFO] [stderr]    Compiling bytes v1.3.0
[INFO] [stderr]    Compiling pkg-config v0.3.26
[INFO] [stderr]    Compiling futures-sink v0.3.25
[INFO] [stderr]    Compiling itoa v1.0.5
[INFO] [stderr]    Compiling generic-array v0.14.6
[INFO] [stderr]    Compiling lock_api v0.4.9
[INFO] [stderr]    Compiling fnv v1.0.7
[INFO] [stderr]    Compiling futures-channel v0.3.25
[INFO] [stderr]    Compiling parking_lot_core v0.9.5
[INFO] [stderr]    Compiling futures-io v0.3.25
[INFO] [stderr]    Compiling serde v1.0.151
[INFO] [stderr]    Compiling once_cell v1.16.0
[INFO] [stderr]    Compiling futures-util v0.3.25
[INFO] [stderr]    Compiling smallvec v1.10.0
[INFO] [stderr]    Compiling scopeguard v1.1.0
[INFO] [stderr]    Compiling tokio v1.25.1
[INFO] [stderr]    Compiling subtle v2.4.1
[INFO] [stderr]    Compiling tracing-core v0.1.30
[INFO] [stderr]    Compiling aho-corasick v1.0.5
[INFO] [stderr]    Compiling regex-syntax v0.7.5
[INFO] [stderr]    Compiling cpufeatures v0.2.5
[INFO] [stderr]    Compiling http v0.2.8
[INFO] [stderr]    Compiling percent-encoding v2.2.0
[INFO] [stderr]    Compiling zstd-safe v5.0.2+zstd.1.5.2
[INFO] [stderr]    Compiling paste v1.0.11
[INFO] [stderr]    Compiling bytestring v1.2.0
[INFO] [stderr]    Compiling indexmap v1.9.2
[INFO] [stderr]    Compiling tracing v0.1.37
[INFO] [stderr]    Compiling alloc-no-stdlib v2.0.4
[INFO] [stderr]    Compiling tinyvec_macros v0.1.0
[INFO] [stderr]    Compiling local-waker v0.1.3
[INFO] [stderr]    Compiling time-core v0.1.0
[INFO] [stderr]    Compiling miniz_oxide v0.6.2
[INFO] [stderr]    Compiling tinyvec v1.6.0
[INFO] [stderr]    Compiling alloc-stdlib v0.2.2
[INFO] [stderr]    Compiling time-macros v0.2.6
[INFO] [stderr]    Compiling syn v2.0.31
[INFO] [stderr]    Compiling jobserver v0.1.25
[INFO] [stderr]    Compiling ahash v0.7.6
[INFO] [stderr]    Compiling httparse v1.8.0
[INFO] [stderr]    Compiling ppv-lite86 v0.2.17
[INFO] [stderr]    Compiling cc v1.0.78
[INFO] [stderr]    Compiling encoding_rs v0.8.31
[INFO] [stderr]    Compiling getrandom v0.2.8
[INFO] [stderr]    Compiling mio v0.8.5
[INFO] [stderr]    Compiling signal-hook-registry v1.4.0
[INFO] [stderr]    Compiling socket2 v0.4.7
[INFO] [stderr]    Compiling parking_lot v0.12.1
[INFO] [stderr]    Compiling num_cpus v1.14.0
[INFO] [stderr]    Compiling rand_core v0.6.4
[INFO] [stderr]    Compiling crypto-common v0.1.6
[INFO] [stderr]    Compiling block-buffer v0.10.3
[INFO] [stderr]    Compiling io-lifetimes v1.0.4
[INFO] [stderr]    Compiling ident_case v1.0.1
[INFO] [stderr]    Compiling digest v0.10.6
[INFO] [stderr]    Compiling strsim v0.10.0
[INFO] [stderr]    Compiling regex-automata v0.3.7
[INFO] [stderr]    Compiling hashbrown v0.12.3
[INFO] [stderr]    Compiling rand_chacha v0.3.1
[INFO] [stderr]    Compiling time v0.3.17
[INFO] [stderr]    Compiling sha1 v0.10.5
[INFO] [stderr]    Compiling unicode-normalization v0.1.22
[INFO] [stderr]    Compiling actix-service v2.0.2
[INFO] [stderr]    Compiling flate2 v1.0.25
[INFO] [stderr]    Compiling brotli-decompressor v2.3.2
[INFO] [stderr]    Compiling actix-utils v3.0.1
[INFO] [stderr]    Compiling form_urlencoded v1.1.0
[INFO] [stderr]    Compiling zstd-sys v2.0.8+zstd.1.5.5
[INFO] [stderr]    Compiling bzip2-sys v0.1.11+1.0.8
[INFO] [stderr]    Compiling cookie v0.16.2
[INFO] [stderr]    Compiling unicode-bidi v0.3.8
[INFO] [stderr]    Compiling ryu v1.0.12
[INFO] [stderr]    Compiling convert_case v0.4.0
[INFO] [stderr]    Compiling rustix v0.36.6
[INFO] [stderr]    Compiling serde_json v1.0.90
[INFO] [stderr]    Compiling rustix v0.38.11
[INFO] [stderr]    Compiling idna v0.3.0
[INFO] [stderr]    Compiling rand v0.8.5
[INFO] [stderr]    Compiling brotli v3.3.4
[INFO] [stderr]    Compiling bitflags v2.4.0
[INFO] [stderr]    Compiling base64 v0.13.1
[INFO] [stderr]    Compiling httpdate v1.0.2
[INFO] [stderr]    Compiling linux-raw-sys v0.4.5
[INFO] [stderr]    Compiling mime v0.3.16
[INFO] [stderr]    Compiling language-tags v0.3.2
[INFO] [stderr]    Compiling base64ct v1.5.3
[INFO] [stderr]    Compiling darling_core v0.20.3
[INFO] [stderr]    Compiling password-hash v0.4.2
[INFO] [stderr]    Compiling url v2.3.1
[INFO] [stderr]    Compiling serde_urlencoded v0.7.1
[INFO] [stderr]    Compiling sha2 v0.10.6
[INFO] [stderr]    Compiling hmac v0.12.1
[INFO] [stderr]    Compiling regex v1.9.4
[INFO] [stderr]    Compiling cipher v0.3.0
[INFO] [stderr]    Compiling opaque-debug v0.3.0
[INFO] [stderr]    Compiling fastrand v2.0.0
[INFO] [stderr]    Compiling parse-size v1.0.0
[INFO] [stderr]    Compiling anyhow v1.0.67
[INFO] [stderr]    Compiling is-terminal v0.4.2
[INFO] [stderr]    Compiling aes v0.7.5
[INFO] [stderr]    Compiling pbkdf2 v0.11.0
[INFO] [stderr]    Compiling serde_plain v1.0.2
[INFO] [stderr]    Compiling constant_time_eq v0.1.5
[INFO] [stderr]    Compiling termcolor v1.1.3
[INFO] [stderr]    Compiling actix-router v0.5.1
[INFO] [stderr]    Compiling humantime v2.1.0
[INFO] [stderr]    Compiling sanitize-filename v0.5.0
[INFO] [stderr]    Compiling env_logger v0.10.0
[INFO] [stderr]    Compiling uuid v1.2.2
[INFO] [stderr]    Compiling tempfile v3.8.0
[INFO] [stderr]    Compiling futures-macro v0.3.25
[INFO] [stderr]    Compiling tokio-macros v1.8.2
[INFO] [stderr]    Compiling derive_more v0.99.17
[INFO] [stderr]    Compiling actix-macros v0.2.3
[INFO] [stderr]    Compiling thiserror-impl v1.0.38
[INFO] [stderr]    Compiling darling_macro v0.20.3
[INFO] [stderr]    Compiling pin-project-internal v1.0.12
[INFO] [stderr]    Compiling bzip2 v0.4.4
[INFO] [stderr]    Compiling actix-web-codegen v4.1.0
[INFO] [stderr]    Compiling darling v0.20.3
[INFO] [stderr]    Compiling actix-multipart-derive v0.6.1
[INFO] [stderr]    Compiling thiserror v1.0.38
[INFO] [stderr]    Compiling pin-project v1.0.12
[INFO] [stderr]    Compiling zstd v0.11.2+zstd.1.5.2
[INFO] [stderr]    Compiling zip v0.6.3
[INFO] [stderr]    Compiling local-channel v0.1.3
[INFO] [stderr]    Compiling futures-executor v0.3.25
[INFO] [stderr]    Compiling async_zip2 v0.0.1 (/opt/rustwide/workdir)
[INFO] [stdout] warning: unused doc comment
[INFO] [stdout]    --> src/base/read/mod.rs:182:9
[INFO] [stdout]     |
[INFO] [stdout] 182 |         /// FIXME: Default to Unix for the moment
[INFO] [stdout]     |         ^^^^^^^^^^^^^^^^^^^^^^^^^^^^^^^^^^^^^^^^^
[INFO] [stdout] 183 |         crc32: header.crc,
[INFO] [stdout]     |         ----------------- rustdoc does not generate documentation for expression fields
[INFO] [stdout]     |
[INFO] [stdout]     = help: use `//` for a plain comment
[INFO] [stdout]     = note: `#[warn(unused_doc_comments)]` on by default
[INFO] [stdout] 
[INFO] [stdout] 
[INFO] [stdout] warning: unused doc comment
[INFO] [stdout]    --> src/base/read/mod.rs:244:9
[INFO] [stdout]     |
[INFO] [stdout] 244 |         /// FIXME: Default to Unix for the moment
[INFO] [stdout]     |         ^^^^^^^^^^^^^^^^^^^^^^^^^^^^^^^^^^^^^^^^^
[INFO] [stdout] 245 |         crc32: header.crc,
[INFO] [stdout]     |         ----------------- rustdoc does not generate documentation for expression fields
[INFO] [stdout]     |
[INFO] [stdout]     = help: use `//` for a plain comment
[INFO] [stdout] 
[INFO] [stdout] 
[INFO] [stderr]    Compiling futures v0.3.25
[INFO] [stdout] warning: 2 warnings emitted
[INFO] [stdout] 
[INFO] [stdout] 
[INFO] [stderr]    Compiling tokio-util v0.7.4
[INFO] [stderr]    Compiling actix-rt v2.7.0
[INFO] [stderr]    Compiling actix-server v2.1.1
[INFO] [stderr]    Compiling actix-codec v0.5.0
[INFO] [stderr]    Compiling h2 v0.3.15
[INFO] [stderr]    Compiling actix-http v3.2.2
[INFO] [stderr]    Compiling actix-web v4.2.1
[INFO] [stderr]    Compiling actix-multipart v0.6.1
[INFO] [stdout] error[E0433]: failed to resolve: use of undeclared crate or module `async_zip`
[INFO] [stdout]   --> examples/file_extraction.rs:18:5
[INFO] [stdout]    |
[INFO] [stdout] 18 | use async_zip::base::read::seek::ZipFileReader;
[INFO] [stdout]    |     ^^^^^^^^^ use of undeclared crate or module `async_zip`
[INFO] [stdout]    |
[INFO] [stdout] help: there is a crate or module with a similar name
[INFO] [stdout]    |
[INFO] [stdout] 18 | use async_zip2::base::read::seek::ZipFileReader;
[INFO] [stdout]    |     ~~~~~~~~~~
[INFO] [stdout] 
[INFO] [stdout] 
[INFO] [stdout] error[E0433]: failed to resolve: use of undeclared crate or module `async_zip`
[INFO] [stdout]  --> tests/common/mod.rs:4:5
[INFO] [stdout]   |
[INFO] [stdout] 4 | use async_zip::base::read::mem;
[INFO] [stdout]   |     ^^^^^^^^^ use of undeclared crate or module `async_zip`
[INFO] [stdout]   |
[INFO] [stdout] help: there is a crate or module with a similar name
[INFO] [stdout]   |
[INFO] [stdout] 4 | use async_zip2::base::read::mem;
[INFO] [stdout]   |     ~~~~~~~~~~
[INFO] [stdout] 
[INFO] [stdout] 
[INFO] [stdout] error[E0433]: failed to resolve: use of undeclared crate or module `async_zip`
[INFO] [stdout]  --> tests/common/mod.rs:5:5
[INFO] [stdout]   |
[INFO] [stdout] 5 | use async_zip::base::read::seek;
[INFO] [stdout]   |     ^^^^^^^^^ use of undeclared crate or module `async_zip`
[INFO] [stdout]   |
[INFO] [stdout] help: there is a crate or module with a similar name
[INFO] [stdout]   |
[INFO] [stdout] 5 | use async_zip2::base::read::seek;
[INFO] [stdout]   |     ~~~~~~~~~~
[INFO] [stdout] 
[INFO] [stdout] 
[INFO] [stdout] error[E0433]: failed to resolve: use of undeclared crate or module `async_zip`
[INFO] [stdout]  --> tests/common/mod.rs:6:5
[INFO] [stdout]   |
[INFO] [stdout] 6 | use async_zip::base::write::ZipFileWriter;
[INFO] [stdout]   |     ^^^^^^^^^ use of undeclared crate or module `async_zip`
[INFO] [stdout]   |
[INFO] [stdout] help: there is a crate or module with a similar name
[INFO] [stdout]   |
[INFO] [stdout] 6 | use async_zip2::base::write::ZipFileWriter;
[INFO] [stdout]   |     ~~~~~~~~~~
[INFO] [stdout] 
[INFO] [stdout] 
[INFO] [stdout] error: aborting due to previous error
[INFO] [stdout] 
[INFO] [stdout] 
[INFO] [stdout] For more information about this error, try `rustc --explain E0433`.
[INFO] [stdout] 
[INFO] [stderr] error: could not compile `async_zip2` (example "file_extraction") due to 2 previous errors
[INFO] [stderr] warning: build failed, waiting for other jobs to finish...
[INFO] [stdout] warning: unused doc comment
[INFO] [stdout]    --> src/base/read/mod.rs:182:9
[INFO] [stdout]     |
[INFO] [stdout] 182 |         /// FIXME: Default to Unix for the moment
[INFO] [stdout]     |         ^^^^^^^^^^^^^^^^^^^^^^^^^^^^^^^^^^^^^^^^^
[INFO] [stdout] 183 |         crc32: header.crc,
[INFO] [stdout]     |         ----------------- rustdoc does not generate documentation for expression fields
[INFO] [stdout]     |
[INFO] [stdout]     = help: use `//` for a plain comment
[INFO] [stdout]     = note: `#[warn(unused_doc_comments)]` on by default
[INFO] [stdout] 
[INFO] [stdout] 
[INFO] [stdout] warning: unused doc comment
[INFO] [stdout]    --> src/base/read/mod.rs:244:9
[INFO] [stdout]     |
[INFO] [stdout] 244 |         /// FIXME: Default to Unix for the moment
[INFO] [stdout]     |         ^^^^^^^^^^^^^^^^^^^^^^^^^^^^^^^^^^^^^^^^^
[INFO] [stdout] 245 |         crc32: header.crc,
[INFO] [stdout]     |         ----------------- rustdoc does not generate documentation for expression fields
[INFO] [stdout]     |
[INFO] [stdout]     = help: use `//` for a plain comment
[INFO] [stdout] 
[INFO] [stdout] 
[INFO] [stdout] error[E0432]: unresolved import `async_zip`
[INFO] [stdout]  --> tests/common/mod.rs:7:5
[INFO] [stdout]   |
[INFO] [stdout] 7 | use async_zip::Compression;
[INFO] [stdout]   |     ^^^^^^^^^ use of undeclared crate or module `async_zip`
[INFO] [stdout]   |
[INFO] [stdout] help: there is a crate or module with a similar name
[INFO] [stdout]   |
[INFO] [stdout] 7 | use async_zip2::Compression;
[INFO] [stdout]   |     ~~~~~~~~~~
[INFO] [stdout] 
[INFO] [stdout] 
[INFO] [stdout] error[E0433]: failed to resolve: use of undeclared crate or module `async_zip`
[INFO] [stdout]  --> tests/common/mod.rs:4:5
[INFO] [stdout]   |
[INFO] [stdout] 4 | use async_zip::base::read::mem;
[INFO] [stdout]   |     ^^^^^^^^^ use of undeclared crate or module `async_zip`
[INFO] [stdout]   |
[INFO] [stdout] help: there is a crate or module with a similar name
[INFO] [stdout]   |
[INFO] [stdout] 4 | use async_zip2::base::read::mem;
[INFO] [stdout]   |     ~~~~~~~~~~
[INFO] [stdout] 
[INFO] [stdout] 
[INFO] [stdout] error[E0432]: unresolved import `async_zip`
[INFO] [stdout]  --> tests/common/mod.rs:8:5
[INFO] [stdout]   |
[INFO] [stdout] 8 | use async_zip::ZipEntryBuilder;
[INFO] [stdout]   |     ^^^^^^^^^ use of undeclared crate or module `async_zip`
[INFO] [stdout]   |
[INFO] [stdout] help: there is a crate or module with a similar name
[INFO] [stdout]   |
[INFO] [stdout] 8 | use async_zip2::ZipEntryBuilder;
[INFO] [stdout]   |     ~~~~~~~~~~
[INFO] [stdout] 
[INFO] [stdout] 
[INFO] [stdout] error[E0433]: failed to resolve: use of undeclared crate or module `async_zip`
[INFO] [stdout]  --> tests/common/mod.rs:5:5
[INFO] [stdout]   |
[INFO] [stdout] 5 | use async_zip::base::read::seek;
[INFO] [stdout]   |     ^^^^^^^^^ use of undeclared crate or module `async_zip`
[INFO] [stdout]   |
[INFO] [stdout] help: there is a crate or module with a similar name
[INFO] [stdout]   |
[INFO] [stdout] 5 | use async_zip2::base::read::seek;
[INFO] [stdout]   |     ~~~~~~~~~~
[INFO] [stdout] 
[INFO] [stdout] 
[INFO] [stdout] error[E0433]: failed to resolve: use of undeclared crate or module `async_zip`
[INFO] [stdout]  --> tests/common/mod.rs:6:5
[INFO] [stdout]   |
[INFO] [stdout] 6 | use async_zip::base::write::ZipFileWriter;
[INFO] [stdout]   |     ^^^^^^^^^ use of undeclared crate or module `async_zip`
[INFO] [stdout]   |
[INFO] [stdout] help: there is a crate or module with a similar name
[INFO] [stdout]   |
[INFO] [stdout] 6 | use async_zip2::base::write::ZipFileWriter;
[INFO] [stdout]   |     ~~~~~~~~~~
[INFO] [stdout] 
[INFO] [stdout] 
[INFO] [stdout] error[E0432]: unresolved import `async_zip`
[INFO] [stdout]  --> tests/compress_test.rs:4:5
[INFO] [stdout]   |
[INFO] [stdout] 4 | use async_zip::Compression;
[INFO] [stdout]   |     ^^^^^^^^^ use of undeclared crate or module `async_zip`
[INFO] [stdout]   |
[INFO] [stdout] help: there is a crate or module with a similar name
[INFO] [stdout]   |
[INFO] [stdout] 4 | use async_zip2::Compression;
[INFO] [stdout]   |     ~~~~~~~~~~
[INFO] [stdout] 
[INFO] [stdout] 
[INFO] [stdout] error[E0432]: unresolved import `async_zip`
[INFO] [stdout]  --> tests/common/mod.rs:7:5
[INFO] [stdout]   |
[INFO] [stdout] 7 | use async_zip::Compression;
[INFO] [stdout]   |     ^^^^^^^^^ use of undeclared crate or module `async_zip`
[INFO] [stdout]   |
[INFO] [stdout] help: there is a crate or module with a similar name
[INFO] [stdout]   |
[INFO] [stdout] 7 | use async_zip2::Compression;
[INFO] [stdout]   |     ~~~~~~~~~~
[INFO] [stdout] 
[INFO] [stdout] 
[INFO] [stdout] error[E0432]: unresolved import `async_zip`
[INFO] [stdout]  --> tests/common/mod.rs:8:5
[INFO] [stdout]   |
[INFO] [stdout] 8 | use async_zip::ZipEntryBuilder;
[INFO] [stdout]   |     ^^^^^^^^^ use of undeclared crate or module `async_zip`
[INFO] [stdout]   |
[INFO] [stdout] help: there is a crate or module with a similar name
[INFO] [stdout]   |
[INFO] [stdout] 8 | use async_zip2::ZipEntryBuilder;
[INFO] [stdout]   |     ~~~~~~~~~~
[INFO] [stdout] 
[INFO] [stdout] 
[INFO] [stdout] error[E0433]: failed to resolve: use of undeclared crate or module `async_zip`
[INFO] [stdout]   --> tests/decompress_test.rs:25:5
[INFO] [stdout]    |
[INFO] [stdout] 25 |     async_zip::base::write::ZipFileWriter::new(futures::io::Cursor::new(&mut data)).close().await.unwrap();
[INFO] [stdout]    |     ^^^^^^^^^ use of undeclared crate or module `async_zip`
[INFO] [stdout]    |
[INFO] [stdout] help: there is a crate or module with a similar name
[INFO] [stdout]    |
[INFO] [stdout] 25 |     async_zip2::base::write::ZipFileWriter::new(futures::io::Cursor::new(&mut data)).close().await.unwrap();
[INFO] [stdout]    |     ~~~~~~~~~~
[INFO] [stdout] help: consider importing this struct
[INFO] [stdout]    |
[INFO] [stdout] 4  + use async_zip2::base::write::ZipFileWriter;
[INFO] [stdout]    |
[INFO] [stdout] help: if you import `ZipFileWriter`, refer to it directly
[INFO] [stdout]    |
[INFO] [stdout] 25 -     async_zip::base::write::ZipFileWriter::new(futures::io::Cursor::new(&mut data)).close().await.unwrap();
[INFO] [stdout] 25 +     ZipFileWriter::new(futures::io::Cursor::new(&mut data)).close().await.unwrap();
[INFO] [stdout]    |
[INFO] [stdout] 
[INFO] [stdout] 
[INFO] [stdout] error[E0433]: failed to resolve: use of undeclared crate or module `async_zip`
[INFO] [stdout]   --> tests/decompress_test.rs:26:5
[INFO] [stdout]    |
[INFO] [stdout] 26 |     async_zip::base::read::seek::ZipFileReader::new(futures::io::Cursor::new(&data)).await.unwrap();
[INFO] [stdout]    |     ^^^^^^^^^ use of undeclared crate or module `async_zip`
[INFO] [stdout]    |
[INFO] [stdout] help: there is a crate or module with a similar name
[INFO] [stdout]    |
[INFO] [stdout] 26 |     async_zip2::base::read::seek::ZipFileReader::new(futures::io::Cursor::new(&data)).await.unwrap();
[INFO] [stdout]    |     ~~~~~~~~~~
[INFO] [stdout] help: consider importing one of these items
[INFO] [stdout]    |
[INFO] [stdout] 4  + use async_zip2::base::read::mem::ZipFileReader;
[INFO] [stdout]    |
[INFO] [stdout] 4  + use async_zip2::base::read::seek::ZipFileReader;
[INFO] [stdout]    |
[INFO] [stdout] 4  + use async_zip2::base::read::stream::ZipFileReader;
[INFO] [stdout]    |
[INFO] [stdout] help: if you import `ZipFileReader`, refer to it directly
[INFO] [stdout]    |
[INFO] [stdout] 26 -     async_zip::base::read::seek::ZipFileReader::new(futures::io::Cursor::new(&data)).await.unwrap();
[INFO] [stdout] 26 +     ZipFileReader::new(futures::io::Cursor::new(&data)).await.unwrap();
[INFO] [stdout]    |
[INFO] [stdout] 
[INFO] [stdout] 
[INFO] [stdout] warning: unused import: `futures_util::io::AsyncWriteExt`
[INFO] [stdout]  --> tests/common/mod.rs:9:5
[INFO] [stdout]   |
[INFO] [stdout] 9 | use futures_util::io::AsyncWriteExt;
[INFO] [stdout]   |     ^^^^^^^^^^^^^^^^^^^^^^^^^^^^^^^
[INFO] [stdout]   |
[INFO] [stdout]   = note: `#[warn(unused_imports)]` on by default
[INFO] [stdout] 
[INFO] [stdout] 
[INFO] [stdout] error: aborting due to 6 previous errors; 1 warning emitted
[INFO] [stdout] 
[INFO] [stdout] 
[INFO] [stdout] Some errors have detailed explanations: E0432, E0433.
[INFO] [stdout] 
[INFO] [stdout] For more information about an error, try `rustc --explain E0432`.
[INFO] [stdout] 
[INFO] [stderr] error: could not compile `async_zip2` (test "compress_test") due to 7 previous errors; 1 warning emitted
[INFO] [stdout] warning: unused import: `futures_util::io::AsyncWriteExt`
[INFO] [stdout]  --> tests/common/mod.rs:9:5
[INFO] [stdout]   |
[INFO] [stdout] 9 | use futures_util::io::AsyncWriteExt;
[INFO] [stdout]   |     ^^^^^^^^^^^^^^^^^^^^^^^^^^^^^^^
[INFO] [stdout]   |
[INFO] [stdout]   = note: `#[warn(unused_imports)]` on by default
[INFO] [stdout] 
[INFO] [stdout] 
[INFO] [stdout] error: aborting due to 7 previous errors; 1 warning emitted
[INFO] [stdout] 
[INFO] [stdout] 
[INFO] [stdout] Some errors have detailed explanations: E0432, E0433.
[INFO] [stdout] 
[INFO] [stdout] For more information about an error, try `rustc --explain E0432`.
[INFO] [stdout] 
[INFO] [stderr] error: could not compile `async_zip2` (test "decompress_test") due to 8 previous errors; 1 warning emitted
[INFO] [stdout] warning: 2 warnings emitted
[INFO] [stdout] 
[INFO] [stdout] 
[INFO] running `Command { std: "docker" "inspect" "3a51f6e6f5405d1321c245f2c4e2f92d0c1e2e1e702e36141f750db655f31142", kill_on_drop: false }`
[INFO] running `Command { std: "docker" "rm" "-f" "3a51f6e6f5405d1321c245f2c4e2f92d0c1e2e1e702e36141f750db655f31142", kill_on_drop: false }`
[INFO] [stdout] 3a51f6e6f5405d1321c245f2c4e2f92d0c1e2e1e702e36141f750db655f31142
[INFO] testing async_zip2-0.0.1 against beta-2023-12-22 for beta-1.76-1
[INFO] extracting crate async_zip2 0.0.1 into /workspace/builds/worker-2-tc2/source
[INFO] validating manifest of crates.io crate async_zip2 0.0.1 on toolchain beta-2023-12-22
[INFO] running `Command { std: CARGO_HOME="/workspace/cargo-home" RUSTUP_HOME="/workspace/rustup-home" "/workspace/cargo-home/bin/cargo" "+beta-2023-12-22" "metadata" "--manifest-path" "Cargo.toml" "--no-deps", kill_on_drop: false }`
[INFO] started tweaking crates.io crate async_zip2 0.0.1
[INFO] finished tweaking crates.io crate async_zip2 0.0.1
[INFO] tweaked toml for crates.io crate async_zip2 0.0.1 written to /workspace/builds/worker-2-tc2/source/Cargo.toml
[INFO] crate crates.io crate async_zip2 0.0.1 already has a lockfile, it will not be regenerated
[INFO] running `Command { std: CARGO_HOME="/workspace/cargo-home" RUSTUP_HOME="/workspace/rustup-home" "/workspace/cargo-home/bin/cargo" "+beta-2023-12-22" "fetch" "--manifest-path" "Cargo.toml", kill_on_drop: false }`
[INFO] [stderr]     Blocking waiting for file lock on package cache
[INFO] [stderr]     Blocking waiting for file lock on package cache
[INFO] running `Command { std: "docker" "create" "-v" "/var/lib/crater-agent-workspace/builds/worker-2-tc2/target:/opt/rustwide/target:rw,Z" "-v" "/var/lib/crater-agent-workspace/builds/worker-2-tc2/source:/opt/rustwide/workdir:ro,Z" "-v" "/var/lib/crater-agent-workspace/cargo-home:/opt/rustwide/cargo-home:ro,Z" "-v" "/var/lib/crater-agent-workspace/rustup-home:/opt/rustwide/rustup-home:ro,Z" "-e" "SOURCE_DIR=/opt/rustwide/workdir" "-e" "CARGO_TARGET_DIR=/opt/rustwide/target" "-e" "CARGO_HOME=/opt/rustwide/cargo-home" "-e" "RUSTUP_HOME=/opt/rustwide/rustup-home" "-w" "/opt/rustwide/workdir" "-m" "1610612736" "--user" "0:0" "--network" "none" "ghcr.io/rust-lang/crates-build-env/linux@sha256:2788e3201cd34a07e3172128adcd8b3090168a8e3bcc40d7c032b9dda1df7d1c" "/opt/rustwide/cargo-home/bin/cargo" "+beta-2023-12-22" "metadata" "--no-deps" "--format-version=1", kill_on_drop: false }`
[INFO] [stdout] 0e5fc32e58f3c58fe7b8f40b085a15748cf1b6c5e0cca32672c7989fe9acf901
[INFO] running `Command { std: "docker" "start" "-a" "0e5fc32e58f3c58fe7b8f40b085a15748cf1b6c5e0cca32672c7989fe9acf901", kill_on_drop: false }`
[INFO] running `Command { std: "docker" "inspect" "0e5fc32e58f3c58fe7b8f40b085a15748cf1b6c5e0cca32672c7989fe9acf901", kill_on_drop: false }`
[INFO] running `Command { std: "docker" "rm" "-f" "0e5fc32e58f3c58fe7b8f40b085a15748cf1b6c5e0cca32672c7989fe9acf901", kill_on_drop: false }`
[INFO] [stdout] 0e5fc32e58f3c58fe7b8f40b085a15748cf1b6c5e0cca32672c7989fe9acf901
[INFO] running `Command { std: "docker" "create" "-v" "/var/lib/crater-agent-workspace/builds/worker-2-tc2/target:/opt/rustwide/target:rw,Z" "-v" "/var/lib/crater-agent-workspace/builds/worker-2-tc2/source:/opt/rustwide/workdir:ro,Z" "-v" "/var/lib/crater-agent-workspace/cargo-home:/opt/rustwide/cargo-home:ro,Z" "-v" "/var/lib/crater-agent-workspace/rustup-home:/opt/rustwide/rustup-home:ro,Z" "-e" "SOURCE_DIR=/opt/rustwide/workdir" "-e" "CARGO_TARGET_DIR=/opt/rustwide/target" "-e" "CARGO_INCREMENTAL=0" "-e" "RUST_BACKTRACE=full" "-e" "RUSTFLAGS=--cap-lints=warn" "-e" "RUSTDOCFLAGS=--cap-lints=warn" "-e" "CARGO_HOME=/opt/rustwide/cargo-home" "-e" "RUSTUP_HOME=/opt/rustwide/rustup-home" "-w" "/opt/rustwide/workdir" "-m" "1610612736" "--user" "0:0" "--network" "none" "ghcr.io/rust-lang/crates-build-env/linux@sha256:2788e3201cd34a07e3172128adcd8b3090168a8e3bcc40d7c032b9dda1df7d1c" "/opt/rustwide/cargo-home/bin/cargo" "+beta-2023-12-22" "build" "--frozen" "--message-format=json", kill_on_drop: false }`
[INFO] [stdout] 5f55fed1cddd121e382798f8736536a85a3bd1892382d03337c50158b9ceddfc
[INFO] running `Command { std: "docker" "start" "-a" "5f55fed1cddd121e382798f8736536a85a3bd1892382d03337c50158b9ceddfc", kill_on_drop: false }`
[INFO] [stderr]    Compiling proc-macro2 v1.0.66
[INFO] [stderr]    Compiling unicode-ident v1.0.6
[INFO] [stderr]    Compiling syn v1.0.106
[INFO] [stderr]    Compiling futures-task v0.3.25
[INFO] [stderr]    Compiling futures-core v0.3.25
[INFO] [stderr]    Compiling futures-util v0.3.25
[INFO] [stderr]    Compiling thiserror v1.0.38
[INFO] [stderr]    Compiling crc32fast v1.3.2
[INFO] [stderr]    Compiling pin-project-lite v0.2.9
[INFO] [stderr]    Compiling futures-io v0.3.25
[INFO] [stderr]    Compiling slab v0.4.7
[INFO] [stderr]    Compiling quote v1.0.33
[INFO] [stderr]    Compiling pin-project-internal v1.0.12
[INFO] [stderr]    Compiling futures-macro v0.3.25
[INFO] [stderr]    Compiling thiserror-impl v1.0.38
[INFO] [stderr]    Compiling pin-project v1.0.12
[INFO] [stderr]    Compiling async_zip2 v0.0.1 (/opt/rustwide/workdir)
[INFO] [stdout] warning: unused doc comment
[INFO] [stdout]    --> src/base/read/mod.rs:182:9
[INFO] [stdout]     |
[INFO] [stdout] 182 |         /// FIXME: Default to Unix for the moment
[INFO] [stdout]     |         ^^^^^^^^^^^^^^^^^^^^^^^^^^^^^^^^^^^^^^^^^
[INFO] [stdout] 183 |         crc32: header.crc,
[INFO] [stdout]     |         ----------------- rustdoc does not generate documentation for expression fields
[INFO] [stdout]     |
[INFO] [stdout]     = help: use `//` for a plain comment
[INFO] [stdout]     = note: `#[warn(unused_doc_comments)]` on by default
[INFO] [stdout] 
[INFO] [stdout] 
[INFO] [stdout] warning: unused doc comment
[INFO] [stdout]    --> src/base/read/mod.rs:244:9
[INFO] [stdout]     |
[INFO] [stdout] 244 |         /// FIXME: Default to Unix for the moment
[INFO] [stdout]     |         ^^^^^^^^^^^^^^^^^^^^^^^^^^^^^^^^^^^^^^^^^
[INFO] [stdout] 245 |         crc32: header.crc,
[INFO] [stdout]     |         ----------------- rustdoc does not generate documentation for expression fields
[INFO] [stdout]     |
[INFO] [stdout]     = help: use `//` for a plain comment
[INFO] [stdout] 
[INFO] [stdout] 
[INFO] [stdout] warning: 2 warnings emitted
[INFO] [stdout] 
[INFO] [stdout] 
[INFO] [stderr]     Finished dev [unoptimized + debuginfo] target(s) in 9.68s
[INFO] running `Command { std: "docker" "inspect" "5f55fed1cddd121e382798f8736536a85a3bd1892382d03337c50158b9ceddfc", kill_on_drop: false }`
[INFO] running `Command { std: "docker" "rm" "-f" "5f55fed1cddd121e382798f8736536a85a3bd1892382d03337c50158b9ceddfc", kill_on_drop: false }`
[INFO] [stdout] 5f55fed1cddd121e382798f8736536a85a3bd1892382d03337c50158b9ceddfc
[INFO] running `Command { std: "docker" "create" "-v" "/var/lib/crater-agent-workspace/builds/worker-2-tc2/target:/opt/rustwide/target:rw,Z" "-v" "/var/lib/crater-agent-workspace/builds/worker-2-tc2/source:/opt/rustwide/workdir:ro,Z" "-v" "/var/lib/crater-agent-workspace/cargo-home:/opt/rustwide/cargo-home:ro,Z" "-v" "/var/lib/crater-agent-workspace/rustup-home:/opt/rustwide/rustup-home:ro,Z" "-e" "SOURCE_DIR=/opt/rustwide/workdir" "-e" "CARGO_TARGET_DIR=/opt/rustwide/target" "-e" "CARGO_INCREMENTAL=0" "-e" "RUST_BACKTRACE=full" "-e" "RUSTFLAGS=--cap-lints=warn" "-e" "RUSTDOCFLAGS=--cap-lints=warn" "-e" "CARGO_HOME=/opt/rustwide/cargo-home" "-e" "RUSTUP_HOME=/opt/rustwide/rustup-home" "-w" "/opt/rustwide/workdir" "-m" "1610612736" "--user" "0:0" "--network" "none" "ghcr.io/rust-lang/crates-build-env/linux@sha256:2788e3201cd34a07e3172128adcd8b3090168a8e3bcc40d7c032b9dda1df7d1c" "/opt/rustwide/cargo-home/bin/cargo" "+beta-2023-12-22" "test" "--frozen" "--no-run" "--message-format=json", kill_on_drop: false }`
[INFO] [stdout] 393202d5af8d072fc83a2d8d55cf5e53ca9b2c7f0cea47d6df2ae236507c3aff
[INFO] running `Command { std: "docker" "start" "-a" "393202d5af8d072fc83a2d8d55cf5e53ca9b2c7f0cea47d6df2ae236507c3aff", kill_on_drop: false }`
[INFO] [stderr]    Compiling libc v0.2.147
[INFO] [stderr]    Compiling syn v1.0.106
[INFO] [stderr]    Compiling futures-core v0.3.25
[INFO] [stderr]    Compiling typenum v1.16.0
[INFO] [stderr]    Compiling log v0.4.17
[INFO] [stderr]    Compiling pkg-config v0.3.26
[INFO] [stderr]    Compiling bytes v1.3.0
[INFO] [stderr]    Compiling futures-sink v0.3.25
[INFO] [stderr]    Compiling itoa v1.0.5
[INFO] [stderr]    Compiling generic-array v0.14.6
[INFO] [stderr]    Compiling lock_api v0.4.9
[INFO] [stderr]    Compiling futures-io v0.3.25
[INFO] [stderr]    Compiling fnv v1.0.7
[INFO] [stderr]    Compiling parking_lot_core v0.9.5
[INFO] [stderr]    Compiling futures-channel v0.3.25
[INFO] [stderr]    Compiling futures-util v0.3.25
[INFO] [stderr]    Compiling serde v1.0.151
[INFO] [stderr]    Compiling scopeguard v1.1.0
[INFO] [stderr]    Compiling once_cell v1.16.0
[INFO] [stderr]    Compiling smallvec v1.10.0
[INFO] [stderr]    Compiling tokio v1.25.1
[INFO] [stderr]    Compiling subtle v2.4.1
[INFO] [stderr]    Compiling tracing-core v0.1.30
[INFO] [stderr]    Compiling aho-corasick v1.0.5
[INFO] [stderr]    Compiling regex-syntax v0.7.5
[INFO] [stderr]    Compiling cpufeatures v0.2.5
[INFO] [stderr]    Compiling paste v1.0.11
[INFO] [stderr]    Compiling http v0.2.8
[INFO] [stderr]    Compiling zstd-safe v5.0.2+zstd.1.5.2
[INFO] [stderr]    Compiling percent-encoding v2.2.0
[INFO] [stderr]    Compiling bytestring v1.2.0
[INFO] [stderr]    Compiling indexmap v1.9.2
[INFO] [stderr]    Compiling tracing v0.1.37
[INFO] [stderr]    Compiling alloc-no-stdlib v2.0.4
[INFO] [stderr]    Compiling local-waker v0.1.3
[INFO] [stderr]    Compiling tinyvec_macros v0.1.0
[INFO] [stderr]    Compiling jobserver v0.1.25
[INFO] [stderr]    Compiling time-core v0.1.0
[INFO] [stderr]    Compiling alloc-stdlib v0.2.2
[INFO] [stderr]    Compiling tinyvec v1.6.0
[INFO] [stderr]    Compiling miniz_oxide v0.6.2
[INFO] [stderr]    Compiling time-macros v0.2.6
[INFO] [stderr]    Compiling syn v2.0.31
[INFO] [stderr]    Compiling ahash v0.7.6
[INFO] [stderr]    Compiling cc v1.0.78
[INFO] [stderr]    Compiling encoding_rs v0.8.31
[INFO] [stderr]    Compiling strsim v0.10.0
[INFO] [stderr]    Compiling hashbrown v0.12.3
[INFO] [stderr]    Compiling ppv-lite86 v0.2.17
[INFO] [stderr]    Compiling io-lifetimes v1.0.4
[INFO] [stderr]    Compiling getrandom v0.2.8
[INFO] [stderr]    Compiling mio v0.8.5
[INFO] [stderr]    Compiling signal-hook-registry v1.4.0
[INFO] [stderr]    Compiling num_cpus v1.14.0
[INFO] [stderr]    Compiling socket2 v0.4.7
[INFO] [stderr]    Compiling rand_core v0.6.4
[INFO] [stderr]    Compiling parking_lot v0.12.1
[INFO] [stderr]    Compiling block-buffer v0.10.3
[INFO] [stderr]    Compiling crypto-common v0.1.6
[INFO] [stderr]    Compiling httparse v1.8.0
[INFO] [stderr]    Compiling digest v0.10.6
[INFO] [stderr]    Compiling ident_case v1.0.1
[INFO] [stderr]    Compiling rand_chacha v0.3.1
[INFO] [stderr]    Compiling time v0.3.17
[INFO] [stderr]    Compiling sha1 v0.10.5
[INFO] [stderr]    Compiling actix-service v2.0.2
[INFO] [stderr]    Compiling zstd-sys v2.0.8+zstd.1.5.5
[INFO] [stderr]    Compiling bzip2-sys v0.1.11+1.0.8
[INFO] [stderr]    Compiling unicode-normalization v0.1.22
[INFO] [stderr]    Compiling flate2 v1.0.25
[INFO] [stderr]    Compiling brotli-decompressor v2.3.2
[INFO] [stderr]    Compiling regex-automata v0.3.7
[INFO] [stderr]    Compiling actix-utils v3.0.1
[INFO] [stderr]    Compiling form_urlencoded v1.1.0
[INFO] [stderr]    Compiling cookie v0.16.2
[INFO] [stderr]    Compiling convert_case v0.4.0
[INFO] [stderr]    Compiling unicode-bidi v0.3.8
[INFO] [stderr]    Compiling ryu v1.0.12
[INFO] [stderr]    Compiling rustix v0.36.6
[INFO] [stderr]    Compiling serde_json v1.0.90
[INFO] [stderr]    Compiling rustix v0.38.11
[INFO] [stderr]    Compiling idna v0.3.0
[INFO] [stderr]    Compiling rand v0.8.5
[INFO] [stderr]    Compiling base64 v0.13.1
[INFO] [stderr]    Compiling base64ct v1.5.3
[INFO] [stderr]    Compiling bitflags v2.4.0
[INFO] [stderr]    Compiling linux-raw-sys v0.4.5
[INFO] [stderr]    Compiling language-tags v0.3.2
[INFO] [stderr]    Compiling httpdate v1.0.2
[INFO] [stderr]    Compiling mime v0.3.16
[INFO] [stderr]    Compiling password-hash v0.4.2
[INFO] [stderr]    Compiling brotli v3.3.4
[INFO] [stderr]    Compiling url v2.3.1
[INFO] [stderr]    Compiling darling_core v0.20.3
[INFO] [stderr]    Compiling serde_urlencoded v0.7.1
[INFO] [stderr] error: could not compile `syn` (lib)
[INFO] [stderr] 
[INFO] [stderr] Caused by:
[INFO] [stderr]   process didn't exit successfully: `/opt/rustwide/rustup-home/toolchains/beta-2023-12-22-x86_64-unknown-linux-gnu/bin/rustc --crate-name syn --edition=2018 /opt/rustwide/cargo-home/registry/src/index.crates.io-6f17d22bba15001f/syn-1.0.106/src/lib.rs --error-format=json --json=diagnostic-rendered-ansi,artifacts,future-incompat --crate-type lib --emit=dep-info,metadata,link -C embed-bitcode=no --cfg 'feature="clone-impls"' --cfg 'feature="default"' --cfg 'feature="derive"' --cfg 'feature="extra-traits"' --cfg 'feature="full"' --cfg 'feature="parsing"' --cfg 'feature="printing"' --cfg 'feature="proc-macro"' --cfg 'feature="quote"' --cfg 'feature="visit-mut"' -C metadata=1cf206556ba6432a -C extra-filename=-1cf206556ba6432a --out-dir /opt/rustwide/target/debug/deps -L dependency=/opt/rustwide/target/debug/deps --extern proc_macro2=/opt/rustwide/target/debug/deps/libproc_macro2-f8a39e0cfd8e4088.rmeta --extern quote=/opt/rustwide/target/debug/deps/libquote-094c68a7bf0d38ee.rmeta --extern unicode_ident=/opt/rustwide/target/debug/deps/libunicode_ident-8a3684f3842d8718.rmeta --cap-lints allow --cap-lints=warn --cfg syn_disable_nightly_tests` (signal: 9, SIGKILL: kill)
[INFO] [stderr] warning: build failed, waiting for other jobs to finish...
[INFO] running `Command { std: "docker" "inspect" "393202d5af8d072fc83a2d8d55cf5e53ca9b2c7f0cea47d6df2ae236507c3aff", kill_on_drop: false }`
[INFO] running `Command { std: "docker" "rm" "-f" "393202d5af8d072fc83a2d8d55cf5e53ca9b2c7f0cea47d6df2ae236507c3aff", kill_on_drop: false }`
[INFO] [stdout] 393202d5af8d072fc83a2d8d55cf5e53ca9b2c7f0cea47d6df2ae236507c3aff
