[INFO] fetching crate async-speed-limit 0.4.1...
[INFO] testing async-speed-limit-0.4.1 against 1.75.0 for beta-1.76-1
[INFO] extracting crate async-speed-limit 0.4.1 into /workspace/builds/worker-2-tc1/source
[INFO] validating manifest of crates.io crate async-speed-limit 0.4.1 on toolchain 1.75.0
[INFO] running `Command { std: CARGO_HOME="/workspace/cargo-home" RUSTUP_HOME="/workspace/rustup-home" "/workspace/cargo-home/bin/cargo" "+1.75.0" "metadata" "--manifest-path" "Cargo.toml" "--no-deps", kill_on_drop: false }`
[INFO] started tweaking crates.io crate async-speed-limit 0.4.1
[INFO] finished tweaking crates.io crate async-speed-limit 0.4.1
[INFO] tweaked toml for crates.io crate async-speed-limit 0.4.1 written to /workspace/builds/worker-2-tc1/source/Cargo.toml
[INFO] running `Command { std: CARGO_HOME="/workspace/cargo-home" RUSTUP_HOME="/workspace/rustup-home" "/workspace/cargo-home/bin/cargo" "+1.75.0" "generate-lockfile" "--manifest-path" "Cargo.toml", kill_on_drop: false }`
[INFO] [stderr]     Updating crates.io index
[INFO] running `Command { std: CARGO_HOME="/workspace/cargo-home" RUSTUP_HOME="/workspace/rustup-home" "/workspace/cargo-home/bin/cargo" "+1.75.0" "fetch" "--manifest-path" "Cargo.toml", kill_on_drop: false }`
[INFO] [stderr]  Downloading crates ...
[INFO] [stderr]   Downloaded criterion v0.3.6
[INFO] [stderr]   Downloaded criterion-plot v0.4.5
[INFO] [stderr]   Downloaded tokio-util v0.6.10
[INFO] running `Command { std: "docker" "create" "-v" "/var/lib/crater-agent-workspace/builds/worker-2-tc1/target:/opt/rustwide/target:rw,Z" "-v" "/var/lib/crater-agent-workspace/builds/worker-2-tc1/source:/opt/rustwide/workdir:ro,Z" "-v" "/var/lib/crater-agent-workspace/cargo-home:/opt/rustwide/cargo-home:ro,Z" "-v" "/var/lib/crater-agent-workspace/rustup-home:/opt/rustwide/rustup-home:ro,Z" "-e" "SOURCE_DIR=/opt/rustwide/workdir" "-e" "CARGO_TARGET_DIR=/opt/rustwide/target" "-e" "CARGO_HOME=/opt/rustwide/cargo-home" "-e" "RUSTUP_HOME=/opt/rustwide/rustup-home" "-w" "/opt/rustwide/workdir" "-m" "1610612736" "--user" "0:0" "--network" "none" "ghcr.io/rust-lang/crates-build-env/linux@sha256:2788e3201cd34a07e3172128adcd8b3090168a8e3bcc40d7c032b9dda1df7d1c" "/opt/rustwide/cargo-home/bin/cargo" "+1.75.0" "metadata" "--no-deps" "--format-version=1", kill_on_drop: false }`
[INFO] [stdout] cad001e3dee1adc42973968987206ecfc4d3d3e0239a42c51ba38cf806d9747f
[INFO] running `Command { std: "docker" "start" "-a" "cad001e3dee1adc42973968987206ecfc4d3d3e0239a42c51ba38cf806d9747f", kill_on_drop: false }`
[INFO] running `Command { std: "docker" "inspect" "cad001e3dee1adc42973968987206ecfc4d3d3e0239a42c51ba38cf806d9747f", kill_on_drop: false }`
[INFO] running `Command { std: "docker" "rm" "-f" "cad001e3dee1adc42973968987206ecfc4d3d3e0239a42c51ba38cf806d9747f", kill_on_drop: false }`
[INFO] [stdout] cad001e3dee1adc42973968987206ecfc4d3d3e0239a42c51ba38cf806d9747f
[INFO] running `Command { std: "docker" "create" "-v" "/var/lib/crater-agent-workspace/builds/worker-2-tc1/target:/opt/rustwide/target:rw,Z" "-v" "/var/lib/crater-agent-workspace/builds/worker-2-tc1/source:/opt/rustwide/workdir:ro,Z" "-v" "/var/lib/crater-agent-workspace/cargo-home:/opt/rustwide/cargo-home:ro,Z" "-v" "/var/lib/crater-agent-workspace/rustup-home:/opt/rustwide/rustup-home:ro,Z" "-e" "SOURCE_DIR=/opt/rustwide/workdir" "-e" "CARGO_TARGET_DIR=/opt/rustwide/target" "-e" "CARGO_INCREMENTAL=0" "-e" "RUST_BACKTRACE=full" "-e" "RUSTFLAGS=--cap-lints=warn" "-e" "RUSTDOCFLAGS=--cap-lints=warn" "-e" "CARGO_HOME=/opt/rustwide/cargo-home" "-e" "RUSTUP_HOME=/opt/rustwide/rustup-home" "-w" "/opt/rustwide/workdir" "-m" "1610612736" "--user" "0:0" "--network" "none" "ghcr.io/rust-lang/crates-build-env/linux@sha256:2788e3201cd34a07e3172128adcd8b3090168a8e3bcc40d7c032b9dda1df7d1c" "/opt/rustwide/cargo-home/bin/cargo" "+1.75.0" "build" "--frozen" "--message-format=json", kill_on_drop: false }`
[INFO] [stdout] ab6e59a0815a495533c8ad9f0652b19f985579e24de7ab3f15ffffc75481a5f7
[INFO] running `Command { std: "docker" "start" "-a" "ab6e59a0815a495533c8ad9f0652b19f985579e24de7ab3f15ffffc75481a5f7", kill_on_drop: false }`
[INFO] [stderr]    Compiling async-speed-limit v0.4.1 (/opt/rustwide/workdir)
[INFO] [stderr]     Finished dev [unoptimized + debuginfo] target(s) in 0.29s
[INFO] running `Command { std: "docker" "inspect" "ab6e59a0815a495533c8ad9f0652b19f985579e24de7ab3f15ffffc75481a5f7", kill_on_drop: false }`
[INFO] running `Command { std: "docker" "rm" "-f" "ab6e59a0815a495533c8ad9f0652b19f985579e24de7ab3f15ffffc75481a5f7", kill_on_drop: false }`
[INFO] [stdout] ab6e59a0815a495533c8ad9f0652b19f985579e24de7ab3f15ffffc75481a5f7
[INFO] running `Command { std: "docker" "create" "-v" "/var/lib/crater-agent-workspace/builds/worker-2-tc1/target:/opt/rustwide/target:rw,Z" "-v" "/var/lib/crater-agent-workspace/builds/worker-2-tc1/source:/opt/rustwide/workdir:ro,Z" "-v" "/var/lib/crater-agent-workspace/cargo-home:/opt/rustwide/cargo-home:ro,Z" "-v" "/var/lib/crater-agent-workspace/rustup-home:/opt/rustwide/rustup-home:ro,Z" "-e" "SOURCE_DIR=/opt/rustwide/workdir" "-e" "CARGO_TARGET_DIR=/opt/rustwide/target" "-e" "CARGO_INCREMENTAL=0" "-e" "RUST_BACKTRACE=full" "-e" "RUSTFLAGS=--cap-lints=warn" "-e" "RUSTDOCFLAGS=--cap-lints=warn" "-e" "CARGO_HOME=/opt/rustwide/cargo-home" "-e" "RUSTUP_HOME=/opt/rustwide/rustup-home" "-w" "/opt/rustwide/workdir" "-m" "1610612736" "--user" "0:0" "--network" "none" "ghcr.io/rust-lang/crates-build-env/linux@sha256:2788e3201cd34a07e3172128adcd8b3090168a8e3bcc40d7c032b9dda1df7d1c" "/opt/rustwide/cargo-home/bin/cargo" "+1.75.0" "test" "--frozen" "--no-run" "--message-format=json", kill_on_drop: false }`
[INFO] [stdout] 08d403feb0324276daa0fe384de356fbc7f3b1926117b32f4508cfd3b287b068
[INFO] running `Command { std: "docker" "start" "-a" "08d403feb0324276daa0fe384de356fbc7f3b1926117b32f4508cfd3b287b068", kill_on_drop: false }`
[INFO] [stderr]    Compiling rayon-core v1.12.0
[INFO] [stderr]    Compiling either v1.9.0
[INFO] [stderr]    Compiling num-traits v0.2.17
[INFO] [stderr]    Compiling futures v0.1.31
[INFO] [stderr]    Compiling plotters-backend v0.3.5
[INFO] [stderr]    Compiling regex-syntax v0.8.2
[INFO] [stderr]    Compiling csv-core v0.1.11
[INFO] [stderr]    Compiling getrandom v0.2.11
[INFO] [stderr]    Compiling textwrap v0.11.0
[INFO] [stderr]    Compiling futures-channel v0.3.30
[INFO] [stderr]    Compiling crossbeam-epoch v0.9.17
[INFO] [stderr]    Compiling serde_json v1.0.111
[INFO] [stderr]    Compiling syn v2.0.48
[INFO] [stderr]    Compiling cast v0.3.0
[INFO] [stderr]    Compiling same-file v1.0.6
[INFO] [stderr]    Compiling futures-task v0.3.30
[INFO] [stderr]    Compiling walkdir v2.4.0
[INFO] [stderr]    Compiling itertools v0.10.5
[INFO] [stderr]    Compiling rand_core v0.6.4
[INFO] [stderr]    Compiling csv v1.3.0
[INFO] [stderr]    Compiling plotters-svg v0.3.5
[INFO] [stderr]    Compiling clap v2.34.0
[INFO] [stderr]    Compiling serde_cbor v0.11.2
[INFO] [stderr]    Compiling crossbeam-deque v0.8.4
[INFO] [stderr]    Compiling oorandom v11.1.3
[INFO] [stderr]    Compiling rand_chacha v0.3.1
[INFO] [stderr]    Compiling futures-sink v0.3.30
[INFO] [stderr]    Compiling rand v0.8.5
[INFO] [stderr]    Compiling rayon v1.8.0
[INFO] [stderr]    Compiling tinytemplate v1.2.1
[INFO] [stderr]    Compiling tokio-io v0.1.13
[INFO] [stderr]    Compiling regex-automata v0.4.3
[INFO] [stderr]    Compiling futures-util v0.3.30
[INFO] [stderr]    Compiling criterion-plot v0.4.5
[INFO] [stderr]    Compiling plotters v0.3.5
[INFO] [stderr]    Compiling regex v1.10.2
[INFO] [stderr]    Compiling tokio-macros v2.2.0
[INFO] [stderr]    Compiling serde_derive v1.0.194
[INFO] [stderr]    Compiling futures-executor v0.3.30
[INFO] [stderr]    Compiling tokio v1.35.1
[INFO] [stderr]    Compiling criterion v0.3.6
[INFO] [stderr]    Compiling tokio-util v0.6.10
[INFO] [stderr]    Compiling async-speed-limit v0.4.1 (/opt/rustwide/workdir)
[INFO] [stdout] error[E0277]: the trait bound `Resource<tokio::io::Take<tokio::io::Repeat>, clock::StandardClock>: tokio::io::AsyncRead` is not satisfied
[INFO] [stdout]    --> src/io.rs:270:26
[INFO] [stdout]     |
[INFO] [stdout] 270 |         let total = copy(&mut reader, &mut sink).await?;
[INFO] [stdout]     |                     ---- ^^^^^^^^^^^ the trait `tokio::io::AsyncRead` is not implemented for `Resource<tokio::io::Take<tokio::io::Repeat>, clock::StandardClock>`
[INFO] [stdout]     |                     |
[INFO] [stdout]     |                     required by a bound introduced by this call
[INFO] [stdout]     |
[INFO] [stdout]     = help: the following other types implement trait `tokio::io::AsyncRead`:
[INFO] [stdout]               Box<T>
[INFO] [stdout]               tokio_util::either::Either<L, R>
[INFO] [stdout]               tokio::io::ReadHalf<T>
[INFO] [stdout]               tokio::io::Empty
[INFO] [stdout]               DuplexStream
[INFO] [stdout]               tokio::io::Repeat
[INFO] [stdout]               std::io::Cursor<T>
[INFO] [stdout]               tokio::io::Take<R>
[INFO] [stdout]             and 7 others
[INFO] [stdout] note: required by a bound in `tokio::io::copy`
[INFO] [stdout]    --> /opt/rustwide/cargo-home/registry/src/index.crates.io-6f17d22bba15001f/tokio-1.35.1/src/io/util/copy.rs:195:12
[INFO] [stdout]     |
[INFO] [stdout] 193 |     pub async fn copy<'a, R, W>(reader: &'a mut R, writer: &'a mut W) -> io::Result<u64>
[INFO] [stdout]     |                  ---- required by a bound in this function
[INFO] [stdout] 194 |     where
[INFO] [stdout] 195 |         R: AsyncRead + Unpin + ?Sized,
[INFO] [stdout]     |            ^^^^^^^^^ required by this bound in `copy`
[INFO] [stdout] 
[INFO] [stdout] 
[INFO] [stdout] error[E0277]: the trait bound `Resource<tokio::io::Take<tokio::io::Repeat>, clock::StandardClock>: tokio::io::AsyncRead` is not satisfied
[INFO] [stdout]    --> src/io.rs:295:26
[INFO] [stdout]     |
[INFO] [stdout] 295 |         let total = copy(&mut reader, &mut sink).await?;
[INFO] [stdout]     |                     ---- ^^^^^^^^^^^ the trait `tokio::io::AsyncRead` is not implemented for `Resource<tokio::io::Take<tokio::io::Repeat>, clock::StandardClock>`
[INFO] [stdout]     |                     |
[INFO] [stdout]     |                     required by a bound introduced by this call
[INFO] [stdout]     |
[INFO] [stdout]     = help: the following other types implement trait `tokio::io::AsyncRead`:
[INFO] [stdout]               Box<T>
[INFO] [stdout]               tokio_util::either::Either<L, R>
[INFO] [stdout]               tokio::io::ReadHalf<T>
[INFO] [stdout]               tokio::io::Empty
[INFO] [stdout]               DuplexStream
[INFO] [stdout]               tokio::io::Repeat
[INFO] [stdout]               std::io::Cursor<T>
[INFO] [stdout]               tokio::io::Take<R>
[INFO] [stdout]             and 7 others
[INFO] [stdout] note: required by a bound in `tokio::io::copy`
[INFO] [stdout]    --> /opt/rustwide/cargo-home/registry/src/index.crates.io-6f17d22bba15001f/tokio-1.35.1/src/io/util/copy.rs:195:12
[INFO] [stdout]     |
[INFO] [stdout] 193 |     pub async fn copy<'a, R, W>(reader: &'a mut R, writer: &'a mut W) -> io::Result<u64>
[INFO] [stdout]     |                  ---- required by a bound in this function
[INFO] [stdout] 194 |     where
[INFO] [stdout] 195 |         R: AsyncRead + Unpin + ?Sized,
[INFO] [stdout]     |            ^^^^^^^^^ required by this bound in `copy`
[INFO] [stdout] 
[INFO] [stdout] 
[INFO] [stdout] error[E0277]: the trait bound `Resource<tokio::io::Take<tokio::io::Repeat>, clock::StandardClock>: tokio::io::AsyncRead` is not satisfied
[INFO] [stdout]    --> src/io.rs:319:37
[INFO] [stdout]     |
[INFO] [stdout] 319 |         let total = FramedRead::new(reader, BytesCodec::new())
[INFO] [stdout]     |                     --------------- ^^^^^^ the trait `tokio::io::AsyncRead` is not implemented for `Resource<tokio::io::Take<tokio::io::Repeat>, clock::StandardClock>`
[INFO] [stdout]     |                     |
[INFO] [stdout]     |                     required by a bound introduced by this call
[INFO] [stdout]     |
[INFO] [stdout]     = help: the following other types implement trait `tokio::io::AsyncRead`:
[INFO] [stdout]               Box<T>
[INFO] [stdout]               tokio_util::either::Either<L, R>
[INFO] [stdout]               tokio::io::ReadHalf<T>
[INFO] [stdout]               tokio::io::Empty
[INFO] [stdout]               DuplexStream
[INFO] [stdout]               tokio::io::Repeat
[INFO] [stdout]               std::io::Cursor<T>
[INFO] [stdout]               tokio::io::Take<R>
[INFO] [stdout]             and 7 others
[INFO] [stdout] note: required by a bound in `FramedRead::<T, D>::new`
[INFO] [stdout]    --> /opt/rustwide/cargo-home/registry/src/index.crates.io-6f17d22bba15001f/tokio-util-0.6.10/src/codec/framed_read.rs:29:8
[INFO] [stdout]     |
[INFO] [stdout] 29  |     T: AsyncRead,
[INFO] [stdout]     |        ^^^^^^^^^ required by this bound in `FramedRead::<T, D>::new`
[INFO] [stdout] ...
[INFO] [stdout] 33  |     pub fn new(inner: T, decoder: D) -> FramedRead<T, D> {
[INFO] [stdout]     |            --- required by a bound in this associated function
[INFO] [stdout] 
[INFO] [stdout] 
[INFO] [stdout] error[E0599]: the method `try_fold` exists for struct `FramedRead<Resource<Take<Repeat>, StandardClock>, BytesCodec>`, but its trait bounds were not satisfied
[INFO] [stdout]    --> src/io.rs:320:14
[INFO] [stdout]     |
[INFO] [stdout] 319 |           let total = FramedRead::new(reader, BytesCodec::new())
[INFO] [stdout]     |  _____________________-
[INFO] [stdout] 320 | |             .try_fold(0, |i, j| {
[INFO] [stdout]     | |             -^^^^^^^^ method cannot be called due to unsatisfied trait bounds
[INFO] [stdout]     | |_____________|
[INFO] [stdout]     | 
[INFO] [stdout]     |
[INFO] [stdout]    ::: /opt/rustwide/cargo-home/registry/src/index.crates.io-6f17d22bba15001f/tokio-util-0.6.10/src/codec/framed_read.rs:14:1
[INFO] [stdout]     |
[INFO] [stdout] 14  | / pin_project! {
[INFO] [stdout] 15  | |     /// A [`Stream`] of messages decoded from an [`AsyncRead`].
[INFO] [stdout] 16  | |     ///
[INFO] [stdout] 17  | |     /// [`Stream`]: futures_core::Stream
[INFO] [stdout] ...   |
[INFO] [stdout] 22  | |     }
[INFO] [stdout] 23  | | }
[INFO] [stdout]     | | -
[INFO] [stdout]     | | |
[INFO] [stdout]     | |_doesn't satisfy `_: TryStreamExt`
[INFO] [stdout]     |   doesn't satisfy `_: TryStream`
[INFO] [stdout]     |
[INFO] [stdout]     = note: the following trait bounds were not satisfied:
[INFO] [stdout]             `FramedRead<Resource<tokio::io::Take<tokio::io::Repeat>, clock::StandardClock>, BytesCodec>: TryStream`
[INFO] [stdout]             which is required by `FramedRead<Resource<tokio::io::Take<tokio::io::Repeat>, clock::StandardClock>, BytesCodec>: TryStreamExt`
[INFO] [stdout]             `&FramedRead<Resource<tokio::io::Take<tokio::io::Repeat>, clock::StandardClock>, BytesCodec>: TryStream`
[INFO] [stdout]             which is required by `&FramedRead<Resource<tokio::io::Take<tokio::io::Repeat>, clock::StandardClock>, BytesCodec>: TryStreamExt`
[INFO] [stdout]             `&mut FramedRead<Resource<tokio::io::Take<tokio::io::Repeat>, clock::StandardClock>, BytesCodec>: TryStream`
[INFO] [stdout]             which is required by `&mut FramedRead<Resource<tokio::io::Take<tokio::io::Repeat>, clock::StandardClock>, BytesCodec>: TryStreamExt`
[INFO] [stdout] 
[INFO] [stdout] 
[INFO] [stdout] warning: unused import: `TryStreamExt`
[INFO] [stdout]    --> src/io.rs:256:36
[INFO] [stdout]     |
[INFO] [stdout] 256 |     use futures_util::{future::ok, TryStreamExt as _};
[INFO] [stdout]     |                                    ^^^^^^^^^^^^
[INFO] [stdout]     |
[INFO] [stdout]     = note: `#[warn(unused_imports)]` on by default
[INFO] [stdout] 
[INFO] [stdout] 
[INFO] [stdout] error: aborting due to 4 previous errors; 1 warning emitted
[INFO] [stdout] 
[INFO] [stdout] 
[INFO] [stdout] Some errors have detailed explanations: E0277, E0599.
[INFO] [stdout] 
[INFO] [stdout] For more information about an error, try `rustc --explain E0277`.
[INFO] [stdout] 
[INFO] [stderr] error: could not compile `async-speed-limit` (lib test) due to 5 previous errors; 1 warning emitted
[INFO] running `Command { std: "docker" "inspect" "08d403feb0324276daa0fe384de356fbc7f3b1926117b32f4508cfd3b287b068", kill_on_drop: false }`
[INFO] running `Command { std: "docker" "rm" "-f" "08d403feb0324276daa0fe384de356fbc7f3b1926117b32f4508cfd3b287b068", kill_on_drop: false }`
[INFO] [stdout] 08d403feb0324276daa0fe384de356fbc7f3b1926117b32f4508cfd3b287b068
[INFO] testing async-speed-limit-0.4.1 against beta-2023-12-22 for beta-1.76-1
[INFO] extracting crate async-speed-limit 0.4.1 into /workspace/builds/worker-2-tc2/source
[INFO] validating manifest of crates.io crate async-speed-limit 0.4.1 on toolchain beta-2023-12-22
[INFO] running `Command { std: CARGO_HOME="/workspace/cargo-home" RUSTUP_HOME="/workspace/rustup-home" "/workspace/cargo-home/bin/cargo" "+beta-2023-12-22" "metadata" "--manifest-path" "Cargo.toml" "--no-deps", kill_on_drop: false }`
[INFO] started tweaking crates.io crate async-speed-limit 0.4.1
[INFO] finished tweaking crates.io crate async-speed-limit 0.4.1
[INFO] tweaked toml for crates.io crate async-speed-limit 0.4.1 written to /workspace/builds/worker-2-tc2/source/Cargo.toml
[INFO] running `Command { std: CARGO_HOME="/workspace/cargo-home" RUSTUP_HOME="/workspace/rustup-home" "/workspace/cargo-home/bin/cargo" "+beta-2023-12-22" "generate-lockfile" "--manifest-path" "Cargo.toml", kill_on_drop: false }`
[INFO] [stderr]     Updating crates.io index
[INFO] running `Command { std: CARGO_HOME="/workspace/cargo-home" RUSTUP_HOME="/workspace/rustup-home" "/workspace/cargo-home/bin/cargo" "+beta-2023-12-22" "fetch" "--manifest-path" "Cargo.toml", kill_on_drop: false }`
[INFO] running `Command { std: "docker" "create" "-v" "/var/lib/crater-agent-workspace/builds/worker-2-tc2/target:/opt/rustwide/target:rw,Z" "-v" "/var/lib/crater-agent-workspace/builds/worker-2-tc2/source:/opt/rustwide/workdir:ro,Z" "-v" "/var/lib/crater-agent-workspace/cargo-home:/opt/rustwide/cargo-home:ro,Z" "-v" "/var/lib/crater-agent-workspace/rustup-home:/opt/rustwide/rustup-home:ro,Z" "-e" "SOURCE_DIR=/opt/rustwide/workdir" "-e" "CARGO_TARGET_DIR=/opt/rustwide/target" "-e" "CARGO_HOME=/opt/rustwide/cargo-home" "-e" "RUSTUP_HOME=/opt/rustwide/rustup-home" "-w" "/opt/rustwide/workdir" "-m" "1610612736" "--user" "0:0" "--network" "none" "ghcr.io/rust-lang/crates-build-env/linux@sha256:2788e3201cd34a07e3172128adcd8b3090168a8e3bcc40d7c032b9dda1df7d1c" "/opt/rustwide/cargo-home/bin/cargo" "+beta-2023-12-22" "metadata" "--no-deps" "--format-version=1", kill_on_drop: false }`
[INFO] [stdout] 0d614ed94f37f23a886eccd0d0587a666c884cfb49cd0e169e54413f677adc02
[INFO] running `Command { std: "docker" "start" "-a" "0d614ed94f37f23a886eccd0d0587a666c884cfb49cd0e169e54413f677adc02", kill_on_drop: false }`
[INFO] running `Command { std: "docker" "inspect" "0d614ed94f37f23a886eccd0d0587a666c884cfb49cd0e169e54413f677adc02", kill_on_drop: false }`
[INFO] running `Command { std: "docker" "rm" "-f" "0d614ed94f37f23a886eccd0d0587a666c884cfb49cd0e169e54413f677adc02", kill_on_drop: false }`
[INFO] [stdout] 0d614ed94f37f23a886eccd0d0587a666c884cfb49cd0e169e54413f677adc02
[INFO] running `Command { std: "docker" "create" "-v" "/var/lib/crater-agent-workspace/builds/worker-2-tc2/target:/opt/rustwide/target:rw,Z" "-v" "/var/lib/crater-agent-workspace/builds/worker-2-tc2/source:/opt/rustwide/workdir:ro,Z" "-v" "/var/lib/crater-agent-workspace/cargo-home:/opt/rustwide/cargo-home:ro,Z" "-v" "/var/lib/crater-agent-workspace/rustup-home:/opt/rustwide/rustup-home:ro,Z" "-e" "SOURCE_DIR=/opt/rustwide/workdir" "-e" "CARGO_TARGET_DIR=/opt/rustwide/target" "-e" "CARGO_INCREMENTAL=0" "-e" "RUST_BACKTRACE=full" "-e" "RUSTFLAGS=--cap-lints=warn" "-e" "RUSTDOCFLAGS=--cap-lints=warn" "-e" "CARGO_HOME=/opt/rustwide/cargo-home" "-e" "RUSTUP_HOME=/opt/rustwide/rustup-home" "-w" "/opt/rustwide/workdir" "-m" "1610612736" "--user" "0:0" "--network" "none" "ghcr.io/rust-lang/crates-build-env/linux@sha256:2788e3201cd34a07e3172128adcd8b3090168a8e3bcc40d7c032b9dda1df7d1c" "/opt/rustwide/cargo-home/bin/cargo" "+beta-2023-12-22" "build" "--frozen" "--message-format=json", kill_on_drop: false }`
[INFO] [stdout] 3aa2d2a8e39961904c51950237437f7b4317a9487d12e3613756631f4eb3fd39
[INFO] running `Command { std: "docker" "start" "-a" "3aa2d2a8e39961904c51950237437f7b4317a9487d12e3613756631f4eb3fd39", kill_on_drop: false }`
[INFO] [stderr]    Compiling async-speed-limit v0.4.1 (/opt/rustwide/workdir)
[INFO] [stderr]     Finished dev [unoptimized + debuginfo] target(s) in 0.28s
[INFO] running `Command { std: "docker" "inspect" "3aa2d2a8e39961904c51950237437f7b4317a9487d12e3613756631f4eb3fd39", kill_on_drop: false }`
[INFO] running `Command { std: "docker" "rm" "-f" "3aa2d2a8e39961904c51950237437f7b4317a9487d12e3613756631f4eb3fd39", kill_on_drop: false }`
[INFO] [stdout] 3aa2d2a8e39961904c51950237437f7b4317a9487d12e3613756631f4eb3fd39
[INFO] running `Command { std: "docker" "create" "-v" "/var/lib/crater-agent-workspace/builds/worker-2-tc2/target:/opt/rustwide/target:rw,Z" "-v" "/var/lib/crater-agent-workspace/builds/worker-2-tc2/source:/opt/rustwide/workdir:ro,Z" "-v" "/var/lib/crater-agent-workspace/cargo-home:/opt/rustwide/cargo-home:ro,Z" "-v" "/var/lib/crater-agent-workspace/rustup-home:/opt/rustwide/rustup-home:ro,Z" "-e" "SOURCE_DIR=/opt/rustwide/workdir" "-e" "CARGO_TARGET_DIR=/opt/rustwide/target" "-e" "CARGO_INCREMENTAL=0" "-e" "RUST_BACKTRACE=full" "-e" "RUSTFLAGS=--cap-lints=warn" "-e" "RUSTDOCFLAGS=--cap-lints=warn" "-e" "CARGO_HOME=/opt/rustwide/cargo-home" "-e" "RUSTUP_HOME=/opt/rustwide/rustup-home" "-w" "/opt/rustwide/workdir" "-m" "1610612736" "--user" "0:0" "--network" "none" "ghcr.io/rust-lang/crates-build-env/linux@sha256:2788e3201cd34a07e3172128adcd8b3090168a8e3bcc40d7c032b9dda1df7d1c" "/opt/rustwide/cargo-home/bin/cargo" "+beta-2023-12-22" "test" "--frozen" "--no-run" "--message-format=json", kill_on_drop: false }`
[INFO] [stdout] aa16b438096fceed8609c4691f2242fb69b386d144f40ff685865060304f70e2
[INFO] running `Command { std: "docker" "start" "-a" "aa16b438096fceed8609c4691f2242fb69b386d144f40ff685865060304f70e2", kill_on_drop: false }`
[INFO] [stderr]    Compiling either v1.9.0
[INFO] [stderr]    Compiling rayon-core v1.12.0
[INFO] [stderr]    Compiling num-traits v0.2.17
[INFO] [stderr]    Compiling plotters-backend v0.3.5
[INFO] [stderr]    Compiling futures v0.1.31
[INFO] [stderr]    Compiling regex-syntax v0.8.2
[INFO] [stderr]    Compiling csv-core v0.1.11
[INFO] [stderr]    Compiling getrandom v0.2.11
[INFO] [stderr]    Compiling textwrap v0.11.0
[INFO] [stderr]    Compiling futures-channel v0.3.30
[INFO] [stderr]    Compiling crossbeam-epoch v0.9.17
[INFO] [stderr]    Compiling serde_json v1.0.111
[INFO] [stderr]    Compiling cast v0.3.0
[INFO] [stderr]    Compiling syn v2.0.48
[INFO] [stderr]    Compiling futures-task v0.3.30
[INFO] [stderr]    Compiling same-file v1.0.6
[INFO] [stderr]    Compiling walkdir v2.4.0
[INFO] [stderr]    Compiling serde_cbor v0.11.2
[INFO] [stderr]    Compiling itertools v0.10.5
[INFO] [stderr]    Compiling rand_core v0.6.4
[INFO] [stderr]    Compiling plotters-svg v0.3.5
[INFO] [stderr]    Compiling clap v2.34.0
[INFO] [stderr]    Compiling csv v1.3.0
[INFO] [stderr]    Compiling crossbeam-deque v0.8.4
[INFO] [stderr]    Compiling oorandom v11.1.3
[INFO] [stderr]    Compiling rand_chacha v0.3.1
[INFO] [stderr]    Compiling futures-sink v0.3.30
[INFO] [stderr]    Compiling rand v0.8.5
[INFO] [stderr]    Compiling rayon v1.8.0
[INFO] [stderr]    Compiling regex-automata v0.4.3
[INFO] [stderr]    Compiling tinytemplate v1.2.1
[INFO] [stderr]    Compiling plotters v0.3.5
[INFO] [stderr]    Compiling tokio-io v0.1.13
[INFO] [stderr]    Compiling criterion-plot v0.4.5
[INFO] [stderr]    Compiling futures-util v0.3.30
[INFO] [stderr]    Compiling regex v1.10.2
[INFO] [stderr]    Compiling tokio-macros v2.2.0
[INFO] [stderr]    Compiling serde_derive v1.0.194
[INFO] [stderr]    Compiling tokio v1.35.1
[INFO] [stderr]    Compiling futures-executor v0.3.30
[INFO] [stderr]    Compiling criterion v0.3.6
[INFO] [stderr]    Compiling tokio-util v0.6.10
[INFO] [stderr]    Compiling async-speed-limit v0.4.1 (/opt/rustwide/workdir)
[INFO] [stdout] error[E0277]: the trait bound `Resource<tokio::io::Take<tokio::io::Repeat>, clock::StandardClock>: tokio::io::AsyncRead` is not satisfied
[INFO] [stdout]    --> src/io.rs:270:26
[INFO] [stdout]     |
[INFO] [stdout] 270 |         let total = copy(&mut reader, &mut sink).await?;
[INFO] [stdout]     |                     ---- ^^^^^^^^^^^ the trait `tokio::io::AsyncRead` is not implemented for `Resource<tokio::io::Take<tokio::io::Repeat>, clock::StandardClock>`
[INFO] [stdout]     |                     |
[INFO] [stdout]     |                     required by a bound introduced by this call
[INFO] [stdout]     |
[INFO] [stdout]     = help: the following other types implement trait `tokio::io::AsyncRead`:
[INFO] [stdout]               Box<T>
[INFO] [stdout]               tokio_util::either::Either<L, R>
[INFO] [stdout]               tokio::io::ReadHalf<T>
[INFO] [stdout]               tokio::io::Empty
[INFO] [stdout]               DuplexStream
[INFO] [stdout]               tokio::io::Repeat
[INFO] [stdout]               std::io::Cursor<T>
[INFO] [stdout]               tokio::io::Take<R>
[INFO] [stdout]             and 7 others
[INFO] [stdout] note: required by a bound in `tokio::io::copy`
[INFO] [stdout]    --> /opt/rustwide/cargo-home/registry/src/index.crates.io-6f17d22bba15001f/tokio-1.35.1/src/io/util/copy.rs:195:12
[INFO] [stdout]     |
[INFO] [stdout] 193 |     pub async fn copy<'a, R, W>(reader: &'a mut R, writer: &'a mut W) -> io::Result<u64>
[INFO] [stdout]     |                  ---- required by a bound in this function
[INFO] [stdout] 194 |     where
[INFO] [stdout] 195 |         R: AsyncRead + Unpin + ?Sized,
[INFO] [stdout]     |            ^^^^^^^^^ required by this bound in `copy`
[INFO] [stdout] 
[INFO] [stdout] 
[INFO] [stdout] error[E0277]: the trait bound `Resource<tokio::io::Take<tokio::io::Repeat>, clock::StandardClock>: tokio::io::AsyncRead` is not satisfied
[INFO] [stdout]    --> src/io.rs:295:26
[INFO] [stdout]     |
[INFO] [stdout] 295 |         let total = copy(&mut reader, &mut sink).await?;
[INFO] [stdout]     |                     ---- ^^^^^^^^^^^ the trait `tokio::io::AsyncRead` is not implemented for `Resource<tokio::io::Take<tokio::io::Repeat>, clock::StandardClock>`
[INFO] [stdout]     |                     |
[INFO] [stdout]     |                     required by a bound introduced by this call
[INFO] [stdout]     |
[INFO] [stdout]     = help: the following other types implement trait `tokio::io::AsyncRead`:
[INFO] [stdout]               Box<T>
[INFO] [stdout]               tokio_util::either::Either<L, R>
[INFO] [stdout]               tokio::io::ReadHalf<T>
[INFO] [stdout]               tokio::io::Empty
[INFO] [stdout]               DuplexStream
[INFO] [stdout]               tokio::io::Repeat
[INFO] [stdout]               std::io::Cursor<T>
[INFO] [stdout]               tokio::io::Take<R>
[INFO] [stdout]             and 7 others
[INFO] [stdout] note: required by a bound in `tokio::io::copy`
[INFO] [stdout]    --> /opt/rustwide/cargo-home/registry/src/index.crates.io-6f17d22bba15001f/tokio-1.35.1/src/io/util/copy.rs:195:12
[INFO] [stdout]     |
[INFO] [stdout] 193 |     pub async fn copy<'a, R, W>(reader: &'a mut R, writer: &'a mut W) -> io::Result<u64>
[INFO] [stdout]     |                  ---- required by a bound in this function
[INFO] [stdout] 194 |     where
[INFO] [stdout] 195 |         R: AsyncRead + Unpin + ?Sized,
[INFO] [stdout]     |            ^^^^^^^^^ required by this bound in `copy`
[INFO] [stdout] 
[INFO] [stdout] 
[INFO] [stdout] error[E0277]: the trait bound `Resource<tokio::io::Take<tokio::io::Repeat>, clock::StandardClock>: tokio::io::AsyncRead` is not satisfied
[INFO] [stdout]    --> src/io.rs:319:37
[INFO] [stdout]     |
[INFO] [stdout] 319 |         let total = FramedRead::new(reader, BytesCodec::new())
[INFO] [stdout]     |                     --------------- ^^^^^^ the trait `tokio::io::AsyncRead` is not implemented for `Resource<tokio::io::Take<tokio::io::Repeat>, clock::StandardClock>`
[INFO] [stdout]     |                     |
[INFO] [stdout]     |                     required by a bound introduced by this call
[INFO] [stdout]     |
[INFO] [stdout]     = help: the following other types implement trait `tokio::io::AsyncRead`:
[INFO] [stdout]               Box<T>
[INFO] [stdout]               tokio_util::either::Either<L, R>
[INFO] [stdout]               tokio::io::ReadHalf<T>
[INFO] [stdout]               tokio::io::Empty
[INFO] [stdout]               DuplexStream
[INFO] [stdout]               tokio::io::Repeat
[INFO] [stdout]               std::io::Cursor<T>
[INFO] [stdout]               tokio::io::Take<R>
[INFO] [stdout]             and 7 others
[INFO] [stdout] note: required by a bound in `FramedRead::<T, D>::new`
[INFO] [stdout]    --> /opt/rustwide/cargo-home/registry/src/index.crates.io-6f17d22bba15001f/tokio-util-0.6.10/src/codec/framed_read.rs:29:8
[INFO] [stdout]     |
[INFO] [stdout] 29  |     T: AsyncRead,
[INFO] [stdout]     |        ^^^^^^^^^ required by this bound in `FramedRead::<T, D>::new`
[INFO] [stdout] ...
[INFO] [stdout] 33  |     pub fn new(inner: T, decoder: D) -> FramedRead<T, D> {
[INFO] [stdout]     |            --- required by a bound in this associated function
[INFO] [stdout] 
[INFO] [stdout] 
[INFO] [stdout] error[E0599]: the method `try_fold` exists for struct `FramedRead<Resource<Take<Repeat>, StandardClock>, BytesCodec>`, but its trait bounds were not satisfied
[INFO] [stdout]    --> src/io.rs:320:14
[INFO] [stdout]     |
[INFO] [stdout] 319 |           let total = FramedRead::new(reader, BytesCodec::new())
[INFO] [stdout]     |  _____________________-
[INFO] [stdout] 320 | |             .try_fold(0, |i, j| {
[INFO] [stdout]     | |             -^^^^^^^^ method cannot be called due to unsatisfied trait bounds
[INFO] [stdout]     | |_____________|
[INFO] [stdout]     | 
[INFO] [stdout]     |
[INFO] [stdout]    ::: /opt/rustwide/cargo-home/registry/src/index.crates.io-6f17d22bba15001f/tokio-util-0.6.10/src/codec/framed_read.rs:14:1
[INFO] [stdout]     |
[INFO] [stdout] 14  | / pin_project! {
[INFO] [stdout] 15  | |     /// A [`Stream`] of messages decoded from an [`AsyncRead`].
[INFO] [stdout] 16  | |     ///
[INFO] [stdout] 17  | |     /// [`Stream`]: futures_core::Stream
[INFO] [stdout] ...   |
[INFO] [stdout] 22  | |     }
[INFO] [stdout] 23  | | }
[INFO] [stdout]     | | -
[INFO] [stdout]     | | |
[INFO] [stdout]     | |_doesn't satisfy `_: TryStreamExt`
[INFO] [stdout]     |   doesn't satisfy `_: TryStream`
[INFO] [stdout]     |
[INFO] [stdout]     = note: the following trait bounds were not satisfied:
[INFO] [stdout]             `FramedRead<Resource<tokio::io::Take<tokio::io::Repeat>, clock::StandardClock>, BytesCodec>: TryStream`
[INFO] [stdout]             which is required by `FramedRead<Resource<tokio::io::Take<tokio::io::Repeat>, clock::StandardClock>, BytesCodec>: TryStreamExt`
[INFO] [stdout]             `&FramedRead<Resource<tokio::io::Take<tokio::io::Repeat>, clock::StandardClock>, BytesCodec>: TryStream`
[INFO] [stdout]             which is required by `&FramedRead<Resource<tokio::io::Take<tokio::io::Repeat>, clock::StandardClock>, BytesCodec>: TryStreamExt`
[INFO] [stdout]             `&mut FramedRead<Resource<tokio::io::Take<tokio::io::Repeat>, clock::StandardClock>, BytesCodec>: TryStream`
[INFO] [stdout]             which is required by `&mut FramedRead<Resource<tokio::io::Take<tokio::io::Repeat>, clock::StandardClock>, BytesCodec>: TryStreamExt`
[INFO] [stdout] 
[INFO] [stdout] 
[INFO] [stdout] warning: unused import: `TryStreamExt`
[INFO] [stdout]    --> src/io.rs:256:36
[INFO] [stdout]     |
[INFO] [stdout] 256 |     use futures_util::{future::ok, TryStreamExt as _};
[INFO] [stdout]     |                                    ^^^^^^^^^^^^
[INFO] [stdout]     |
[INFO] [stdout]     = note: `#[warn(unused_imports)]` on by default
[INFO] [stdout] 
[INFO] [stdout] 
[INFO] [stdout] error: aborting due to 4 previous errors; 1 warning emitted
[INFO] [stdout] 
[INFO] [stdout] 
[INFO] [stdout] Some errors have detailed explanations: E0277, E0599.
[INFO] [stdout] 
[INFO] [stdout] For more information about an error, try `rustc --explain E0277`.
[INFO] [stdout] 
[INFO] [stderr] error: could not compile `async-speed-limit` (lib test) due to 5 previous errors; 1 warning emitted
[INFO] running `Command { std: "docker" "inspect" "aa16b438096fceed8609c4691f2242fb69b386d144f40ff685865060304f70e2", kill_on_drop: false }`
[INFO] running `Command { std: "docker" "rm" "-f" "aa16b438096fceed8609c4691f2242fb69b386d144f40ff685865060304f70e2", kill_on_drop: false }`
[INFO] [stdout] aa16b438096fceed8609c4691f2242fb69b386d144f40ff685865060304f70e2
